[INFO] fetching crate youran 0.2.4...
[INFO] testing youran-0.2.4 against 1.75.0 for beta-1.76-1
[INFO] extracting crate youran 0.2.4 into /workspace/builds/worker-3-tc1/source
[INFO] validating manifest of crates.io crate youran 0.2.4 on toolchain 1.75.0
[INFO] running `Command { std: CARGO_HOME="/workspace/cargo-home" RUSTUP_HOME="/workspace/rustup-home" "/workspace/cargo-home/bin/cargo" "+1.75.0" "metadata" "--manifest-path" "Cargo.toml" "--no-deps", kill_on_drop: false }`
[INFO] started tweaking crates.io crate youran 0.2.4
[INFO] finished tweaking crates.io crate youran 0.2.4
[INFO] tweaked toml for crates.io crate youran 0.2.4 written to /workspace/builds/worker-3-tc1/source/Cargo.toml
[INFO] crate crates.io crate youran 0.2.4 already has a lockfile, it will not be regenerated
[INFO] running `Command { std: CARGO_HOME="/workspace/cargo-home" RUSTUP_HOME="/workspace/rustup-home" "/workspace/cargo-home/bin/cargo" "+1.75.0" "fetch" "--manifest-path" "Cargo.toml", kill_on_drop: false }`
[INFO] [stderr]     Updating crates.io index
[INFO] [stderr]  Downloading crates ...
[INFO] [stderr]   Downloaded anyhow v1.0.65
[INFO] [stderr]   Downloaded cpufeatures v0.2.8
[INFO] [stderr]   Downloaded thiserror v1.0.35
[INFO] [stderr]   Downloaded clap_derive v4.3.2
[INFO] [stderr]   Downloaded clap v4.3.4
[INFO] [stderr]   Downloaded signal-hook v0.3.14
[INFO] [stderr]   Downloaded crossterm v0.23.2
[INFO] [stderr]   Downloaded rustix v0.37.20
[INFO] [stderr]   Downloaded libc v0.2.146
[INFO] [stderr]   Downloaded tokio v1.28.2
[INFO] [stderr]   Downloaded pin-project v1.1.0
[INFO] [stderr]   Downloaded clap_builder v4.3.4
[INFO] [stderr]   Downloaded thiserror-impl v1.0.35
[INFO] [stderr]   Downloaded pin-project-internal v1.1.0
[INFO] [stderr]   Downloaded smallvec v1.9.0
[INFO] [stderr]   Downloaded qr2term v0.3.0
[INFO] running `Command { std: "docker" "create" "-v" "/var/lib/crater-agent-workspace/builds/worker-3-tc1/target:/opt/rustwide/target:rw,Z" "-v" "/var/lib/crater-agent-workspace/builds/worker-3-tc1/source:/opt/rustwide/workdir:ro,Z" "-v" "/var/lib/crater-agent-workspace/cargo-home:/opt/rustwide/cargo-home:ro,Z" "-v" "/var/lib/crater-agent-workspace/rustup-home:/opt/rustwide/rustup-home:ro,Z" "-e" "SOURCE_DIR=/opt/rustwide/workdir" "-e" "CARGO_TARGET_DIR=/opt/rustwide/target" "-e" "CARGO_HOME=/opt/rustwide/cargo-home" "-e" "RUSTUP_HOME=/opt/rustwide/rustup-home" "-w" "/opt/rustwide/workdir" "-m" "1610612736" "--user" "0:0" "--network" "none" "ghcr.io/rust-lang/crates-build-env/linux@sha256:2788e3201cd34a07e3172128adcd8b3090168a8e3bcc40d7c032b9dda1df7d1c" "/opt/rustwide/cargo-home/bin/cargo" "+1.75.0" "metadata" "--no-deps" "--format-version=1", kill_on_drop: false }`
[INFO] [stdout] 844196b06548cce801012d8e441b0ab5d0da86a6689536595ed631d8658318b5
[INFO] running `Command { std: "docker" "start" "-a" "844196b06548cce801012d8e441b0ab5d0da86a6689536595ed631d8658318b5", kill_on_drop: false }`
[INFO] running `Command { std: "docker" "inspect" "844196b06548cce801012d8e441b0ab5d0da86a6689536595ed631d8658318b5", kill_on_drop: false }`
[INFO] running `Command { std: "docker" "rm" "-f" "844196b06548cce801012d8e441b0ab5d0da86a6689536595ed631d8658318b5", kill_on_drop: false }`
[INFO] [stdout] 844196b06548cce801012d8e441b0ab5d0da86a6689536595ed631d8658318b5
[INFO] running `Command { std: "docker" "create" "-v" "/var/lib/crater-agent-workspace/builds/worker-3-tc1/target:/opt/rustwide/target:rw,Z" "-v" "/var/lib/crater-agent-workspace/builds/worker-3-tc1/source:/opt/rustwide/workdir:ro,Z" "-v" "/var/lib/crater-agent-workspace/cargo-home:/opt/rustwide/cargo-home:ro,Z" "-v" "/var/lib/crater-agent-workspace/rustup-home:/opt/rustwide/rustup-home:ro,Z" "-e" "SOURCE_DIR=/opt/rustwide/workdir" "-e" "CARGO_TARGET_DIR=/opt/rustwide/target" "-e" "CARGO_INCREMENTAL=0" "-e" "RUST_BACKTRACE=full" "-e" "RUSTFLAGS=--cap-lints=warn" "-e" "RUSTDOCFLAGS=--cap-lints=warn" "-e" "CARGO_HOME=/opt/rustwide/cargo-home" "-e" "RUSTUP_HOME=/opt/rustwide/rustup-home" "-w" "/opt/rustwide/workdir" "-m" "1610612736" "--user" "0:0" "--network" "none" "ghcr.io/rust-lang/crates-build-env/linux@sha256:2788e3201cd34a07e3172128adcd8b3090168a8e3bcc40d7c032b9dda1df7d1c" "/opt/rustwide/cargo-home/bin/cargo" "+1.75.0" "build" "--frozen" "--message-format=json", kill_on_drop: false }`
[INFO] [stdout] c5ccccadda8ce060e96fdf2431319d3053db47f0b62f133a4a0111245f18c5ad
[INFO] running `Command { std: "docker" "start" "-a" "c5ccccadda8ce060e96fdf2431319d3053db47f0b62f133a4a0111245f18c5ad", kill_on_drop: false }`
[INFO] [stderr]    Compiling libc v0.2.146
[INFO] [stderr]    Compiling once_cell v1.15.0
[INFO] [stderr]    Compiling cc v1.0.79
[INFO] [stderr]    Compiling log v0.4.17
[INFO] [stderr]    Compiling proc-macro2 v1.0.60
[INFO] [stderr]    Compiling unicode-ident v1.0.4
[INFO] [stderr]    Compiling quote v1.0.28
[INFO] [stderr]    Compiling smallvec v1.9.0
[INFO] [stderr]    Compiling pin-project-lite v0.2.9
[INFO] [stderr]    Compiling futures-core v0.3.28
[INFO] [stderr]    Compiling lock_api v0.4.9
[INFO] [stderr]    Compiling typenum v1.16.0
[INFO] [stderr]    Compiling ahash v0.7.6
[INFO] [stderr]    Compiling bytes v1.4.0
[INFO] [stderr]    Compiling parking_lot_core v0.8.6
[INFO] [stderr]    Compiling rustls v0.20.8
[INFO] [stderr]    Compiling instant v0.1.12
[INFO] [stderr]    Compiling tokio v1.28.2
[INFO] [stderr]    Compiling slab v0.4.8
[INFO] [stderr]    Compiling futures-sink v0.3.28
[INFO] [stderr]    Compiling memchr v2.5.0
[INFO] [stderr]    Compiling futures-task v0.3.28
[INFO] [stderr]    Compiling indexmap v1.9.1
[INFO] [stderr]    Compiling num-traits v0.2.15
[INFO] [stderr]    Compiling io-lifetimes v1.0.11
[INFO] [stderr]    Compiling unicode-bidi v0.3.13
[INFO] [stderr]    Compiling pkg-config v0.3.25
[INFO] [stderr]    Compiling crossbeam-utils v0.8.16
[INFO] [stderr]    Compiling futures-util v0.3.28
[INFO] [stderr]    Compiling rustix v0.37.20
[INFO] [stderr]    Compiling futures-channel v0.3.28
[INFO] [stderr]    Compiling thiserror v1.0.35
[INFO] [stderr]    Compiling paste v1.0.12
[INFO] [stderr]    Compiling crossbeam-queue v0.3.8
[INFO] [stderr]    Compiling either v1.8.1
[INFO] [stderr]    Compiling percent-encoding v2.3.0
[INFO] [stderr]    Compiling cpufeatures v0.2.8
[INFO] [stderr]    Compiling form_urlencoded v1.2.0
[INFO] [stderr]    Compiling itertools v0.10.5
[INFO] [stderr]    Compiling syn v2.0.18
[INFO] [stderr]    Compiling syn v1.0.109
[INFO] [stderr]    Compiling mio v0.8.4
[INFO] [stderr]    Compiling socket2 v0.4.9
[INFO] [stderr]    Compiling getrandom v0.2.7
[INFO] [stderr]    Compiling num_cpus v1.15.0
[INFO] [stderr]    Compiling nom v7.1.3
[INFO] [stderr]    Compiling ring v0.16.20
[INFO] [stderr]    Compiling libsqlite3-sys v0.24.2
[INFO] [stderr]    Compiling hashbrown v0.12.3
[INFO] [stderr]    Compiling generic-array v0.14.7
[INFO] [stderr]    Compiling idna v0.4.0
[INFO] [stderr]    Compiling spin v0.9.8
[INFO] [stderr]    Compiling base64 v0.21.2
[INFO] [stderr]    Compiling block-buffer v0.10.4
[INFO] [stderr]    Compiling crypto-common v0.1.6
[INFO] [stderr]    Compiling unicode_categories v0.1.1
[INFO] [stderr]    Compiling crc-catalog v2.2.0
[INFO] [stderr]    Compiling signal-hook v0.3.14
[INFO] [stderr]    Compiling parking_lot_core v0.9.3
[INFO] [stderr]    Compiling linux-raw-sys v0.3.8
[INFO] [stderr]    Compiling heck v0.4.0
[INFO] [stderr]    Compiling crc v3.0.1
[INFO] [stderr]    Compiling digest v0.10.7
[INFO] [stderr]    Compiling url v2.4.0
[INFO] [stderr]    Compiling atoi v1.0.0
[INFO] [stderr]    Compiling rustls-pemfile v1.0.2
[INFO] [stderr]    Compiling signal-hook-registry v1.4.0
[INFO] [stderr]    Compiling parking_lot v0.11.2
[INFO] [stderr]    Compiling stringprep v0.1.2
[INFO] [stderr]    Compiling event-listener v2.5.3
[INFO] [stderr]    Compiling hex v0.4.3
[INFO] [stderr]    Compiling sqlformat v0.2.1
[INFO] [stderr]    Compiling byteorder v1.4.3
[INFO] [stderr]    Compiling dotenvy v0.15.7
[INFO] [stderr]    Compiling itoa v1.0.6
[INFO] [stderr]    Compiling anstyle-parse v0.2.0
[INFO] [stderr]    Compiling futures-intrusive v0.4.2
[INFO] [stderr]    Compiling sha2 v0.10.7
[INFO] [stderr]    Compiling hashlink v0.8.1
[INFO] [stderr]    Compiling futures-executor v0.3.28
[INFO] [stderr]    Compiling bitflags v1.3.2
[INFO] [stderr]    Compiling anstyle v1.0.0
[INFO] [stderr]    Compiling parking_lot v0.12.1
[INFO] [stderr]    Compiling signal-hook-mio v0.2.3
[INFO] [stderr]    Compiling option-ext v0.2.0
[INFO] [stderr]    Compiling anyhow v1.0.65
[INFO] [stderr]    Compiling checked_int_cast v1.0.0
[INFO] [stderr]    Compiling clap_lex v0.5.0
[INFO] [stderr]    Compiling qrcode v0.12.0
[INFO] [stderr]    Compiling dirs-sys v0.4.1
[INFO] [stderr]    Compiling crossterm v0.23.2
[INFO] [stderr]    Compiling unicode-width v0.1.10
[INFO] [stderr]    Compiling is-terminal v0.4.7
[INFO] [stderr]    Compiling anstream v0.3.2
[INFO] [stderr]    Compiling dirs v5.0.1
[INFO] [stderr]    Compiling clap_builder v4.3.4
[INFO] [stderr]    Compiling qr2term v0.3.0
[INFO] [stderr]    Compiling webpki v0.22.0
[INFO] [stderr]    Compiling sct v0.7.0
[INFO] [stderr]    Compiling thiserror-impl v1.0.35
[INFO] [stderr]    Compiling webpki-roots v0.22.6
[INFO] [stderr]    Compiling tokio-macros v2.1.0
[INFO] [stderr]    Compiling pin-project-internal v1.1.0
[INFO] [stderr]    Compiling clap_derive v4.3.2
[INFO] [stderr]    Compiling tokio-stream v0.1.14
[INFO] [stderr]    Compiling pin-project v1.1.0
[INFO] [stderr]    Compiling flume v0.10.14
[INFO] [stderr]    Compiling clap v4.3.4
[INFO] [stderr]    Compiling tokio-rustls v0.23.4
[INFO] [stderr]    Compiling sqlx-rt v0.6.3
[INFO] [stderr]    Compiling sqlx-core v0.6.3
[INFO] [stderr]    Compiling sqlx-macros v0.6.3
[INFO] [stderr]    Compiling sqlx v0.6.3
[INFO] [stderr]    Compiling youran v0.2.4 (/opt/rustwide/workdir)
[INFO] [stderr]     Finished dev [unoptimized + debuginfo] target(s) in 19.38s
[INFO] running `Command { std: "docker" "inspect" "c5ccccadda8ce060e96fdf2431319d3053db47f0b62f133a4a0111245f18c5ad", kill_on_drop: false }`
[INFO] running `Command { std: "docker" "rm" "-f" "c5ccccadda8ce060e96fdf2431319d3053db47f0b62f133a4a0111245f18c5ad", kill_on_drop: false }`
[INFO] [stdout] c5ccccadda8ce060e96fdf2431319d3053db47f0b62f133a4a0111245f18c5ad
[INFO] running `Command { std: "docker" "create" "-v" "/var/lib/crater-agent-workspace/builds/worker-3-tc1/target:/opt/rustwide/target:rw,Z" "-v" "/var/lib/crater-agent-workspace/builds/worker-3-tc1/source:/opt/rustwide/workdir:ro,Z" "-v" "/var/lib/crater-agent-workspace/cargo-home:/opt/rustwide/cargo-home:ro,Z" "-v" "/var/lib/crater-agent-workspace/rustup-home:/opt/rustwide/rustup-home:ro,Z" "-e" "SOURCE_DIR=/opt/rustwide/workdir" "-e" "CARGO_TARGET_DIR=/opt/rustwide/target" "-e" "CARGO_INCREMENTAL=0" "-e" "RUST_BACKTRACE=full" "-e" "RUSTFLAGS=--cap-lints=warn" "-e" "RUSTDOCFLAGS=--cap-lints=warn" "-e" "CARGO_HOME=/opt/rustwide/cargo-home" "-e" "RUSTUP_HOME=/opt/rustwide/rustup-home" "-w" "/opt/rustwide/workdir" "-m" "1610612736" "--user" "0:0" "--network" "none" "ghcr.io/rust-lang/crates-build-env/linux@sha256:2788e3201cd34a07e3172128adcd8b3090168a8e3bcc40d7c032b9dda1df7d1c" "/opt/rustwide/cargo-home/bin/cargo" "+1.75.0" "test" "--frozen" "--no-run" "--message-format=json", kill_on_drop: false }`
[INFO] [stdout] 85396729fc37f7bfd8ff204503a75e708f56d9d467f7f91747b5ae40a35df8f1
[INFO] running `Command { std: "docker" "start" "-a" "85396729fc37f7bfd8ff204503a75e708f56d9d467f7f91747b5ae40a35df8f1", kill_on_drop: false }`
[INFO] [stderr]    Compiling youran v0.2.4 (/opt/rustwide/workdir)
[INFO] [stderr]     Finished test [unoptimized + debuginfo] target(s) in 2.62s
[INFO] running `Command { std: "docker" "inspect" "85396729fc37f7bfd8ff204503a75e708f56d9d467f7f91747b5ae40a35df8f1", kill_on_drop: false }`
[INFO] running `Command { std: "docker" "rm" "-f" "85396729fc37f7bfd8ff204503a75e708f56d9d467f7f91747b5ae40a35df8f1", kill_on_drop: false }`
[INFO] [stdout] 85396729fc37f7bfd8ff204503a75e708f56d9d467f7f91747b5ae40a35df8f1
[INFO] running `Command { std: "docker" "create" "-v" "/var/lib/crater-agent-workspace/builds/worker-3-tc1/target:/opt/rustwide/target:rw,Z" "-v" "/var/lib/crater-agent-workspace/builds/worker-3-tc1/source:/opt/rustwide/workdir:ro,Z" "-v" "/var/lib/crater-agent-workspace/cargo-home:/opt/rustwide/cargo-home:ro,Z" "-v" "/var/lib/crater-agent-workspace/rustup-home:/opt/rustwide/rustup-home:ro,Z" "-e" "SOURCE_DIR=/opt/rustwide/workdir" "-e" "CARGO_TARGET_DIR=/opt/rustwide/target" "-e" "CARGO_INCREMENTAL=0" "-e" "RUST_BACKTRACE=full" "-e" "RUSTFLAGS=--cap-lints=warn" "-e" "RUSTDOCFLAGS=--cap-lints=warn" "-e" "CARGO_HOME=/opt/rustwide/cargo-home" "-e" "RUSTUP_HOME=/opt/rustwide/rustup-home" "-w" "/opt/rustwide/workdir" "-m" "1610612736" "--user" "0:0" "--network" "none" "ghcr.io/rust-lang/crates-build-env/linux@sha256:2788e3201cd34a07e3172128adcd8b3090168a8e3bcc40d7c032b9dda1df7d1c" "/opt/rustwide/cargo-home/bin/cargo" "+1.75.0" "test" "--frozen", kill_on_drop: false }`
[INFO] [stdout] fda25b2600ff0e5a750502f5002fba38d3f6c64690f7272bb517d90e1572bc09
[INFO] running `Command { std: "docker" "start" "-a" "fda25b2600ff0e5a750502f5002fba38d3f6c64690f7272bb517d90e1572bc09", kill_on_drop: false }`
[INFO] [stderr]     Finished test [unoptimized + debuginfo] target(s) in 0.09s
[INFO] [stderr]      Running unittests src/lib.rs (/opt/rustwide/target/debug/deps/youran-1a08f1a9655b6b41)
[INFO] [stdout] 
[INFO] [stdout] running 0 tests
[INFO] [stdout] 
[INFO] [stdout] test result: ok. 0 passed; 0 failed; 0 ignored; 0 measured; 0 filtered out; finished in 0.00s
[INFO] [stdout] 
[INFO] [stderr]      Running unittests bin/yr/yr.rs (/opt/rustwide/target/debug/deps/yr-358f2b46b9451116)
[INFO] [stdout] 
[INFO] [stdout] running 2 tests
[INFO] [stdout] test string_length_in_terminal ... ok
[INFO] [stdout] test test ... FAILED
[INFO] [stdout] 
[INFO] [stdout] failures:
[INFO] [stdout] 
[INFO] [stdout] ---- test stdout ----
[INFO] [stdout] Error: error returned from database: (code: 14) unable to open database file
[INFO] [stdout] 
[INFO] [stdout] Caused by:
[INFO] [stdout]     (code: 14) unable to open database file
[INFO] [stdout] 
[INFO] [stdout] 
[INFO] [stdout] failures:
[INFO] [stdout]     test
[INFO] [stdout] 
[INFO] [stdout] test result: FAILED. 1 passed; 1 failed; 0 ignored; 0 measured; 0 filtered out; finished in 0.00s
[INFO] [stdout] 
[INFO] [stderr] error: test failed, to rerun pass `--bin yr`
[INFO] running `Command { std: "docker" "inspect" "fda25b2600ff0e5a750502f5002fba38d3f6c64690f7272bb517d90e1572bc09", kill_on_drop: false }`
[INFO] running `Command { std: "docker" "rm" "-f" "fda25b2600ff0e5a750502f5002fba38d3f6c64690f7272bb517d90e1572bc09", kill_on_drop: false }`
[INFO] [stdout] fda25b2600ff0e5a750502f5002fba38d3f6c64690f7272bb517d90e1572bc09
[INFO] testing youran-0.2.4 against beta-2023-12-22 for beta-1.76-1
[INFO] extracting crate youran 0.2.4 into /workspace/builds/worker-3-tc2/source
[INFO] validating manifest of crates.io crate youran 0.2.4 on toolchain beta-2023-12-22
[INFO] running `Command { std: CARGO_HOME="/workspace/cargo-home" RUSTUP_HOME="/workspace/rustup-home" "/workspace/cargo-home/bin/cargo" "+beta-2023-12-22" "metadata" "--manifest-path" "Cargo.toml" "--no-deps", kill_on_drop: false }`
[INFO] started tweaking crates.io crate youran 0.2.4
[INFO] finished tweaking crates.io crate youran 0.2.4
[INFO] tweaked toml for crates.io crate youran 0.2.4 written to /workspace/builds/worker-3-tc2/source/Cargo.toml
[INFO] crate crates.io crate youran 0.2.4 already has a lockfile, it will not be regenerated
[INFO] running `Command { std: CARGO_HOME="/workspace/cargo-home" RUSTUP_HOME="/workspace/rustup-home" "/workspace/cargo-home/bin/cargo" "+beta-2023-12-22" "fetch" "--manifest-path" "Cargo.toml", kill_on_drop: false }`
[INFO] running `Command { std: "docker" "create" "-v" "/var/lib/crater-agent-workspace/builds/worker-3-tc2/target:/opt/rustwide/target:rw,Z" "-v" "/var/lib/crater-agent-workspace/builds/worker-3-tc2/source:/opt/rustwide/workdir:ro,Z" "-v" "/var/lib/crater-agent-workspace/cargo-home:/opt/rustwide/cargo-home:ro,Z" "-v" "/var/lib/crater-agent-workspace/rustup-home:/opt/rustwide/rustup-home:ro,Z" "-e" "SOURCE_DIR=/opt/rustwide/workdir" "-e" "CARGO_TARGET_DIR=/opt/rustwide/target" "-e" "CARGO_HOME=/opt/rustwide/cargo-home" "-e" "RUSTUP_HOME=/opt/rustwide/rustup-home" "-w" "/opt/rustwide/workdir" "-m" "1610612736" "--user" "0:0" "--network" "none" "ghcr.io/rust-lang/crates-build-env/linux@sha256:2788e3201cd34a07e3172128adcd8b3090168a8e3bcc40d7c032b9dda1df7d1c" "/opt/rustwide/cargo-home/bin/cargo" "+beta-2023-12-22" "metadata" "--no-deps" "--format-version=1", kill_on_drop: false }`
[INFO] [stdout] 77df4b40fd6fa41137eb77d4745af7dc43727b13d8f95991283b3f5fe64c70eb
[INFO] running `Command { std: "docker" "start" "-a" "77df4b40fd6fa41137eb77d4745af7dc43727b13d8f95991283b3f5fe64c70eb", kill_on_drop: false }`
[INFO] running `Command { std: "docker" "inspect" "77df4b40fd6fa41137eb77d4745af7dc43727b13d8f95991283b3f5fe64c70eb", kill_on_drop: false }`
[INFO] running `Command { std: "docker" "rm" "-f" "77df4b40fd6fa41137eb77d4745af7dc43727b13d8f95991283b3f5fe64c70eb", kill_on_drop: false }`
[INFO] [stdout] 77df4b40fd6fa41137eb77d4745af7dc43727b13d8f95991283b3f5fe64c70eb
[INFO] running `Command { std: "docker" "create" "-v" "/var/lib/crater-agent-workspace/builds/worker-3-tc2/target:/opt/rustwide/target:rw,Z" "-v" "/var/lib/crater-agent-workspace/builds/worker-3-tc2/source:/opt/rustwide/workdir:ro,Z" "-v" "/var/lib/crater-agent-workspace/cargo-home:/opt/rustwide/cargo-home:ro,Z" "-v" "/var/lib/crater-agent-workspace/rustup-home:/opt/rustwide/rustup-home:ro,Z" "-e" "SOURCE_DIR=/opt/rustwide/workdir" "-e" "CARGO_TARGET_DIR=/opt/rustwide/target" "-e" "CARGO_INCREMENTAL=0" "-e" "RUST_BACKTRACE=full" "-e" "RUSTFLAGS=--cap-lints=warn" "-e" "RUSTDOCFLAGS=--cap-lints=warn" "-e" "CARGO_HOME=/opt/rustwide/cargo-home" "-e" "RUSTUP_HOME=/opt/rustwide/rustup-home" "-w" "/opt/rustwide/workdir" "-m" "1610612736" "--user" "0:0" "--network" "none" "ghcr.io/rust-lang/crates-build-env/linux@sha256:2788e3201cd34a07e3172128adcd8b3090168a8e3bcc40d7c032b9dda1df7d1c" "/opt/rustwide/cargo-home/bin/cargo" "+beta-2023-12-22" "build" "--frozen" "--message-format=json", kill_on_drop: false }`
[INFO] [stdout] b7d96a6974026a5b6374abc36ce4ff285df056b838c852349b7207d8827d2e76
[INFO] running `Command { std: "docker" "start" "-a" "b7d96a6974026a5b6374abc36ce4ff285df056b838c852349b7207d8827d2e76", kill_on_drop: false }`
[INFO] [stderr]    Compiling libc v0.2.146
[INFO] [stderr]    Compiling once_cell v1.15.0
[INFO] [stderr]    Compiling cc v1.0.79
[INFO] [stderr]    Compiling log v0.4.17
[INFO] [stderr]    Compiling proc-macro2 v1.0.60
[INFO] [stderr]    Compiling quote v1.0.28
[INFO] [stderr]    Compiling unicode-ident v1.0.4
[INFO] [stderr]    Compiling smallvec v1.9.0
[INFO] [stderr]    Compiling futures-core v0.3.28
[INFO] [stderr]    Compiling typenum v1.16.0
[INFO] [stderr]    Compiling lock_api v0.4.9
[INFO] [stderr]    Compiling pin-project-lite v0.2.9
[INFO] [stderr]    Compiling ahash v0.7.6
[INFO] [stderr]    Compiling bytes v1.4.0
[INFO] [stderr]    Compiling rustls v0.20.8
[INFO] [stderr]    Compiling parking_lot_core v0.8.6
[INFO] [stderr]    Compiling instant v0.1.12
[INFO] [stderr]    Compiling slab v0.4.8
[INFO] [stderr]    Compiling tokio v1.28.2
[INFO] [stderr]    Compiling memchr v2.5.0
[INFO] [stderr]    Compiling futures-sink v0.3.28
[INFO] [stderr]    Compiling futures-task v0.3.28
[INFO] [stderr]    Compiling num-traits v0.2.15
[INFO] [stderr]    Compiling indexmap v1.9.1
[INFO] [stderr]    Compiling io-lifetimes v1.0.11
[INFO] [stderr]    Compiling crossbeam-utils v0.8.16
[INFO] [stderr]    Compiling pkg-config v0.3.25
[INFO] [stderr]    Compiling futures-util v0.3.28
[INFO] [stderr]    Compiling unicode-bidi v0.3.13
[INFO] [stderr]    Compiling futures-channel v0.3.28
[INFO] [stderr]    Compiling percent-encoding v2.3.0
[INFO] [stderr]    Compiling rustix v0.37.20
[INFO] [stderr]    Compiling cpufeatures v0.2.8
[INFO] [stderr]    Compiling thiserror v1.0.35
[INFO] [stderr]    Compiling crossbeam-queue v0.3.8
[INFO] [stderr]    Compiling paste v1.0.12
[INFO] [stderr]    Compiling either v1.8.1
[INFO] [stderr]    Compiling idna v0.4.0
[INFO] [stderr]    Compiling syn v2.0.18
[INFO] [stderr]    Compiling syn v1.0.109
[INFO] [stderr]    Compiling itertools v0.10.5
[INFO] [stderr]    Compiling getrandom v0.2.7
[INFO] [stderr]    Compiling num_cpus v1.15.0
[INFO] [stderr]    Compiling mio v0.8.4
[INFO] [stderr]    Compiling socket2 v0.4.9
[INFO] [stderr]    Compiling nom v7.1.3
[INFO] [stderr]    Compiling ring v0.16.20
[INFO] [stderr]    Compiling libsqlite3-sys v0.24.2
[INFO] [stderr]    Compiling generic-array v0.14.7
[INFO] [stderr]    Compiling hashbrown v0.12.3
[INFO] [stderr]    Compiling form_urlencoded v1.2.0
[INFO] [stderr]    Compiling spin v0.9.8
[INFO] [stderr]    Compiling block-buffer v0.10.4
[INFO] [stderr]    Compiling crypto-common v0.1.6
[INFO] [stderr]    Compiling signal-hook v0.3.14
[INFO] [stderr]    Compiling unicode_categories v0.1.1
[INFO] [stderr]    Compiling linux-raw-sys v0.3.8
[INFO] [stderr]    Compiling base64 v0.21.2
[INFO] [stderr]    Compiling parking_lot_core v0.9.3
[INFO] [stderr]    Compiling crc-catalog v2.2.0
[INFO] [stderr]    Compiling heck v0.4.0
[INFO] [stderr]    Compiling crc v3.0.1
[INFO] [stderr]    Compiling digest v0.10.7
[INFO] [stderr]    Compiling rustls-pemfile v1.0.2
[INFO] [stderr]    Compiling atoi v1.0.0
[INFO] [stderr]    Compiling url v2.4.0
[INFO] [stderr]    Compiling signal-hook-registry v1.4.0
[INFO] [stderr]    Compiling parking_lot v0.11.2
[INFO] [stderr]    Compiling stringprep v0.1.2
[INFO] [stderr]    Compiling event-listener v2.5.3
[INFO] [stderr]    Compiling itoa v1.0.6
[INFO] [stderr]    Compiling hex v0.4.3
[INFO] [stderr]    Compiling sqlformat v0.2.1
[INFO] [stderr]    Compiling dotenvy v0.15.7
[INFO] [stderr]    Compiling byteorder v1.4.3
[INFO] [stderr]    Compiling anstyle-parse v0.2.0
[INFO] [stderr]    Compiling futures-intrusive v0.4.2
[INFO] [stderr]    Compiling sha2 v0.10.7
[INFO] [stderr]    Compiling hashlink v0.8.1
[INFO] [stderr]    Compiling bitflags v1.3.2
[INFO] [stderr]    Compiling anstyle v1.0.0
[INFO] [stderr]    Compiling signal-hook-mio v0.2.3
[INFO] [stderr]    Compiling parking_lot v0.12.1
[INFO] [stderr]    Compiling checked_int_cast v1.0.0
[INFO] [stderr]    Compiling anyhow v1.0.65
[INFO] [stderr]    Compiling clap_lex v0.5.0
[INFO] [stderr]    Compiling futures-executor v0.3.28
[INFO] [stderr]    Compiling is-terminal v0.4.7
[INFO] [stderr]    Compiling anstream v0.3.2
[INFO] [stderr]    Compiling option-ext v0.2.0
[INFO] [stderr]    Compiling qrcode v0.12.0
[INFO] [stderr]    Compiling crossterm v0.23.2
[INFO] [stderr]    Compiling dirs-sys v0.4.1
[INFO] [stderr]    Compiling unicode-width v0.1.10
[INFO] [stderr]    Compiling clap_builder v4.3.4
[INFO] [stderr]    Compiling dirs v5.0.1
[INFO] [stderr]    Compiling qr2term v0.3.0
[INFO] [stderr]    Compiling webpki v0.22.0
[INFO] [stderr]    Compiling sct v0.7.0
[INFO] [stderr]    Compiling tokio-stream v0.1.14
[INFO] [stderr]    Compiling thiserror-impl v1.0.35
[INFO] [stderr]    Compiling tokio-macros v2.1.0
[INFO] [stderr]    Compiling pin-project-internal v1.1.0
[INFO] [stderr]    Compiling clap_derive v4.3.2
[INFO] [stderr]    Compiling webpki-roots v0.22.6
[INFO] [stderr]    Compiling pin-project v1.1.0
[INFO] [stderr]    Compiling flume v0.10.14
[INFO] [stderr]    Compiling clap v4.3.4
[INFO] [stderr]    Compiling tokio-rustls v0.23.4
[INFO] [stderr]    Compiling sqlx-rt v0.6.3
[INFO] [stderr]    Compiling sqlx-core v0.6.3
[INFO] [stderr]    Compiling sqlx-macros v0.6.3
[INFO] [stderr]    Compiling sqlx v0.6.3
[INFO] [stderr]    Compiling youran v0.2.4 (/opt/rustwide/workdir)
[INFO] [stderr]     Finished dev [unoptimized + debuginfo] target(s) in 17.20s
[INFO] running `Command { std: "docker" "inspect" "b7d96a6974026a5b6374abc36ce4ff285df056b838c852349b7207d8827d2e76", kill_on_drop: false }`
[INFO] running `Command { std: "docker" "rm" "-f" "b7d96a6974026a5b6374abc36ce4ff285df056b838c852349b7207d8827d2e76", kill_on_drop: false }`
[INFO] [stdout] b7d96a6974026a5b6374abc36ce4ff285df056b838c852349b7207d8827d2e76
[INFO] running `Command { std: "docker" "create" "-v" "/var/lib/crater-agent-workspace/builds/worker-3-tc2/target:/opt/rustwide/target:rw,Z" "-v" "/var/lib/crater-agent-workspace/builds/worker-3-tc2/source:/opt/rustwide/workdir:ro,Z" "-v" "/var/lib/crater-agent-workspace/cargo-home:/opt/rustwide/cargo-home:ro,Z" "-v" "/var/lib/crater-agent-workspace/rustup-home:/opt/rustwide/rustup-home:ro,Z" "-e" "SOURCE_DIR=/opt/rustwide/workdir" "-e" "CARGO_TARGET_DIR=/opt/rustwide/target" "-e" "CARGO_INCREMENTAL=0" "-e" "RUST_BACKTRACE=full" "-e" "RUSTFLAGS=--cap-lints=warn" "-e" "RUSTDOCFLAGS=--cap-lints=warn" "-e" "CARGO_HOME=/opt/rustwide/cargo-home" "-e" "RUSTUP_HOME=/opt/rustwide/rustup-home" "-w" "/opt/rustwide/workdir" "-m" "1610612736" "--user" "0:0" "--network" "none" "ghcr.io/rust-lang/crates-build-env/linux@sha256:2788e3201cd34a07e3172128adcd8b3090168a8e3bcc40d7c032b9dda1df7d1c" "/opt/rustwide/cargo-home/bin/cargo" "+beta-2023-12-22" "test" "--frozen" "--no-run" "--message-format=json", kill_on_drop: false }`
[INFO] [stdout] af57c6cd32e2bf4b0404d58935ccb3e2e7fe4d3e00dc05d24b62e37b3ea24b38
[INFO] running `Command { std: "docker" "start" "-a" "af57c6cd32e2bf4b0404d58935ccb3e2e7fe4d3e00dc05d24b62e37b3ea24b38", kill_on_drop: false }`
[INFO] [stderr]    Compiling youran v0.2.4 (/opt/rustwide/workdir)
[INFO] [stderr]     Finished test [unoptimized + debuginfo] target(s) in 2.49s
[INFO] running `Command { std: "docker" "inspect" "af57c6cd32e2bf4b0404d58935ccb3e2e7fe4d3e00dc05d24b62e37b3ea24b38", kill_on_drop: false }`
[INFO] running `Command { std: "docker" "rm" "-f" "af57c6cd32e2bf4b0404d58935ccb3e2e7fe4d3e00dc05d24b62e37b3ea24b38", kill_on_drop: false }`
[INFO] [stdout] af57c6cd32e2bf4b0404d58935ccb3e2e7fe4d3e00dc05d24b62e37b3ea24b38
[INFO] running `Command { std: "docker" "create" "-v" "/var/lib/crater-agent-workspace/builds/worker-3-tc2/target:/opt/rustwide/target:rw,Z" "-v" "/var/lib/crater-agent-workspace/builds/worker-3-tc2/source:/opt/rustwide/workdir:ro,Z" "-v" "/var/lib/crater-agent-workspace/cargo-home:/opt/rustwide/cargo-home:ro,Z" "-v" "/var/lib/crater-agent-workspace/rustup-home:/opt/rustwide/rustup-home:ro,Z" "-e" "SOURCE_DIR=/opt/rustwide/workdir" "-e" "CARGO_TARGET_DIR=/opt/rustwide/target" "-e" "CARGO_INCREMENTAL=0" "-e" "RUST_BACKTRACE=full" "-e" "RUSTFLAGS=--cap-lints=warn" "-e" "RUSTDOCFLAGS=--cap-lints=warn" "-e" "CARGO_HOME=/opt/rustwide/cargo-home" "-e" "RUSTUP_HOME=/opt/rustwide/rustup-home" "-w" "/opt/rustwide/workdir" "-m" "1610612736" "--user" "0:0" "--network" "none" "ghcr.io/rust-lang/crates-build-env/linux@sha256:2788e3201cd34a07e3172128adcd8b3090168a8e3bcc40d7c032b9dda1df7d1c" "/opt/rustwide/cargo-home/bin/cargo" "+beta-2023-12-22" "test" "--frozen", kill_on_drop: false }`
[INFO] [stdout] 9bd0ea53f91384096bc69bb68fd8185b7aa925e55dc010a581bbf63ab1272ac7
[INFO] running `Command { std: "docker" "start" "-a" "9bd0ea53f91384096bc69bb68fd8185b7aa925e55dc010a581bbf63ab1272ac7", kill_on_drop: false }`
[INFO] [stderr]     Finished test [unoptimized + debuginfo] target(s) in 0.09s
[INFO] [stderr]      Running unittests src/lib.rs (/opt/rustwide/target/debug/deps/youran-81c39cf095c94562)
[INFO] [stdout] 
[INFO] [stdout] running 0 tests
[INFO] [stdout] 
[INFO] [stdout] test result: ok. 0 passed; 0 failed; 0 ignored; 0 measured; 0 filtered out; finished in 0.00s
[INFO] [stdout] 
[INFO] [stderr]      Running unittests bin/yr/yr.rs (/opt/rustwide/target/debug/deps/yr-78bb5779af4a3cd5)
[INFO] [stdout] 
[INFO] [stdout] running 2 tests
[INFO] [stdout] test string_length_in_terminal ... ok
[INFO] [stdout] test test ... FAILED
[INFO] [stdout] 
[INFO] [stdout] failures:
[INFO] [stdout] 
[INFO] [stdout] ---- test stdout ----
[INFO] [stdout] Error: error returned from database: (code: 14) unable to open database file
[INFO] [stdout] 
[INFO] [stdout] Caused by:
[INFO] [stdout]     (code: 14) unable to open database file
[INFO] [stdout] 
[INFO] [stdout] 
[INFO] [stdout] failures:
[INFO] [stdout]     test
[INFO] [stdout] 
[INFO] [stdout] test result: FAILED. 1 passed; 1 failed; 0 ignored; 0 measured; 0 filtered out; finished in 0.00s
[INFO] [stdout] 
[INFO] [stderr] error: test failed, to rerun pass `--bin yr`
[INFO] running `Command { std: "docker" "inspect" "9bd0ea53f91384096bc69bb68fd8185b7aa925e55dc010a581bbf63ab1272ac7", kill_on_drop: false }`
[INFO] running `Command { std: "docker" "rm" "-f" "9bd0ea53f91384096bc69bb68fd8185b7aa925e55dc010a581bbf63ab1272ac7", kill_on_drop: false }`
[INFO] [stdout] 9bd0ea53f91384096bc69bb68fd8185b7aa925e55dc010a581bbf63ab1272ac7
