[INFO] fetching crate yew-router-macro 0.18.0...
[INFO] testing yew-router-macro-0.18.0 against 1.75.0 for beta-1.76-1
[INFO] extracting crate yew-router-macro 0.18.0 into /workspace/builds/worker-6-tc1/source
[INFO] validating manifest of crates.io crate yew-router-macro 0.18.0 on toolchain 1.75.0
[INFO] running `Command { std: CARGO_HOME="/workspace/cargo-home" RUSTUP_HOME="/workspace/rustup-home" "/workspace/cargo-home/bin/cargo" "+1.75.0" "metadata" "--manifest-path" "Cargo.toml" "--no-deps", kill_on_drop: false }`
[INFO] started tweaking crates.io crate yew-router-macro 0.18.0
[INFO] finished tweaking crates.io crate yew-router-macro 0.18.0
[INFO] tweaked toml for crates.io crate yew-router-macro 0.18.0 written to /workspace/builds/worker-6-tc1/source/Cargo.toml
[INFO] running `Command { std: CARGO_HOME="/workspace/cargo-home" RUSTUP_HOME="/workspace/rustup-home" "/workspace/cargo-home/bin/cargo" "+1.75.0" "generate-lockfile" "--manifest-path" "Cargo.toml", kill_on_drop: false }`
[INFO] [stderr]     Updating crates.io index
[INFO] running `Command { std: CARGO_HOME="/workspace/cargo-home" RUSTUP_HOME="/workspace/rustup-home" "/workspace/cargo-home/bin/cargo" "+1.75.0" "fetch" "--manifest-path" "Cargo.toml", kill_on_drop: false }`
[INFO] running `Command { std: "docker" "create" "-v" "/var/lib/crater-agent-workspace/builds/worker-6-tc1/target:/opt/rustwide/target:rw,Z" "-v" "/var/lib/crater-agent-workspace/builds/worker-6-tc1/source:/opt/rustwide/workdir:ro,Z" "-v" "/var/lib/crater-agent-workspace/cargo-home:/opt/rustwide/cargo-home:ro,Z" "-v" "/var/lib/crater-agent-workspace/rustup-home:/opt/rustwide/rustup-home:ro,Z" "-e" "SOURCE_DIR=/opt/rustwide/workdir" "-e" "CARGO_TARGET_DIR=/opt/rustwide/target" "-e" "CARGO_HOME=/opt/rustwide/cargo-home" "-e" "RUSTUP_HOME=/opt/rustwide/rustup-home" "-w" "/opt/rustwide/workdir" "-m" "1610612736" "--user" "0:0" "--network" "none" "ghcr.io/rust-lang/crates-build-env/linux@sha256:2788e3201cd34a07e3172128adcd8b3090168a8e3bcc40d7c032b9dda1df7d1c" "/opt/rustwide/cargo-home/bin/cargo" "+1.75.0" "metadata" "--no-deps" "--format-version=1", kill_on_drop: false }`
[INFO] [stdout] 02e8519d35116b1ed8227f22dde51f9d4d97cfe89b5b358580df777390d81230
[INFO] running `Command { std: "docker" "start" "-a" "02e8519d35116b1ed8227f22dde51f9d4d97cfe89b5b358580df777390d81230", kill_on_drop: false }`
[INFO] running `Command { std: "docker" "inspect" "02e8519d35116b1ed8227f22dde51f9d4d97cfe89b5b358580df777390d81230", kill_on_drop: false }`
[INFO] running `Command { std: "docker" "rm" "-f" "02e8519d35116b1ed8227f22dde51f9d4d97cfe89b5b358580df777390d81230", kill_on_drop: false }`
[INFO] [stdout] 02e8519d35116b1ed8227f22dde51f9d4d97cfe89b5b358580df777390d81230
[INFO] running `Command { std: "docker" "create" "-v" "/var/lib/crater-agent-workspace/builds/worker-6-tc1/target:/opt/rustwide/target:rw,Z" "-v" "/var/lib/crater-agent-workspace/builds/worker-6-tc1/source:/opt/rustwide/workdir:ro,Z" "-v" "/var/lib/crater-agent-workspace/cargo-home:/opt/rustwide/cargo-home:ro,Z" "-v" "/var/lib/crater-agent-workspace/rustup-home:/opt/rustwide/rustup-home:ro,Z" "-e" "SOURCE_DIR=/opt/rustwide/workdir" "-e" "CARGO_TARGET_DIR=/opt/rustwide/target" "-e" "CARGO_INCREMENTAL=0" "-e" "RUST_BACKTRACE=full" "-e" "RUSTFLAGS=--cap-lints=warn" "-e" "RUSTDOCFLAGS=--cap-lints=warn" "-e" "CARGO_HOME=/opt/rustwide/cargo-home" "-e" "RUSTUP_HOME=/opt/rustwide/rustup-home" "-w" "/opt/rustwide/workdir" "-m" "1610612736" "--user" "0:0" "--network" "none" "ghcr.io/rust-lang/crates-build-env/linux@sha256:2788e3201cd34a07e3172128adcd8b3090168a8e3bcc40d7c032b9dda1df7d1c" "/opt/rustwide/cargo-home/bin/cargo" "+1.75.0" "build" "--frozen" "--message-format=json", kill_on_drop: false }`
[INFO] [stdout] 49a44393d44f4f46441b863557491c24de9935f22c1472dcbb8280a54fb752bc
[INFO] running `Command { std: "docker" "start" "-a" "49a44393d44f4f46441b863557491c24de9935f22c1472dcbb8280a54fb752bc", kill_on_drop: false }`
[INFO] [stderr]    Compiling syn v2.0.48
[INFO] [stderr]    Compiling yew-router-macro v0.18.0 (/opt/rustwide/workdir)
[INFO] [stderr]     Finished dev [unoptimized + debuginfo] target(s) in 5.98s
[INFO] running `Command { std: "docker" "inspect" "49a44393d44f4f46441b863557491c24de9935f22c1472dcbb8280a54fb752bc", kill_on_drop: false }`
[INFO] running `Command { std: "docker" "rm" "-f" "49a44393d44f4f46441b863557491c24de9935f22c1472dcbb8280a54fb752bc", kill_on_drop: false }`
[INFO] [stdout] 49a44393d44f4f46441b863557491c24de9935f22c1472dcbb8280a54fb752bc
[INFO] running `Command { std: "docker" "create" "-v" "/var/lib/crater-agent-workspace/builds/worker-6-tc1/target:/opt/rustwide/target:rw,Z" "-v" "/var/lib/crater-agent-workspace/builds/worker-6-tc1/source:/opt/rustwide/workdir:ro,Z" "-v" "/var/lib/crater-agent-workspace/cargo-home:/opt/rustwide/cargo-home:ro,Z" "-v" "/var/lib/crater-agent-workspace/rustup-home:/opt/rustwide/rustup-home:ro,Z" "-e" "SOURCE_DIR=/opt/rustwide/workdir" "-e" "CARGO_TARGET_DIR=/opt/rustwide/target" "-e" "CARGO_INCREMENTAL=0" "-e" "RUST_BACKTRACE=full" "-e" "RUSTFLAGS=--cap-lints=warn" "-e" "RUSTDOCFLAGS=--cap-lints=warn" "-e" "CARGO_HOME=/opt/rustwide/cargo-home" "-e" "RUSTUP_HOME=/opt/rustwide/rustup-home" "-w" "/opt/rustwide/workdir" "-m" "1610612736" "--user" "0:0" "--network" "none" "ghcr.io/rust-lang/crates-build-env/linux@sha256:2788e3201cd34a07e3172128adcd8b3090168a8e3bcc40d7c032b9dda1df7d1c" "/opt/rustwide/cargo-home/bin/cargo" "+1.75.0" "test" "--frozen" "--no-run" "--message-format=json", kill_on_drop: false }`
[INFO] [stdout] e29d10fb88bae473fdd1c16d4677588dd0bc26326412f7f0c3d9d515e7292334
[INFO] running `Command { std: "docker" "start" "-a" "e29d10fb88bae473fdd1c16d4677588dd0bc26326412f7f0c3d9d515e7292334", kill_on_drop: false }`
[INFO] [stderr]    Compiling proc-macro2 v1.0.75
[INFO] [stderr]    Compiling unicode-ident v1.0.12
[INFO] [stderr]    Compiling rustversion v1.0.14
[INFO] [stderr]    Compiling trybuild v1.0.87
[INFO] [stderr]    Compiling glob v0.3.1
[INFO] [stderr]    Compiling basic-toml v0.1.8
[INFO] [stderr]    Compiling quote v1.0.35
[INFO] [stderr]    Compiling syn v2.0.48
[INFO] [stderr]    Compiling serde_derive v1.0.194
[INFO] [stderr]    Compiling yew-router-macro v0.18.0 (/opt/rustwide/workdir)
[INFO] [stderr]     Finished test [unoptimized + debuginfo] target(s) in 18.03s
[INFO] running `Command { std: "docker" "inspect" "e29d10fb88bae473fdd1c16d4677588dd0bc26326412f7f0c3d9d515e7292334", kill_on_drop: false }`
[INFO] running `Command { std: "docker" "rm" "-f" "e29d10fb88bae473fdd1c16d4677588dd0bc26326412f7f0c3d9d515e7292334", kill_on_drop: false }`
[INFO] [stdout] e29d10fb88bae473fdd1c16d4677588dd0bc26326412f7f0c3d9d515e7292334
[INFO] running `Command { std: "docker" "create" "-v" "/var/lib/crater-agent-workspace/builds/worker-6-tc1/target:/opt/rustwide/target:rw,Z" "-v" "/var/lib/crater-agent-workspace/builds/worker-6-tc1/source:/opt/rustwide/workdir:ro,Z" "-v" "/var/lib/crater-agent-workspace/cargo-home:/opt/rustwide/cargo-home:ro,Z" "-v" "/var/lib/crater-agent-workspace/rustup-home:/opt/rustwide/rustup-home:ro,Z" "-e" "SOURCE_DIR=/opt/rustwide/workdir" "-e" "CARGO_TARGET_DIR=/opt/rustwide/target" "-e" "CARGO_INCREMENTAL=0" "-e" "RUST_BACKTRACE=full" "-e" "RUSTFLAGS=--cap-lints=warn" "-e" "RUSTDOCFLAGS=--cap-lints=warn" "-e" "CARGO_HOME=/opt/rustwide/cargo-home" "-e" "RUSTUP_HOME=/opt/rustwide/rustup-home" "-w" "/opt/rustwide/workdir" "-m" "1610612736" "--user" "0:0" "--network" "none" "ghcr.io/rust-lang/crates-build-env/linux@sha256:2788e3201cd34a07e3172128adcd8b3090168a8e3bcc40d7c032b9dda1df7d1c" "/opt/rustwide/cargo-home/bin/cargo" "+1.75.0" "test" "--frozen", kill_on_drop: false }`
[INFO] [stdout] b664a7b63d614148d565f3c689d65974cd08244a266b7aed6e5626447c18eea1
[INFO] running `Command { std: "docker" "start" "-a" "b664a7b63d614148d565f3c689d65974cd08244a266b7aed6e5626447c18eea1", kill_on_drop: false }`
[INFO] [stderr]     Finished test [unoptimized + debuginfo] target(s) in 0.03s
[INFO] [stderr]      Running unittests src/lib.rs (/opt/rustwide/target/debug/deps/yew_router_macro-dddf94a622d02fff)
[INFO] [stdout] 
[INFO] [stdout] running 0 tests
[INFO] [stdout] 
[INFO] [stdout] test result: ok. 0 passed; 0 failed; 0 ignored; 0 measured; 0 filtered out; finished in 0.00s
[INFO] [stdout] 
[INFO] [stderr]      Running tests/routable_derive_test.rs (/opt/rustwide/target/debug/deps/routable_derive_test-96ca569d760f8339)
[INFO] [stdout] 
[INFO] [stdout] running 0 tests
[INFO] [stdout] 
[INFO] [stdout] test result: ok. 0 passed; 0 failed; 0 ignored; 0 measured; 0 filtered out; finished in 0.00s
[INFO] [stdout] 
[INFO] [stderr]    Doc-tests yew-router-macro
[INFO] [stdout] 
[INFO] [stdout] running 1 test
[INFO] [stdout] test src/lib.rs - routable_derive (line 14) ... FAILED
[INFO] [stdout] 
[INFO] [stdout] failures:
[INFO] [stdout] 
[INFO] [stdout] ---- src/lib.rs - routable_derive (line 14) stdout ----
[INFO] [stdout] error[E0432]: unresolved import `yew_router`
[INFO] [stdout]  --> src/lib.rs:15:5
[INFO] [stdout]   |
[INFO] [stdout] 3 | use yew_router::Routable;
[INFO] [stdout]   |     ^^^^^^^^^^ use of undeclared crate or module `yew_router`
[INFO] [stdout] 
[INFO] [stdout] error: cannot determine resolution for the derive macro `Routable`
[INFO] [stdout]  --> src/lib.rs:16:41
[INFO] [stdout]   |
[INFO] [stdout] 4 | #[derive(Debug, Clone, Copy, PartialEq, Routable)]
[INFO] [stdout]   |                                         ^^^^^^^^
[INFO] [stdout]   |
[INFO] [stdout]   = note: import resolution is stuck, try simplifying macro imports
[INFO] [stdout] 
[INFO] [stdout] error: cannot find attribute `at` in this scope
[INFO] [stdout]  --> src/lib.rs:18:7
[INFO] [stdout]   |
[INFO] [stdout] 6 |     #[at("/")]
[INFO] [stdout]   |       ^^
[INFO] [stdout] 
[INFO] [stdout] error: cannot find attribute `at` in this scope
[INFO] [stdout]  --> src/lib.rs:20:7
[INFO] [stdout]   |
[INFO] [stdout] 8 |     #[at("/secure")]
[INFO] [stdout]   |       ^^
[INFO] [stdout] 
[INFO] [stdout] error: cannot find attribute `at` in this scope
[INFO] [stdout]   --> src/lib.rs:22:7
[INFO] [stdout]    |
[INFO] [stdout] 10 |     #[at("/404")]
[INFO] [stdout]    |       ^^
[INFO] [stdout] 
[INFO] [stdout] error: aborting due to 5 previous errors
[INFO] [stdout] 
[INFO] [stdout] For more information about this error, try `rustc --explain E0432`.
[INFO] [stdout] Couldn't compile the test.
[INFO] [stdout] 
[INFO] [stdout] failures:
[INFO] [stdout]     src/lib.rs - routable_derive (line 14)
[INFO] [stdout] 
[INFO] [stdout] test result: FAILED. 0 passed; 1 failed; 0 ignored; 0 measured; 0 filtered out; finished in 0.10s
[INFO] [stdout] 
[INFO] [stderr] error: doctest failed, to rerun pass `--doc`
[INFO] running `Command { std: "docker" "inspect" "b664a7b63d614148d565f3c689d65974cd08244a266b7aed6e5626447c18eea1", kill_on_drop: false }`
[INFO] running `Command { std: "docker" "rm" "-f" "b664a7b63d614148d565f3c689d65974cd08244a266b7aed6e5626447c18eea1", kill_on_drop: false }`
[INFO] [stdout] b664a7b63d614148d565f3c689d65974cd08244a266b7aed6e5626447c18eea1
