[INFO] fetching crate yew-html-attributes-macro-derive 0.1.1...
[INFO] testing yew-html-attributes-macro-derive-0.1.1 against 1.75.0 for beta-1.76-1
[INFO] extracting crate yew-html-attributes-macro-derive 0.1.1 into /workspace/builds/worker-2-tc1/source
[INFO] validating manifest of crates.io crate yew-html-attributes-macro-derive 0.1.1 on toolchain 1.75.0
[INFO] running `Command { std: CARGO_HOME="/workspace/cargo-home" RUSTUP_HOME="/workspace/rustup-home" "/workspace/cargo-home/bin/cargo" "+1.75.0" "metadata" "--manifest-path" "Cargo.toml" "--no-deps", kill_on_drop: false }`
[INFO] started tweaking crates.io crate yew-html-attributes-macro-derive 0.1.1
[INFO] finished tweaking crates.io crate yew-html-attributes-macro-derive 0.1.1
[INFO] tweaked toml for crates.io crate yew-html-attributes-macro-derive 0.1.1 written to /workspace/builds/worker-2-tc1/source/Cargo.toml
[INFO] running `Command { std: CARGO_HOME="/workspace/cargo-home" RUSTUP_HOME="/workspace/rustup-home" "/workspace/cargo-home/bin/cargo" "+1.75.0" "generate-lockfile" "--manifest-path" "Cargo.toml", kill_on_drop: false }`
[INFO] [stderr]     Updating crates.io index
[INFO] running `Command { std: CARGO_HOME="/workspace/cargo-home" RUSTUP_HOME="/workspace/rustup-home" "/workspace/cargo-home/bin/cargo" "+1.75.0" "fetch" "--manifest-path" "Cargo.toml", kill_on_drop: false }`
[INFO] running `Command { std: "docker" "create" "-v" "/var/lib/crater-agent-workspace/builds/worker-2-tc1/target:/opt/rustwide/target:rw,Z" "-v" "/var/lib/crater-agent-workspace/builds/worker-2-tc1/source:/opt/rustwide/workdir:ro,Z" "-v" "/var/lib/crater-agent-workspace/cargo-home:/opt/rustwide/cargo-home:ro,Z" "-v" "/var/lib/crater-agent-workspace/rustup-home:/opt/rustwide/rustup-home:ro,Z" "-e" "SOURCE_DIR=/opt/rustwide/workdir" "-e" "CARGO_TARGET_DIR=/opt/rustwide/target" "-e" "CARGO_HOME=/opt/rustwide/cargo-home" "-e" "RUSTUP_HOME=/opt/rustwide/rustup-home" "-w" "/opt/rustwide/workdir" "-m" "1610612736" "--user" "0:0" "--network" "none" "ghcr.io/rust-lang/crates-build-env/linux@sha256:2788e3201cd34a07e3172128adcd8b3090168a8e3bcc40d7c032b9dda1df7d1c" "/opt/rustwide/cargo-home/bin/cargo" "+1.75.0" "metadata" "--no-deps" "--format-version=1", kill_on_drop: false }`
[INFO] [stdout] 8e65b8179ed9e76d03a840658881ca1f9c2ffc61e5fb21a15f0ee9f68bebe503
[INFO] running `Command { std: "docker" "start" "-a" "8e65b8179ed9e76d03a840658881ca1f9c2ffc61e5fb21a15f0ee9f68bebe503", kill_on_drop: false }`
[INFO] running `Command { std: "docker" "inspect" "8e65b8179ed9e76d03a840658881ca1f9c2ffc61e5fb21a15f0ee9f68bebe503", kill_on_drop: false }`
[INFO] running `Command { std: "docker" "rm" "-f" "8e65b8179ed9e76d03a840658881ca1f9c2ffc61e5fb21a15f0ee9f68bebe503", kill_on_drop: false }`
[INFO] [stdout] 8e65b8179ed9e76d03a840658881ca1f9c2ffc61e5fb21a15f0ee9f68bebe503
[INFO] running `Command { std: "docker" "create" "-v" "/var/lib/crater-agent-workspace/builds/worker-2-tc1/target:/opt/rustwide/target:rw,Z" "-v" "/var/lib/crater-agent-workspace/builds/worker-2-tc1/source:/opt/rustwide/workdir:ro,Z" "-v" "/var/lib/crater-agent-workspace/cargo-home:/opt/rustwide/cargo-home:ro,Z" "-v" "/var/lib/crater-agent-workspace/rustup-home:/opt/rustwide/rustup-home:ro,Z" "-e" "SOURCE_DIR=/opt/rustwide/workdir" "-e" "CARGO_TARGET_DIR=/opt/rustwide/target" "-e" "CARGO_INCREMENTAL=0" "-e" "RUST_BACKTRACE=full" "-e" "RUSTFLAGS=--cap-lints=warn" "-e" "RUSTDOCFLAGS=--cap-lints=warn" "-e" "CARGO_HOME=/opt/rustwide/cargo-home" "-e" "RUSTUP_HOME=/opt/rustwide/rustup-home" "-w" "/opt/rustwide/workdir" "-m" "1610612736" "--user" "0:0" "--network" "none" "ghcr.io/rust-lang/crates-build-env/linux@sha256:2788e3201cd34a07e3172128adcd8b3090168a8e3bcc40d7c032b9dda1df7d1c" "/opt/rustwide/cargo-home/bin/cargo" "+1.75.0" "build" "--frozen" "--message-format=json", kill_on_drop: false }`
[INFO] [stdout] f251bd2d06e2f59bf447ef84900141ae0a6e2dd3997be2551ff29ad0413074c5
[INFO] running `Command { std: "docker" "start" "-a" "f251bd2d06e2f59bf447ef84900141ae0a6e2dd3997be2551ff29ad0413074c5", kill_on_drop: false }`
[INFO] [stderr]    Compiling memchr v2.7.1
[INFO] [stderr]    Compiling regex-syntax v0.8.2
[INFO] [stderr]    Compiling ryu v1.0.16
[INFO] [stderr]    Compiling itoa v1.0.10
[INFO] [stderr]    Compiling serde v1.0.194
[INFO] [stderr]    Compiling lazy_static v1.4.0
[INFO] [stderr]    Compiling aho-corasick v1.1.2
[INFO] [stderr]    Compiling csv-core v0.1.11
[INFO] [stderr]    Compiling regex-automata v0.4.3
[INFO] [stderr]    Compiling csv v1.3.0
[INFO] [stderr]    Compiling regex v1.10.2
[INFO] [stderr]    Compiling yew-html-attributes-macro-derive v0.1.1 (/opt/rustwide/workdir)
[INFO] [stderr]     Finished dev [unoptimized + debuginfo] target(s) in 7.58s
[INFO] running `Command { std: "docker" "inspect" "f251bd2d06e2f59bf447ef84900141ae0a6e2dd3997be2551ff29ad0413074c5", kill_on_drop: false }`
[INFO] running `Command { std: "docker" "rm" "-f" "f251bd2d06e2f59bf447ef84900141ae0a6e2dd3997be2551ff29ad0413074c5", kill_on_drop: false }`
[INFO] [stdout] f251bd2d06e2f59bf447ef84900141ae0a6e2dd3997be2551ff29ad0413074c5
[INFO] running `Command { std: "docker" "create" "-v" "/var/lib/crater-agent-workspace/builds/worker-2-tc1/target:/opt/rustwide/target:rw,Z" "-v" "/var/lib/crater-agent-workspace/builds/worker-2-tc1/source:/opt/rustwide/workdir:ro,Z" "-v" "/var/lib/crater-agent-workspace/cargo-home:/opt/rustwide/cargo-home:ro,Z" "-v" "/var/lib/crater-agent-workspace/rustup-home:/opt/rustwide/rustup-home:ro,Z" "-e" "SOURCE_DIR=/opt/rustwide/workdir" "-e" "CARGO_TARGET_DIR=/opt/rustwide/target" "-e" "CARGO_INCREMENTAL=0" "-e" "RUST_BACKTRACE=full" "-e" "RUSTFLAGS=--cap-lints=warn" "-e" "RUSTDOCFLAGS=--cap-lints=warn" "-e" "CARGO_HOME=/opt/rustwide/cargo-home" "-e" "RUSTUP_HOME=/opt/rustwide/rustup-home" "-w" "/opt/rustwide/workdir" "-m" "1610612736" "--user" "0:0" "--network" "none" "ghcr.io/rust-lang/crates-build-env/linux@sha256:2788e3201cd34a07e3172128adcd8b3090168a8e3bcc40d7c032b9dda1df7d1c" "/opt/rustwide/cargo-home/bin/cargo" "+1.75.0" "test" "--frozen" "--no-run" "--message-format=json", kill_on_drop: false }`
[INFO] [stdout] e09d8abb24b87add3520f6e5b7100dab5529d06dfbb0869ff005cdf2e1f478a3
[INFO] running `Command { std: "docker" "start" "-a" "e09d8abb24b87add3520f6e5b7100dab5529d06dfbb0869ff005cdf2e1f478a3", kill_on_drop: false }`
[INFO] [stderr]    Compiling yew-html-attributes-macro-derive v0.1.1 (/opt/rustwide/workdir)
[INFO] [stderr]     Finished test [unoptimized + debuginfo] target(s) in 0.83s
[INFO] running `Command { std: "docker" "inspect" "e09d8abb24b87add3520f6e5b7100dab5529d06dfbb0869ff005cdf2e1f478a3", kill_on_drop: false }`
[INFO] running `Command { std: "docker" "rm" "-f" "e09d8abb24b87add3520f6e5b7100dab5529d06dfbb0869ff005cdf2e1f478a3", kill_on_drop: false }`
[INFO] [stdout] e09d8abb24b87add3520f6e5b7100dab5529d06dfbb0869ff005cdf2e1f478a3
[INFO] running `Command { std: "docker" "create" "-v" "/var/lib/crater-agent-workspace/builds/worker-2-tc1/target:/opt/rustwide/target:rw,Z" "-v" "/var/lib/crater-agent-workspace/builds/worker-2-tc1/source:/opt/rustwide/workdir:ro,Z" "-v" "/var/lib/crater-agent-workspace/cargo-home:/opt/rustwide/cargo-home:ro,Z" "-v" "/var/lib/crater-agent-workspace/rustup-home:/opt/rustwide/rustup-home:ro,Z" "-e" "SOURCE_DIR=/opt/rustwide/workdir" "-e" "CARGO_TARGET_DIR=/opt/rustwide/target" "-e" "CARGO_INCREMENTAL=0" "-e" "RUST_BACKTRACE=full" "-e" "RUSTFLAGS=--cap-lints=warn" "-e" "RUSTDOCFLAGS=--cap-lints=warn" "-e" "CARGO_HOME=/opt/rustwide/cargo-home" "-e" "RUSTUP_HOME=/opt/rustwide/rustup-home" "-w" "/opt/rustwide/workdir" "-m" "1610612736" "--user" "0:0" "--network" "none" "ghcr.io/rust-lang/crates-build-env/linux@sha256:2788e3201cd34a07e3172128adcd8b3090168a8e3bcc40d7c032b9dda1df7d1c" "/opt/rustwide/cargo-home/bin/cargo" "+1.75.0" "test" "--frozen", kill_on_drop: false }`
[INFO] [stdout] 69d009ee2a75586e55423eacf97659943f5ce49c0574374a2c0dea56fc1e076d
[INFO] running `Command { std: "docker" "start" "-a" "69d009ee2a75586e55423eacf97659943f5ce49c0574374a2c0dea56fc1e076d", kill_on_drop: false }`
[INFO] [stderr]     Finished test [unoptimized + debuginfo] target(s) in 0.01s
[INFO] [stderr]      Running unittests src/lib.rs (/opt/rustwide/target/debug/deps/yew_html_attributes_macro_derive-7093efdb33a93015)
[INFO] [stdout] 
[INFO] [stdout] running 0 tests
[INFO] [stdout] 
[INFO] [stdout] test result: ok. 0 passed; 0 failed; 0 ignored; 0 measured; 0 filtered out; finished in 0.00s
[INFO] [stdout] 
[INFO] [stderr]    Doc-tests yew-html-attributes-macro-derive
[INFO] [stdout] 
[INFO] [stdout] running 2 tests
[INFO] [stdout] test src/lib.rs - use_attributes (line 174) - compile ... FAILED
[INFO] [stdout] test src/lib.rs - has_html_attributes (line 63) ... FAILED
[INFO] [stdout] 
[INFO] [stdout] failures:
[INFO] [stdout] 
[INFO] [stdout] ---- src/lib.rs - use_attributes (line 174) stdout ----
[INFO] [stdout] error: cannot find macro `html` in this scope
[INFO] [stdout]  --> src/lib.rs:177:1
[INFO] [stdout]   |
[INFO] [stdout] 5 | html! {
[INFO] [stdout]   | ^^^^
[INFO] [stdout] 
[INFO] [stdout] error: cannot find macro `use_attributes` in this scope
[INFO] [stdout]  --> src/lib.rs:176:1
[INFO] [stdout]   |
[INFO] [stdout] 4 | use_attributes!(node_ref, props);
[INFO] [stdout]   | ^^^^^^^^^^^^^^
[INFO] [stdout]   |
[INFO] [stdout] help: consider importing this macro
[INFO] [stdout]   |
[INFO] [stdout] 2 + use yew_html_attributes_macro_derive::use_attributes;
[INFO] [stdout]   |
[INFO] [stdout] 
[INFO] [stdout] error[E0425]: cannot find function `use_node_ref` in this scope
[INFO] [stdout]  --> src/lib.rs:175:16
[INFO] [stdout]   |
[INFO] [stdout] 3 | let node_ref = use_node_ref();
[INFO] [stdout]   |                ^^^^^^^^^^^^ not found in this scope
[INFO] [stdout] 
[INFO] [stdout] error: aborting due to 3 previous errors
[INFO] [stdout] 
[INFO] [stdout] For more information about this error, try `rustc --explain E0425`.
[INFO] [stdout] Couldn't compile the test.
[INFO] [stdout] ---- src/lib.rs - has_html_attributes (line 63) stdout ----
[INFO] [stdout] error[E0433]: failed to resolve: use of undeclared crate or module `yew`
[INFO] [stdout]  --> src/lib.rs:65:44
[INFO] [stdout]   |
[INFO] [stdout] 4 | #[derive(Debug, Clone, PartialEq, Default, yew::Properties, yew_html_attribute::HasHtmlAttributes)]
[INFO] [stdout]   |                                            ^^^ use of undeclared crate or module `yew`
[INFO] [stdout] 
[INFO] [stdout] error[E0433]: failed to resolve: use of undeclared crate or module `yew_html_attribute`
[INFO] [stdout]  --> src/lib.rs:65:61
[INFO] [stdout]   |
[INFO] [stdout] 4 | #[derive(Debug, Clone, PartialEq, Default, yew::Properties, yew_html_attribute::HasHtmlAttributes)]
[INFO] [stdout]   |                                                             ^^^^^^^^^^^^^^^^^^ use of undeclared crate or module `yew_html_attribute`
[INFO] [stdout] 
[INFO] [stdout] error: cannot find attribute `has_html_attributes` in this scope
[INFO] [stdout]  --> src/lib.rs:64:3
[INFO] [stdout]   |
[INFO] [stdout] 3 | #[has_html_attributes]
[INFO] [stdout]   |   ^^^^^^^^^^^^^^^^^^^
[INFO] [stdout]   |
[INFO] [stdout] help: consider importing this attribute macro
[INFO] [stdout]   |
[INFO] [stdout] 2 + use yew_html_attributes_macro_derive::has_html_attributes;
[INFO] [stdout]   |
[INFO] [stdout] 
[INFO] [stdout] error: aborting due to 3 previous errors
[INFO] [stdout] 
[INFO] [stdout] For more information about this error, try `rustc --explain E0433`.
[INFO] [stdout] Couldn't compile the test.
[INFO] [stdout] 
[INFO] [stdout] failures:
[INFO] [stdout]     src/lib.rs - has_html_attributes (line 63)
[INFO] [stdout]     src/lib.rs - use_attributes (line 174)
[INFO] [stdout] 
[INFO] [stdout] test result: FAILED. 0 passed; 2 failed; 0 ignored; 0 measured; 0 filtered out; finished in 0.06s
[INFO] [stdout] 
[INFO] [stderr] error: doctest failed, to rerun pass `--doc`
[INFO] running `Command { std: "docker" "inspect" "69d009ee2a75586e55423eacf97659943f5ce49c0574374a2c0dea56fc1e076d", kill_on_drop: false }`
[INFO] running `Command { std: "docker" "rm" "-f" "69d009ee2a75586e55423eacf97659943f5ce49c0574374a2c0dea56fc1e076d", kill_on_drop: false }`
[INFO] [stdout] 69d009ee2a75586e55423eacf97659943f5ce49c0574374a2c0dea56fc1e076d
