[INFO] fetching crate yew-hooks 0.3.0...
[INFO] testing yew-hooks-0.3.0 against 1.75.0 for beta-1.76-1
[INFO] extracting crate yew-hooks 0.3.0 into /workspace/builds/worker-4-tc1/source
[INFO] validating manifest of crates.io crate yew-hooks 0.3.0 on toolchain 1.75.0
[INFO] running `Command { std: CARGO_HOME="/workspace/cargo-home" RUSTUP_HOME="/workspace/rustup-home" "/workspace/cargo-home/bin/cargo" "+1.75.0" "metadata" "--manifest-path" "Cargo.toml" "--no-deps", kill_on_drop: false }`
[INFO] started tweaking crates.io crate yew-hooks 0.3.0
[INFO] finished tweaking crates.io crate yew-hooks 0.3.0
[INFO] tweaked toml for crates.io crate yew-hooks 0.3.0 written to /workspace/builds/worker-4-tc1/source/Cargo.toml
[INFO] running `Command { std: CARGO_HOME="/workspace/cargo-home" RUSTUP_HOME="/workspace/rustup-home" "/workspace/cargo-home/bin/cargo" "+1.75.0" "generate-lockfile" "--manifest-path" "Cargo.toml", kill_on_drop: false }`
[INFO] [stderr]     Updating crates.io index
[INFO] running `Command { std: CARGO_HOME="/workspace/cargo-home" RUSTUP_HOME="/workspace/rustup-home" "/workspace/cargo-home/bin/cargo" "+1.75.0" "fetch" "--manifest-path" "Cargo.toml", kill_on_drop: false }`
[INFO] [stderr]  Downloading crates ...
[INFO] [stderr]   Downloaded gloo-file v0.3.0
[INFO] [stderr]   Downloaded yew-macro v0.21.0
[INFO] [stderr]   Downloaded gloo-worker-macros v0.1.0
[INFO] [stderr]   Downloaded gloo-dialogs v0.2.0
[INFO] [stderr]   Downloaded gloo-events v0.2.0
[INFO] [stderr]   Downloaded prokio v0.1.0
[INFO] [stderr]   Downloaded gloo-worker v0.4.0
[INFO] [stderr]   Downloaded yew v0.21.0
[INFO] [stderr]   Downloaded gloo v0.10.0
[INFO] [stderr]   Downloaded pinned v0.1.0
[INFO] [stderr]   Downloaded implicit-clone v0.4.8
[INFO] [stderr]   Downloaded gloo-storage v0.3.0
[INFO] [stderr]   Downloaded gloo-timers v0.3.0
[INFO] [stderr]   Downloaded gloo-console v0.3.0
[INFO] [stderr]   Downloaded gloo-net v0.4.0
[INFO] [stderr]   Downloaded gloo-render v0.2.0
[INFO] [stderr]   Downloaded gloo-utils v0.2.0
[INFO] [stderr]   Downloaded gloo-history v0.2.2
[INFO] [stderr]   Downloaded implicit-clone-derive v0.1.1
[INFO] running `Command { std: "docker" "create" "-v" "/var/lib/crater-agent-workspace/builds/worker-4-tc1/target:/opt/rustwide/target:rw,Z" "-v" "/var/lib/crater-agent-workspace/builds/worker-4-tc1/source:/opt/rustwide/workdir:ro,Z" "-v" "/var/lib/crater-agent-workspace/cargo-home:/opt/rustwide/cargo-home:ro,Z" "-v" "/var/lib/crater-agent-workspace/rustup-home:/opt/rustwide/rustup-home:ro,Z" "-e" "SOURCE_DIR=/opt/rustwide/workdir" "-e" "CARGO_TARGET_DIR=/opt/rustwide/target" "-e" "CARGO_HOME=/opt/rustwide/cargo-home" "-e" "RUSTUP_HOME=/opt/rustwide/rustup-home" "-w" "/opt/rustwide/workdir" "-m" "1610612736" "--user" "0:0" "--network" "none" "ghcr.io/rust-lang/crates-build-env/linux@sha256:2788e3201cd34a07e3172128adcd8b3090168a8e3bcc40d7c032b9dda1df7d1c" "/opt/rustwide/cargo-home/bin/cargo" "+1.75.0" "metadata" "--no-deps" "--format-version=1", kill_on_drop: false }`
[INFO] [stdout] dc8a8705724d74db26ab14e4bc4fb3ab3a628a0f0768278f59e812a9c9868145
[INFO] running `Command { std: "docker" "start" "-a" "dc8a8705724d74db26ab14e4bc4fb3ab3a628a0f0768278f59e812a9c9868145", kill_on_drop: false }`
[INFO] running `Command { std: "docker" "inspect" "dc8a8705724d74db26ab14e4bc4fb3ab3a628a0f0768278f59e812a9c9868145", kill_on_drop: false }`
[INFO] running `Command { std: "docker" "rm" "-f" "dc8a8705724d74db26ab14e4bc4fb3ab3a628a0f0768278f59e812a9c9868145", kill_on_drop: false }`
[INFO] [stdout] dc8a8705724d74db26ab14e4bc4fb3ab3a628a0f0768278f59e812a9c9868145
[INFO] running `Command { std: "docker" "create" "-v" "/var/lib/crater-agent-workspace/builds/worker-4-tc1/target:/opt/rustwide/target:rw,Z" "-v" "/var/lib/crater-agent-workspace/builds/worker-4-tc1/source:/opt/rustwide/workdir:ro,Z" "-v" "/var/lib/crater-agent-workspace/cargo-home:/opt/rustwide/cargo-home:ro,Z" "-v" "/var/lib/crater-agent-workspace/rustup-home:/opt/rustwide/rustup-home:ro,Z" "-e" "SOURCE_DIR=/opt/rustwide/workdir" "-e" "CARGO_TARGET_DIR=/opt/rustwide/target" "-e" "CARGO_INCREMENTAL=0" "-e" "RUST_BACKTRACE=full" "-e" "RUSTFLAGS=--cap-lints=warn" "-e" "RUSTDOCFLAGS=--cap-lints=warn" "-e" "CARGO_HOME=/opt/rustwide/cargo-home" "-e" "RUSTUP_HOME=/opt/rustwide/rustup-home" "-w" "/opt/rustwide/workdir" "-m" "1610612736" "--user" "0:0" "--network" "none" "ghcr.io/rust-lang/crates-build-env/linux@sha256:2788e3201cd34a07e3172128adcd8b3090168a8e3bcc40d7c032b9dda1df7d1c" "/opt/rustwide/cargo-home/bin/cargo" "+1.75.0" "build" "--frozen" "--message-format=json", kill_on_drop: false }`
[INFO] [stdout] bae38c780311f4eb7ff56781e7cf8a14548dcb6bb52a020bf7574d54833bb953
[INFO] running `Command { std: "docker" "start" "-a" "bae38c780311f4eb7ff56781e7cf8a14548dcb6bb52a020bf7574d54833bb953", kill_on_drop: false }`
[INFO] [stderr]    Compiling proc-macro2 v1.0.75
[INFO] [stderr]    Compiling unicode-ident v1.0.12
[INFO] [stderr]    Compiling once_cell v1.19.0
[INFO] [stderr]    Compiling wasm-bindgen-shared v0.2.89
[INFO] [stderr]    Compiling bumpalo v3.14.0
[INFO] [stderr]    Compiling log v0.4.20
[INFO] [stderr]    Compiling wasm-bindgen v0.2.89
[INFO] [stderr]    Compiling cfg-if v1.0.0
[INFO] [stderr]    Compiling serde v1.0.194
[INFO] [stderr]    Compiling itoa v1.0.10
[INFO] [stderr]    Compiling ryu v1.0.16
[INFO] [stderr]    Compiling thiserror v1.0.56
[INFO] [stderr]    Compiling futures-core v0.3.30
[INFO] [stderr]    Compiling serde_json v1.0.111
[INFO] [stderr]    Compiling pin-project-lite v0.2.13
[INFO] [stderr]    Compiling autocfg v1.1.0
[INFO] [stderr]    Compiling futures-sink v0.3.30
[INFO] [stderr]    Compiling version_check v0.9.4
[INFO] [stderr]    Compiling futures-channel v0.3.30
[INFO] [stderr]    Compiling hashbrown v0.14.3
[INFO] [stderr]    Compiling equivalent v1.0.1
[INFO] [stderr]    Compiling rustversion v1.0.14
[INFO] [stderr]    Compiling pin-utils v0.1.0
[INFO] [stderr]    Compiling futures-task v0.3.30
[INFO] [stderr]    Compiling memchr v2.7.1
[INFO] [stderr]    Compiling futures-io v0.3.30
[INFO] [stderr]    Compiling slab v0.4.9
[INFO] [stderr]    Compiling winnow v0.5.32
[INFO] [stderr]    Compiling toml_datetime v0.6.5
[INFO] [stderr]    Compiling proc-macro-error-attr v1.0.4
[INFO] [stderr]    Compiling quote v1.0.35
[INFO] [stderr]    Compiling indexmap v2.1.0
[INFO] [stderr]    Compiling percent-encoding v2.3.1
[INFO] [stderr]    Compiling syn v2.0.48
[INFO] [stderr]    Compiling syn v1.0.109
[INFO] [stderr]    Compiling libc v0.2.151
[INFO] [stderr]    Compiling form_urlencoded v1.2.1
[INFO] [stderr]    Compiling proc-macro-error v1.0.4
[INFO] [stderr]    Compiling prettyplease v0.2.16
[INFO] [stderr]    Compiling bytes v1.5.0
[INFO] [stderr]    Compiling fnv v1.0.7
[INFO] [stderr]    Compiling tokio v1.35.1
[INFO] [stderr]    Compiling tracing-core v0.1.32
[INFO] [stderr]    Compiling http v0.2.11
[INFO] [stderr]    Compiling boolinator v2.4.0
[INFO] [stderr]    Compiling num_cpus v1.16.0
[INFO] [stderr]    Compiling toml_edit v0.19.15
[INFO] [stderr]    Compiling tokio-stream v0.1.14
[INFO] [stderr]    Compiling proc-macro-crate v1.3.1
[INFO] [stderr]    Compiling wasm-bindgen-backend v0.2.89
[INFO] [stderr]    Compiling serde_derive v1.0.194
[INFO] [stderr]    Compiling thiserror-impl v1.0.56
[INFO] [stderr]    Compiling futures-macro v0.3.30
[INFO] [stderr]    Compiling pin-project-internal v1.1.3
[INFO] [stderr]    Compiling gloo-worker-macros v0.1.0
[INFO] [stderr]    Compiling implicit-clone-derive v0.1.1
[INFO] [stderr]    Compiling tracing-attributes v0.1.27
[INFO] [stderr]    Compiling wasm-bindgen-macro-support v0.2.89
[INFO] [stderr]    Compiling implicit-clone v0.4.8
[INFO] [stderr]    Compiling yew-macro v0.21.0
[INFO] [stderr]    Compiling futures-util v0.3.30
[INFO] [stderr]    Compiling wasm-bindgen-macro v0.2.89
[INFO] [stderr]    Compiling pin-project v1.1.3
[INFO] [stderr]    Compiling tracing v0.1.40
[INFO] [stderr]    Compiling js-sys v0.3.66
[INFO] [stderr]    Compiling console_error_panic_hook v0.1.7
[INFO] [stderr]    Compiling futures v0.3.30
[INFO] [stderr]    Compiling pinned v0.1.0
[INFO] [stderr]    Compiling prokio v0.1.0
[INFO] [stderr]    Compiling bincode v1.3.3
[INFO] [stderr]    Compiling serde_urlencoded v0.7.1
[INFO] [stderr]    Compiling web-sys v0.3.66
[INFO] [stderr]    Compiling wasm-bindgen-futures v0.4.39
[INFO] [stderr]    Compiling serde-wasm-bindgen v0.6.3
[INFO] [stderr]    Compiling gloo-timers v0.3.0
[INFO] [stderr]    Compiling gloo-utils v0.2.0
[INFO] [stderr]    Compiling gloo-events v0.2.0
[INFO] [stderr]    Compiling gloo-render v0.2.0
[INFO] [stderr]    Compiling gloo-dialogs v0.2.0
[INFO] [stderr]    Compiling gloo-console v0.3.0
[INFO] [stderr]    Compiling gloo-worker v0.4.0
[INFO] [stderr]    Compiling gloo-storage v0.3.0
[INFO] [stderr]    Compiling gloo-history v0.2.2
[INFO] [stderr]    Compiling gloo-file v0.3.0
[INFO] [stderr]    Compiling gloo-net v0.4.0
[INFO] [stderr]    Compiling gloo v0.10.0
[INFO] [stderr]    Compiling yew v0.21.0
[INFO] [stderr]    Compiling yew-hooks v0.3.0 (/opt/rustwide/workdir)
[INFO] [stderr]     Finished dev [unoptimized + debuginfo] target(s) in 23.58s
[INFO] running `Command { std: "docker" "inspect" "bae38c780311f4eb7ff56781e7cf8a14548dcb6bb52a020bf7574d54833bb953", kill_on_drop: false }`
[INFO] running `Command { std: "docker" "rm" "-f" "bae38c780311f4eb7ff56781e7cf8a14548dcb6bb52a020bf7574d54833bb953", kill_on_drop: false }`
[INFO] [stdout] bae38c780311f4eb7ff56781e7cf8a14548dcb6bb52a020bf7574d54833bb953
[INFO] running `Command { std: "docker" "create" "-v" "/var/lib/crater-agent-workspace/builds/worker-4-tc1/target:/opt/rustwide/target:rw,Z" "-v" "/var/lib/crater-agent-workspace/builds/worker-4-tc1/source:/opt/rustwide/workdir:ro,Z" "-v" "/var/lib/crater-agent-workspace/cargo-home:/opt/rustwide/cargo-home:ro,Z" "-v" "/var/lib/crater-agent-workspace/rustup-home:/opt/rustwide/rustup-home:ro,Z" "-e" "SOURCE_DIR=/opt/rustwide/workdir" "-e" "CARGO_TARGET_DIR=/opt/rustwide/target" "-e" "CARGO_INCREMENTAL=0" "-e" "RUST_BACKTRACE=full" "-e" "RUSTFLAGS=--cap-lints=warn" "-e" "RUSTDOCFLAGS=--cap-lints=warn" "-e" "CARGO_HOME=/opt/rustwide/cargo-home" "-e" "RUSTUP_HOME=/opt/rustwide/rustup-home" "-w" "/opt/rustwide/workdir" "-m" "1610612736" "--user" "0:0" "--network" "none" "ghcr.io/rust-lang/crates-build-env/linux@sha256:2788e3201cd34a07e3172128adcd8b3090168a8e3bcc40d7c032b9dda1df7d1c" "/opt/rustwide/cargo-home/bin/cargo" "+1.75.0" "test" "--frozen" "--no-run" "--message-format=json", kill_on_drop: false }`
[INFO] [stdout] 6a519cf96f310ac23b1f0cf9fc102e1d4c196a618185fe67f77fb09615f3142f
[INFO] running `Command { std: "docker" "start" "-a" "6a519cf96f310ac23b1f0cf9fc102e1d4c196a618185fe67f77fb09615f3142f", kill_on_drop: false }`
[INFO] [stderr]    Compiling wasm-bindgen-test-macro v0.3.39
[INFO] [stderr]    Compiling scoped-tls v1.0.1
[INFO] [stderr]    Compiling wasm-bindgen-test v0.3.39
[INFO] [stderr]    Compiling yew-hooks v0.3.0 (/opt/rustwide/workdir)
[INFO] [stderr]     Finished test [unoptimized + debuginfo] target(s) in 3.35s
[INFO] running `Command { std: "docker" "inspect" "6a519cf96f310ac23b1f0cf9fc102e1d4c196a618185fe67f77fb09615f3142f", kill_on_drop: false }`
[INFO] running `Command { std: "docker" "rm" "-f" "6a519cf96f310ac23b1f0cf9fc102e1d4c196a618185fe67f77fb09615f3142f", kill_on_drop: false }`
[INFO] [stdout] 6a519cf96f310ac23b1f0cf9fc102e1d4c196a618185fe67f77fb09615f3142f
[INFO] running `Command { std: "docker" "create" "-v" "/var/lib/crater-agent-workspace/builds/worker-4-tc1/target:/opt/rustwide/target:rw,Z" "-v" "/var/lib/crater-agent-workspace/builds/worker-4-tc1/source:/opt/rustwide/workdir:ro,Z" "-v" "/var/lib/crater-agent-workspace/cargo-home:/opt/rustwide/cargo-home:ro,Z" "-v" "/var/lib/crater-agent-workspace/rustup-home:/opt/rustwide/rustup-home:ro,Z" "-e" "SOURCE_DIR=/opt/rustwide/workdir" "-e" "CARGO_TARGET_DIR=/opt/rustwide/target" "-e" "CARGO_INCREMENTAL=0" "-e" "RUST_BACKTRACE=full" "-e" "RUSTFLAGS=--cap-lints=warn" "-e" "RUSTDOCFLAGS=--cap-lints=warn" "-e" "CARGO_HOME=/opt/rustwide/cargo-home" "-e" "RUSTUP_HOME=/opt/rustwide/rustup-home" "-w" "/opt/rustwide/workdir" "-m" "1610612736" "--user" "0:0" "--network" "none" "ghcr.io/rust-lang/crates-build-env/linux@sha256:2788e3201cd34a07e3172128adcd8b3090168a8e3bcc40d7c032b9dda1df7d1c" "/opt/rustwide/cargo-home/bin/cargo" "+1.75.0" "test" "--frozen", kill_on_drop: false }`
[INFO] [stdout] f15d8afd5ce9db34d86c573b4f8e670281247466cd2e6f5526761d9bc90d207f
[INFO] running `Command { std: "docker" "start" "-a" "f15d8afd5ce9db34d86c573b4f8e670281247466cd2e6f5526761d9bc90d207f", kill_on_drop: false }`
[INFO] [stderr]     Finished test [unoptimized + debuginfo] target(s) in 0.08s
[INFO] [stderr]      Running unittests src/lib.rs (/opt/rustwide/target/debug/deps/yew_hooks-cd8610f21bdbce81)
[INFO] [stdout] 
[INFO] [stdout] running 0 tests
[INFO] [stdout] 
[INFO] [stdout] test result: ok. 0 passed; 0 failed; 0 ignored; 0 measured; 0 filtered out; finished in 0.00s
[INFO] [stdout] 
[INFO] [stderr]      Running tests/use_counter.rs (/opt/rustwide/target/debug/deps/use_counter-9c21e373c29360c6)
[INFO] [stdout] 
[INFO] [stdout] running 0 tests
[INFO] [stdout] 
[INFO] [stdout] test result: ok. 0 passed; 0 failed; 0 ignored; 0 measured; 0 filtered out; finished in 0.00s
[INFO] [stdout] 
[INFO] [stderr]    Doc-tests yew-hooks
[INFO] [stdout] 
[INFO] [stdout] running 64 tests
[INFO] [stdout] test src/hooks/use_debounce.rs - hooks::use_debounce::use_debounce (line 35) ... ok
[INFO] [stdout] test src/hooks/use_async.rs - hooks::use_async::use_async (line 83) ... ok
[INFO] [stdout] test src/hooks/use_debounce_effect.rs - hooks::use_debounce_effect::use_debounce_effect (line 10) ... ok
[INFO] [stdout] test src/hooks/use_counter.rs - hooks::use_counter::use_counter (line 120) ... ok
[INFO] [stdout] test src/hooks/use_clipboard.rs - hooks::use_clipboard::use_clipboard (line 76) ... ok
[INFO] [stdout] test src/hooks/use_before_unload.rs - hooks::use_before_unload::use_before_unload (line 10) ... ok
[INFO] [stdout] test src/hooks/use_click_away.rs - hooks::use_click_away::use_click_away (line 12) ... ok
[INFO] [stdout] test src/hooks/use_async.rs - hooks::use_async::use_async_with_options (line 149) ... ok
[INFO] [stdout] test src/hooks/use_default.rs - hooks::use_default::use_default (line 53) ... ok
[INFO] [stdout] test src/hooks/use_debounce_state.rs - hooks::use_debounce_state::use_debounce_state (line 52) ... ok
[INFO] [stdout] test src/hooks/use_drag.rs - hooks::use_drag::use_drag_with_options (line 58) ... ok
[INFO] [stdout] test src/hooks/use_effect_update.rs - hooks::use_effect_update::use_effect_update (line 10) ... ok
[INFO] [stdout] test src/hooks/use_drag.rs - hooks::use_drag::use_drag (line 25) ... ok
[INFO] [stdout] test src/hooks/use_effect_once.rs - hooks::use_effect_once::use_effect_once (line 7) ... ok
[INFO] [stdout] test src/hooks/use_drop.rs - hooks::use_drop::use_drop_with_options (line 99) ... ok
[INFO] [stdout] test src/hooks/use_drop.rs - hooks::use_drop::use_drop (line 50) ... ok
[INFO] [stdout] test src/hooks/use_event.rs - hooks::use_event::use_event (line 14) ... ok
[INFO] [stdout] test src/hooks/use_favicon.rs - hooks::use_favicon::use_favicon (line 11) ... ok
[INFO] [stdout] test src/hooks/use_interval.rs - hooks::use_interval::use_interval (line 11) ... ok
[INFO] [stdout] test src/hooks/use_event.rs - hooks::use_event::use_event_with_window (line 81) ... ok
[INFO] [stdout] test src/hooks/use_infinite_scroll.rs - hooks::use_infinite_scroll::use_infinite_scroll (line 10) ... ok
[INFO] [stdout] test src/hooks/use_latest.rs - hooks::use_latest::use_latest (line 123) ... FAILED
[INFO] [stdout] test src/hooks/use_latest.rs - hooks::use_latest::use_mut_latest (line 68) ... FAILED
[INFO] [stdout] test src/hooks/use_hash.rs - hooks::use_hash::use_hash (line 47) ... ok
[INFO] [stdout] test src/hooks/use_is_first_mount.rs - hooks::use_is_first_mount::use_is_first_mount (line 7) ... ok
[INFO] [stdout] test src/hooks/use_geolocation.rs - hooks::use_geolocation::use_geolocation (line 28) ... ok
[INFO] [stdout] test src/hooks/use_is_mounted.rs - hooks::use_is_mounted::use_is_mounted (line 11) ... ok
[INFO] [stdout] test src/hooks/use_list.rs - hooks::use_list::use_list (line 148) ... ok
[INFO] [stdout] test src/hooks/use_local_storage.rs - hooks::use_local_storage::use_local_storage (line 65) ... ok
[INFO] [stdout] test src/hooks/use_location.rs - hooks::use_location::use_location (line 27) ... ok
[INFO] [stdout] test src/hooks/use_logger.rs - hooks::use_logger::use_logger (line 12) ... ok
[INFO] [stdout] test src/hooks/use_map.rs - hooks::use_map::use_map (line 103) ... ok
[INFO] [stdout] test src/hooks/use_logger.rs - hooks::use_logger::use_logger_eq (line 72) ... ok
[INFO] [stdout] test src/hooks/use_measure.rs - hooks::use_measure::use_measure (line 24) ... ok
[INFO] [stdout] test src/hooks/use_mount.rs - hooks::use_mount::use_mount (line 9) ... ok
[INFO] [stdout] test src/hooks/use_media.rs - hooks::use_media::use_media (line 110) ... ok
[INFO] [stdout] test src/hooks/use_previous.rs - hooks::use_previous::use_previous (line 47) ... ok
[INFO] [stdout] test src/hooks/use_raf.rs - hooks::use_raf::use_raf (line 13) ... ok
[INFO] [stdout] test src/hooks/use_renders_count.rs - hooks::use_renders_count::use_renders_count (line 7) ... ok
[INFO] [stdout] test src/hooks/use_raf_state.rs - hooks::use_raf_state::use_raf_state (line 58) ... ok
[INFO] [stdout] test src/hooks/use_queue.rs - hooks::use_queue::use_queue (line 90) ... ok
[INFO] [stdout] test src/hooks/use_scroll.rs - hooks::use_scroll::use_scroll (line 10) ... ok
[INFO] [stdout] test src/hooks/use_scrolling.rs - hooks::use_scrolling::use_scrolling (line 9) ... ok
[INFO] [stdout] test src/hooks/use_swipe.rs - hooks::use_swipe::use_swipe (line 54) ... FAILED
[INFO] [stdout] test src/hooks/use_search_param.rs - hooks::use_search_param::use_search_param (line 11) ... ok
[INFO] [stdout] test src/hooks/use_session_storage.rs - hooks::use_session_storage::use_session_storage (line 62) ... ok
[INFO] [stdout] test src/hooks/use_size.rs - hooks::use_size::use_size (line 12) ... ok
[INFO] [stdout] test src/hooks/use_state_ptr_eq.rs - hooks::use_state_ptr_eq::use_state_ptr_eq (line 68) ... ok
[INFO] [stdout] test src/hooks/use_throttle.rs - hooks::use_throttle::use_throttle (line 38) ... ok
[INFO] [stdout] test src/hooks/use_set.rs - hooks::use_set::use_set (line 102) ... ok
[INFO] [stdout] test src/hooks/use_swipe.rs - hooks::use_swipe::use_swipe_with_options (line 115) ... ok
[INFO] [stdout] test src/hooks/use_throttle_state.rs - hooks::use_throttle_state::use_throttle_state (line 51) ... ok
[INFO] [stdout] test src/hooks/use_timeout.rs - hooks::use_timeout::use_timeout (line 40) ... ok
[INFO] [stdout] test src/hooks/use_throttle_effect.rs - hooks::use_throttle_effect::use_throttle_effect (line 9) ... ok
[INFO] [stdout] test src/hooks/use_websocket.rs - hooks::use_websocket::use_websocket (line 105) ... FAILED
[INFO] [stdout] test src/hooks/use_title.rs - hooks::use_title::use_title (line 9) ... ok
[INFO] [stdout] test src/hooks/use_toggle.rs - hooks::use_toggle::use_bool_toggle (line 145) ... ok
[INFO] [stdout] test src/hooks/use_toggle.rs - hooks::use_toggle::use_toggle (line 179) ... ok
[INFO] [stdout] test src/hooks/use_update.rs - hooks::use_update::use_update (line 9) ... ok
[INFO] [stdout] test src/hooks/use_unmount.rs - hooks::use_unmount::use_unmount (line 9) ... ok
[INFO] [stdout] test src/hooks/use_websocket.rs - hooks::use_websocket::use_websocket_with_options (line 167) ... ok
[INFO] [stdout] test src/hooks/use_window_size.rs - hooks::use_window_size::use_window_size (line 10) ... ok
[INFO] [stdout] test src/hooks/use_window_scroll.rs - hooks::use_window_scroll::use_window_scroll (line 10) ... ok
[INFO] [stdout] test src/lib.rs - (line 9) ... ok
[INFO] [stdout] 
[INFO] [stdout] failures:
[INFO] [stdout] 
[INFO] [stdout] ---- src/hooks/use_latest.rs - hooks::use_latest::use_latest (line 123) stdout ----
[INFO] [stdout] error[E0425]: cannot find function `use_effect_with_deps` in this scope
[INFO] [stdout]    --> src/hooks/use_latest.rs:139:9
[INFO] [stdout]     |
[INFO] [stdout] 19  |           use_effect_with_deps(move |_| {
[INFO] [stdout]     |           ^^^^^^^^^^^^^^^^^^^^ help: a function with a similar name exists: `use_effect_with`
[INFO] [stdout]     |
[INFO] [stdout]    ::: /opt/rustwide/cargo-home/registry/src/index.crates.io-6f17d22bba15001f/yew-0.21.0/src/functional/hooks/use_effect.rs:258:1
[INFO] [stdout]     |
[INFO] [stdout] 258 | / pub fn use_effect_with<T, F, D>(deps: T, f: F) -> impl Hook<Output = ()>
[INFO] [stdout] 259 | | where
[INFO] [stdout] 260 | |     T: PartialEq + 'static,
[INFO] [stdout] 261 | |     F: FnOnce(&T) -> D + 'static,
[INFO] [stdout] 262 | |     D: TearDown,
[INFO] [stdout]     | |________________- similarly named function `use_effect_with` defined here
[INFO] [stdout] 
[INFO] [stdout] error: aborting due to previous error
[INFO] [stdout] 
[INFO] [stdout] For more information about this error, try `rustc --explain E0425`.
[INFO] [stdout] Couldn't compile the test.
[INFO] [stdout] ---- src/hooks/use_latest.rs - hooks::use_latest::use_mut_latest (line 68) stdout ----
[INFO] [stdout] error[E0425]: cannot find function `use_effect_with_deps` in this scope
[INFO] [stdout]    --> src/hooks/use_latest.rs:86:5
[INFO] [stdout]     |
[INFO] [stdout] 21  |       use_effect_with_deps(move |_| {
[INFO] [stdout]     |       ^^^^^^^^^^^^^^^^^^^^ help: a function with a similar name exists: `use_effect_with`
[INFO] [stdout]     |
[INFO] [stdout]    ::: /opt/rustwide/cargo-home/registry/src/index.crates.io-6f17d22bba15001f/yew-0.21.0/src/functional/hooks/use_effect.rs:258:1
[INFO] [stdout]     |
[INFO] [stdout] 258 | / pub fn use_effect_with<T, F, D>(deps: T, f: F) -> impl Hook<Output = ()>
[INFO] [stdout] 259 | | where
[INFO] [stdout] 260 | |     T: PartialEq + 'static,
[INFO] [stdout] 261 | |     F: FnOnce(&T) -> D + 'static,
[INFO] [stdout] 262 | |     D: TearDown,
[INFO] [stdout]     | |________________- similarly named function `use_effect_with` defined here
[INFO] [stdout] 
[INFO] [stdout] error: aborting due to previous error
[INFO] [stdout] 
[INFO] [stdout] For more information about this error, try `rustc --explain E0425`.
[INFO] [stdout] Couldn't compile the test.
[INFO] [stdout] ---- src/hooks/use_swipe.rs - hooks::use_swipe::use_swipe (line 54) stdout ----
[INFO] [stdout] error[E0425]: cannot find function `use_effect_with_deps` in this scope
[INFO] [stdout]    --> src/hooks/use_swipe.rs:68:9
[INFO] [stdout]     |
[INFO] [stdout] 17  |           use_effect_with_deps(move |direction| {
[INFO] [stdout]     |           ^^^^^^^^^^^^^^^^^^^^ help: a function with a similar name exists: `use_effect_with`
[INFO] [stdout]     |
[INFO] [stdout]    ::: /opt/rustwide/cargo-home/registry/src/index.crates.io-6f17d22bba15001f/yew-0.21.0/src/functional/hooks/use_effect.rs:258:1
[INFO] [stdout]     |
[INFO] [stdout] 258 | / pub fn use_effect_with<T, F, D>(deps: T, f: F) -> impl Hook<Output = ()>
[INFO] [stdout] 259 | | where
[INFO] [stdout] 260 | |     T: PartialEq + 'static,
[INFO] [stdout] 261 | |     F: FnOnce(&T) -> D + 'static,
[INFO] [stdout] 262 | |     D: TearDown,
[INFO] [stdout]     | |________________- similarly named function `use_effect_with` defined here
[INFO] [stdout] 
[INFO] [stdout] error: aborting due to previous error
[INFO] [stdout] 
[INFO] [stdout] For more information about this error, try `rustc --explain E0425`.
[INFO] [stdout] Couldn't compile the test.
[INFO] [stdout] ---- src/hooks/use_websocket.rs - hooks::use_websocket::use_websocket (line 105) stdout ----
[INFO] [stdout] error[E0425]: cannot find function `use_effect_with_deps` in this scope
[INFO] [stdout]    --> src/hooks/use_websocket.rs:129:9
[INFO] [stdout]     |
[INFO] [stdout] 27  |           use_effect_with_deps(
[INFO] [stdout]     |           ^^^^^^^^^^^^^^^^^^^^ help: a function with a similar name exists: `use_effect_with`
[INFO] [stdout]     |
[INFO] [stdout]    ::: /opt/rustwide/cargo-home/registry/src/index.crates.io-6f17d22bba15001f/yew-0.21.0/src/functional/hooks/use_effect.rs:258:1
[INFO] [stdout]     |
[INFO] [stdout] 258 | / pub fn use_effect_with<T, F, D>(deps: T, f: F) -> impl Hook<Output = ()>
[INFO] [stdout] 259 | | where
[INFO] [stdout] 260 | |     T: PartialEq + 'static,
[INFO] [stdout] 261 | |     F: FnOnce(&T) -> D + 'static,
[INFO] [stdout] 262 | |     D: TearDown,
[INFO] [stdout]     | |________________- similarly named function `use_effect_with` defined here
[INFO] [stdout] 
[INFO] [stdout] error: aborting due to previous error
[INFO] [stdout] 
[INFO] [stdout] For more information about this error, try `rustc --explain E0425`.
[INFO] [stdout] Couldn't compile the test.
[INFO] [stdout] 
[INFO] [stdout] failures:
[INFO] [stdout]     src/hooks/use_latest.rs - hooks::use_latest::use_latest (line 123)
[INFO] [stdout]     src/hooks/use_latest.rs - hooks::use_latest::use_mut_latest (line 68)
[INFO] [stdout]     src/hooks/use_swipe.rs - hooks::use_swipe::use_swipe (line 54)
[INFO] [stdout]     src/hooks/use_websocket.rs - hooks::use_websocket::use_websocket (line 105)
[INFO] [stdout] 
[INFO] [stdout] test result: FAILED. 60 passed; 4 failed; 0 ignored; 0 measured; 0 filtered out; finished in 7.00s
[INFO] [stdout] 
[INFO] [stderr] error: doctest failed, to rerun pass `--doc`
[INFO] running `Command { std: "docker" "inspect" "f15d8afd5ce9db34d86c573b4f8e670281247466cd2e6f5526761d9bc90d207f", kill_on_drop: false }`
[INFO] running `Command { std: "docker" "rm" "-f" "f15d8afd5ce9db34d86c573b4f8e670281247466cd2e6f5526761d9bc90d207f", kill_on_drop: false }`
[INFO] [stdout] f15d8afd5ce9db34d86c573b4f8e670281247466cd2e6f5526761d9bc90d207f
[INFO] testing yew-hooks-0.3.0 against beta-2023-12-22 for beta-1.76-1
[INFO] extracting crate yew-hooks 0.3.0 into /workspace/builds/worker-4-tc2/source
[INFO] validating manifest of crates.io crate yew-hooks 0.3.0 on toolchain beta-2023-12-22
[INFO] running `Command { std: CARGO_HOME="/workspace/cargo-home" RUSTUP_HOME="/workspace/rustup-home" "/workspace/cargo-home/bin/cargo" "+beta-2023-12-22" "metadata" "--manifest-path" "Cargo.toml" "--no-deps", kill_on_drop: false }`
[INFO] started tweaking crates.io crate yew-hooks 0.3.0
[INFO] finished tweaking crates.io crate yew-hooks 0.3.0
[INFO] tweaked toml for crates.io crate yew-hooks 0.3.0 written to /workspace/builds/worker-4-tc2/source/Cargo.toml
[INFO] running `Command { std: CARGO_HOME="/workspace/cargo-home" RUSTUP_HOME="/workspace/rustup-home" "/workspace/cargo-home/bin/cargo" "+beta-2023-12-22" "generate-lockfile" "--manifest-path" "Cargo.toml", kill_on_drop: false }`
[INFO] [stderr]     Updating crates.io index
[INFO] running `Command { std: CARGO_HOME="/workspace/cargo-home" RUSTUP_HOME="/workspace/rustup-home" "/workspace/cargo-home/bin/cargo" "+beta-2023-12-22" "fetch" "--manifest-path" "Cargo.toml", kill_on_drop: false }`
[INFO] [stderr]     Blocking waiting for file lock on package cache
[INFO] running `Command { std: "docker" "create" "-v" "/var/lib/crater-agent-workspace/builds/worker-4-tc2/target:/opt/rustwide/target:rw,Z" "-v" "/var/lib/crater-agent-workspace/builds/worker-4-tc2/source:/opt/rustwide/workdir:ro,Z" "-v" "/var/lib/crater-agent-workspace/cargo-home:/opt/rustwide/cargo-home:ro,Z" "-v" "/var/lib/crater-agent-workspace/rustup-home:/opt/rustwide/rustup-home:ro,Z" "-e" "SOURCE_DIR=/opt/rustwide/workdir" "-e" "CARGO_TARGET_DIR=/opt/rustwide/target" "-e" "CARGO_HOME=/opt/rustwide/cargo-home" "-e" "RUSTUP_HOME=/opt/rustwide/rustup-home" "-w" "/opt/rustwide/workdir" "-m" "1610612736" "--user" "0:0" "--network" "none" "ghcr.io/rust-lang/crates-build-env/linux@sha256:2788e3201cd34a07e3172128adcd8b3090168a8e3bcc40d7c032b9dda1df7d1c" "/opt/rustwide/cargo-home/bin/cargo" "+beta-2023-12-22" "metadata" "--no-deps" "--format-version=1", kill_on_drop: false }`
[INFO] [stdout] 5ad7c79c5afa136f4bd102fd97737becef5477f0ca9aa49ee5de2edff468c4d8
[INFO] running `Command { std: "docker" "start" "-a" "5ad7c79c5afa136f4bd102fd97737becef5477f0ca9aa49ee5de2edff468c4d8", kill_on_drop: false }`
[INFO] running `Command { std: "docker" "inspect" "5ad7c79c5afa136f4bd102fd97737becef5477f0ca9aa49ee5de2edff468c4d8", kill_on_drop: false }`
[INFO] running `Command { std: "docker" "rm" "-f" "5ad7c79c5afa136f4bd102fd97737becef5477f0ca9aa49ee5de2edff468c4d8", kill_on_drop: false }`
[INFO] [stdout] 5ad7c79c5afa136f4bd102fd97737becef5477f0ca9aa49ee5de2edff468c4d8
[INFO] running `Command { std: "docker" "create" "-v" "/var/lib/crater-agent-workspace/builds/worker-4-tc2/target:/opt/rustwide/target:rw,Z" "-v" "/var/lib/crater-agent-workspace/builds/worker-4-tc2/source:/opt/rustwide/workdir:ro,Z" "-v" "/var/lib/crater-agent-workspace/cargo-home:/opt/rustwide/cargo-home:ro,Z" "-v" "/var/lib/crater-agent-workspace/rustup-home:/opt/rustwide/rustup-home:ro,Z" "-e" "SOURCE_DIR=/opt/rustwide/workdir" "-e" "CARGO_TARGET_DIR=/opt/rustwide/target" "-e" "CARGO_INCREMENTAL=0" "-e" "RUST_BACKTRACE=full" "-e" "RUSTFLAGS=--cap-lints=warn" "-e" "RUSTDOCFLAGS=--cap-lints=warn" "-e" "CARGO_HOME=/opt/rustwide/cargo-home" "-e" "RUSTUP_HOME=/opt/rustwide/rustup-home" "-w" "/opt/rustwide/workdir" "-m" "1610612736" "--user" "0:0" "--network" "none" "ghcr.io/rust-lang/crates-build-env/linux@sha256:2788e3201cd34a07e3172128adcd8b3090168a8e3bcc40d7c032b9dda1df7d1c" "/opt/rustwide/cargo-home/bin/cargo" "+beta-2023-12-22" "build" "--frozen" "--message-format=json", kill_on_drop: false }`
[INFO] [stdout] d1b01c6de98d7dab0084b30e39f1a22a91c95306d205e9d5d6b3ea170646b335
[INFO] running `Command { std: "docker" "start" "-a" "d1b01c6de98d7dab0084b30e39f1a22a91c95306d205e9d5d6b3ea170646b335", kill_on_drop: false }`
[INFO] [stderr]    Compiling proc-macro2 v1.0.75
[INFO] [stderr]    Compiling unicode-ident v1.0.12
[INFO] [stderr]    Compiling once_cell v1.19.0
[INFO] [stderr]    Compiling wasm-bindgen-shared v0.2.89
[INFO] [stderr]    Compiling log v0.4.20
[INFO] [stderr]    Compiling bumpalo v3.14.0
[INFO] [stderr]    Compiling wasm-bindgen v0.2.89
[INFO] [stderr]    Compiling cfg-if v1.0.0
[INFO] [stderr]    Compiling serde v1.0.194
[INFO] [stderr]    Compiling itoa v1.0.10
[INFO] [stderr]    Compiling ryu v1.0.16
[INFO] [stderr]    Compiling pin-project-lite v0.2.13
[INFO] [stderr]    Compiling futures-core v0.3.30
[INFO] [stderr]    Compiling autocfg v1.1.0
[INFO] [stderr]    Compiling serde_json v1.0.111
[INFO] [stderr]    Compiling thiserror v1.0.56
[INFO] [stderr]    Compiling futures-sink v0.3.30
[INFO] [stderr]    Compiling hashbrown v0.14.3
[INFO] [stderr]    Compiling futures-channel v0.3.30
[INFO] [stderr]    Compiling equivalent v1.0.1
[INFO] [stderr]    Compiling version_check v0.9.4
[INFO] [stderr]    Compiling futures-io v0.3.30
[INFO] [stderr]    Compiling pin-utils v0.1.0
[INFO] [stderr]    Compiling memchr v2.7.1
[INFO] [stderr]    Compiling rustversion v1.0.14
[INFO] [stderr]    Compiling futures-task v0.3.30
[INFO] [stderr]    Compiling slab v0.4.9
[INFO] [stderr]    Compiling toml_datetime v0.6.5
[INFO] [stderr]    Compiling winnow v0.5.32
[INFO] [stderr]    Compiling quote v1.0.35
[INFO] [stderr]    Compiling indexmap v2.1.0
[INFO] [stderr]    Compiling proc-macro-error-attr v1.0.4
[INFO] [stderr]    Compiling syn v2.0.48
[INFO] [stderr]    Compiling percent-encoding v2.3.1
[INFO] [stderr]    Compiling syn v1.0.109
[INFO] [stderr]    Compiling libc v0.2.151
[INFO] [stderr]    Compiling form_urlencoded v1.2.1
[INFO] [stderr]    Compiling proc-macro-error v1.0.4
[INFO] [stderr]    Compiling fnv v1.0.7
[INFO] [stderr]    Compiling bytes v1.5.0
[INFO] [stderr]    Compiling prettyplease v0.2.16
[INFO] [stderr]    Compiling tokio v1.35.1
[INFO] [stderr]    Compiling http v0.2.11
[INFO] [stderr]    Compiling tracing-core v0.1.32
[INFO] [stderr]    Compiling boolinator v2.4.0
[INFO] [stderr]    Compiling toml_edit v0.19.15
[INFO] [stderr]    Compiling num_cpus v1.16.0
[INFO] [stderr]    Compiling tokio-stream v0.1.14
[INFO] [stderr]    Compiling proc-macro-crate v1.3.1
[INFO] [stderr]    Compiling wasm-bindgen-backend v0.2.89
[INFO] [stderr]    Compiling wasm-bindgen-macro-support v0.2.89
[INFO] [stderr]    Compiling serde_derive v1.0.194
[INFO] [stderr]    Compiling thiserror-impl v1.0.56
[INFO] [stderr]    Compiling futures-macro v0.3.30
[INFO] [stderr]    Compiling pin-project-internal v1.1.3
[INFO] [stderr]    Compiling gloo-worker-macros v0.1.0
[INFO] [stderr]    Compiling implicit-clone-derive v0.1.1
[INFO] [stderr]    Compiling tracing-attributes v0.1.27
[INFO] [stderr]    Compiling implicit-clone v0.4.8
[INFO] [stderr]    Compiling wasm-bindgen-macro v0.2.89
[INFO] [stderr]    Compiling yew-macro v0.21.0
[INFO] [stderr]    Compiling futures-util v0.3.30
[INFO] [stderr]    Compiling pin-project v1.1.3
[INFO] [stderr]    Compiling tracing v0.1.40
[INFO] [stderr]    Compiling js-sys v0.3.66
[INFO] [stderr]    Compiling console_error_panic_hook v0.1.7
[INFO] [stderr]    Compiling futures v0.3.30
[INFO] [stderr]    Compiling pinned v0.1.0
[INFO] [stderr]    Compiling prokio v0.1.0
[INFO] [stderr]    Compiling web-sys v0.3.66
[INFO] [stderr]    Compiling wasm-bindgen-futures v0.4.39
[INFO] [stderr]    Compiling gloo-timers v0.3.0
[INFO] [stderr]    Compiling serde-wasm-bindgen v0.6.3
[INFO] [stderr]    Compiling bincode v1.3.3
[INFO] [stderr]    Compiling serde_urlencoded v0.7.1
[INFO] [stderr]    Compiling gloo-utils v0.2.0
[INFO] [stderr]    Compiling gloo-events v0.2.0
[INFO] [stderr]    Compiling gloo-render v0.2.0
[INFO] [stderr]    Compiling gloo-dialogs v0.2.0
[INFO] [stderr]    Compiling gloo-storage v0.3.0
[INFO] [stderr]    Compiling gloo-console v0.3.0
[INFO] [stderr]    Compiling gloo-worker v0.4.0
[INFO] [stderr]    Compiling gloo-history v0.2.2
[INFO] [stderr]    Compiling gloo-file v0.3.0
[INFO] [stderr]    Compiling gloo-net v0.4.0
[INFO] [stderr]    Compiling gloo v0.10.0
[INFO] [stderr]    Compiling yew v0.21.0
[INFO] [stderr]    Compiling yew-hooks v0.3.0 (/opt/rustwide/workdir)
[INFO] [stderr]     Finished dev [unoptimized + debuginfo] target(s) in 31.27s
[INFO] running `Command { std: "docker" "inspect" "d1b01c6de98d7dab0084b30e39f1a22a91c95306d205e9d5d6b3ea170646b335", kill_on_drop: false }`
[INFO] running `Command { std: "docker" "rm" "-f" "d1b01c6de98d7dab0084b30e39f1a22a91c95306d205e9d5d6b3ea170646b335", kill_on_drop: false }`
[INFO] [stdout] d1b01c6de98d7dab0084b30e39f1a22a91c95306d205e9d5d6b3ea170646b335
[INFO] running `Command { std: "docker" "create" "-v" "/var/lib/crater-agent-workspace/builds/worker-4-tc2/target:/opt/rustwide/target:rw,Z" "-v" "/var/lib/crater-agent-workspace/builds/worker-4-tc2/source:/opt/rustwide/workdir:ro,Z" "-v" "/var/lib/crater-agent-workspace/cargo-home:/opt/rustwide/cargo-home:ro,Z" "-v" "/var/lib/crater-agent-workspace/rustup-home:/opt/rustwide/rustup-home:ro,Z" "-e" "SOURCE_DIR=/opt/rustwide/workdir" "-e" "CARGO_TARGET_DIR=/opt/rustwide/target" "-e" "CARGO_INCREMENTAL=0" "-e" "RUST_BACKTRACE=full" "-e" "RUSTFLAGS=--cap-lints=warn" "-e" "RUSTDOCFLAGS=--cap-lints=warn" "-e" "CARGO_HOME=/opt/rustwide/cargo-home" "-e" "RUSTUP_HOME=/opt/rustwide/rustup-home" "-w" "/opt/rustwide/workdir" "-m" "1610612736" "--user" "0:0" "--network" "none" "ghcr.io/rust-lang/crates-build-env/linux@sha256:2788e3201cd34a07e3172128adcd8b3090168a8e3bcc40d7c032b9dda1df7d1c" "/opt/rustwide/cargo-home/bin/cargo" "+beta-2023-12-22" "test" "--frozen" "--no-run" "--message-format=json", kill_on_drop: false }`
[INFO] [stdout] 2b9c037dbf8c2c2ee0eaa8d0f9021c29969d09527fb0b3c25fb366754a2e3faa
[INFO] running `Command { std: "docker" "start" "-a" "2b9c037dbf8c2c2ee0eaa8d0f9021c29969d09527fb0b3c25fb366754a2e3faa", kill_on_drop: false }`
[INFO] [stderr]    Compiling wasm-bindgen-test-macro v0.3.39
[INFO] [stderr]    Compiling scoped-tls v1.0.1
[INFO] [stderr]    Compiling wasm-bindgen-test v0.3.39
[INFO] [stderr]    Compiling yew-hooks v0.3.0 (/opt/rustwide/workdir)
[INFO] [stderr]     Finished test [unoptimized + debuginfo] target(s) in 1.86s
[INFO] running `Command { std: "docker" "inspect" "2b9c037dbf8c2c2ee0eaa8d0f9021c29969d09527fb0b3c25fb366754a2e3faa", kill_on_drop: false }`
[INFO] running `Command { std: "docker" "rm" "-f" "2b9c037dbf8c2c2ee0eaa8d0f9021c29969d09527fb0b3c25fb366754a2e3faa", kill_on_drop: false }`
[INFO] [stdout] 2b9c037dbf8c2c2ee0eaa8d0f9021c29969d09527fb0b3c25fb366754a2e3faa
[INFO] running `Command { std: "docker" "create" "-v" "/var/lib/crater-agent-workspace/builds/worker-4-tc2/target:/opt/rustwide/target:rw,Z" "-v" "/var/lib/crater-agent-workspace/builds/worker-4-tc2/source:/opt/rustwide/workdir:ro,Z" "-v" "/var/lib/crater-agent-workspace/cargo-home:/opt/rustwide/cargo-home:ro,Z" "-v" "/var/lib/crater-agent-workspace/rustup-home:/opt/rustwide/rustup-home:ro,Z" "-e" "SOURCE_DIR=/opt/rustwide/workdir" "-e" "CARGO_TARGET_DIR=/opt/rustwide/target" "-e" "CARGO_INCREMENTAL=0" "-e" "RUST_BACKTRACE=full" "-e" "RUSTFLAGS=--cap-lints=warn" "-e" "RUSTDOCFLAGS=--cap-lints=warn" "-e" "CARGO_HOME=/opt/rustwide/cargo-home" "-e" "RUSTUP_HOME=/opt/rustwide/rustup-home" "-w" "/opt/rustwide/workdir" "-m" "1610612736" "--user" "0:0" "--network" "none" "ghcr.io/rust-lang/crates-build-env/linux@sha256:2788e3201cd34a07e3172128adcd8b3090168a8e3bcc40d7c032b9dda1df7d1c" "/opt/rustwide/cargo-home/bin/cargo" "+beta-2023-12-22" "test" "--frozen", kill_on_drop: false }`
[INFO] [stdout] b4e95afa67606f3705e8ff6cb6b074ba520e72f8b98b1e03d2bee467260d3af8
[INFO] running `Command { std: "docker" "start" "-a" "b4e95afa67606f3705e8ff6cb6b074ba520e72f8b98b1e03d2bee467260d3af8", kill_on_drop: false }`
[INFO] [stderr]     Finished test [unoptimized + debuginfo] target(s) in 0.06s
[INFO] [stderr]      Running unittests src/lib.rs (/opt/rustwide/target/debug/deps/yew_hooks-162056780ed92163)
[INFO] [stdout] 
[INFO] [stdout] running 0 tests
[INFO] [stdout] 
[INFO] [stdout] test result: ok. 0 passed; 0 failed; 0 ignored; 0 measured; 0 filtered out; finished in 0.00s
[INFO] [stdout] 
[INFO] [stderr]      Running tests/use_counter.rs (/opt/rustwide/target/debug/deps/use_counter-d85f710e7b9ec99b)
[INFO] [stdout] 
[INFO] [stdout] running 0 tests
[INFO] [stdout] 
[INFO] [stdout] test result: ok. 0 passed; 0 failed; 0 ignored; 0 measured; 0 filtered out; finished in 0.00s
[INFO] [stdout] 
[INFO] [stderr]    Doc-tests yew-hooks
[INFO] [stdout] 
[INFO] [stdout] running 64 tests
[INFO] [stdout] test src/hooks/use_click_away.rs - hooks::use_click_away::use_click_away (line 12) ... ok
[INFO] [stdout] test src/hooks/use_async.rs - hooks::use_async::use_async (line 83) ... ok
[INFO] [stdout] test src/hooks/use_before_unload.rs - hooks::use_before_unload::use_before_unload (line 10) ... ok
[INFO] [stdout] test src/hooks/use_clipboard.rs - hooks::use_clipboard::use_clipboard (line 76) ... ok
[INFO] [stdout] test src/hooks/use_counter.rs - hooks::use_counter::use_counter (line 120) ... ok
[INFO] [stdout] test src/hooks/use_debounce.rs - hooks::use_debounce::use_debounce (line 35) ... ok
[INFO] [stdout] test src/hooks/use_async.rs - hooks::use_async::use_async_with_options (line 149) ... ok
[INFO] [stdout] test src/hooks/use_debounce_effect.rs - hooks::use_debounce_effect::use_debounce_effect (line 10) ... ok
[INFO] [stdout] test src/hooks/use_debounce_state.rs - hooks::use_debounce_state::use_debounce_state (line 52) ... ok
[INFO] [stdout] test src/hooks/use_effect_once.rs - hooks::use_effect_once::use_effect_once (line 7) ... ok
[INFO] [stdout] test src/hooks/use_effect_update.rs - hooks::use_effect_update::use_effect_update (line 10) ... ok
[INFO] [stdout] test src/hooks/use_default.rs - hooks::use_default::use_default (line 53) ... ok
[INFO] [stdout] test src/hooks/use_drag.rs - hooks::use_drag::use_drag (line 25) ... ok
[INFO] [stdout] test src/hooks/use_drop.rs - hooks::use_drop::use_drop_with_options (line 99) ... ok
[INFO] [stdout] test src/hooks/use_drag.rs - hooks::use_drag::use_drag_with_options (line 58) ... ok
[INFO] [stdout] test src/hooks/use_drop.rs - hooks::use_drop::use_drop (line 50) ... ok
[INFO] [stdout] test src/hooks/use_event.rs - hooks::use_event::use_event_with_window (line 81) ... ok
[INFO] [stdout] test src/hooks/use_event.rs - hooks::use_event::use_event (line 14) ... ok
[INFO] [stdout] test src/hooks/use_favicon.rs - hooks::use_favicon::use_favicon (line 11) ... ok
[INFO] [stdout] test src/hooks/use_hash.rs - hooks::use_hash::use_hash (line 47) ... ok
[INFO] [stdout] test src/hooks/use_infinite_scroll.rs - hooks::use_infinite_scroll::use_infinite_scroll (line 10) ... ok
[INFO] [stdout] test src/hooks/use_geolocation.rs - hooks::use_geolocation::use_geolocation (line 28) ... ok
[INFO] [stdout] test src/hooks/use_interval.rs - hooks::use_interval::use_interval (line 11) ... ok
[INFO] [stdout] test src/hooks/use_is_first_mount.rs - hooks::use_is_first_mount::use_is_first_mount (line 7) ... ok
[INFO] [stdout] test src/hooks/use_latest.rs - hooks::use_latest::use_latest (line 123) ... FAILED
[INFO] [stdout] test src/hooks/use_latest.rs - hooks::use_latest::use_mut_latest (line 68) ... FAILED
[INFO] [stdout] test src/hooks/use_is_mounted.rs - hooks::use_is_mounted::use_is_mounted (line 11) ... ok
[INFO] [stdout] test src/hooks/use_location.rs - hooks::use_location::use_location (line 27) ... ok
[INFO] [stdout] test src/hooks/use_list.rs - hooks::use_list::use_list (line 148) ... ok
[INFO] [stdout] test src/hooks/use_local_storage.rs - hooks::use_local_storage::use_local_storage (line 65) ... ok
[INFO] [stdout] test src/hooks/use_logger.rs - hooks::use_logger::use_logger (line 12) ... ok
[INFO] [stdout] test src/hooks/use_logger.rs - hooks::use_logger::use_logger_eq (line 72) ... ok
[INFO] [stdout] test src/hooks/use_map.rs - hooks::use_map::use_map (line 103) ... ok
[INFO] [stdout] test src/hooks/use_measure.rs - hooks::use_measure::use_measure (line 24) ... ok
[INFO] [stdout] test src/hooks/use_mount.rs - hooks::use_mount::use_mount (line 9) ... ok
[INFO] [stdout] test src/hooks/use_queue.rs - hooks::use_queue::use_queue (line 90) ... ok
[INFO] [stdout] test src/hooks/use_media.rs - hooks::use_media::use_media (line 110) ... ok
[INFO] [stdout] test src/hooks/use_renders_count.rs - hooks::use_renders_count::use_renders_count (line 7) ... ok
[INFO] [stdout] test src/hooks/use_raf_state.rs - hooks::use_raf_state::use_raf_state (line 58) ... ok
[INFO] [stdout] test src/hooks/use_scroll.rs - hooks::use_scroll::use_scroll (line 10) ... ok
[INFO] [stdout] test src/hooks/use_previous.rs - hooks::use_previous::use_previous (line 47) ... ok
[INFO] [stdout] test src/hooks/use_raf.rs - hooks::use_raf::use_raf (line 13) ... ok
[INFO] [stdout] test src/hooks/use_swipe.rs - hooks::use_swipe::use_swipe (line 54) ... FAILED
[INFO] [stdout] test src/hooks/use_search_param.rs - hooks::use_search_param::use_search_param (line 11) ... ok
[INFO] [stdout] test src/hooks/use_scrolling.rs - hooks::use_scrolling::use_scrolling (line 9) ... ok
[INFO] [stdout] test src/hooks/use_size.rs - hooks::use_size::use_size (line 12) ... ok
[INFO] [stdout] test src/hooks/use_session_storage.rs - hooks::use_session_storage::use_session_storage (line 62) ... ok
[INFO] [stdout] test src/hooks/use_state_ptr_eq.rs - hooks::use_state_ptr_eq::use_state_ptr_eq (line 68) ... ok
[INFO] [stdout] test src/hooks/use_set.rs - hooks::use_set::use_set (line 102) ... ok
[INFO] [stdout] test src/hooks/use_swipe.rs - hooks::use_swipe::use_swipe_with_options (line 115) ... ok
[INFO] [stdout] test src/hooks/use_throttle.rs - hooks::use_throttle::use_throttle (line 38) ... ok
[INFO] [stdout] test src/hooks/use_timeout.rs - hooks::use_timeout::use_timeout (line 40) ... ok
[INFO] [stdout] test src/hooks/use_throttle_state.rs - hooks::use_throttle_state::use_throttle_state (line 51) ... ok
[INFO] [stdout] test src/hooks/use_unmount.rs - hooks::use_unmount::use_unmount (line 9) ... ok
[INFO] [stdout] test src/hooks/use_title.rs - hooks::use_title::use_title (line 9) ... ok
[INFO] [stdout] test src/hooks/use_toggle.rs - hooks::use_toggle::use_bool_toggle (line 145) ... ok
[INFO] [stdout] test src/hooks/use_throttle_effect.rs - hooks::use_throttle_effect::use_throttle_effect (line 9) ... ok
[INFO] [stdout] test src/hooks/use_websocket.rs - hooks::use_websocket::use_websocket (line 105) ... FAILED
[INFO] [stdout] test src/lib.rs - (line 9) ... ok
[INFO] [stdout] test src/hooks/use_toggle.rs - hooks::use_toggle::use_toggle (line 179) ... ok
[INFO] [stdout] test src/hooks/use_update.rs - hooks::use_update::use_update (line 9) ... ok
[INFO] [stdout] test src/hooks/use_window_scroll.rs - hooks::use_window_scroll::use_window_scroll (line 10) ... ok
[INFO] [stdout] test src/hooks/use_websocket.rs - hooks::use_websocket::use_websocket_with_options (line 167) ... ok
[INFO] [stdout] test src/hooks/use_window_size.rs - hooks::use_window_size::use_window_size (line 10) ... ok
[INFO] [stderr] error: doctest failed, to rerun pass `--doc`
[INFO] [stdout] 
[INFO] [stdout] failures:
[INFO] [stdout] 
[INFO] [stdout] ---- src/hooks/use_latest.rs - hooks::use_latest::use_latest (line 123) stdout ----
[INFO] [stdout] error[E0425]: cannot find function `use_effect_with_deps` in this scope
[INFO] [stdout]    --> src/hooks/use_latest.rs:139:9
[INFO] [stdout]     |
[INFO] [stdout] 19  |           use_effect_with_deps(move |_| {
[INFO] [stdout]     |           ^^^^^^^^^^^^^^^^^^^^ help: a function with a similar name exists: `use_effect_with`
[INFO] [stdout]     |
[INFO] [stdout]    ::: /opt/rustwide/cargo-home/registry/src/index.crates.io-6f17d22bba15001f/yew-0.21.0/src/functional/hooks/use_effect.rs:258:1
[INFO] [stdout]     |
[INFO] [stdout] 258 | / pub fn use_effect_with<T, F, D>(deps: T, f: F) -> impl Hook<Output = ()>
[INFO] [stdout] 259 | | where
[INFO] [stdout] 260 | |     T: PartialEq + 'static,
[INFO] [stdout] 261 | |     F: FnOnce(&T) -> D + 'static,
[INFO] [stdout] 262 | |     D: TearDown,
[INFO] [stdout]     | |________________- similarly named function `use_effect_with` defined here
[INFO] [stdout] 
[INFO] [stdout] error: aborting due to 1 previous error
[INFO] [stdout] 
[INFO] [stdout] For more information about this error, try `rustc --explain E0425`.
[INFO] [stdout] Couldn't compile the test.
[INFO] [stdout] ---- src/hooks/use_latest.rs - hooks::use_latest::use_mut_latest (line 68) stdout ----
[INFO] [stdout] error[E0425]: cannot find function `use_effect_with_deps` in this scope
[INFO] [stdout]    --> src/hooks/use_latest.rs:86:5
[INFO] [stdout]     |
[INFO] [stdout] 21  |       use_effect_with_deps(move |_| {
[INFO] [stdout]     |       ^^^^^^^^^^^^^^^^^^^^ help: a function with a similar name exists: `use_effect_with`
[INFO] [stdout]     |
[INFO] [stdout]    ::: /opt/rustwide/cargo-home/registry/src/index.crates.io-6f17d22bba15001f/yew-0.21.0/src/functional/hooks/use_effect.rs:258:1
[INFO] [stdout]     |
[INFO] [stdout] 258 | / pub fn use_effect_with<T, F, D>(deps: T, f: F) -> impl Hook<Output = ()>
[INFO] [stdout] 259 | | where
[INFO] [stdout] 260 | |     T: PartialEq + 'static,
[INFO] [stdout] 261 | |     F: FnOnce(&T) -> D + 'static,
[INFO] [stdout] 262 | |     D: TearDown,
[INFO] [stdout]     | |________________- similarly named function `use_effect_with` defined here
[INFO] [stdout] 
[INFO] [stdout] error: aborting due to 1 previous error
[INFO] [stdout] 
[INFO] [stdout] For more information about this error, try `rustc --explain E0425`.
[INFO] [stdout] Couldn't compile the test.
[INFO] [stdout] ---- src/hooks/use_swipe.rs - hooks::use_swipe::use_swipe (line 54) stdout ----
[INFO] [stdout] error[E0425]: cannot find function `use_effect_with_deps` in this scope
[INFO] [stdout]    --> src/hooks/use_swipe.rs:68:9
[INFO] [stdout]     |
[INFO] [stdout] 17  |           use_effect_with_deps(move |direction| {
[INFO] [stdout]     |           ^^^^^^^^^^^^^^^^^^^^ help: a function with a similar name exists: `use_effect_with`
[INFO] [stdout]     |
[INFO] [stdout]    ::: /opt/rustwide/cargo-home/registry/src/index.crates.io-6f17d22bba15001f/yew-0.21.0/src/functional/hooks/use_effect.rs:258:1
[INFO] [stdout]     |
[INFO] [stdout] 258 | / pub fn use_effect_with<T, F, D>(deps: T, f: F) -> impl Hook<Output = ()>
[INFO] [stdout] 259 | | where
[INFO] [stdout] 260 | |     T: PartialEq + 'static,
[INFO] [stdout] 261 | |     F: FnOnce(&T) -> D + 'static,
[INFO] [stdout] 262 | |     D: TearDown,
[INFO] [stdout]     | |________________- similarly named function `use_effect_with` defined here
[INFO] [stdout] 
[INFO] [stdout] error: aborting due to 1 previous error
[INFO] [stdout] 
[INFO] [stdout] For more information about this error, try `rustc --explain E0425`.
[INFO] [stdout] Couldn't compile the test.
[INFO] [stdout] ---- src/hooks/use_websocket.rs - hooks::use_websocket::use_websocket (line 105) stdout ----
[INFO] [stdout] error[E0425]: cannot find function `use_effect_with_deps` in this scope
[INFO] [stdout]    --> src/hooks/use_websocket.rs:129:9
[INFO] [stdout]     |
[INFO] [stdout] 27  |           use_effect_with_deps(
[INFO] [stdout]     |           ^^^^^^^^^^^^^^^^^^^^ help: a function with a similar name exists: `use_effect_with`
[INFO] [stdout]     |
[INFO] [stdout]    ::: /opt/rustwide/cargo-home/registry/src/index.crates.io-6f17d22bba15001f/yew-0.21.0/src/functional/hooks/use_effect.rs:258:1
[INFO] [stdout]     |
[INFO] [stdout] 258 | / pub fn use_effect_with<T, F, D>(deps: T, f: F) -> impl Hook<Output = ()>
[INFO] [stdout] 259 | | where
[INFO] [stdout] 260 | |     T: PartialEq + 'static,
[INFO] [stdout] 261 | |     F: FnOnce(&T) -> D + 'static,
[INFO] [stdout] 262 | |     D: TearDown,
[INFO] [stdout]     | |________________- similarly named function `use_effect_with` defined here
[INFO] [stdout] 
[INFO] [stdout] error: aborting due to 1 previous error
[INFO] [stdout] 
[INFO] [stdout] For more information about this error, try `rustc --explain E0425`.
[INFO] [stdout] Couldn't compile the test.
[INFO] [stdout] 
[INFO] [stdout] failures:
[INFO] [stdout]     src/hooks/use_latest.rs - hooks::use_latest::use_latest (line 123)
[INFO] [stdout]     src/hooks/use_latest.rs - hooks::use_latest::use_mut_latest (line 68)
[INFO] [stdout]     src/hooks/use_swipe.rs - hooks::use_swipe::use_swipe (line 54)
[INFO] [stdout]     src/hooks/use_websocket.rs - hooks::use_websocket::use_websocket (line 105)
[INFO] [stdout] 
[INFO] [stdout] test result: FAILED. 60 passed; 4 failed; 0 ignored; 0 measured; 0 filtered out; finished in 4.17s
[INFO] [stdout] 
[INFO] running `Command { std: "docker" "inspect" "b4e95afa67606f3705e8ff6cb6b074ba520e72f8b98b1e03d2bee467260d3af8", kill_on_drop: false }`
[INFO] running `Command { std: "docker" "rm" "-f" "b4e95afa67606f3705e8ff6cb6b074ba520e72f8b98b1e03d2bee467260d3af8", kill_on_drop: false }`
[INFO] [stdout] b4e95afa67606f3705e8ff6cb6b074ba520e72f8b98b1e03d2bee467260d3af8
