[INFO] fetching crate yaxpeax-arch 0.2.7...
[INFO] testing yaxpeax-arch-0.2.7 against 1.75.0 for beta-1.76-1
[INFO] extracting crate yaxpeax-arch 0.2.7 into /workspace/builds/worker-0-tc1/source
[INFO] validating manifest of crates.io crate yaxpeax-arch 0.2.7 on toolchain 1.75.0
[INFO] running `Command { std: CARGO_HOME="/workspace/cargo-home" RUSTUP_HOME="/workspace/rustup-home" "/workspace/cargo-home/bin/cargo" "+1.75.0" "metadata" "--manifest-path" "Cargo.toml" "--no-deps", kill_on_drop: false }`
[INFO] removed /workspace/builds/worker-0-tc1/source/rust-toolchain
[INFO] started tweaking crates.io crate yaxpeax-arch 0.2.7
[INFO] finished tweaking crates.io crate yaxpeax-arch 0.2.7
[INFO] tweaked toml for crates.io crate yaxpeax-arch 0.2.7 written to /workspace/builds/worker-0-tc1/source/Cargo.toml
[INFO] running `Command { std: CARGO_HOME="/workspace/cargo-home" RUSTUP_HOME="/workspace/rustup-home" "/workspace/cargo-home/bin/cargo" "+1.75.0" "generate-lockfile" "--manifest-path" "Cargo.toml", kill_on_drop: false }`
[INFO] [stderr]     Updating crates.io index
[INFO] running `Command { std: CARGO_HOME="/workspace/cargo-home" RUSTUP_HOME="/workspace/rustup-home" "/workspace/cargo-home/bin/cargo" "+1.75.0" "fetch" "--manifest-path" "Cargo.toml", kill_on_drop: false }`
[INFO] running `Command { std: "docker" "create" "-v" "/var/lib/crater-agent-workspace/builds/worker-0-tc1/target:/opt/rustwide/target:rw,Z" "-v" "/var/lib/crater-agent-workspace/builds/worker-0-tc1/source:/opt/rustwide/workdir:ro,Z" "-v" "/var/lib/crater-agent-workspace/cargo-home:/opt/rustwide/cargo-home:ro,Z" "-v" "/var/lib/crater-agent-workspace/rustup-home:/opt/rustwide/rustup-home:ro,Z" "-e" "SOURCE_DIR=/opt/rustwide/workdir" "-e" "CARGO_TARGET_DIR=/opt/rustwide/target" "-e" "CARGO_HOME=/opt/rustwide/cargo-home" "-e" "RUSTUP_HOME=/opt/rustwide/rustup-home" "-w" "/opt/rustwide/workdir" "-m" "1610612736" "--user" "0:0" "--network" "none" "ghcr.io/rust-lang/crates-build-env/linux@sha256:2788e3201cd34a07e3172128adcd8b3090168a8e3bcc40d7c032b9dda1df7d1c" "/opt/rustwide/cargo-home/bin/cargo" "+1.75.0" "metadata" "--no-deps" "--format-version=1", kill_on_drop: false }`
[INFO] [stdout] 26d15d133685ed2a169378434dc042c212e295356aff341bd9a7b3d452e49ea4
[INFO] running `Command { std: "docker" "start" "-a" "26d15d133685ed2a169378434dc042c212e295356aff341bd9a7b3d452e49ea4", kill_on_drop: false }`
[INFO] running `Command { std: "docker" "inspect" "26d15d133685ed2a169378434dc042c212e295356aff341bd9a7b3d452e49ea4", kill_on_drop: false }`
[INFO] running `Command { std: "docker" "rm" "-f" "26d15d133685ed2a169378434dc042c212e295356aff341bd9a7b3d452e49ea4", kill_on_drop: false }`
[INFO] [stdout] 26d15d133685ed2a169378434dc042c212e295356aff341bd9a7b3d452e49ea4
[INFO] running `Command { std: "docker" "create" "-v" "/var/lib/crater-agent-workspace/builds/worker-0-tc1/target:/opt/rustwide/target:rw,Z" "-v" "/var/lib/crater-agent-workspace/builds/worker-0-tc1/source:/opt/rustwide/workdir:ro,Z" "-v" "/var/lib/crater-agent-workspace/cargo-home:/opt/rustwide/cargo-home:ro,Z" "-v" "/var/lib/crater-agent-workspace/rustup-home:/opt/rustwide/rustup-home:ro,Z" "-e" "SOURCE_DIR=/opt/rustwide/workdir" "-e" "CARGO_TARGET_DIR=/opt/rustwide/target" "-e" "CARGO_INCREMENTAL=0" "-e" "RUST_BACKTRACE=full" "-e" "RUSTFLAGS=--cap-lints=warn" "-e" "RUSTDOCFLAGS=--cap-lints=warn" "-e" "CARGO_HOME=/opt/rustwide/cargo-home" "-e" "RUSTUP_HOME=/opt/rustwide/rustup-home" "-w" "/opt/rustwide/workdir" "-m" "1610612736" "--user" "0:0" "--network" "none" "ghcr.io/rust-lang/crates-build-env/linux@sha256:2788e3201cd34a07e3172128adcd8b3090168a8e3bcc40d7c032b9dda1df7d1c" "/opt/rustwide/cargo-home/bin/cargo" "+1.75.0" "build" "--frozen" "--message-format=json", kill_on_drop: false }`
[INFO] [stdout] a8e15175a727206905f264fc8b6ec4d0fcad80ad9ab49495b9b3f25b703cb1a0
[INFO] running `Command { std: "docker" "start" "-a" "a8e15175a727206905f264fc8b6ec4d0fcad80ad9ab49495b9b3f25b703cb1a0", kill_on_drop: false }`
[INFO] [stderr]    Compiling parking_lot_core v0.8.6
[INFO] [stderr]    Compiling lock_api v0.4.11
[INFO] [stderr]    Compiling instant v0.1.12
[INFO] [stderr]    Compiling smallvec v1.11.2
[INFO] [stderr]    Compiling signal-hook-registry v1.4.1
[INFO] [stderr]    Compiling mio v0.7.14
[INFO] [stderr]    Compiling syn v2.0.48
[INFO] [stderr]    Compiling signal-hook v0.1.17
[INFO] [stderr]    Compiling parking_lot v0.11.2
[INFO] [stderr]    Compiling crossterm v0.19.0
[INFO] [stderr]    Compiling serde_derive v1.0.194
[INFO] [stderr]    Compiling yaxpeax-arch v0.2.7 (/opt/rustwide/workdir)
[INFO] [stderr]     Finished dev [unoptimized + debuginfo] target(s) in 7.53s
[INFO] running `Command { std: "docker" "inspect" "a8e15175a727206905f264fc8b6ec4d0fcad80ad9ab49495b9b3f25b703cb1a0", kill_on_drop: false }`
[INFO] running `Command { std: "docker" "rm" "-f" "a8e15175a727206905f264fc8b6ec4d0fcad80ad9ab49495b9b3f25b703cb1a0", kill_on_drop: false }`
[INFO] [stdout] a8e15175a727206905f264fc8b6ec4d0fcad80ad9ab49495b9b3f25b703cb1a0
[INFO] running `Command { std: "docker" "create" "-v" "/var/lib/crater-agent-workspace/builds/worker-0-tc1/target:/opt/rustwide/target:rw,Z" "-v" "/var/lib/crater-agent-workspace/builds/worker-0-tc1/source:/opt/rustwide/workdir:ro,Z" "-v" "/var/lib/crater-agent-workspace/cargo-home:/opt/rustwide/cargo-home:ro,Z" "-v" "/var/lib/crater-agent-workspace/rustup-home:/opt/rustwide/rustup-home:ro,Z" "-e" "SOURCE_DIR=/opt/rustwide/workdir" "-e" "CARGO_TARGET_DIR=/opt/rustwide/target" "-e" "CARGO_INCREMENTAL=0" "-e" "RUST_BACKTRACE=full" "-e" "RUSTFLAGS=--cap-lints=warn" "-e" "RUSTDOCFLAGS=--cap-lints=warn" "-e" "CARGO_HOME=/opt/rustwide/cargo-home" "-e" "RUSTUP_HOME=/opt/rustwide/rustup-home" "-w" "/opt/rustwide/workdir" "-m" "1610612736" "--user" "0:0" "--network" "none" "ghcr.io/rust-lang/crates-build-env/linux@sha256:2788e3201cd34a07e3172128adcd8b3090168a8e3bcc40d7c032b9dda1df7d1c" "/opt/rustwide/cargo-home/bin/cargo" "+1.75.0" "test" "--frozen" "--no-run" "--message-format=json", kill_on_drop: false }`
[INFO] [stdout] 52563a172efc9920db6b50699d463780deec63505f38560c215e81d65ac7ce67
[INFO] running `Command { std: "docker" "start" "-a" "52563a172efc9920db6b50699d463780deec63505f38560c215e81d65ac7ce67", kill_on_drop: false }`
[INFO] [stderr]    Compiling anyhow v1.0.79
[INFO] [stderr]    Compiling thiserror-impl v1.0.56
[INFO] [stderr]    Compiling thiserror v1.0.56
[INFO] [stderr]    Compiling yaxpeax-arch v0.2.7 (/opt/rustwide/workdir)
[INFO] [stderr]     Finished test [unoptimized + debuginfo] target(s) in 2.61s
[INFO] running `Command { std: "docker" "inspect" "52563a172efc9920db6b50699d463780deec63505f38560c215e81d65ac7ce67", kill_on_drop: false }`
[INFO] running `Command { std: "docker" "rm" "-f" "52563a172efc9920db6b50699d463780deec63505f38560c215e81d65ac7ce67", kill_on_drop: false }`
[INFO] [stdout] 52563a172efc9920db6b50699d463780deec63505f38560c215e81d65ac7ce67
[INFO] running `Command { std: "docker" "create" "-v" "/var/lib/crater-agent-workspace/builds/worker-0-tc1/target:/opt/rustwide/target:rw,Z" "-v" "/var/lib/crater-agent-workspace/builds/worker-0-tc1/source:/opt/rustwide/workdir:ro,Z" "-v" "/var/lib/crater-agent-workspace/cargo-home:/opt/rustwide/cargo-home:ro,Z" "-v" "/var/lib/crater-agent-workspace/rustup-home:/opt/rustwide/rustup-home:ro,Z" "-e" "SOURCE_DIR=/opt/rustwide/workdir" "-e" "CARGO_TARGET_DIR=/opt/rustwide/target" "-e" "CARGO_INCREMENTAL=0" "-e" "RUST_BACKTRACE=full" "-e" "RUSTFLAGS=--cap-lints=warn" "-e" "RUSTDOCFLAGS=--cap-lints=warn" "-e" "CARGO_HOME=/opt/rustwide/cargo-home" "-e" "RUSTUP_HOME=/opt/rustwide/rustup-home" "-w" "/opt/rustwide/workdir" "-m" "1610612736" "--user" "0:0" "--network" "none" "ghcr.io/rust-lang/crates-build-env/linux@sha256:2788e3201cd34a07e3172128adcd8b3090168a8e3bcc40d7c032b9dda1df7d1c" "/opt/rustwide/cargo-home/bin/cargo" "+1.75.0" "test" "--frozen", kill_on_drop: false }`
[INFO] [stdout] 4d8c7204da0a4f1b1957c1243b9b481ca4e956d93308aaaf826c4a1cbb5007ac
[INFO] running `Command { std: "docker" "start" "-a" "4d8c7204da0a4f1b1957c1243b9b481ca4e956d93308aaaf826c4a1cbb5007ac", kill_on_drop: false }`
[INFO] [stderr]     Finished test [unoptimized + debuginfo] target(s) in 0.03s
[INFO] [stderr]      Running unittests src/lib.rs (/opt/rustwide/target/debug/deps/yaxpeax_arch-ef8034087aab0f90)
[INFO] [stdout] 
[INFO] [stdout] running 0 tests
[INFO] [stdout] 
[INFO] [stdout] test result: ok. 0 passed; 0 failed; 0 ignored; 0 measured; 0 filtered out; finished in 0.00s
[INFO] [stdout] 
[INFO] [stderr]      Running tests/lib.rs (/opt/rustwide/target/debug/deps/lib-d492abf6b20faaec)
[INFO] [stdout] 
[INFO] [stdout] running 4 tests
[INFO] [stdout] test error_can_bail ... ok
[INFO] [stdout] test reader::reader_offset_is_words_not_bytes ... ok
[INFO] [stdout] test generic_error_can_bail ... ok
[INFO] [stdout] test test_u16 ... ok
[INFO] [stdout] 
[INFO] [stdout] test result: ok. 4 passed; 0 failed; 0 ignored; 0 measured; 0 filtered out; finished in 0.21s
[INFO] [stdout] 
[INFO] [stderr]      Running tests/reader.rs (/opt/rustwide/target/debug/deps/reader-535c2ee3b0579de7)
[INFO] [stdout] 
[INFO] [stdout] running 1 test
[INFO] [stdout] test reader_offset_is_words_not_bytes ... ok
[INFO] [stdout] 
[INFO] [stdout] test result: ok. 1 passed; 0 failed; 0 ignored; 0 measured; 0 filtered out; finished in 0.00s
[INFO] [stdout] 
[INFO] [stderr]    Doc-tests yaxpeax-arch
[INFO] [stdout] 
[INFO] [stdout] running 2 tests
[INFO] [stdout] test src/annotation/mod.rs - annotation (line 21) ... FAILED
[INFO] [stderr] error: doctest failed, to rerun pass `--doc`
[INFO] [stdout] test src/address/mod.rs - address::AddressDiff (line 27) ... ok
[INFO] [stdout] 
[INFO] [stdout] failures:
[INFO] [stdout] 
[INFO] [stdout] ---- src/annotation/mod.rs - annotation (line 21) stdout ----
[INFO] [stdout] error[E0405]: cannot find trait `Arch` in this scope
[INFO] [stdout]  --> src/annotation/mod.rs:22:31
[INFO] [stdout]   |
[INFO] [stdout] 3 | fn show_field_descriptions<A: Arch>(decoder: A::Decoder, buf: &[u8])
[INFO] [stdout]   |                               ^^^^ not found in this scope
[INFO] [stdout]   |
[INFO] [stdout] help: consider importing this trait
[INFO] [stdout]   |
[INFO] [stdout] 2 + use yaxpeax_arch::Arch;
[INFO] [stdout]   |
[INFO] [stdout] 
[INFO] [stdout] error[E0405]: cannot find trait `AnnotatingDecoder` in this scope
[INFO] [stdout]  --> src/annotation/mod.rs:24:17
[INFO] [stdout]   |
[INFO] [stdout] 5 |     A::Decoder: AnnotatingDecoder<A>,
[INFO] [stdout]   |                 ^^^^^^^^^^^^^^^^^ not found in this scope
[INFO] [stdout]   |
[INFO] [stdout] help: consider importing this trait
[INFO] [stdout]   |
[INFO] [stdout] 2 + use yaxpeax_arch::annotation::AnnotatingDecoder;
[INFO] [stdout]   |
[INFO] [stdout] 
[INFO] [stdout] error[E0433]: failed to resolve: use of undeclared crate or module `fmt`
[INFO] [stdout]  --> src/annotation/mod.rs:25:21
[INFO] [stdout]   |
[INFO] [stdout] 6 |     A::Instruction: fmt::Display, for<'data> U8Reader<'data>: Reader<A::Address, A::Word>,
[INFO] [stdout]   |                     ^^^ use of undeclared crate or module `fmt`
[INFO] [stdout]   |
[INFO] [stdout] help: consider importing one of these items
[INFO] [stdout]   |
[INFO] [stdout] 2 + use core::fmt;
[INFO] [stdout]   |
[INFO] [stdout] 2 + use serde::__private::fmt;
[INFO] [stdout]   |
[INFO] [stdout] 2 + use std::fmt;
[INFO] [stdout]   |
[INFO] [stdout] 
[INFO] [stdout] error[E0412]: cannot find type `U8Reader` in this scope
[INFO] [stdout]  --> src/annotation/mod.rs:25:46
[INFO] [stdout]   |
[INFO] [stdout] 6 |     A::Instruction: fmt::Display, for<'data> U8Reader<'data>: Reader<A::Address, A::Word>,
[INFO] [stdout]   |                                              ^^^^^^^^ not found in this scope
[INFO] [stdout]   |
[INFO] [stdout] help: consider importing this struct
[INFO] [stdout]   |
[INFO] [stdout] 2 + use yaxpeax_arch::U8Reader;
[INFO] [stdout]   |
[INFO] [stdout] 
[INFO] [stdout] error[E0405]: cannot find trait `Reader` in this scope
[INFO] [stdout]  --> src/annotation/mod.rs:25:63
[INFO] [stdout]   |
[INFO] [stdout] 6 |     A::Instruction: fmt::Display, for<'data> U8Reader<'data>: Reader<A::Address, A::Word>,
[INFO] [stdout]   |                                                               ^^^^^^ not found in this scope
[INFO] [stdout]   |
[INFO] [stdout] help: consider importing this trait
[INFO] [stdout]   |
[INFO] [stdout] 2 + use yaxpeax_arch::Reader;
[INFO] [stdout]   |
[INFO] [stdout] 
[INFO] [stdout] error[E0433]: failed to resolve: use of undeclared type `U8Reader`
[INFO] [stdout]  --> src/annotation/mod.rs:28:22
[INFO] [stdout]   |
[INFO] [stdout] 9 |     let mut reader = U8Reader::new(buf);
[INFO] [stdout]   |                      ^^^^^^^^ use of undeclared type `U8Reader`
[INFO] [stdout]   |
[INFO] [stdout] help: consider importing this struct
[INFO] [stdout]   |
[INFO] [stdout] 2 + use yaxpeax_arch::U8Reader;
[INFO] [stdout]   |
[INFO] [stdout] 
[INFO] [stdout] error[E0412]: cannot find type `VecSink` in this scope
[INFO] [stdout]   --> src/annotation/mod.rs:29:19
[INFO] [stdout]    |
[INFO] [stdout] 10 |     let mut sink: VecSink<<A::Decoder as AnnotatingDecoder<A>>::FieldDescription> = VecSink::new();
[INFO] [stdout]    |                   ^^^^^^^ not found in this scope
[INFO] [stdout]    |
[INFO] [stdout] help: consider importing this struct
[INFO] [stdout]    |
[INFO] [stdout] 2  + use yaxpeax_arch::annotation::VecSink;
[INFO] [stdout]    |
[INFO] [stdout] 
[INFO] [stdout] error[E0405]: cannot find trait `AnnotatingDecoder` in this scope
[INFO] [stdout]   --> src/annotation/mod.rs:29:42
[INFO] [stdout]    |
[INFO] [stdout] 10 |     let mut sink: VecSink<<A::Decoder as AnnotatingDecoder<A>>::FieldDescription> = VecSink::new();
[INFO] [stdout]    |                                          ^^^^^^^^^^^^^^^^^ not found in this scope
[INFO] [stdout]    |
[INFO] [stdout] help: consider importing this trait
[INFO] [stdout]    |
[INFO] [stdout] 2  + use yaxpeax_arch::annotation::AnnotatingDecoder;
[INFO] [stdout]    |
[INFO] [stdout] 
[INFO] [stdout] error[E0433]: failed to resolve: use of undeclared type `VecSink`
[INFO] [stdout]   --> src/annotation/mod.rs:29:85
[INFO] [stdout]    |
[INFO] [stdout] 10 |     let mut sink: VecSink<<A::Decoder as AnnotatingDecoder<A>>::FieldDescription> = VecSink::new();
[INFO] [stdout]    |                                                                                     ^^^^^^^ use of undeclared type `VecSink`
[INFO] [stdout]    |
[INFO] [stdout] help: consider importing this struct
[INFO] [stdout]    |
[INFO] [stdout] 2  + use yaxpeax_arch::annotation::VecSink;
[INFO] [stdout]    |
[INFO] [stdout] 
[INFO] [stdout] error[E0423]: expected function, found macro `println`
[INFO] [stdout]   --> src/annotation/mod.rs:35:9
[INFO] [stdout]    |
[INFO] [stdout] 16 |         println("  bits [{}, {}]: {}", start, end, desc);
[INFO] [stdout]    |         ^^^^^^^ not a function
[INFO] [stdout]    |
[INFO] [stdout] help: use `!` to invoke the macro
[INFO] [stdout]    |
[INFO] [stdout] 16 |         println!("  bits [{}, {}]: {}", start, end, desc);
[INFO] [stdout]    |                +
[INFO] [stdout] 
[INFO] [stdout] error: aborting due to 10 previous errors
[INFO] [stdout] 
[INFO] [stdout] Some errors have detailed explanations: E0405, E0412, E0423, E0433.
[INFO] [stdout] For more information about an error, try `rustc --explain E0405`.
[INFO] [stdout] Couldn't compile the test.
[INFO] [stdout] 
[INFO] [stdout] failures:
[INFO] [stdout]     src/annotation/mod.rs - annotation (line 21)
[INFO] [stdout] 
[INFO] [stdout] test result: FAILED. 1 passed; 1 failed; 0 ignored; 0 measured; 0 filtered out; finished in 0.22s
[INFO] [stdout] 
[INFO] running `Command { std: "docker" "inspect" "4d8c7204da0a4f1b1957c1243b9b481ca4e956d93308aaaf826c4a1cbb5007ac", kill_on_drop: false }`
[INFO] running `Command { std: "docker" "rm" "-f" "4d8c7204da0a4f1b1957c1243b9b481ca4e956d93308aaaf826c4a1cbb5007ac", kill_on_drop: false }`
[INFO] [stdout] 4d8c7204da0a4f1b1957c1243b9b481ca4e956d93308aaaf826c4a1cbb5007ac
[INFO] testing yaxpeax-arch-0.2.7 against beta-2023-12-22 for beta-1.76-1
[INFO] extracting crate yaxpeax-arch 0.2.7 into /workspace/builds/worker-0-tc2/source
[INFO] validating manifest of crates.io crate yaxpeax-arch 0.2.7 on toolchain beta-2023-12-22
[INFO] running `Command { std: CARGO_HOME="/workspace/cargo-home" RUSTUP_HOME="/workspace/rustup-home" "/workspace/cargo-home/bin/cargo" "+beta-2023-12-22" "metadata" "--manifest-path" "Cargo.toml" "--no-deps", kill_on_drop: false }`
[INFO] removed /workspace/builds/worker-0-tc2/source/rust-toolchain
[INFO] started tweaking crates.io crate yaxpeax-arch 0.2.7
[INFO] finished tweaking crates.io crate yaxpeax-arch 0.2.7
[INFO] tweaked toml for crates.io crate yaxpeax-arch 0.2.7 written to /workspace/builds/worker-0-tc2/source/Cargo.toml
[INFO] running `Command { std: CARGO_HOME="/workspace/cargo-home" RUSTUP_HOME="/workspace/rustup-home" "/workspace/cargo-home/bin/cargo" "+beta-2023-12-22" "generate-lockfile" "--manifest-path" "Cargo.toml", kill_on_drop: false }`
[INFO] [stderr]     Updating crates.io index
[INFO] running `Command { std: CARGO_HOME="/workspace/cargo-home" RUSTUP_HOME="/workspace/rustup-home" "/workspace/cargo-home/bin/cargo" "+beta-2023-12-22" "fetch" "--manifest-path" "Cargo.toml", kill_on_drop: false }`
[INFO] running `Command { std: "docker" "create" "-v" "/var/lib/crater-agent-workspace/builds/worker-0-tc2/target:/opt/rustwide/target:rw,Z" "-v" "/var/lib/crater-agent-workspace/builds/worker-0-tc2/source:/opt/rustwide/workdir:ro,Z" "-v" "/var/lib/crater-agent-workspace/cargo-home:/opt/rustwide/cargo-home:ro,Z" "-v" "/var/lib/crater-agent-workspace/rustup-home:/opt/rustwide/rustup-home:ro,Z" "-e" "SOURCE_DIR=/opt/rustwide/workdir" "-e" "CARGO_TARGET_DIR=/opt/rustwide/target" "-e" "CARGO_HOME=/opt/rustwide/cargo-home" "-e" "RUSTUP_HOME=/opt/rustwide/rustup-home" "-w" "/opt/rustwide/workdir" "-m" "1610612736" "--user" "0:0" "--network" "none" "ghcr.io/rust-lang/crates-build-env/linux@sha256:2788e3201cd34a07e3172128adcd8b3090168a8e3bcc40d7c032b9dda1df7d1c" "/opt/rustwide/cargo-home/bin/cargo" "+beta-2023-12-22" "metadata" "--no-deps" "--format-version=1", kill_on_drop: false }`
[INFO] [stdout] 3bc8296e0cec3cbca2b274bb6e49f019f0e86a229d17692bdfe64dd788a7d2c3
[INFO] running `Command { std: "docker" "start" "-a" "3bc8296e0cec3cbca2b274bb6e49f019f0e86a229d17692bdfe64dd788a7d2c3", kill_on_drop: false }`
[INFO] running `Command { std: "docker" "inspect" "3bc8296e0cec3cbca2b274bb6e49f019f0e86a229d17692bdfe64dd788a7d2c3", kill_on_drop: false }`
[INFO] running `Command { std: "docker" "rm" "-f" "3bc8296e0cec3cbca2b274bb6e49f019f0e86a229d17692bdfe64dd788a7d2c3", kill_on_drop: false }`
[INFO] [stdout] 3bc8296e0cec3cbca2b274bb6e49f019f0e86a229d17692bdfe64dd788a7d2c3
[INFO] running `Command { std: "docker" "create" "-v" "/var/lib/crater-agent-workspace/builds/worker-0-tc2/target:/opt/rustwide/target:rw,Z" "-v" "/var/lib/crater-agent-workspace/builds/worker-0-tc2/source:/opt/rustwide/workdir:ro,Z" "-v" "/var/lib/crater-agent-workspace/cargo-home:/opt/rustwide/cargo-home:ro,Z" "-v" "/var/lib/crater-agent-workspace/rustup-home:/opt/rustwide/rustup-home:ro,Z" "-e" "SOURCE_DIR=/opt/rustwide/workdir" "-e" "CARGO_TARGET_DIR=/opt/rustwide/target" "-e" "CARGO_INCREMENTAL=0" "-e" "RUST_BACKTRACE=full" "-e" "RUSTFLAGS=--cap-lints=warn" "-e" "RUSTDOCFLAGS=--cap-lints=warn" "-e" "CARGO_HOME=/opt/rustwide/cargo-home" "-e" "RUSTUP_HOME=/opt/rustwide/rustup-home" "-w" "/opt/rustwide/workdir" "-m" "1610612736" "--user" "0:0" "--network" "none" "ghcr.io/rust-lang/crates-build-env/linux@sha256:2788e3201cd34a07e3172128adcd8b3090168a8e3bcc40d7c032b9dda1df7d1c" "/opt/rustwide/cargo-home/bin/cargo" "+beta-2023-12-22" "build" "--frozen" "--message-format=json", kill_on_drop: false }`
[INFO] [stdout] 7ec549c237edbd1f8b64712c453b9267bb17f7f01e659e6562467c11881ca001
[INFO] running `Command { std: "docker" "start" "-a" "7ec549c237edbd1f8b64712c453b9267bb17f7f01e659e6562467c11881ca001", kill_on_drop: false }`
[INFO] [stderr]    Compiling lock_api v0.4.11
[INFO] [stderr]    Compiling parking_lot_core v0.8.6
[INFO] [stderr]    Compiling instant v0.1.12
[INFO] [stderr]    Compiling smallvec v1.11.2
[INFO] [stderr]    Compiling signal-hook-registry v1.4.1
[INFO] [stderr]    Compiling mio v0.7.14
[INFO] [stderr]    Compiling syn v2.0.48
[INFO] [stderr]    Compiling signal-hook v0.1.17
[INFO] [stderr]    Compiling parking_lot v0.11.2
[INFO] [stderr]    Compiling crossterm v0.19.0
[INFO] [stderr]    Compiling serde_derive v1.0.194
[INFO] [stderr]    Compiling yaxpeax-arch v0.2.7 (/opt/rustwide/workdir)
[INFO] [stderr]     Finished dev [unoptimized + debuginfo] target(s) in 4.12s
[INFO] running `Command { std: "docker" "inspect" "7ec549c237edbd1f8b64712c453b9267bb17f7f01e659e6562467c11881ca001", kill_on_drop: false }`
[INFO] running `Command { std: "docker" "rm" "-f" "7ec549c237edbd1f8b64712c453b9267bb17f7f01e659e6562467c11881ca001", kill_on_drop: false }`
[INFO] [stdout] 7ec549c237edbd1f8b64712c453b9267bb17f7f01e659e6562467c11881ca001
[INFO] running `Command { std: "docker" "create" "-v" "/var/lib/crater-agent-workspace/builds/worker-0-tc2/target:/opt/rustwide/target:rw,Z" "-v" "/var/lib/crater-agent-workspace/builds/worker-0-tc2/source:/opt/rustwide/workdir:ro,Z" "-v" "/var/lib/crater-agent-workspace/cargo-home:/opt/rustwide/cargo-home:ro,Z" "-v" "/var/lib/crater-agent-workspace/rustup-home:/opt/rustwide/rustup-home:ro,Z" "-e" "SOURCE_DIR=/opt/rustwide/workdir" "-e" "CARGO_TARGET_DIR=/opt/rustwide/target" "-e" "CARGO_INCREMENTAL=0" "-e" "RUST_BACKTRACE=full" "-e" "RUSTFLAGS=--cap-lints=warn" "-e" "RUSTDOCFLAGS=--cap-lints=warn" "-e" "CARGO_HOME=/opt/rustwide/cargo-home" "-e" "RUSTUP_HOME=/opt/rustwide/rustup-home" "-w" "/opt/rustwide/workdir" "-m" "1610612736" "--user" "0:0" "--network" "none" "ghcr.io/rust-lang/crates-build-env/linux@sha256:2788e3201cd34a07e3172128adcd8b3090168a8e3bcc40d7c032b9dda1df7d1c" "/opt/rustwide/cargo-home/bin/cargo" "+beta-2023-12-22" "test" "--frozen" "--no-run" "--message-format=json", kill_on_drop: false }`
[INFO] [stdout] 725e61d75ffe63ad8e0ac29519a039f4224fc0865444637fe690a36e9122cabb
[INFO] running `Command { std: "docker" "start" "-a" "725e61d75ffe63ad8e0ac29519a039f4224fc0865444637fe690a36e9122cabb", kill_on_drop: false }`
[INFO] [stderr]    Compiling anyhow v1.0.79
[INFO] [stderr]    Compiling thiserror-impl v1.0.56
[INFO] [stderr]    Compiling thiserror v1.0.56
[INFO] [stderr]    Compiling yaxpeax-arch v0.2.7 (/opt/rustwide/workdir)
[INFO] [stderr]     Finished test [unoptimized + debuginfo] target(s) in 2.43s
[INFO] running `Command { std: "docker" "inspect" "725e61d75ffe63ad8e0ac29519a039f4224fc0865444637fe690a36e9122cabb", kill_on_drop: false }`
[INFO] running `Command { std: "docker" "rm" "-f" "725e61d75ffe63ad8e0ac29519a039f4224fc0865444637fe690a36e9122cabb", kill_on_drop: false }`
[INFO] [stdout] 725e61d75ffe63ad8e0ac29519a039f4224fc0865444637fe690a36e9122cabb
[INFO] running `Command { std: "docker" "create" "-v" "/var/lib/crater-agent-workspace/builds/worker-0-tc2/target:/opt/rustwide/target:rw,Z" "-v" "/var/lib/crater-agent-workspace/builds/worker-0-tc2/source:/opt/rustwide/workdir:ro,Z" "-v" "/var/lib/crater-agent-workspace/cargo-home:/opt/rustwide/cargo-home:ro,Z" "-v" "/var/lib/crater-agent-workspace/rustup-home:/opt/rustwide/rustup-home:ro,Z" "-e" "SOURCE_DIR=/opt/rustwide/workdir" "-e" "CARGO_TARGET_DIR=/opt/rustwide/target" "-e" "CARGO_INCREMENTAL=0" "-e" "RUST_BACKTRACE=full" "-e" "RUSTFLAGS=--cap-lints=warn" "-e" "RUSTDOCFLAGS=--cap-lints=warn" "-e" "CARGO_HOME=/opt/rustwide/cargo-home" "-e" "RUSTUP_HOME=/opt/rustwide/rustup-home" "-w" "/opt/rustwide/workdir" "-m" "1610612736" "--user" "0:0" "--network" "none" "ghcr.io/rust-lang/crates-build-env/linux@sha256:2788e3201cd34a07e3172128adcd8b3090168a8e3bcc40d7c032b9dda1df7d1c" "/opt/rustwide/cargo-home/bin/cargo" "+beta-2023-12-22" "test" "--frozen", kill_on_drop: false }`
[INFO] [stdout] fedfafcd1d3bc563af39d297585d396ada05001b4799af3e098ede334a1f6fe4
[INFO] running `Command { std: "docker" "start" "-a" "fedfafcd1d3bc563af39d297585d396ada05001b4799af3e098ede334a1f6fe4", kill_on_drop: false }`
[INFO] [stderr]     Finished test [unoptimized + debuginfo] target(s) in 0.03s
[INFO] [stderr]      Running unittests src/lib.rs (/opt/rustwide/target/debug/deps/yaxpeax_arch-91c246f4907201a9)
[INFO] [stdout] 
[INFO] [stdout] running 0 tests
[INFO] [stdout] 
[INFO] [stdout] test result: ok. 0 passed; 0 failed; 0 ignored; 0 measured; 0 filtered out; finished in 0.00s
[INFO] [stdout] 
[INFO] [stderr]      Running tests/lib.rs (/opt/rustwide/target/debug/deps/lib-fe7785bbb4dd464f)
[INFO] [stdout] 
[INFO] [stdout] running 4 tests
[INFO] [stdout] test error_can_bail ... ok
[INFO] [stdout] test generic_error_can_bail ... ok
[INFO] [stdout] test reader::reader_offset_is_words_not_bytes ... ok
[INFO] [stdout] test test_u16 ... ok
[INFO] [stdout] 
[INFO] [stdout] test result: ok. 4 passed; 0 failed; 0 ignored; 0 measured; 0 filtered out; finished in 0.19s
[INFO] [stdout] 
[INFO] [stderr]      Running tests/reader.rs (/opt/rustwide/target/debug/deps/reader-82ff8b60ac69a690)
[INFO] [stdout] 
[INFO] [stdout] running 1 test
[INFO] [stdout] test reader_offset_is_words_not_bytes ... ok
[INFO] [stdout] 
[INFO] [stdout] test result: ok. 1 passed; 0 failed; 0 ignored; 0 measured; 0 filtered out; finished in 0.00s
[INFO] [stdout] 
[INFO] [stderr]    Doc-tests yaxpeax-arch
[INFO] [stdout] 
[INFO] [stdout] running 2 tests
[INFO] [stdout] test src/annotation/mod.rs - annotation (line 21) ... FAILED
[INFO] [stdout] test src/address/mod.rs - address::AddressDiff (line 27) ... ok
[INFO] [stdout] 
[INFO] [stdout] failures:
[INFO] [stdout] 
[INFO] [stdout] ---- src/annotation/mod.rs - annotation (line 21) stdout ----
[INFO] [stdout] error[E0405]: cannot find trait `Arch` in this scope
[INFO] [stdout]  --> src/annotation/mod.rs:22:31
[INFO] [stdout]   |
[INFO] [stdout] 3 | fn show_field_descriptions<A: Arch>(decoder: A::Decoder, buf: &[u8])
[INFO] [stdout]   |                               ^^^^ not found in this scope
[INFO] [stdout]   |
[INFO] [stdout] help: consider importing this trait
[INFO] [stdout]   |
[INFO] [stdout] 2 + use yaxpeax_arch::Arch;
[INFO] [stdout]   |
[INFO] [stdout] 
[INFO] [stdout] error[E0405]: cannot find trait `AnnotatingDecoder` in this scope
[INFO] [stdout]  --> src/annotation/mod.rs:24:17
[INFO] [stdout]   |
[INFO] [stdout] 5 |     A::Decoder: AnnotatingDecoder<A>,
[INFO] [stdout]   |                 ^^^^^^^^^^^^^^^^^ not found in this scope
[INFO] [stdout]   |
[INFO] [stdout] help: consider importing this trait
[INFO] [stdout]   |
[INFO] [stdout] 2 + use yaxpeax_arch::annotation::AnnotatingDecoder;
[INFO] [stdout]   |
[INFO] [stdout] 
[INFO] [stdout] error[E0433]: failed to resolve: use of undeclared crate or module `fmt`
[INFO] [stdout]  --> src/annotation/mod.rs:25:21
[INFO] [stdout]   |
[INFO] [stdout] 6 |     A::Instruction: fmt::Display, for<'data> U8Reader<'data>: Reader<A::Address, A::Word>,
[INFO] [stdout]   |                     ^^^ use of undeclared crate or module `fmt`
[INFO] [stdout]   |
[INFO] [stdout] help: consider importing one of these items
[INFO] [stdout]   |
[INFO] [stdout] 2 + use core::fmt;
[INFO] [stdout]   |
[INFO] [stdout] 2 + use serde::__private::fmt;
[INFO] [stdout]   |
[INFO] [stdout] 2 + use std::fmt;
[INFO] [stdout]   |
[INFO] [stdout] 
[INFO] [stdout] error[E0412]: cannot find type `U8Reader` in this scope
[INFO] [stdout]  --> src/annotation/mod.rs:25:46
[INFO] [stdout]   |
[INFO] [stdout] 6 |     A::Instruction: fmt::Display, for<'data> U8Reader<'data>: Reader<A::Address, A::Word>,
[INFO] [stdout]   |                                              ^^^^^^^^ not found in this scope
[INFO] [stdout]   |
[INFO] [stdout] help: consider importing this struct
[INFO] [stdout]   |
[INFO] [stdout] 2 + use yaxpeax_arch::U8Reader;
[INFO] [stdout]   |
[INFO] [stdout] 
[INFO] [stdout] error[E0405]: cannot find trait `Reader` in this scope
[INFO] [stdout]  --> src/annotation/mod.rs:25:63
[INFO] [stdout]   |
[INFO] [stdout] 6 |     A::Instruction: fmt::Display, for<'data> U8Reader<'data>: Reader<A::Address, A::Word>,
[INFO] [stdout]   |                                                               ^^^^^^ not found in this scope
[INFO] [stdout]   |
[INFO] [stdout] help: consider importing this trait
[INFO] [stdout]   |
[INFO] [stdout] 2 + use yaxpeax_arch::Reader;
[INFO] [stdout]   |
[INFO] [stdout] 
[INFO] [stdout] error[E0433]: failed to resolve: use of undeclared type `U8Reader`
[INFO] [stdout]  --> src/annotation/mod.rs:28:22
[INFO] [stdout]   |
[INFO] [stdout] 9 |     let mut reader = U8Reader::new(buf);
[INFO] [stdout]   |                      ^^^^^^^^ use of undeclared type `U8Reader`
[INFO] [stdout]   |
[INFO] [stdout] help: consider importing this struct
[INFO] [stdout]   |
[INFO] [stdout] 2 + use yaxpeax_arch::U8Reader;
[INFO] [stdout]   |
[INFO] [stdout] 
[INFO] [stdout] error[E0412]: cannot find type `VecSink` in this scope
[INFO] [stdout]   --> src/annotation/mod.rs:29:19
[INFO] [stdout]    |
[INFO] [stdout] 10 |     let mut sink: VecSink<<A::Decoder as AnnotatingDecoder<A>>::FieldDescription> = VecSink::new();
[INFO] [stdout]    |                   ^^^^^^^ not found in this scope
[INFO] [stdout]    |
[INFO] [stdout] help: consider importing this struct
[INFO] [stdout]    |
[INFO] [stdout] 2  + use yaxpeax_arch::annotation::VecSink;
[INFO] [stdout]    |
[INFO] [stdout] 
[INFO] [stdout] error[E0405]: cannot find trait `AnnotatingDecoder` in this scope
[INFO] [stdout]   --> src/annotation/mod.rs:29:42
[INFO] [stdout]    |
[INFO] [stdout] 10 |     let mut sink: VecSink<<A::Decoder as AnnotatingDecoder<A>>::FieldDescription> = VecSink::new();
[INFO] [stdout]    |                                          ^^^^^^^^^^^^^^^^^ not found in this scope
[INFO] [stdout]    |
[INFO] [stdout] help: consider importing this trait
[INFO] [stdout]    |
[INFO] [stdout] 2  + use yaxpeax_arch::annotation::AnnotatingDecoder;
[INFO] [stdout]    |
[INFO] [stdout] 
[INFO] [stdout] error[E0433]: failed to resolve: use of undeclared type `VecSink`
[INFO] [stdout]   --> src/annotation/mod.rs:29:85
[INFO] [stdout]    |
[INFO] [stdout] 10 |     let mut sink: VecSink<<A::Decoder as AnnotatingDecoder<A>>::FieldDescription> = VecSink::new();
[INFO] [stdout]    |                                                                                     ^^^^^^^ use of undeclared type `VecSink`
[INFO] [stdout]    |
[INFO] [stdout] help: consider importing this struct
[INFO] [stdout]    |
[INFO] [stdout] 2  + use yaxpeax_arch::annotation::VecSink;
[INFO] [stdout]    |
[INFO] [stdout] 
[INFO] [stdout] error[E0423]: expected function, found macro `println`
[INFO] [stdout]   --> src/annotation/mod.rs:35:9
[INFO] [stdout]    |
[INFO] [stdout] 16 |         println("  bits [{}, {}]: {}", start, end, desc);
[INFO] [stdout]    |         ^^^^^^^ not a function
[INFO] [stdout]    |
[INFO] [stdout] help: use `!` to invoke the macro
[INFO] [stdout]    |
[INFO] [stdout] 16 |         println!("  bits [{}, {}]: {}", start, end, desc);
[INFO] [stdout]    |                +
[INFO] [stdout] 
[INFO] [stdout] error: aborting due to 10 previous errors
[INFO] [stdout] 
[INFO] [stdout] Some errors have detailed explanations: E0405, E0412, E0423, E0433.
[INFO] [stdout] For more information about an error, try `rustc --explain E0405`.
[INFO] [stdout] Couldn't compile the test.
[INFO] [stdout] 
[INFO] [stdout] failures:
[INFO] [stdout]     src/annotation/mod.rs - annotation (line 21)
[INFO] [stdout] 
[INFO] [stdout] test result: FAILED. 1 passed; 1 failed; 0 ignored; 0 measured; 0 filtered out; finished in 0.22s
[INFO] [stdout] 
[INFO] [stderr] error: doctest failed, to rerun pass `--doc`
[INFO] running `Command { std: "docker" "inspect" "fedfafcd1d3bc563af39d297585d396ada05001b4799af3e098ede334a1f6fe4", kill_on_drop: false }`
[INFO] running `Command { std: "docker" "rm" "-f" "fedfafcd1d3bc563af39d297585d396ada05001b4799af3e098ede334a1f6fe4", kill_on_drop: false }`
[INFO] [stdout] fedfafcd1d3bc563af39d297585d396ada05001b4799af3e098ede334a1f6fe4
