[INFO] fetching crate yareio 0.1.4...
[INFO] testing yareio-0.1.4 against 1.75.0 for beta-1.76-1
[INFO] extracting crate yareio 0.1.4 into /workspace/builds/worker-3-tc1/source
[INFO] validating manifest of crates.io crate yareio 0.1.4 on toolchain 1.75.0
[INFO] running `Command { std: CARGO_HOME="/workspace/cargo-home" RUSTUP_HOME="/workspace/rustup-home" "/workspace/cargo-home/bin/cargo" "+1.75.0" "metadata" "--manifest-path" "Cargo.toml" "--no-deps", kill_on_drop: false }`
[INFO] started tweaking crates.io crate yareio 0.1.4
[INFO] finished tweaking crates.io crate yareio 0.1.4
[INFO] tweaked toml for crates.io crate yareio 0.1.4 written to /workspace/builds/worker-3-tc1/source/Cargo.toml
[INFO] running `Command { std: CARGO_HOME="/workspace/cargo-home" RUSTUP_HOME="/workspace/rustup-home" "/workspace/cargo-home/bin/cargo" "+1.75.0" "generate-lockfile" "--manifest-path" "Cargo.toml", kill_on_drop: false }`
[INFO] [stderr]     Blocking waiting for file lock on package cache
[INFO] [stderr]     Updating crates.io index
[INFO] running `Command { std: CARGO_HOME="/workspace/cargo-home" RUSTUP_HOME="/workspace/rustup-home" "/workspace/cargo-home/bin/cargo" "+1.75.0" "fetch" "--manifest-path" "Cargo.toml", kill_on_drop: false }`
[INFO] [stderr]     Blocking waiting for file lock on package cache
[INFO] running `Command { std: "docker" "create" "-v" "/var/lib/crater-agent-workspace/builds/worker-3-tc1/target:/opt/rustwide/target:rw,Z" "-v" "/var/lib/crater-agent-workspace/builds/worker-3-tc1/source:/opt/rustwide/workdir:ro,Z" "-v" "/var/lib/crater-agent-workspace/cargo-home:/opt/rustwide/cargo-home:ro,Z" "-v" "/var/lib/crater-agent-workspace/rustup-home:/opt/rustwide/rustup-home:ro,Z" "-e" "SOURCE_DIR=/opt/rustwide/workdir" "-e" "CARGO_TARGET_DIR=/opt/rustwide/target" "-e" "CARGO_HOME=/opt/rustwide/cargo-home" "-e" "RUSTUP_HOME=/opt/rustwide/rustup-home" "-w" "/opt/rustwide/workdir" "-m" "1610612736" "--user" "0:0" "--network" "none" "ghcr.io/rust-lang/crates-build-env/linux@sha256:2788e3201cd34a07e3172128adcd8b3090168a8e3bcc40d7c032b9dda1df7d1c" "/opt/rustwide/cargo-home/bin/cargo" "+1.75.0" "metadata" "--no-deps" "--format-version=1", kill_on_drop: false }`
[INFO] [stdout] 9fada972fac7e9dac7963e8dde9221d1886ef74363639205920c95bb16904441
[INFO] running `Command { std: "docker" "start" "-a" "9fada972fac7e9dac7963e8dde9221d1886ef74363639205920c95bb16904441", kill_on_drop: false }`
[INFO] running `Command { std: "docker" "inspect" "9fada972fac7e9dac7963e8dde9221d1886ef74363639205920c95bb16904441", kill_on_drop: false }`
[INFO] running `Command { std: "docker" "rm" "-f" "9fada972fac7e9dac7963e8dde9221d1886ef74363639205920c95bb16904441", kill_on_drop: false }`
[INFO] [stdout] 9fada972fac7e9dac7963e8dde9221d1886ef74363639205920c95bb16904441
[INFO] running `Command { std: "docker" "create" "-v" "/var/lib/crater-agent-workspace/builds/worker-3-tc1/target:/opt/rustwide/target:rw,Z" "-v" "/var/lib/crater-agent-workspace/builds/worker-3-tc1/source:/opt/rustwide/workdir:ro,Z" "-v" "/var/lib/crater-agent-workspace/cargo-home:/opt/rustwide/cargo-home:ro,Z" "-v" "/var/lib/crater-agent-workspace/rustup-home:/opt/rustwide/rustup-home:ro,Z" "-e" "SOURCE_DIR=/opt/rustwide/workdir" "-e" "CARGO_TARGET_DIR=/opt/rustwide/target" "-e" "CARGO_INCREMENTAL=0" "-e" "RUST_BACKTRACE=full" "-e" "RUSTFLAGS=--cap-lints=warn" "-e" "RUSTDOCFLAGS=--cap-lints=warn" "-e" "CARGO_HOME=/opt/rustwide/cargo-home" "-e" "RUSTUP_HOME=/opt/rustwide/rustup-home" "-w" "/opt/rustwide/workdir" "-m" "1610612736" "--user" "0:0" "--network" "none" "ghcr.io/rust-lang/crates-build-env/linux@sha256:2788e3201cd34a07e3172128adcd8b3090168a8e3bcc40d7c032b9dda1df7d1c" "/opt/rustwide/cargo-home/bin/cargo" "+1.75.0" "build" "--frozen" "--message-format=json", kill_on_drop: false }`
[INFO] [stdout] 0d208ac045b0d563bb78e825be03937fc6e9376e827970424cba31c3dd842154
[INFO] running `Command { std: "docker" "start" "-a" "0d208ac045b0d563bb78e825be03937fc6e9376e827970424cba31c3dd842154", kill_on_drop: false }`
[INFO] [stderr]    Compiling yareio v0.1.4 (/opt/rustwide/workdir)
[INFO] [stderr]     Finished dev [unoptimized + debuginfo] target(s) in 0.32s
[INFO] running `Command { std: "docker" "inspect" "0d208ac045b0d563bb78e825be03937fc6e9376e827970424cba31c3dd842154", kill_on_drop: false }`
[INFO] running `Command { std: "docker" "rm" "-f" "0d208ac045b0d563bb78e825be03937fc6e9376e827970424cba31c3dd842154", kill_on_drop: false }`
[INFO] [stdout] 0d208ac045b0d563bb78e825be03937fc6e9376e827970424cba31c3dd842154
[INFO] running `Command { std: "docker" "create" "-v" "/var/lib/crater-agent-workspace/builds/worker-3-tc1/target:/opt/rustwide/target:rw,Z" "-v" "/var/lib/crater-agent-workspace/builds/worker-3-tc1/source:/opt/rustwide/workdir:ro,Z" "-v" "/var/lib/crater-agent-workspace/cargo-home:/opt/rustwide/cargo-home:ro,Z" "-v" "/var/lib/crater-agent-workspace/rustup-home:/opt/rustwide/rustup-home:ro,Z" "-e" "SOURCE_DIR=/opt/rustwide/workdir" "-e" "CARGO_TARGET_DIR=/opt/rustwide/target" "-e" "CARGO_INCREMENTAL=0" "-e" "RUST_BACKTRACE=full" "-e" "RUSTFLAGS=--cap-lints=warn" "-e" "RUSTDOCFLAGS=--cap-lints=warn" "-e" "CARGO_HOME=/opt/rustwide/cargo-home" "-e" "RUSTUP_HOME=/opt/rustwide/rustup-home" "-w" "/opt/rustwide/workdir" "-m" "1610612736" "--user" "0:0" "--network" "none" "ghcr.io/rust-lang/crates-build-env/linux@sha256:2788e3201cd34a07e3172128adcd8b3090168a8e3bcc40d7c032b9dda1df7d1c" "/opt/rustwide/cargo-home/bin/cargo" "+1.75.0" "test" "--frozen" "--no-run" "--message-format=json", kill_on_drop: false }`
[INFO] [stdout] a254bb5651841dd7b5bb73242f20a85fa71b748cc064e2329dfc9fb704a9d97b
[INFO] running `Command { std: "docker" "start" "-a" "a254bb5651841dd7b5bb73242f20a85fa71b748cc064e2329dfc9fb704a9d97b", kill_on_drop: false }`
[INFO] [stderr]    Compiling yareio v0.1.4 (/opt/rustwide/workdir)
[INFO] [stderr]     Finished test [unoptimized + debuginfo] target(s) in 0.34s
[INFO] running `Command { std: "docker" "inspect" "a254bb5651841dd7b5bb73242f20a85fa71b748cc064e2329dfc9fb704a9d97b", kill_on_drop: false }`
[INFO] running `Command { std: "docker" "rm" "-f" "a254bb5651841dd7b5bb73242f20a85fa71b748cc064e2329dfc9fb704a9d97b", kill_on_drop: false }`
[INFO] [stdout] a254bb5651841dd7b5bb73242f20a85fa71b748cc064e2329dfc9fb704a9d97b
[INFO] running `Command { std: "docker" "create" "-v" "/var/lib/crater-agent-workspace/builds/worker-3-tc1/target:/opt/rustwide/target:rw,Z" "-v" "/var/lib/crater-agent-workspace/builds/worker-3-tc1/source:/opt/rustwide/workdir:ro,Z" "-v" "/var/lib/crater-agent-workspace/cargo-home:/opt/rustwide/cargo-home:ro,Z" "-v" "/var/lib/crater-agent-workspace/rustup-home:/opt/rustwide/rustup-home:ro,Z" "-e" "SOURCE_DIR=/opt/rustwide/workdir" "-e" "CARGO_TARGET_DIR=/opt/rustwide/target" "-e" "CARGO_INCREMENTAL=0" "-e" "RUST_BACKTRACE=full" "-e" "RUSTFLAGS=--cap-lints=warn" "-e" "RUSTDOCFLAGS=--cap-lints=warn" "-e" "CARGO_HOME=/opt/rustwide/cargo-home" "-e" "RUSTUP_HOME=/opt/rustwide/rustup-home" "-w" "/opt/rustwide/workdir" "-m" "1610612736" "--user" "0:0" "--network" "none" "ghcr.io/rust-lang/crates-build-env/linux@sha256:2788e3201cd34a07e3172128adcd8b3090168a8e3bcc40d7c032b9dda1df7d1c" "/opt/rustwide/cargo-home/bin/cargo" "+1.75.0" "test" "--frozen", kill_on_drop: false }`
[INFO] [stdout] 84f4a796c2984184fb7dbcedc243ace07c21c06ebaeb875a1876d82d871d101d
[INFO] running `Command { std: "docker" "start" "-a" "84f4a796c2984184fb7dbcedc243ace07c21c06ebaeb875a1876d82d871d101d", kill_on_drop: false }`
[INFO] [stderr]     Finished test [unoptimized + debuginfo] target(s) in 0.01s
[INFO] [stderr]      Running unittests src/lib.rs (/opt/rustwide/target/debug/deps/yareio-49d316cdc3121c9d)
[INFO] [stdout] 
[INFO] [stdout] running 0 tests
[INFO] [stdout] 
[INFO] [stdout] test result: ok. 0 passed; 0 failed; 0 ignored; 0 measured; 0 filtered out; finished in 0.00s
[INFO] [stdout] 
[INFO] [stderr]    Doc-tests yareio
[INFO] [stdout] 
[INFO] [stdout] running 8 tests
[INFO] [stdout] test src/bindings/base.rs - bindings::base::count (line 92) ... FAILED
[INFO] [stdout] test src/bindings/position.rs - bindings::position::Position (line 6) ... FAILED
[INFO] [stdout] test src/bindings/outpost.rs - bindings::outpost::count (line 22) ... FAILED
[INFO] [stdout] test src/bindings/console.rs - bindings::console::log (line 11) ... FAILED
[INFO] [stdout] test src/bindings/star.rs - bindings::star::count (line 22) ... FAILED
[INFO] [stdout] test src/bindings/spirit.rs - bindings::spirit::count (line 30) ... FAILED
[INFO] [stdout] test src/bindings/spirit.rs - bindings::spirit::shout (line 136) ... FAILED
[INFO] [stdout] test src/lib.rs - (line 5) ... ok
[INFO] [stderr] error: doctest failed, to rerun pass `--doc`
[INFO] [stdout] 
[INFO] [stdout] failures:
[INFO] [stdout] 
[INFO] [stdout] ---- src/bindings/base.rs - bindings::base::count (line 92) stdout ----
[INFO] [stdout] error[E0433]: failed to resolve: use of undeclared crate or module `base`
[INFO] [stdout]  --> src/bindings/base.rs:93:26
[INFO] [stdout]   |
[INFO] [stdout] 3 | for index in 0..unsafe { base::count() } {
[INFO] [stdout]   |                          ^^^^ use of undeclared crate or module `base`
[INFO] [stdout]   |
[INFO] [stdout] help: consider importing this module
[INFO] [stdout]   |
[INFO] [stdout] 2 + use yareio::base;
[INFO] [stdout]   |
[INFO] [stdout] 
[INFO] [stdout] error: aborting due to previous error
[INFO] [stdout] 
[INFO] [stdout] For more information about this error, try `rustc --explain E0433`.
[INFO] [stdout] Couldn't compile the test.
[INFO] [stdout] ---- src/bindings/position.rs - bindings::position::Position (line 6) stdout ----
[INFO] [stdout] error[E0433]: failed to resolve: use of undeclared crate or module `spirit`
[INFO] [stdout]  --> src/bindings/position.rs:7:25
[INFO] [stdout]   |
[INFO] [stdout] 3 | let Position { x, y } = spirit::position(index);
[INFO] [stdout]   |                         ^^^^^^ use of undeclared crate or module `spirit`
[INFO] [stdout]   |
[INFO] [stdout] help: consider importing this module
[INFO] [stdout]   |
[INFO] [stdout] 2 + use yareio::spirit;
[INFO] [stdout]   |
[INFO] [stdout] 
[INFO] [stdout] error[E0425]: cannot find value `index` in this scope
[INFO] [stdout]  --> src/bindings/position.rs:7:42
[INFO] [stdout]   |
[INFO] [stdout] 3 | let Position { x, y } = spirit::position(index);
[INFO] [stdout]   |                                          ^^^^^ not found in this scope
[INFO] [stdout] 
[INFO] [stdout] error[E0422]: cannot find struct, variant or union type `Position` in this scope
[INFO] [stdout]  --> src/bindings/position.rs:7:5
[INFO] [stdout]   |
[INFO] [stdout] 3 | let Position { x, y } = spirit::position(index);
[INFO] [stdout]   |     ^^^^^^^^ not found in this scope
[INFO] [stdout]   |
[INFO] [stdout] help: consider importing this struct
[INFO] [stdout]   |
[INFO] [stdout] 2 + use yareio::position::Position;
[INFO] [stdout]   |
[INFO] [stdout] 
[INFO] [stdout] error[E0422]: cannot find struct, variant or union type `MyVectorStruct` in this scope
[INFO] [stdout]  --> src/bindings/position.rs:8:11
[INFO] [stdout]   |
[INFO] [stdout] 4 | let pos = MyVectorStruct { x, y };
[INFO] [stdout]   |           ^^^^^^^^^^^^^^ not found in this scope
[INFO] [stdout] 
[INFO] [stdout] error: aborting due to 4 previous errors
[INFO] [stdout] 
[INFO] [stdout] Some errors have detailed explanations: E0422, E0425, E0433.
[INFO] [stdout] For more information about an error, try `rustc --explain E0422`.
[INFO] [stdout] Couldn't compile the test.
[INFO] [stdout] ---- src/bindings/outpost.rs - bindings::outpost::count (line 22) stdout ----
[INFO] [stdout] error[E0433]: failed to resolve: use of undeclared crate or module `outpost`
[INFO] [stdout]  --> src/bindings/outpost.rs:23:26
[INFO] [stdout]   |
[INFO] [stdout] 3 | for index in 0..unsafe { outpost::count() } {
[INFO] [stdout]   |                          ^^^^^^^ use of undeclared crate or module `outpost`
[INFO] [stdout]   |
[INFO] [stdout] help: consider importing this module
[INFO] [stdout]   |
[INFO] [stdout] 2 + use yareio::outpost;
[INFO] [stdout]   |
[INFO] [stdout] 
[INFO] [stdout] error: aborting due to previous error
[INFO] [stdout] 
[INFO] [stdout] For more information about this error, try `rustc --explain E0433`.
[INFO] [stdout] Couldn't compile the test.
[INFO] [stdout] ---- src/bindings/console.rs - bindings::console::log (line 11) stdout ----
[INFO] [stdout] error[E0433]: failed to resolve: use of undeclared crate or module `console`
[INFO] [stdout]  --> src/bindings/console.rs:15:14
[INFO] [stdout]   |
[INFO] [stdout] 6 |     unsafe { console::log(c_string.as_ptr()) }
[INFO] [stdout]   |              ^^^^^^^ use of undeclared crate or module `console`
[INFO] [stdout]   |
[INFO] [stdout] help: consider importing this module
[INFO] [stdout]   |
[INFO] [stdout] 2 + use yareio::console;
[INFO] [stdout]   |
[INFO] [stdout] 
[INFO] [stdout] error: aborting due to previous error
[INFO] [stdout] 
[INFO] [stdout] For more information about this error, try `rustc --explain E0433`.
[INFO] [stdout] Couldn't compile the test.
[INFO] [stdout] ---- src/bindings/star.rs - bindings::star::count (line 22) stdout ----
[INFO] [stdout] error[E0433]: failed to resolve: use of undeclared crate or module `star`
[INFO] [stdout]  --> src/bindings/star.rs:23:26
[INFO] [stdout]   |
[INFO] [stdout] 3 | for index in 0..unsafe { star::count() } {
[INFO] [stdout]   |                          ^^^^ use of undeclared crate or module `star`
[INFO] [stdout]   |
[INFO] [stdout] help: a builtin type with a similar name exists
[INFO] [stdout]   |
[INFO] [stdout] 3 | for index in 0..unsafe { str::count() } {
[INFO] [stdout]   |                          ~~~
[INFO] [stdout] help: consider importing this module
[INFO] [stdout]   |
[INFO] [stdout] 2 + use yareio::star;
[INFO] [stdout]   |
[INFO] [stdout] 
[INFO] [stdout] error: aborting due to previous error
[INFO] [stdout] 
[INFO] [stdout] For more information about this error, try `rustc --explain E0433`.
[INFO] [stdout] Couldn't compile the test.
[INFO] [stdout] ---- src/bindings/spirit.rs - bindings::spirit::count (line 30) stdout ----
[INFO] [stdout] error[E0433]: failed to resolve: use of undeclared crate or module `spirit`
[INFO] [stdout]  --> src/bindings/spirit.rs:31:26
[INFO] [stdout]   |
[INFO] [stdout] 3 | for index in 0..unsafe { spirit::count() } {
[INFO] [stdout]   |                          ^^^^^^ use of undeclared crate or module `spirit`
[INFO] [stdout]   |
[INFO] [stdout] help: consider importing this module
[INFO] [stdout]   |
[INFO] [stdout] 2 + use yareio::spirit;
[INFO] [stdout]   |
[INFO] [stdout] 
[INFO] [stdout] error: aborting due to previous error
[INFO] [stdout] 
[INFO] [stdout] For more information about this error, try `rustc --explain E0433`.
[INFO] [stdout] Couldn't compile the test.
[INFO] [stdout] ---- src/bindings/spirit.rs - bindings::spirit::shout (line 136) stdout ----
[INFO] [stdout] error[E0433]: failed to resolve: use of undeclared crate or module `spirit`
[INFO] [stdout]  --> src/bindings/spirit.rs:140:14
[INFO] [stdout]   |
[INFO] [stdout] 6 |     unsafe { spirit::shout(spirit_index, c_string.as_ptr()) }
[INFO] [stdout]   |              ^^^^^^ use of undeclared crate or module `spirit`
[INFO] [stdout]   |
[INFO] [stdout] help: consider importing this module
[INFO] [stdout]   |
[INFO] [stdout] 2 + use yareio::spirit;
[INFO] [stdout]   |
[INFO] [stdout] 
[INFO] [stdout] error: aborting due to previous error
[INFO] [stdout] 
[INFO] [stdout] For more information about this error, try `rustc --explain E0433`.
[INFO] [stdout] Couldn't compile the test.
[INFO] [stdout] 
[INFO] [stdout] failures:
[INFO] [stdout]     src/bindings/base.rs - bindings::base::count (line 92)
[INFO] [stdout]     src/bindings/console.rs - bindings::console::log (line 11)
[INFO] [stdout]     src/bindings/outpost.rs - bindings::outpost::count (line 22)
[INFO] [stdout]     src/bindings/position.rs - bindings::position::Position (line 6)
[INFO] [stdout]     src/bindings/spirit.rs - bindings::spirit::count (line 30)
[INFO] [stdout]     src/bindings/spirit.rs - bindings::spirit::shout (line 136)
[INFO] [stdout]     src/bindings/star.rs - bindings::star::count (line 22)
[INFO] [stdout] 
[INFO] [stdout] test result: FAILED. 1 passed; 7 failed; 0 ignored; 0 measured; 0 filtered out; finished in 0.36s
[INFO] [stdout] 
[INFO] running `Command { std: "docker" "inspect" "84f4a796c2984184fb7dbcedc243ace07c21c06ebaeb875a1876d82d871d101d", kill_on_drop: false }`
[INFO] running `Command { std: "docker" "rm" "-f" "84f4a796c2984184fb7dbcedc243ace07c21c06ebaeb875a1876d82d871d101d", kill_on_drop: false }`
[INFO] [stdout] 84f4a796c2984184fb7dbcedc243ace07c21c06ebaeb875a1876d82d871d101d
[INFO] testing yareio-0.1.4 against beta-2023-12-22 for beta-1.76-1
[INFO] extracting crate yareio 0.1.4 into /workspace/builds/worker-3-tc2/source
[INFO] validating manifest of crates.io crate yareio 0.1.4 on toolchain beta-2023-12-22
[INFO] running `Command { std: CARGO_HOME="/workspace/cargo-home" RUSTUP_HOME="/workspace/rustup-home" "/workspace/cargo-home/bin/cargo" "+beta-2023-12-22" "metadata" "--manifest-path" "Cargo.toml" "--no-deps", kill_on_drop: false }`
[INFO] started tweaking crates.io crate yareio 0.1.4
[INFO] finished tweaking crates.io crate yareio 0.1.4
[INFO] tweaked toml for crates.io crate yareio 0.1.4 written to /workspace/builds/worker-3-tc2/source/Cargo.toml
[INFO] running `Command { std: CARGO_HOME="/workspace/cargo-home" RUSTUP_HOME="/workspace/rustup-home" "/workspace/cargo-home/bin/cargo" "+beta-2023-12-22" "generate-lockfile" "--manifest-path" "Cargo.toml", kill_on_drop: false }`
[INFO] [stderr]     Updating crates.io index
[INFO] running `Command { std: CARGO_HOME="/workspace/cargo-home" RUSTUP_HOME="/workspace/rustup-home" "/workspace/cargo-home/bin/cargo" "+beta-2023-12-22" "fetch" "--manifest-path" "Cargo.toml", kill_on_drop: false }`
[INFO] running `Command { std: "docker" "create" "-v" "/var/lib/crater-agent-workspace/builds/worker-3-tc2/target:/opt/rustwide/target:rw,Z" "-v" "/var/lib/crater-agent-workspace/builds/worker-3-tc2/source:/opt/rustwide/workdir:ro,Z" "-v" "/var/lib/crater-agent-workspace/cargo-home:/opt/rustwide/cargo-home:ro,Z" "-v" "/var/lib/crater-agent-workspace/rustup-home:/opt/rustwide/rustup-home:ro,Z" "-e" "SOURCE_DIR=/opt/rustwide/workdir" "-e" "CARGO_TARGET_DIR=/opt/rustwide/target" "-e" "CARGO_HOME=/opt/rustwide/cargo-home" "-e" "RUSTUP_HOME=/opt/rustwide/rustup-home" "-w" "/opt/rustwide/workdir" "-m" "1610612736" "--user" "0:0" "--network" "none" "ghcr.io/rust-lang/crates-build-env/linux@sha256:2788e3201cd34a07e3172128adcd8b3090168a8e3bcc40d7c032b9dda1df7d1c" "/opt/rustwide/cargo-home/bin/cargo" "+beta-2023-12-22" "metadata" "--no-deps" "--format-version=1", kill_on_drop: false }`
[INFO] [stdout] cdf63dd8c8d0f7776827a323f6dab2383ff60f07d916146d4495e7fe89e3caeb
[INFO] running `Command { std: "docker" "start" "-a" "cdf63dd8c8d0f7776827a323f6dab2383ff60f07d916146d4495e7fe89e3caeb", kill_on_drop: false }`
[INFO] running `Command { std: "docker" "inspect" "cdf63dd8c8d0f7776827a323f6dab2383ff60f07d916146d4495e7fe89e3caeb", kill_on_drop: false }`
[INFO] running `Command { std: "docker" "rm" "-f" "cdf63dd8c8d0f7776827a323f6dab2383ff60f07d916146d4495e7fe89e3caeb", kill_on_drop: false }`
[INFO] [stdout] cdf63dd8c8d0f7776827a323f6dab2383ff60f07d916146d4495e7fe89e3caeb
[INFO] running `Command { std: "docker" "create" "-v" "/var/lib/crater-agent-workspace/builds/worker-3-tc2/target:/opt/rustwide/target:rw,Z" "-v" "/var/lib/crater-agent-workspace/builds/worker-3-tc2/source:/opt/rustwide/workdir:ro,Z" "-v" "/var/lib/crater-agent-workspace/cargo-home:/opt/rustwide/cargo-home:ro,Z" "-v" "/var/lib/crater-agent-workspace/rustup-home:/opt/rustwide/rustup-home:ro,Z" "-e" "SOURCE_DIR=/opt/rustwide/workdir" "-e" "CARGO_TARGET_DIR=/opt/rustwide/target" "-e" "CARGO_INCREMENTAL=0" "-e" "RUST_BACKTRACE=full" "-e" "RUSTFLAGS=--cap-lints=warn" "-e" "RUSTDOCFLAGS=--cap-lints=warn" "-e" "CARGO_HOME=/opt/rustwide/cargo-home" "-e" "RUSTUP_HOME=/opt/rustwide/rustup-home" "-w" "/opt/rustwide/workdir" "-m" "1610612736" "--user" "0:0" "--network" "none" "ghcr.io/rust-lang/crates-build-env/linux@sha256:2788e3201cd34a07e3172128adcd8b3090168a8e3bcc40d7c032b9dda1df7d1c" "/opt/rustwide/cargo-home/bin/cargo" "+beta-2023-12-22" "build" "--frozen" "--message-format=json", kill_on_drop: false }`
[INFO] [stdout] dc1580790669f47bbd850b14fe7b050254847fe5b33a5e3bea7c99f86eee09c2
[INFO] running `Command { std: "docker" "start" "-a" "dc1580790669f47bbd850b14fe7b050254847fe5b33a5e3bea7c99f86eee09c2", kill_on_drop: false }`
[INFO] [stderr]    Compiling yareio v0.1.4 (/opt/rustwide/workdir)
[INFO] [stderr]     Finished dev [unoptimized + debuginfo] target(s) in 0.43s
[INFO] running `Command { std: "docker" "inspect" "dc1580790669f47bbd850b14fe7b050254847fe5b33a5e3bea7c99f86eee09c2", kill_on_drop: false }`
[INFO] running `Command { std: "docker" "rm" "-f" "dc1580790669f47bbd850b14fe7b050254847fe5b33a5e3bea7c99f86eee09c2", kill_on_drop: false }`
[INFO] [stdout] dc1580790669f47bbd850b14fe7b050254847fe5b33a5e3bea7c99f86eee09c2
[INFO] running `Command { std: "docker" "create" "-v" "/var/lib/crater-agent-workspace/builds/worker-3-tc2/target:/opt/rustwide/target:rw,Z" "-v" "/var/lib/crater-agent-workspace/builds/worker-3-tc2/source:/opt/rustwide/workdir:ro,Z" "-v" "/var/lib/crater-agent-workspace/cargo-home:/opt/rustwide/cargo-home:ro,Z" "-v" "/var/lib/crater-agent-workspace/rustup-home:/opt/rustwide/rustup-home:ro,Z" "-e" "SOURCE_DIR=/opt/rustwide/workdir" "-e" "CARGO_TARGET_DIR=/opt/rustwide/target" "-e" "CARGO_INCREMENTAL=0" "-e" "RUST_BACKTRACE=full" "-e" "RUSTFLAGS=--cap-lints=warn" "-e" "RUSTDOCFLAGS=--cap-lints=warn" "-e" "CARGO_HOME=/opt/rustwide/cargo-home" "-e" "RUSTUP_HOME=/opt/rustwide/rustup-home" "-w" "/opt/rustwide/workdir" "-m" "1610612736" "--user" "0:0" "--network" "none" "ghcr.io/rust-lang/crates-build-env/linux@sha256:2788e3201cd34a07e3172128adcd8b3090168a8e3bcc40d7c032b9dda1df7d1c" "/opt/rustwide/cargo-home/bin/cargo" "+beta-2023-12-22" "test" "--frozen" "--no-run" "--message-format=json", kill_on_drop: false }`
[INFO] [stdout] 1f2b36e33e503fbb83787399e6cb85fc2c4497210e249c8c0dc3047383e4cf48
[INFO] running `Command { std: "docker" "start" "-a" "1f2b36e33e503fbb83787399e6cb85fc2c4497210e249c8c0dc3047383e4cf48", kill_on_drop: false }`
[INFO] [stderr]    Compiling yareio v0.1.4 (/opt/rustwide/workdir)
[INFO] [stderr]     Finished test [unoptimized + debuginfo] target(s) in 0.20s
[INFO] running `Command { std: "docker" "inspect" "1f2b36e33e503fbb83787399e6cb85fc2c4497210e249c8c0dc3047383e4cf48", kill_on_drop: false }`
[INFO] running `Command { std: "docker" "rm" "-f" "1f2b36e33e503fbb83787399e6cb85fc2c4497210e249c8c0dc3047383e4cf48", kill_on_drop: false }`
[INFO] [stdout] 1f2b36e33e503fbb83787399e6cb85fc2c4497210e249c8c0dc3047383e4cf48
[INFO] running `Command { std: "docker" "create" "-v" "/var/lib/crater-agent-workspace/builds/worker-3-tc2/target:/opt/rustwide/target:rw,Z" "-v" "/var/lib/crater-agent-workspace/builds/worker-3-tc2/source:/opt/rustwide/workdir:ro,Z" "-v" "/var/lib/crater-agent-workspace/cargo-home:/opt/rustwide/cargo-home:ro,Z" "-v" "/var/lib/crater-agent-workspace/rustup-home:/opt/rustwide/rustup-home:ro,Z" "-e" "SOURCE_DIR=/opt/rustwide/workdir" "-e" "CARGO_TARGET_DIR=/opt/rustwide/target" "-e" "CARGO_INCREMENTAL=0" "-e" "RUST_BACKTRACE=full" "-e" "RUSTFLAGS=--cap-lints=warn" "-e" "RUSTDOCFLAGS=--cap-lints=warn" "-e" "CARGO_HOME=/opt/rustwide/cargo-home" "-e" "RUSTUP_HOME=/opt/rustwide/rustup-home" "-w" "/opt/rustwide/workdir" "-m" "1610612736" "--user" "0:0" "--network" "none" "ghcr.io/rust-lang/crates-build-env/linux@sha256:2788e3201cd34a07e3172128adcd8b3090168a8e3bcc40d7c032b9dda1df7d1c" "/opt/rustwide/cargo-home/bin/cargo" "+beta-2023-12-22" "test" "--frozen", kill_on_drop: false }`
[INFO] [stdout] b298b7bc34b58c0b8f3fdaf5f3bf019b21f0a684de590fc764b18de6518e1ac6
[INFO] running `Command { std: "docker" "start" "-a" "b298b7bc34b58c0b8f3fdaf5f3bf019b21f0a684de590fc764b18de6518e1ac6", kill_on_drop: false }`
[INFO] [stderr]     Finished test [unoptimized + debuginfo] target(s) in 0.01s
[INFO] [stderr]      Running unittests src/lib.rs (/opt/rustwide/target/debug/deps/yareio-c9181356f5c97bed)
[INFO] [stdout] 
[INFO] [stdout] running 0 tests
[INFO] [stdout] 
[INFO] [stdout] test result: ok. 0 passed; 0 failed; 0 ignored; 0 measured; 0 filtered out; finished in 0.00s
[INFO] [stdout] 
[INFO] [stderr]    Doc-tests yareio
[INFO] [stdout] 
[INFO] [stdout] running 8 tests
[INFO] [stdout] test src/bindings/spirit.rs - bindings::spirit::shout (line 136) ... FAILED
[INFO] [stdout] test src/bindings/console.rs - bindings::console::log (line 11) ... FAILED
[INFO] [stdout] test src/bindings/spirit.rs - bindings::spirit::count (line 30) ... FAILED
[INFO] [stdout] test src/bindings/star.rs - bindings::star::count (line 22) ... FAILED
[INFO] [stdout] test src/bindings/position.rs - bindings::position::Position (line 6) ... FAILED
[INFO] [stdout] test src/bindings/base.rs - bindings::base::count (line 92) ... FAILED
[INFO] [stdout] test src/bindings/outpost.rs - bindings::outpost::count (line 22) ... FAILED
[INFO] [stdout] test src/lib.rs - (line 5) ... ok
[INFO] [stdout] 
[INFO] [stdout] failures:
[INFO] [stdout] 
[INFO] [stdout] ---- src/bindings/spirit.rs - bindings::spirit::shout (line 136) stdout ----
[INFO] [stdout] error[E0433]: failed to resolve: use of undeclared crate or module `spirit`
[INFO] [stdout]  --> src/bindings/spirit.rs:140:14
[INFO] [stdout]   |
[INFO] [stdout] 6 |     unsafe { spirit::shout(spirit_index, c_string.as_ptr()) }
[INFO] [stdout]   |              ^^^^^^ use of undeclared crate or module `spirit`
[INFO] [stdout]   |
[INFO] [stdout] help: consider importing this module
[INFO] [stdout]   |
[INFO] [stdout] 2 + use yareio::spirit;
[INFO] [stdout]   |
[INFO] [stdout] 
[INFO] [stdout] error: aborting due to 1 previous error
[INFO] [stdout] 
[INFO] [stdout] For more information about this error, try `rustc --explain E0433`.
[INFO] [stdout] Couldn't compile the test.
[INFO] [stdout] ---- src/bindings/console.rs - bindings::console::log (line 11) stdout ----
[INFO] [stdout] error[E0433]: failed to resolve: use of undeclared crate or module `console`
[INFO] [stdout]  --> src/bindings/console.rs:15:14
[INFO] [stdout]   |
[INFO] [stdout] 6 |     unsafe { console::log(c_string.as_ptr()) }
[INFO] [stdout]   |              ^^^^^^^ use of undeclared crate or module `console`
[INFO] [stdout]   |
[INFO] [stdout] help: consider importing this module
[INFO] [stdout]   |
[INFO] [stdout] 2 + use yareio::console;
[INFO] [stdout]   |
[INFO] [stdout] 
[INFO] [stdout] error: aborting due to 1 previous error
[INFO] [stdout] 
[INFO] [stdout] For more information about this error, try `rustc --explain E0433`.
[INFO] [stdout] Couldn't compile the test.
[INFO] [stdout] ---- src/bindings/spirit.rs - bindings::spirit::count (line 30) stdout ----
[INFO] [stdout] error[E0433]: failed to resolve: use of undeclared crate or module `spirit`
[INFO] [stdout]  --> src/bindings/spirit.rs:31:26
[INFO] [stdout]   |
[INFO] [stdout] 3 | for index in 0..unsafe { spirit::count() } {
[INFO] [stdout]   |                          ^^^^^^ use of undeclared crate or module `spirit`
[INFO] [stdout]   |
[INFO] [stdout] help: consider importing this module
[INFO] [stdout]   |
[INFO] [stdout] 2 + use yareio::spirit;
[INFO] [stdout]   |
[INFO] [stdout] 
[INFO] [stdout] error: aborting due to 1 previous error
[INFO] [stdout] 
[INFO] [stdout] For more information about this error, try `rustc --explain E0433`.
[INFO] [stdout] Couldn't compile the test.
[INFO] [stdout] ---- src/bindings/star.rs - bindings::star::count (line 22) stdout ----
[INFO] [stdout] error[E0433]: failed to resolve: use of undeclared crate or module `star`
[INFO] [stdout]  --> src/bindings/star.rs:23:26
[INFO] [stdout]   |
[INFO] [stdout] 3 | for index in 0..unsafe { star::count() } {
[INFO] [stdout]   |                          ^^^^ use of undeclared crate or module `star`
[INFO] [stdout]   |
[INFO] [stdout] help: a builtin type with a similar name exists
[INFO] [stdout]   |
[INFO] [stdout] 3 | for index in 0..unsafe { str::count() } {
[INFO] [stdout]   |                          ~~~
[INFO] [stdout] help: consider importing this module
[INFO] [stdout]   |
[INFO] [stdout] 2 + use yareio::star;
[INFO] [stdout]   |
[INFO] [stdout] 
[INFO] [stdout] error: aborting due to 1 previous error
[INFO] [stdout] 
[INFO] [stdout] For more information about this error, try `rustc --explain E0433`.
[INFO] [stdout] Couldn't compile the test.
[INFO] [stdout] ---- src/bindings/position.rs - bindings::position::Position (line 6) stdout ----
[INFO] [stdout] error[E0433]: failed to resolve: use of undeclared crate or module `spirit`
[INFO] [stdout]  --> src/bindings/position.rs:7:25
[INFO] [stdout]   |
[INFO] [stdout] 3 | let Position { x, y } = spirit::position(index);
[INFO] [stdout]   |                         ^^^^^^ use of undeclared crate or module `spirit`
[INFO] [stdout]   |
[INFO] [stdout] help: consider importing this module
[INFO] [stdout]   |
[INFO] [stdout] 2 + use yareio::spirit;
[INFO] [stdout]   |
[INFO] [stdout] 
[INFO] [stdout] error[E0425]: cannot find value `index` in this scope
[INFO] [stdout]  --> src/bindings/position.rs:7:42
[INFO] [stdout]   |
[INFO] [stdout] 3 | let Position { x, y } = spirit::position(index);
[INFO] [stdout]   |                                          ^^^^^ not found in this scope
[INFO] [stdout] 
[INFO] [stdout] error[E0422]: cannot find struct, variant or union type `Position` in this scope
[INFO] [stdout]  --> src/bindings/position.rs:7:5
[INFO] [stdout]   |
[INFO] [stdout] 3 | let Position { x, y } = spirit::position(index);
[INFO] [stdout]   |     ^^^^^^^^ not found in this scope
[INFO] [stdout]   |
[INFO] [stdout] help: consider importing this struct
[INFO] [stdout]   |
[INFO] [stdout] 2 + use yareio::position::Position;
[INFO] [stdout]   |
[INFO] [stdout] 
[INFO] [stdout] error[E0422]: cannot find struct, variant or union type `MyVectorStruct` in this scope
[INFO] [stdout]  --> src/bindings/position.rs:8:11
[INFO] [stdout]   |
[INFO] [stdout] 4 | let pos = MyVectorStruct { x, y };
[INFO] [stdout]   |           ^^^^^^^^^^^^^^ not found in this scope
[INFO] [stdout] 
[INFO] [stdout] error: aborting due to 4 previous errors
[INFO] [stdout] 
[INFO] [stdout] Some errors have detailed explanations: E0422, E0425, E0433.
[INFO] [stdout] For more information about an error, try `rustc --explain E0422`.
[INFO] [stdout] Couldn't compile the test.
[INFO] [stdout] ---- src/bindings/base.rs - bindings::base::count (line 92) stdout ----
[INFO] [stdout] error[E0433]: failed to resolve: use of undeclared crate or module `base`
[INFO] [stdout]  --> src/bindings/base.rs:93:26
[INFO] [stdout]   |
[INFO] [stdout] 3 | for index in 0..unsafe { base::count() } {
[INFO] [stdout]   |                          ^^^^ use of undeclared crate or module `base`
[INFO] [stdout]   |
[INFO] [stdout] help: consider importing this module
[INFO] [stdout]   |
[INFO] [stdout] 2 + use yareio::base;
[INFO] [stdout]   |
[INFO] [stdout] 
[INFO] [stdout] error: aborting due to 1 previous error
[INFO] [stdout] 
[INFO] [stdout] For more information about this error, try `rustc --explain E0433`.
[INFO] [stdout] Couldn't compile the test.
[INFO] [stdout] ---- src/bindings/outpost.rs - bindings::outpost::count (line 22) stdout ----
[INFO] [stdout] error[E0433]: failed to resolve: use of undeclared crate or module `outpost`
[INFO] [stdout]  --> src/bindings/outpost.rs:23:26
[INFO] [stdout]   |
[INFO] [stdout] 3 | for index in 0..unsafe { outpost::count() } {
[INFO] [stdout]   |                          ^^^^^^^ use of undeclared crate or module `outpost`
[INFO] [stdout]   |
[INFO] [stdout] help: consider importing this module
[INFO] [stdout]   |
[INFO] [stdout] 2 + use yareio::outpost;
[INFO] [stdout]   |
[INFO] [stdout] 
[INFO] [stdout] error: aborting due to 1 previous error
[INFO] [stdout] 
[INFO] [stdout] For more information about this error, try `rustc --explain E0433`.
[INFO] [stdout] Couldn't compile the test.
[INFO] [stdout] 
[INFO] [stdout] failures:
[INFO] [stdout]     src/bindings/base.rs - bindings::base::count (line 92)
[INFO] [stdout]     src/bindings/console.rs - bindings::console::log (line 11)
[INFO] [stdout]     src/bindings/outpost.rs - bindings::outpost::count (line 22)
[INFO] [stdout]     src/bindings/position.rs - bindings::position::Position (line 6)
[INFO] [stdout]     src/bindings/spirit.rs - bindings::spirit::count (line 30)
[INFO] [stdout]     src/bindings/spirit.rs - bindings::spirit::shout (line 136)
[INFO] [stdout]     src/bindings/star.rs - bindings::star::count (line 22)
[INFO] [stdout] 
[INFO] [stdout] test result: FAILED. 1 passed; 7 failed; 0 ignored; 0 measured; 0 filtered out; finished in 0.18s
[INFO] [stdout] 
[INFO] [stderr] error: doctest failed, to rerun pass `--doc`
[INFO] running `Command { std: "docker" "inspect" "b298b7bc34b58c0b8f3fdaf5f3bf019b21f0a684de590fc764b18de6518e1ac6", kill_on_drop: false }`
[INFO] running `Command { std: "docker" "rm" "-f" "b298b7bc34b58c0b8f3fdaf5f3bf019b21f0a684de590fc764b18de6518e1ac6", kill_on_drop: false }`
[INFO] [stdout] b298b7bc34b58c0b8f3fdaf5f3bf019b21f0a684de590fc764b18de6518e1ac6
