[INFO] fetching crate xxhash-rust 0.8.7...
[INFO] testing xxhash-rust-0.8.7 against 1.75.0 for beta-1.76-1
[INFO] extracting crate xxhash-rust 0.8.7 into /workspace/builds/worker-6-tc1/source
[INFO] validating manifest of crates.io crate xxhash-rust 0.8.7 on toolchain 1.75.0
[INFO] running `Command { std: CARGO_HOME="/workspace/cargo-home" RUSTUP_HOME="/workspace/rustup-home" "/workspace/cargo-home/bin/cargo" "+1.75.0" "metadata" "--manifest-path" "Cargo.toml" "--no-deps", kill_on_drop: false }`
[INFO] started tweaking crates.io crate xxhash-rust 0.8.7
[INFO] finished tweaking crates.io crate xxhash-rust 0.8.7
[INFO] tweaked toml for crates.io crate xxhash-rust 0.8.7 written to /workspace/builds/worker-6-tc1/source/Cargo.toml
[INFO] running `Command { std: CARGO_HOME="/workspace/cargo-home" RUSTUP_HOME="/workspace/rustup-home" "/workspace/cargo-home/bin/cargo" "+1.75.0" "generate-lockfile" "--manifest-path" "Cargo.toml", kill_on_drop: false }`
[INFO] [stderr]     Updating crates.io index
[INFO] running `Command { std: CARGO_HOME="/workspace/cargo-home" RUSTUP_HOME="/workspace/rustup-home" "/workspace/cargo-home/bin/cargo" "+1.75.0" "fetch" "--manifest-path" "Cargo.toml", kill_on_drop: false }`
[INFO] [stderr]  Downloading crates ...
[INFO] [stderr]   Downloaded xxhash-c-sys v0.8.4
[INFO] running `Command { std: "docker" "create" "-v" "/var/lib/crater-agent-workspace/builds/worker-6-tc1/target:/opt/rustwide/target:rw,Z" "-v" "/var/lib/crater-agent-workspace/builds/worker-6-tc1/source:/opt/rustwide/workdir:ro,Z" "-v" "/var/lib/crater-agent-workspace/cargo-home:/opt/rustwide/cargo-home:ro,Z" "-v" "/var/lib/crater-agent-workspace/rustup-home:/opt/rustwide/rustup-home:ro,Z" "-e" "SOURCE_DIR=/opt/rustwide/workdir" "-e" "CARGO_TARGET_DIR=/opt/rustwide/target" "-e" "CARGO_HOME=/opt/rustwide/cargo-home" "-e" "RUSTUP_HOME=/opt/rustwide/rustup-home" "-w" "/opt/rustwide/workdir" "-m" "1610612736" "--user" "0:0" "--network" "none" "ghcr.io/rust-lang/crates-build-env/linux@sha256:2788e3201cd34a07e3172128adcd8b3090168a8e3bcc40d7c032b9dda1df7d1c" "/opt/rustwide/cargo-home/bin/cargo" "+1.75.0" "metadata" "--no-deps" "--format-version=1", kill_on_drop: false }`
[INFO] [stdout] 7c04689c0f82a17a80a3a87286533fe98e2f026e4f5c2853e61f7df617eed75e
[INFO] running `Command { std: "docker" "start" "-a" "7c04689c0f82a17a80a3a87286533fe98e2f026e4f5c2853e61f7df617eed75e", kill_on_drop: false }`
[INFO] running `Command { std: "docker" "inspect" "7c04689c0f82a17a80a3a87286533fe98e2f026e4f5c2853e61f7df617eed75e", kill_on_drop: false }`
[INFO] running `Command { std: "docker" "rm" "-f" "7c04689c0f82a17a80a3a87286533fe98e2f026e4f5c2853e61f7df617eed75e", kill_on_drop: false }`
[INFO] [stdout] 7c04689c0f82a17a80a3a87286533fe98e2f026e4f5c2853e61f7df617eed75e
[INFO] running `Command { std: "docker" "create" "-v" "/var/lib/crater-agent-workspace/builds/worker-6-tc1/target:/opt/rustwide/target:rw,Z" "-v" "/var/lib/crater-agent-workspace/builds/worker-6-tc1/source:/opt/rustwide/workdir:ro,Z" "-v" "/var/lib/crater-agent-workspace/cargo-home:/opt/rustwide/cargo-home:ro,Z" "-v" "/var/lib/crater-agent-workspace/rustup-home:/opt/rustwide/rustup-home:ro,Z" "-e" "SOURCE_DIR=/opt/rustwide/workdir" "-e" "CARGO_TARGET_DIR=/opt/rustwide/target" "-e" "CARGO_INCREMENTAL=0" "-e" "RUST_BACKTRACE=full" "-e" "RUSTFLAGS=--cap-lints=warn" "-e" "RUSTDOCFLAGS=--cap-lints=warn" "-e" "CARGO_HOME=/opt/rustwide/cargo-home" "-e" "RUSTUP_HOME=/opt/rustwide/rustup-home" "-w" "/opt/rustwide/workdir" "-m" "1610612736" "--user" "0:0" "--network" "none" "ghcr.io/rust-lang/crates-build-env/linux@sha256:2788e3201cd34a07e3172128adcd8b3090168a8e3bcc40d7c032b9dda1df7d1c" "/opt/rustwide/cargo-home/bin/cargo" "+1.75.0" "build" "--frozen" "--message-format=json", kill_on_drop: false }`
[INFO] [stdout] 475426135d55b7b75dc4833b4359951101fec1a4b341bc6e8392b40cdb58d72f
[INFO] running `Command { std: "docker" "start" "-a" "475426135d55b7b75dc4833b4359951101fec1a4b341bc6e8392b40cdb58d72f", kill_on_drop: false }`
[INFO] [stderr]    Compiling xxhash-rust v0.8.7 (/opt/rustwide/workdir)
[INFO] [stderr]     Finished dev [unoptimized + debuginfo] target(s) in 0.07s
[INFO] running `Command { std: "docker" "inspect" "475426135d55b7b75dc4833b4359951101fec1a4b341bc6e8392b40cdb58d72f", kill_on_drop: false }`
[INFO] running `Command { std: "docker" "rm" "-f" "475426135d55b7b75dc4833b4359951101fec1a4b341bc6e8392b40cdb58d72f", kill_on_drop: false }`
[INFO] [stdout] 475426135d55b7b75dc4833b4359951101fec1a4b341bc6e8392b40cdb58d72f
[INFO] running `Command { std: "docker" "create" "-v" "/var/lib/crater-agent-workspace/builds/worker-6-tc1/target:/opt/rustwide/target:rw,Z" "-v" "/var/lib/crater-agent-workspace/builds/worker-6-tc1/source:/opt/rustwide/workdir:ro,Z" "-v" "/var/lib/crater-agent-workspace/cargo-home:/opt/rustwide/cargo-home:ro,Z" "-v" "/var/lib/crater-agent-workspace/rustup-home:/opt/rustwide/rustup-home:ro,Z" "-e" "SOURCE_DIR=/opt/rustwide/workdir" "-e" "CARGO_TARGET_DIR=/opt/rustwide/target" "-e" "CARGO_INCREMENTAL=0" "-e" "RUST_BACKTRACE=full" "-e" "RUSTFLAGS=--cap-lints=warn" "-e" "RUSTDOCFLAGS=--cap-lints=warn" "-e" "CARGO_HOME=/opt/rustwide/cargo-home" "-e" "RUSTUP_HOME=/opt/rustwide/rustup-home" "-w" "/opt/rustwide/workdir" "-m" "1610612736" "--user" "0:0" "--network" "none" "ghcr.io/rust-lang/crates-build-env/linux@sha256:2788e3201cd34a07e3172128adcd8b3090168a8e3bcc40d7c032b9dda1df7d1c" "/opt/rustwide/cargo-home/bin/cargo" "+1.75.0" "test" "--frozen" "--no-run" "--message-format=json", kill_on_drop: false }`
[INFO] [stdout] 0ce0ffed7182ba7a75058dff925fb35e63af5782be80c956b33942b0b1286739
[INFO] running `Command { std: "docker" "start" "-a" "0ce0ffed7182ba7a75058dff925fb35e63af5782be80c956b33942b0b1286739", kill_on_drop: false }`
[INFO] [stderr]    Compiling cc v1.0.83
[INFO] [stderr]    Compiling xxhash-c-sys v0.8.4
[INFO] [stderr]    Compiling xxhash-rust v0.8.7 (/opt/rustwide/workdir)
[INFO] [stderr]     Finished test [unoptimized + debuginfo] target(s) in 1.99s
[INFO] running `Command { std: "docker" "inspect" "0ce0ffed7182ba7a75058dff925fb35e63af5782be80c956b33942b0b1286739", kill_on_drop: false }`
[INFO] running `Command { std: "docker" "rm" "-f" "0ce0ffed7182ba7a75058dff925fb35e63af5782be80c956b33942b0b1286739", kill_on_drop: false }`
[INFO] [stdout] 0ce0ffed7182ba7a75058dff925fb35e63af5782be80c956b33942b0b1286739
[INFO] running `Command { std: "docker" "create" "-v" "/var/lib/crater-agent-workspace/builds/worker-6-tc1/target:/opt/rustwide/target:rw,Z" "-v" "/var/lib/crater-agent-workspace/builds/worker-6-tc1/source:/opt/rustwide/workdir:ro,Z" "-v" "/var/lib/crater-agent-workspace/cargo-home:/opt/rustwide/cargo-home:ro,Z" "-v" "/var/lib/crater-agent-workspace/rustup-home:/opt/rustwide/rustup-home:ro,Z" "-e" "SOURCE_DIR=/opt/rustwide/workdir" "-e" "CARGO_TARGET_DIR=/opt/rustwide/target" "-e" "CARGO_INCREMENTAL=0" "-e" "RUST_BACKTRACE=full" "-e" "RUSTFLAGS=--cap-lints=warn" "-e" "RUSTDOCFLAGS=--cap-lints=warn" "-e" "CARGO_HOME=/opt/rustwide/cargo-home" "-e" "RUSTUP_HOME=/opt/rustwide/rustup-home" "-w" "/opt/rustwide/workdir" "-m" "1610612736" "--user" "0:0" "--network" "none" "ghcr.io/rust-lang/crates-build-env/linux@sha256:2788e3201cd34a07e3172128adcd8b3090168a8e3bcc40d7c032b9dda1df7d1c" "/opt/rustwide/cargo-home/bin/cargo" "+1.75.0" "test" "--frozen", kill_on_drop: false }`
[INFO] [stdout] 52287334ce569f093de18f7b48e983c7488ceb23db5e10aa1681bf863705bac9
[INFO] running `Command { std: "docker" "start" "-a" "52287334ce569f093de18f7b48e983c7488ceb23db5e10aa1681bf863705bac9", kill_on_drop: false }`
[INFO] [stderr]     Finished test [unoptimized + debuginfo] target(s) in 0.01s
[INFO] [stderr]      Running unittests src/lib.rs (/opt/rustwide/target/debug/deps/xxhash_rust-d1cf865ef3973549)
[INFO] [stdout] 
[INFO] [stdout] running 0 tests
[INFO] [stdout] 
[INFO] [stdout] test result: ok. 0 passed; 0 failed; 0 ignored; 0 measured; 0 filtered out; finished in 0.00s
[INFO] [stdout] 
[INFO] [stderr]      Running tests/assert_correctness.rs (/opt/rustwide/target/debug/deps/assert_correctness-123d54960473f079)
[INFO] [stdout] 
[INFO] [stdout] running 0 tests
[INFO] [stdout] 
[INFO] [stdout] test result: ok. 0 passed; 0 failed; 0 ignored; 0 measured; 0 filtered out; finished in 0.00s
[INFO] [stdout] 
[INFO] [stderr]      Running tests/assert_correctness_miri.rs (/opt/rustwide/target/debug/deps/assert_correctness_miri-69850d23ad5bf451)
[INFO] [stdout] 
[INFO] [stdout] running 0 tests
[INFO] [stdout] 
[INFO] [stdout] test result: ok. 0 passed; 0 failed; 0 ignored; 0 measured; 0 filtered out; finished in 0.00s
[INFO] [stdout] 
[INFO] [stderr]      Running tests/size.rs (/opt/rustwide/target/debug/deps/size-8f9e993b67dfba47)
[INFO] [stdout] 
[INFO] [stdout] running 0 tests
[INFO] [stdout] 
[INFO] [stdout] test result: ok. 0 passed; 0 failed; 0 ignored; 0 measured; 0 filtered out; finished in 0.00s
[INFO] [stdout] 
[INFO] [stderr]      Running tests/test-vectors.rs (/opt/rustwide/target/debug/deps/test_vectors-c9d6a66b91163fa4)
[INFO] [stderr]    Doc-tests xxhash-rust
[INFO] [stdout] 
[INFO] [stdout] running 0 tests
[INFO] [stdout] 
[INFO] [stdout] test result: ok. 0 passed; 0 failed; 0 ignored; 0 measured; 0 filtered out; finished in 0.00s
[INFO] [stdout] 
[INFO] [stdout] 
[INFO] [stdout] running 1 test
[INFO] [stdout] test src/lib.rs - (line 19) ... FAILED
[INFO] [stdout] 
[INFO] [stdout] failures:
[INFO] [stdout] 
[INFO] [stdout] ---- src/lib.rs - (line 19) stdout ----
[INFO] [stdout] error[E0432]: unresolved import `xxhash_rust::const_xxh3`
[INFO] [stdout]  --> src/lib.rs:21:18
[INFO] [stdout]   |
[INFO] [stdout] 5 | use xxhash_rust::const_xxh3::xxh3_64 as const_xxh3;
[INFO] [stdout]   |                  ^^^^^^^^^^ could not find `const_xxh3` in `xxhash_rust`
[INFO] [stdout] 
[INFO] [stdout] error[E0432]: unresolved import `xxhash_rust::xxh3`
[INFO] [stdout]  --> src/lib.rs:22:18
[INFO] [stdout]   |
[INFO] [stdout] 6 | use xxhash_rust::xxh3::xxh3_64;
[INFO] [stdout]   |                  ^^^^ could not find `xxh3` in `xxhash_rust`
[INFO] [stdout] 
[INFO] [stdout] error: aborting due to 2 previous errors
[INFO] [stdout] 
[INFO] [stdout] For more information about this error, try `rustc --explain E0432`.
[INFO] [stdout] Couldn't compile the test.
[INFO] [stdout] 
[INFO] [stdout] failures:
[INFO] [stdout]     src/lib.rs - (line 19)
[INFO] [stdout] 
[INFO] [stdout] test result: FAILED. 0 passed; 1 failed; 0 ignored; 0 measured; 0 filtered out; finished in 0.05s
[INFO] [stdout] 
[INFO] [stderr] error: doctest failed, to rerun pass `--doc`
[INFO] running `Command { std: "docker" "inspect" "52287334ce569f093de18f7b48e983c7488ceb23db5e10aa1681bf863705bac9", kill_on_drop: false }`
[INFO] running `Command { std: "docker" "rm" "-f" "52287334ce569f093de18f7b48e983c7488ceb23db5e10aa1681bf863705bac9", kill_on_drop: false }`
[INFO] [stdout] 52287334ce569f093de18f7b48e983c7488ceb23db5e10aa1681bf863705bac9
[INFO] testing xxhash-rust-0.8.7 against beta-2023-12-22 for beta-1.76-1
[INFO] extracting crate xxhash-rust 0.8.7 into /workspace/builds/worker-6-tc2/source
[INFO] validating manifest of crates.io crate xxhash-rust 0.8.7 on toolchain beta-2023-12-22
[INFO] running `Command { std: CARGO_HOME="/workspace/cargo-home" RUSTUP_HOME="/workspace/rustup-home" "/workspace/cargo-home/bin/cargo" "+beta-2023-12-22" "metadata" "--manifest-path" "Cargo.toml" "--no-deps", kill_on_drop: false }`
[INFO] started tweaking crates.io crate xxhash-rust 0.8.7
[INFO] finished tweaking crates.io crate xxhash-rust 0.8.7
[INFO] tweaked toml for crates.io crate xxhash-rust 0.8.7 written to /workspace/builds/worker-6-tc2/source/Cargo.toml
[INFO] running `Command { std: CARGO_HOME="/workspace/cargo-home" RUSTUP_HOME="/workspace/rustup-home" "/workspace/cargo-home/bin/cargo" "+beta-2023-12-22" "generate-lockfile" "--manifest-path" "Cargo.toml", kill_on_drop: false }`
[INFO] [stderr]     Updating crates.io index
[INFO] running `Command { std: CARGO_HOME="/workspace/cargo-home" RUSTUP_HOME="/workspace/rustup-home" "/workspace/cargo-home/bin/cargo" "+beta-2023-12-22" "fetch" "--manifest-path" "Cargo.toml", kill_on_drop: false }`
[INFO] running `Command { std: "docker" "create" "-v" "/var/lib/crater-agent-workspace/builds/worker-6-tc2/target:/opt/rustwide/target:rw,Z" "-v" "/var/lib/crater-agent-workspace/builds/worker-6-tc2/source:/opt/rustwide/workdir:ro,Z" "-v" "/var/lib/crater-agent-workspace/cargo-home:/opt/rustwide/cargo-home:ro,Z" "-v" "/var/lib/crater-agent-workspace/rustup-home:/opt/rustwide/rustup-home:ro,Z" "-e" "SOURCE_DIR=/opt/rustwide/workdir" "-e" "CARGO_TARGET_DIR=/opt/rustwide/target" "-e" "CARGO_HOME=/opt/rustwide/cargo-home" "-e" "RUSTUP_HOME=/opt/rustwide/rustup-home" "-w" "/opt/rustwide/workdir" "-m" "1610612736" "--user" "0:0" "--network" "none" "ghcr.io/rust-lang/crates-build-env/linux@sha256:2788e3201cd34a07e3172128adcd8b3090168a8e3bcc40d7c032b9dda1df7d1c" "/opt/rustwide/cargo-home/bin/cargo" "+beta-2023-12-22" "metadata" "--no-deps" "--format-version=1", kill_on_drop: false }`
[INFO] [stdout] a4a5b20f7518265ba508aad0bef45c284a0ef4a733a7fafd3f935bfbe01355eb
[INFO] running `Command { std: "docker" "start" "-a" "a4a5b20f7518265ba508aad0bef45c284a0ef4a733a7fafd3f935bfbe01355eb", kill_on_drop: false }`
[INFO] running `Command { std: "docker" "inspect" "a4a5b20f7518265ba508aad0bef45c284a0ef4a733a7fafd3f935bfbe01355eb", kill_on_drop: false }`
[INFO] running `Command { std: "docker" "rm" "-f" "a4a5b20f7518265ba508aad0bef45c284a0ef4a733a7fafd3f935bfbe01355eb", kill_on_drop: false }`
[INFO] [stdout] a4a5b20f7518265ba508aad0bef45c284a0ef4a733a7fafd3f935bfbe01355eb
[INFO] running `Command { std: "docker" "create" "-v" "/var/lib/crater-agent-workspace/builds/worker-6-tc2/target:/opt/rustwide/target:rw,Z" "-v" "/var/lib/crater-agent-workspace/builds/worker-6-tc2/source:/opt/rustwide/workdir:ro,Z" "-v" "/var/lib/crater-agent-workspace/cargo-home:/opt/rustwide/cargo-home:ro,Z" "-v" "/var/lib/crater-agent-workspace/rustup-home:/opt/rustwide/rustup-home:ro,Z" "-e" "SOURCE_DIR=/opt/rustwide/workdir" "-e" "CARGO_TARGET_DIR=/opt/rustwide/target" "-e" "CARGO_INCREMENTAL=0" "-e" "RUST_BACKTRACE=full" "-e" "RUSTFLAGS=--cap-lints=warn" "-e" "RUSTDOCFLAGS=--cap-lints=warn" "-e" "CARGO_HOME=/opt/rustwide/cargo-home" "-e" "RUSTUP_HOME=/opt/rustwide/rustup-home" "-w" "/opt/rustwide/workdir" "-m" "1610612736" "--user" "0:0" "--network" "none" "ghcr.io/rust-lang/crates-build-env/linux@sha256:2788e3201cd34a07e3172128adcd8b3090168a8e3bcc40d7c032b9dda1df7d1c" "/opt/rustwide/cargo-home/bin/cargo" "+beta-2023-12-22" "build" "--frozen" "--message-format=json", kill_on_drop: false }`
[INFO] [stdout] 43b4040efbd08367cf790984639ac699e8ded21ca379bd6332408d77b6ff057b
[INFO] running `Command { std: "docker" "start" "-a" "43b4040efbd08367cf790984639ac699e8ded21ca379bd6332408d77b6ff057b", kill_on_drop: false }`
[INFO] [stderr]    Compiling xxhash-rust v0.8.7 (/opt/rustwide/workdir)
[INFO] [stderr]     Finished dev [unoptimized + debuginfo] target(s) in 0.05s
[INFO] running `Command { std: "docker" "inspect" "43b4040efbd08367cf790984639ac699e8ded21ca379bd6332408d77b6ff057b", kill_on_drop: false }`
[INFO] running `Command { std: "docker" "rm" "-f" "43b4040efbd08367cf790984639ac699e8ded21ca379bd6332408d77b6ff057b", kill_on_drop: false }`
[INFO] [stdout] 43b4040efbd08367cf790984639ac699e8ded21ca379bd6332408d77b6ff057b
[INFO] running `Command { std: "docker" "create" "-v" "/var/lib/crater-agent-workspace/builds/worker-6-tc2/target:/opt/rustwide/target:rw,Z" "-v" "/var/lib/crater-agent-workspace/builds/worker-6-tc2/source:/opt/rustwide/workdir:ro,Z" "-v" "/var/lib/crater-agent-workspace/cargo-home:/opt/rustwide/cargo-home:ro,Z" "-v" "/var/lib/crater-agent-workspace/rustup-home:/opt/rustwide/rustup-home:ro,Z" "-e" "SOURCE_DIR=/opt/rustwide/workdir" "-e" "CARGO_TARGET_DIR=/opt/rustwide/target" "-e" "CARGO_INCREMENTAL=0" "-e" "RUST_BACKTRACE=full" "-e" "RUSTFLAGS=--cap-lints=warn" "-e" "RUSTDOCFLAGS=--cap-lints=warn" "-e" "CARGO_HOME=/opt/rustwide/cargo-home" "-e" "RUSTUP_HOME=/opt/rustwide/rustup-home" "-w" "/opt/rustwide/workdir" "-m" "1610612736" "--user" "0:0" "--network" "none" "ghcr.io/rust-lang/crates-build-env/linux@sha256:2788e3201cd34a07e3172128adcd8b3090168a8e3bcc40d7c032b9dda1df7d1c" "/opt/rustwide/cargo-home/bin/cargo" "+beta-2023-12-22" "test" "--frozen" "--no-run" "--message-format=json", kill_on_drop: false }`
[INFO] [stdout] b40568bc2ced194746e2f0dce94386d0670b40a5faeff2d32dbe9533ec5b22b2
[INFO] running `Command { std: "docker" "start" "-a" "b40568bc2ced194746e2f0dce94386d0670b40a5faeff2d32dbe9533ec5b22b2", kill_on_drop: false }`
[INFO] [stderr]    Compiling cc v1.0.83
[INFO] [stderr]    Compiling xxhash-c-sys v0.8.4
[INFO] [stderr]    Compiling xxhash-rust v0.8.7 (/opt/rustwide/workdir)
[INFO] [stderr]     Finished test [unoptimized + debuginfo] target(s) in 1.72s
[INFO] running `Command { std: "docker" "inspect" "b40568bc2ced194746e2f0dce94386d0670b40a5faeff2d32dbe9533ec5b22b2", kill_on_drop: false }`
[INFO] running `Command { std: "docker" "rm" "-f" "b40568bc2ced194746e2f0dce94386d0670b40a5faeff2d32dbe9533ec5b22b2", kill_on_drop: false }`
[INFO] [stdout] b40568bc2ced194746e2f0dce94386d0670b40a5faeff2d32dbe9533ec5b22b2
[INFO] running `Command { std: "docker" "create" "-v" "/var/lib/crater-agent-workspace/builds/worker-6-tc2/target:/opt/rustwide/target:rw,Z" "-v" "/var/lib/crater-agent-workspace/builds/worker-6-tc2/source:/opt/rustwide/workdir:ro,Z" "-v" "/var/lib/crater-agent-workspace/cargo-home:/opt/rustwide/cargo-home:ro,Z" "-v" "/var/lib/crater-agent-workspace/rustup-home:/opt/rustwide/rustup-home:ro,Z" "-e" "SOURCE_DIR=/opt/rustwide/workdir" "-e" "CARGO_TARGET_DIR=/opt/rustwide/target" "-e" "CARGO_INCREMENTAL=0" "-e" "RUST_BACKTRACE=full" "-e" "RUSTFLAGS=--cap-lints=warn" "-e" "RUSTDOCFLAGS=--cap-lints=warn" "-e" "CARGO_HOME=/opt/rustwide/cargo-home" "-e" "RUSTUP_HOME=/opt/rustwide/rustup-home" "-w" "/opt/rustwide/workdir" "-m" "1610612736" "--user" "0:0" "--network" "none" "ghcr.io/rust-lang/crates-build-env/linux@sha256:2788e3201cd34a07e3172128adcd8b3090168a8e3bcc40d7c032b9dda1df7d1c" "/opt/rustwide/cargo-home/bin/cargo" "+beta-2023-12-22" "test" "--frozen", kill_on_drop: false }`
[INFO] [stdout] 0339c39bd1f1304655ca0d9f8020fb29fd93c02cfddf34d78a5c1da4951ccaca
[INFO] running `Command { std: "docker" "start" "-a" "0339c39bd1f1304655ca0d9f8020fb29fd93c02cfddf34d78a5c1da4951ccaca", kill_on_drop: false }`
[INFO] [stderr]     Finished test [unoptimized + debuginfo] target(s) in 0.01s
[INFO] [stderr]      Running unittests src/lib.rs (/opt/rustwide/target/debug/deps/xxhash_rust-9803d43afee04870)
[INFO] [stdout] 
[INFO] [stdout] running 0 tests
[INFO] [stdout] 
[INFO] [stdout] test result: ok. 0 passed; 0 failed; 0 ignored; 0 measured; 0 filtered out; finished in 0.00s
[INFO] [stdout] 
[INFO] [stderr]      Running tests/assert_correctness.rs (/opt/rustwide/target/debug/deps/assert_correctness-5aa3667b04f95f5b)
[INFO] [stdout] 
[INFO] [stdout] running 0 tests
[INFO] [stdout] 
[INFO] [stdout] test result: ok. 0 passed; 0 failed; 0 ignored; 0 measured; 0 filtered out; finished in 0.00s
[INFO] [stdout] 
[INFO] [stderr]      Running tests/assert_correctness_miri.rs (/opt/rustwide/target/debug/deps/assert_correctness_miri-7b5f4077dbe1e153)
[INFO] [stdout] 
[INFO] [stdout] running 0 tests
[INFO] [stdout] 
[INFO] [stdout] test result: ok. 0 passed; 0 failed; 0 ignored; 0 measured; 0 filtered out; finished in 0.00s
[INFO] [stdout] 
[INFO] [stderr]      Running tests/size.rs (/opt/rustwide/target/debug/deps/size-c6ee01804ca434b2)
[INFO] [stdout] 
[INFO] [stdout] running 0 tests
[INFO] [stdout] 
[INFO] [stdout] test result: ok. 0 passed; 0 failed; 0 ignored; 0 measured; 0 filtered out; finished in 0.00s
[INFO] [stdout] 
[INFO] [stderr]      Running tests/test-vectors.rs (/opt/rustwide/target/debug/deps/test_vectors-58b5a32d9dbc3ff2)
[INFO] [stdout] 
[INFO] [stdout] running 0 tests
[INFO] [stdout] 
[INFO] [stdout] test result: ok. 0 passed; 0 failed; 0 ignored; 0 measured; 0 filtered out; finished in 0.00s
[INFO] [stdout] 
[INFO] [stderr]    Doc-tests xxhash-rust
[INFO] [stdout] 
[INFO] [stdout] running 1 test
[INFO] [stdout] test src/lib.rs - (line 19) ... FAILED
[INFO] [stdout] 
[INFO] [stdout] failures:
[INFO] [stdout] 
[INFO] [stdout] ---- src/lib.rs - (line 19) stdout ----
[INFO] [stdout] error[E0432]: unresolved import `xxhash_rust::const_xxh3`
[INFO] [stdout]  --> src/lib.rs:21:18
[INFO] [stdout]   |
[INFO] [stdout] 5 | use xxhash_rust::const_xxh3::xxh3_64 as const_xxh3;
[INFO] [stdout]   |                  ^^^^^^^^^^ could not find `const_xxh3` in `xxhash_rust`
[INFO] [stdout] 
[INFO] [stdout] error[E0432]: unresolved import `xxhash_rust::xxh3`
[INFO] [stdout]  --> src/lib.rs:22:18
[INFO] [stdout]   |
[INFO] [stdout] 6 | use xxhash_rust::xxh3::xxh3_64;
[INFO] [stdout]   |                  ^^^^ could not find `xxh3` in `xxhash_rust`
[INFO] [stdout] 
[INFO] [stdout] error: aborting due to 2 previous errors
[INFO] [stdout] 
[INFO] [stdout] For more information about this error, try `rustc --explain E0432`.
[INFO] [stdout] Couldn't compile the test.
[INFO] [stdout] 
[INFO] [stdout] failures:
[INFO] [stdout]     src/lib.rs - (line 19)
[INFO] [stdout] 
[INFO] [stdout] test result: FAILED. 0 passed; 1 failed; 0 ignored; 0 measured; 0 filtered out; finished in 0.05s
[INFO] [stdout] 
[INFO] [stderr] error: doctest failed, to rerun pass `--doc`
[INFO] running `Command { std: "docker" "inspect" "0339c39bd1f1304655ca0d9f8020fb29fd93c02cfddf34d78a5c1da4951ccaca", kill_on_drop: false }`
[INFO] running `Command { std: "docker" "rm" "-f" "0339c39bd1f1304655ca0d9f8020fb29fd93c02cfddf34d78a5c1da4951ccaca", kill_on_drop: false }`
[INFO] [stdout] 0339c39bd1f1304655ca0d9f8020fb29fd93c02cfddf34d78a5c1da4951ccaca
