[INFO] fetching crate xrandr-parser 0.3.0...
[INFO] testing xrandr-parser-0.3.0 against 1.75.0 for beta-1.76-1
[INFO] extracting crate xrandr-parser 0.3.0 into /workspace/builds/worker-3-tc1/source
[INFO] validating manifest of crates.io crate xrandr-parser 0.3.0 on toolchain 1.75.0
[INFO] running `Command { std: CARGO_HOME="/workspace/cargo-home" RUSTUP_HOME="/workspace/rustup-home" "/workspace/cargo-home/bin/cargo" "+1.75.0" "metadata" "--manifest-path" "Cargo.toml" "--no-deps", kill_on_drop: false }`
[INFO] started tweaking crates.io crate xrandr-parser 0.3.0
[INFO] finished tweaking crates.io crate xrandr-parser 0.3.0
[INFO] tweaked toml for crates.io crate xrandr-parser 0.3.0 written to /workspace/builds/worker-3-tc1/source/Cargo.toml
[INFO] running `Command { std: CARGO_HOME="/workspace/cargo-home" RUSTUP_HOME="/workspace/rustup-home" "/workspace/cargo-home/bin/cargo" "+1.75.0" "generate-lockfile" "--manifest-path" "Cargo.toml", kill_on_drop: false }`
[INFO] [stderr]     Updating crates.io index
[INFO] running `Command { std: CARGO_HOME="/workspace/cargo-home" RUSTUP_HOME="/workspace/rustup-home" "/workspace/cargo-home/bin/cargo" "+1.75.0" "fetch" "--manifest-path" "Cargo.toml", kill_on_drop: false }`
[INFO] [stderr]     Blocking waiting for file lock on package cache
[INFO] [stderr]     Blocking waiting for file lock on package cache
[INFO] [stderr]  Downloading crates ...
[INFO] [stderr]   Downloaded derive_setters v0.1.6
[INFO] running `Command { std: "docker" "create" "-v" "/var/lib/crater-agent-workspace/builds/worker-3-tc1/target:/opt/rustwide/target:rw,Z" "-v" "/var/lib/crater-agent-workspace/builds/worker-3-tc1/source:/opt/rustwide/workdir:ro,Z" "-v" "/var/lib/crater-agent-workspace/cargo-home:/opt/rustwide/cargo-home:ro,Z" "-v" "/var/lib/crater-agent-workspace/rustup-home:/opt/rustwide/rustup-home:ro,Z" "-e" "SOURCE_DIR=/opt/rustwide/workdir" "-e" "CARGO_TARGET_DIR=/opt/rustwide/target" "-e" "CARGO_HOME=/opt/rustwide/cargo-home" "-e" "RUSTUP_HOME=/opt/rustwide/rustup-home" "-w" "/opt/rustwide/workdir" "-m" "1610612736" "--user" "0:0" "--network" "none" "ghcr.io/rust-lang/crates-build-env/linux@sha256:2788e3201cd34a07e3172128adcd8b3090168a8e3bcc40d7c032b9dda1df7d1c" "/opt/rustwide/cargo-home/bin/cargo" "+1.75.0" "metadata" "--no-deps" "--format-version=1", kill_on_drop: false }`
[INFO] [stdout] 6b23c686da6c8de484a798370185e313418122ef9ad4636ba1432ef38dc29270
[INFO] running `Command { std: "docker" "start" "-a" "6b23c686da6c8de484a798370185e313418122ef9ad4636ba1432ef38dc29270", kill_on_drop: false }`
[INFO] running `Command { std: "docker" "inspect" "6b23c686da6c8de484a798370185e313418122ef9ad4636ba1432ef38dc29270", kill_on_drop: false }`
[INFO] running `Command { std: "docker" "rm" "-f" "6b23c686da6c8de484a798370185e313418122ef9ad4636ba1432ef38dc29270", kill_on_drop: false }`
[INFO] [stdout] 6b23c686da6c8de484a798370185e313418122ef9ad4636ba1432ef38dc29270
[INFO] running `Command { std: "docker" "create" "-v" "/var/lib/crater-agent-workspace/builds/worker-3-tc1/target:/opt/rustwide/target:rw,Z" "-v" "/var/lib/crater-agent-workspace/builds/worker-3-tc1/source:/opt/rustwide/workdir:ro,Z" "-v" "/var/lib/crater-agent-workspace/cargo-home:/opt/rustwide/cargo-home:ro,Z" "-v" "/var/lib/crater-agent-workspace/rustup-home:/opt/rustwide/rustup-home:ro,Z" "-e" "SOURCE_DIR=/opt/rustwide/workdir" "-e" "CARGO_TARGET_DIR=/opt/rustwide/target" "-e" "CARGO_INCREMENTAL=0" "-e" "RUST_BACKTRACE=full" "-e" "RUSTFLAGS=--cap-lints=warn" "-e" "RUSTDOCFLAGS=--cap-lints=warn" "-e" "CARGO_HOME=/opt/rustwide/cargo-home" "-e" "RUSTUP_HOME=/opt/rustwide/rustup-home" "-w" "/opt/rustwide/workdir" "-m" "1610612736" "--user" "0:0" "--network" "none" "ghcr.io/rust-lang/crates-build-env/linux@sha256:2788e3201cd34a07e3172128adcd8b3090168a8e3bcc40d7c032b9dda1df7d1c" "/opt/rustwide/cargo-home/bin/cargo" "+1.75.0" "build" "--frozen" "--message-format=json", kill_on_drop: false }`
[INFO] [stdout] 70e64f669a9f71b8906e8ddc9929eebcb729c38e12ed699f881cea5b26fc1a7f
[INFO] running `Command { std: "docker" "start" "-a" "70e64f669a9f71b8906e8ddc9929eebcb729c38e12ed699f881cea5b26fc1a7f", kill_on_drop: false }`
[INFO] [stderr]    Compiling proc-macro2 v1.0.75
[INFO] [stderr]    Compiling fnv v1.0.7
[INFO] [stderr]    Compiling ident_case v1.0.1
[INFO] [stderr]    Compiling strsim v0.10.0
[INFO] [stderr]    Compiling serde v1.0.194
[INFO] [stderr]    Compiling quote v1.0.35
[INFO] [stderr]    Compiling syn v2.0.48
[INFO] [stderr]    Compiling darling_core v0.20.3
[INFO] [stderr]    Compiling serde_derive v1.0.194
[INFO] [stderr]    Compiling darling_macro v0.20.3
[INFO] [stderr]    Compiling darling v0.20.3
[INFO] [stderr]    Compiling derive_setters v0.1.6
[INFO] [stderr]    Compiling xrandr-parser v0.3.0 (/opt/rustwide/workdir)
[INFO] [stderr]     Finished dev [unoptimized + debuginfo] target(s) in 13.52s
[INFO] running `Command { std: "docker" "inspect" "70e64f669a9f71b8906e8ddc9929eebcb729c38e12ed699f881cea5b26fc1a7f", kill_on_drop: false }`
[INFO] running `Command { std: "docker" "rm" "-f" "70e64f669a9f71b8906e8ddc9929eebcb729c38e12ed699f881cea5b26fc1a7f", kill_on_drop: false }`
[INFO] [stdout] 70e64f669a9f71b8906e8ddc9929eebcb729c38e12ed699f881cea5b26fc1a7f
[INFO] running `Command { std: "docker" "create" "-v" "/var/lib/crater-agent-workspace/builds/worker-3-tc1/target:/opt/rustwide/target:rw,Z" "-v" "/var/lib/crater-agent-workspace/builds/worker-3-tc1/source:/opt/rustwide/workdir:ro,Z" "-v" "/var/lib/crater-agent-workspace/cargo-home:/opt/rustwide/cargo-home:ro,Z" "-v" "/var/lib/crater-agent-workspace/rustup-home:/opt/rustwide/rustup-home:ro,Z" "-e" "SOURCE_DIR=/opt/rustwide/workdir" "-e" "CARGO_TARGET_DIR=/opt/rustwide/target" "-e" "CARGO_INCREMENTAL=0" "-e" "RUST_BACKTRACE=full" "-e" "RUSTFLAGS=--cap-lints=warn" "-e" "RUSTDOCFLAGS=--cap-lints=warn" "-e" "CARGO_HOME=/opt/rustwide/cargo-home" "-e" "RUSTUP_HOME=/opt/rustwide/rustup-home" "-w" "/opt/rustwide/workdir" "-m" "1610612736" "--user" "0:0" "--network" "none" "ghcr.io/rust-lang/crates-build-env/linux@sha256:2788e3201cd34a07e3172128adcd8b3090168a8e3bcc40d7c032b9dda1df7d1c" "/opt/rustwide/cargo-home/bin/cargo" "+1.75.0" "test" "--frozen" "--no-run" "--message-format=json", kill_on_drop: false }`
[INFO] [stdout] 16810442a8e6ca697378c491820f724991716189ad320160816719ef8c7b286f
[INFO] running `Command { std: "docker" "start" "-a" "16810442a8e6ca697378c491820f724991716189ad320160816719ef8c7b286f", kill_on_drop: false }`
[INFO] [stderr]    Compiling xrandr-parser v0.3.0 (/opt/rustwide/workdir)
[INFO] [stderr]     Finished test [unoptimized + debuginfo] target(s) in 0.65s
[INFO] running `Command { std: "docker" "inspect" "16810442a8e6ca697378c491820f724991716189ad320160816719ef8c7b286f", kill_on_drop: false }`
[INFO] running `Command { std: "docker" "rm" "-f" "16810442a8e6ca697378c491820f724991716189ad320160816719ef8c7b286f", kill_on_drop: false }`
[INFO] [stdout] 16810442a8e6ca697378c491820f724991716189ad320160816719ef8c7b286f
[INFO] running `Command { std: "docker" "create" "-v" "/var/lib/crater-agent-workspace/builds/worker-3-tc1/target:/opt/rustwide/target:rw,Z" "-v" "/var/lib/crater-agent-workspace/builds/worker-3-tc1/source:/opt/rustwide/workdir:ro,Z" "-v" "/var/lib/crater-agent-workspace/cargo-home:/opt/rustwide/cargo-home:ro,Z" "-v" "/var/lib/crater-agent-workspace/rustup-home:/opt/rustwide/rustup-home:ro,Z" "-e" "SOURCE_DIR=/opt/rustwide/workdir" "-e" "CARGO_TARGET_DIR=/opt/rustwide/target" "-e" "CARGO_INCREMENTAL=0" "-e" "RUST_BACKTRACE=full" "-e" "RUSTFLAGS=--cap-lints=warn" "-e" "RUSTDOCFLAGS=--cap-lints=warn" "-e" "CARGO_HOME=/opt/rustwide/cargo-home" "-e" "RUSTUP_HOME=/opt/rustwide/rustup-home" "-w" "/opt/rustwide/workdir" "-m" "1610612736" "--user" "0:0" "--network" "none" "ghcr.io/rust-lang/crates-build-env/linux@sha256:2788e3201cd34a07e3172128adcd8b3090168a8e3bcc40d7c032b9dda1df7d1c" "/opt/rustwide/cargo-home/bin/cargo" "+1.75.0" "test" "--frozen", kill_on_drop: false }`
[INFO] [stdout] 855ebbe47830117b1439ec58aaa878b102ff498529e7b2b86c5e556ac654f152
[INFO] running `Command { std: "docker" "start" "-a" "855ebbe47830117b1439ec58aaa878b102ff498529e7b2b86c5e556ac654f152", kill_on_drop: false }`
[INFO] [stderr]     Finished test [unoptimized + debuginfo] target(s) in 0.03s
[INFO] [stderr]      Running unittests src/lib.rs (/opt/rustwide/target/debug/deps/xrandr_parser-2a29a97fcef23f05)
[INFO] [stdout] 
[INFO] [stderr]    Doc-tests xrandr-parser
[INFO] [stdout] running 0 tests
[INFO] [stdout] 
[INFO] [stdout] test result: ok. 0 passed; 0 failed; 0 ignored; 0 measured; 0 filtered out; finished in 0.00s
[INFO] [stdout] 
[INFO] [stdout] 
[INFO] [stdout] running 21 tests
[INFO] [stdout] test src/connector.rs - connector::Connector::available_orientations (line 329) ... FAILED
[INFO] [stdout] test src/connector.rs - connector::Connector::current_refresh_rate (line 181) ... FAILED
[INFO] [stdout] test src/connector.rs - connector::Connector::available_resolutions (line 436) ... FAILED
[INFO] [stdout] test src/connector.rs - connector::Connector::name (line 65) ... FAILED
[INFO] [stdout] test src/connector.rs - connector::Connector::available_resolutions_pretty (line 475) ... FAILED
[INFO] [stdout] test src/connector.rs - connector::Connector::orientation (line 301) ... FAILED
[INFO] [stdout] test src/connector.rs - connector::Connector::current_resolution (line 149) ... FAILED
[INFO] [stdout] test src/connector.rs - connector::Connector::available_refresh_rates (line 511) ... FAILED
[INFO] [stdout] test src/connector.rs - connector::Connector::output_info (line 396) ... FAILED
[INFO] [stdout] test src/connector.rs - connector::Connector::prefered_resolution (line 209) ... FAILED
[INFO] [stdout] test src/connector.rs - connector::Connector::physical_dimensions (line 364) ... FAILED
[INFO] [stdout] test src/connector.rs - connector::Connector::position (line 269) ... FAILED
[INFO] [stdout] test src/connector.rs - connector::Connector::prefered_refresh_rate (line 241) ... FAILED
[INFO] [stdout] test src/connector.rs - connector::Connector::primary (line 121) ... FAILED
[INFO] [stdout] test src/connector.rs - connector::Connector::status (line 93) ... FAILED
[INFO] [stdout] test src/lib.rs - (line 13) ... FAILED
[INFO] [stdout] test src/lib.rs - Parser::connected_outputs (line 370) ... FAILED
[INFO] [stdout] test src/lib.rs - Parser::get_connector (line 537) ... FAILED
[INFO] [stdout] test src/lib.rs - Parser::connectors (line 398) ... FAILED
[INFO] [stdout] test src/lib.rs - Parser::outputs (line 343) ... FAILED
[INFO] [stdout] test src/lib.rs - Parser::screen (line 495) ... FAILED
[INFO] [stdout] 
[INFO] [stdout] failures:
[INFO] [stdout] 
[INFO] [stdout] ---- src/connector.rs - connector::Connector::available_orientations (line 329) stdout ----
[INFO] [stdout] warning: variable `XrandrParser` should have a snake case name
[INFO] [stdout]  --> src/connector.rs:336:13
[INFO] [stdout]   |
[INFO] [stdout] 9 |     let mut XrandrParser = Parser::new();
[INFO] [stdout]   |             ^^^^^^^^^^^^ help: convert the identifier to snake case: `xrandr_parser`
[INFO] [stdout]   |
[INFO] [stdout]   = note: `#[warn(non_snake_case)]` on by default
[INFO] [stdout] 
[INFO] [stdout] warning: 1 warning emitted
[INFO] [stdout] 
[INFO] [stdout] Test executable failed (exit status: 1).
[INFO] [stdout] 
[INFO] [stdout] stderr:
[INFO] [stdout] Error: "Not Found"
[INFO] [stdout] 
[INFO] [stdout] 
[INFO] [stdout] ---- src/connector.rs - connector::Connector::current_refresh_rate (line 181) stdout ----
[INFO] [stdout] warning: variable `XrandrParser` should have a snake case name
[INFO] [stdout]  --> src/connector.rs:188:13
[INFO] [stdout]   |
[INFO] [stdout] 9 |     let mut XrandrParser = Parser::new();
[INFO] [stdout]   |             ^^^^^^^^^^^^ help: convert the identifier to snake case: `xrandr_parser`
[INFO] [stdout]   |
[INFO] [stdout]   = note: `#[warn(non_snake_case)]` on by default
[INFO] [stdout] 
[INFO] [stdout] warning: 1 warning emitted
[INFO] [stdout] 
[INFO] [stdout] Test executable failed (exit status: 1).
[INFO] [stdout] 
[INFO] [stdout] stderr:
[INFO] [stdout] Error: "Not Found"
[INFO] [stdout] 
[INFO] [stdout] 
[INFO] [stdout] ---- src/connector.rs - connector::Connector::available_resolutions (line 436) stdout ----
[INFO] [stdout] warning: variable `XrandrParser` should have a snake case name
[INFO] [stdout]   --> src/connector.rs:444:13
[INFO] [stdout]    |
[INFO] [stdout] 10 |     let mut XrandrParser = Parser::new();
[INFO] [stdout]    |             ^^^^^^^^^^^^ help: convert the identifier to snake case: `xrandr_parser`
[INFO] [stdout]    |
[INFO] [stdout]    = note: `#[warn(non_snake_case)]` on by default
[INFO] [stdout] 
[INFO] [stdout] warning: 1 warning emitted
[INFO] [stdout] 
[INFO] [stdout] Test executable failed (exit status: 1).
[INFO] [stdout] 
[INFO] [stdout] stderr:
[INFO] [stdout] Error: "Not Found"
[INFO] [stdout] 
[INFO] [stdout] 
[INFO] [stdout] ---- src/connector.rs - connector::Connector::name (line 65) stdout ----
[INFO] [stdout] warning: variable `XrandrParser` should have a snake case name
[INFO] [stdout]  --> src/connector.rs:72:13
[INFO] [stdout]   |
[INFO] [stdout] 9 |     let mut XrandrParser = Parser::new();
[INFO] [stdout]   |             ^^^^^^^^^^^^ help: convert the identifier to snake case: `xrandr_parser`
[INFO] [stdout]   |
[INFO] [stdout]   = note: `#[warn(non_snake_case)]` on by default
[INFO] [stdout] 
[INFO] [stdout] warning: 1 warning emitted
[INFO] [stdout] 
[INFO] [stdout] Test executable failed (exit status: 1).
[INFO] [stdout] 
[INFO] [stdout] stderr:
[INFO] [stdout] Error: "Not Found"
[INFO] [stdout] 
[INFO] [stdout] 
[INFO] [stdout] ---- src/connector.rs - connector::Connector::available_resolutions_pretty (line 475) stdout ----
[INFO] [stdout] warning: variable `XrandrParser` should have a snake case name
[INFO] [stdout]  --> src/connector.rs:482:13
[INFO] [stdout]   |
[INFO] [stdout] 9 |     let mut XrandrParser = Parser::new();
[INFO] [stdout]   |             ^^^^^^^^^^^^ help: convert the identifier to snake case: `xrandr_parser`
[INFO] [stdout]   |
[INFO] [stdout]   = note: `#[warn(non_snake_case)]` on by default
[INFO] [stdout] 
[INFO] [stdout] warning: 1 warning emitted
[INFO] [stdout] 
[INFO] [stdout] Test executable failed (exit status: 1).
[INFO] [stdout] 
[INFO] [stdout] stderr:
[INFO] [stdout] Error: "Not Found"
[INFO] [stdout] 
[INFO] [stdout] 
[INFO] [stdout] ---- src/connector.rs - connector::Connector::orientation (line 301) stdout ----
[INFO] [stdout] warning: variable `XrandrParser` should have a snake case name
[INFO] [stdout]  --> src/connector.rs:308:13
[INFO] [stdout]   |
[INFO] [stdout] 9 |     let mut XrandrParser = Parser::new();
[INFO] [stdout]   |             ^^^^^^^^^^^^ help: convert the identifier to snake case: `xrandr_parser`
[INFO] [stdout]   |
[INFO] [stdout]   = note: `#[warn(non_snake_case)]` on by default
[INFO] [stdout] 
[INFO] [stdout] warning: 1 warning emitted
[INFO] [stdout] 
[INFO] [stdout] Test executable failed (exit status: 1).
[INFO] [stdout] 
[INFO] [stdout] stderr:
[INFO] [stdout] Error: "Not Found"
[INFO] [stdout] 
[INFO] [stdout] 
[INFO] [stdout] ---- src/connector.rs - connector::Connector::current_resolution (line 149) stdout ----
[INFO] [stdout] warning: variable `XrandrParser` should have a snake case name
[INFO] [stdout]   --> src/connector.rs:157:13
[INFO] [stdout]    |
[INFO] [stdout] 10 |     let mut XrandrParser = Parser::new();
[INFO] [stdout]    |             ^^^^^^^^^^^^ help: convert the identifier to snake case: `xrandr_parser`
[INFO] [stdout]    |
[INFO] [stdout]    = note: `#[warn(non_snake_case)]` on by default
[INFO] [stdout] 
[INFO] [stdout] warning: 1 warning emitted
[INFO] [stdout] 
[INFO] [stdout] Test executable failed (exit status: 1).
[INFO] [stdout] 
[INFO] [stdout] stderr:
[INFO] [stdout] Error: "Not Found"
[INFO] [stdout] 
[INFO] [stdout] 
[INFO] [stdout] ---- src/connector.rs - connector::Connector::available_refresh_rates (line 511) stdout ----
[INFO] [stdout] warning: variable `XrandrParser` should have a snake case name
[INFO] [stdout]  --> src/connector.rs:518:13
[INFO] [stdout]   |
[INFO] [stdout] 9 |     let mut XrandrParser = Parser::new();
[INFO] [stdout]   |             ^^^^^^^^^^^^ help: convert the identifier to snake case: `xrandr_parser`
[INFO] [stdout]   |
[INFO] [stdout]   = note: `#[warn(non_snake_case)]` on by default
[INFO] [stdout] 
[INFO] [stdout] warning: 1 warning emitted
[INFO] [stdout] 
[INFO] [stdout] Test executable failed (exit status: 1).
[INFO] [stdout] 
[INFO] [stdout] stderr:
[INFO] [stdout] Error: "Not Found"
[INFO] [stdout] 
[INFO] [stdout] 
[INFO] [stdout] ---- src/connector.rs - connector::Connector::output_info (line 396) stdout ----
[INFO] [stdout] warning: variable `XrandrParser` should have a snake case name
[INFO] [stdout]   --> src/connector.rs:404:13
[INFO] [stdout]    |
[INFO] [stdout] 10 |     let mut XrandrParser = Parser::new();
[INFO] [stdout]    |             ^^^^^^^^^^^^ help: convert the identifier to snake case: `xrandr_parser`
[INFO] [stdout]    |
[INFO] [stdout]    = note: `#[warn(non_snake_case)]` on by default
[INFO] [stdout] 
[INFO] [stdout] warning: 1 warning emitted
[INFO] [stdout] 
[INFO] [stdout] Test executable failed (exit status: 1).
[INFO] [stdout] 
[INFO] [stdout] stderr:
[INFO] [stdout] Error: "Not Found"
[INFO] [stdout] 
[INFO] [stdout] 
[INFO] [stdout] ---- src/connector.rs - connector::Connector::prefered_resolution (line 209) stdout ----
[INFO] [stdout] warning: variable `XrandrParser` should have a snake case name
[INFO] [stdout]   --> src/connector.rs:217:13
[INFO] [stdout]    |
[INFO] [stdout] 10 |     let mut XrandrParser = Parser::new();
[INFO] [stdout]    |             ^^^^^^^^^^^^ help: convert the identifier to snake case: `xrandr_parser`
[INFO] [stdout]    |
[INFO] [stdout]    = note: `#[warn(non_snake_case)]` on by default
[INFO] [stdout] 
[INFO] [stdout] warning: 1 warning emitted
[INFO] [stdout] 
[INFO] [stdout] Test executable failed (exit status: 1).
[INFO] [stdout] 
[INFO] [stdout] stderr:
[INFO] [stdout] Error: "Not Found"
[INFO] [stdout] 
[INFO] [stdout] 
[INFO] [stdout] ---- src/connector.rs - connector::Connector::physical_dimensions (line 364) stdout ----
[INFO] [stdout] warning: variable `XrandrParser` should have a snake case name
[INFO] [stdout]   --> src/connector.rs:372:13
[INFO] [stdout]    |
[INFO] [stdout] 10 |     let mut XrandrParser = Parser::new();
[INFO] [stdout]    |             ^^^^^^^^^^^^ help: convert the identifier to snake case: `xrandr_parser`
[INFO] [stdout]    |
[INFO] [stdout]    = note: `#[warn(non_snake_case)]` on by default
[INFO] [stdout] 
[INFO] [stdout] warning: 1 warning emitted
[INFO] [stdout] 
[INFO] [stdout] Test executable failed (exit status: 1).
[INFO] [stdout] 
[INFO] [stdout] stderr:
[INFO] [stdout] Error: "Not Found"
[INFO] [stdout] 
[INFO] [stdout] 
[INFO] [stdout] ---- src/connector.rs - connector::Connector::position (line 269) stdout ----
[INFO] [stdout] warning: variable `XrandrParser` should have a snake case name
[INFO] [stdout]   --> src/connector.rs:277:13
[INFO] [stdout]    |
[INFO] [stdout] 10 |     let mut XrandrParser = Parser::new();
[INFO] [stdout]    |             ^^^^^^^^^^^^ help: convert the identifier to snake case: `xrandr_parser`
[INFO] [stdout]    |
[INFO] [stdout]    = note: `#[warn(non_snake_case)]` on by default
[INFO] [stdout] 
[INFO] [stdout] warning: 1 warning emitted
[INFO] [stdout] 
[INFO] [stdout] Test executable failed (exit status: 1).
[INFO] [stdout] 
[INFO] [stdout] stderr:
[INFO] [stdout] Error: "Not Found"
[INFO] [stdout] 
[INFO] [stdout] 
[INFO] [stdout] ---- src/connector.rs - connector::Connector::prefered_refresh_rate (line 241) stdout ----
[INFO] [stdout] warning: variable `XrandrParser` should have a snake case name
[INFO] [stdout]  --> src/connector.rs:248:13
[INFO] [stdout]   |
[INFO] [stdout] 9 |     let mut XrandrParser = Parser::new();
[INFO] [stdout]   |             ^^^^^^^^^^^^ help: convert the identifier to snake case: `xrandr_parser`
[INFO] [stdout]   |
[INFO] [stdout]   = note: `#[warn(non_snake_case)]` on by default
[INFO] [stdout] 
[INFO] [stdout] warning: 1 warning emitted
[INFO] [stdout] 
[INFO] [stdout] Test executable failed (exit status: 1).
[INFO] [stdout] 
[INFO] [stdout] stderr:
[INFO] [stdout] Error: "Not Found"
[INFO] [stdout] 
[INFO] [stdout] 
[INFO] [stdout] ---- src/connector.rs - connector::Connector::primary (line 121) stdout ----
[INFO] [stdout] warning: variable `XrandrParser` should have a snake case name
[INFO] [stdout]  --> src/connector.rs:128:13
[INFO] [stdout]   |
[INFO] [stdout] 9 |     let mut XrandrParser = Parser::new();
[INFO] [stdout]   |             ^^^^^^^^^^^^ help: convert the identifier to snake case: `xrandr_parser`
[INFO] [stdout]   |
[INFO] [stdout]   = note: `#[warn(non_snake_case)]` on by default
[INFO] [stdout] 
[INFO] [stdout] warning: 1 warning emitted
[INFO] [stdout] 
[INFO] [stdout] Test executable failed (exit status: 1).
[INFO] [stdout] 
[INFO] [stdout] stderr:
[INFO] [stdout] Error: "Not Found"
[INFO] [stdout] 
[INFO] [stdout] 
[INFO] [stdout] ---- src/connector.rs - connector::Connector::status (line 93) stdout ----
[INFO] [stdout] warning: variable `XrandrParser` should have a snake case name
[INFO] [stdout]  --> src/connector.rs:100:13
[INFO] [stdout]   |
[INFO] [stdout] 9 |     let mut XrandrParser = Parser::new();
[INFO] [stdout]   |             ^^^^^^^^^^^^ help: convert the identifier to snake case: `xrandr_parser`
[INFO] [stdout]   |
[INFO] [stdout]   = note: `#[warn(non_snake_case)]` on by default
[INFO] [stdout] 
[INFO] [stdout] warning: 1 warning emitted
[INFO] [stdout] 
[INFO] [stdout] Test executable failed (exit status: 1).
[INFO] [stdout] 
[INFO] [stdout] stderr:
[INFO] [stdout] Error: "Not Found"
[INFO] [stdout] 
[INFO] [stdout] 
[INFO] [stdout] ---- src/lib.rs - (line 13) stdout ----
[INFO] [stdout] warning: variable `XrandrParser` should have a snake case name
[INFO] [stdout]  --> src/lib.rs:20:13
[INFO] [stdout]   |
[INFO] [stdout] 9 |     let mut XrandrParser = Parser::new();
[INFO] [stdout]   |             ^^^^^^^^^^^^ help: convert the identifier to snake case: `xrandr_parser`
[INFO] [stdout]   |
[INFO] [stdout]   = note: `#[warn(non_snake_case)]` on by default
[INFO] [stdout] 
[INFO] [stdout] warning: 1 warning emitted
[INFO] [stdout] 
[INFO] [stdout] Test executable failed (exit status: 1).
[INFO] [stdout] 
[INFO] [stdout] stderr:
[INFO] [stdout] Error: "Not Found"
[INFO] [stdout] 
[INFO] [stdout] 
[INFO] [stdout] ---- src/lib.rs - Parser::connected_outputs (line 370) stdout ----
[INFO] [stdout] warning: variable `XrandrParser` should have a snake case name
[INFO] [stdout]  --> src/lib.rs:377:13
[INFO] [stdout]   |
[INFO] [stdout] 9 |     let mut XrandrParser = Parser::new();
[INFO] [stdout]   |             ^^^^^^^^^^^^ help: convert the identifier to snake case: `xrandr_parser`
[INFO] [stdout]   |
[INFO] [stdout]   = note: `#[warn(non_snake_case)]` on by default
[INFO] [stdout] 
[INFO] [stdout] warning: 1 warning emitted
[INFO] [stdout] 
[INFO] [stdout] Test executable failed (exit status: 101).
[INFO] [stdout] 
[INFO] [stdout] stdout:
[INFO] [stdout] Connected Outputs: []
[INFO] [stdout] 
[INFO] [stdout] stderr:
[INFO] [stdout] thread 'main' panicked at src/lib.rs:17:4:
[INFO] [stdout] assertion `left == right` failed
[INFO] [stdout]   left: []
[INFO] [stdout]  right: ["HDMI-1"]
[INFO] [stdout] stack backtrace:
[INFO] [stdout]    0:     0x56001e5afcac - std::backtrace_rs::backtrace::libunwind::trace::ha637c64ce894333a
[INFO] [stdout]                                at /rustc/82e1608dfa6e0b5569232559e3d385fea5a93112/library/std/src/../../backtrace/src/backtrace/libunwind.rs:104:5
[INFO] [stdout]    1:     0x56001e5afcac - std::backtrace_rs::backtrace::trace_unsynchronized::h47f62dea28e0c88d
[INFO] [stdout]                                at /rustc/82e1608dfa6e0b5569232559e3d385fea5a93112/library/std/src/../../backtrace/src/backtrace/mod.rs:66:5
[INFO] [stdout]    2:     0x56001e5afcac - std::sys_common::backtrace::_print_fmt::h9eef0abe20ede486
[INFO] [stdout]                                at /rustc/82e1608dfa6e0b5569232559e3d385fea5a93112/library/std/src/sys_common/backtrace.rs:67:5
[INFO] [stdout]    3:     0x56001e5afcac - <std::sys_common::backtrace::_print::DisplayBacktrace as core::fmt::Display>::fmt::hed7f999df88cc644
[INFO] [stdout]                                at /rustc/82e1608dfa6e0b5569232559e3d385fea5a93112/library/std/src/sys_common/backtrace.rs:44:22
[INFO] [stdout]    4:     0x56001e5d2f30 - core::fmt::rt::Argument::fmt::h1539a9308b8d058d
[INFO] [stdout]                                at /rustc/82e1608dfa6e0b5569232559e3d385fea5a93112/library/core/src/fmt/rt.rs:142:9
[INFO] [stdout]    5:     0x56001e5d2f30 - core::fmt::write::h3a39390d8560d9c9
[INFO] [stdout]                                at /rustc/82e1608dfa6e0b5569232559e3d385fea5a93112/library/core/src/fmt/mod.rs:1120:17
[INFO] [stdout]    6:     0x56001e5adc4f - std::io::Write::write_fmt::h5fc9997dfe05f882
[INFO] [stdout]                                at /rustc/82e1608dfa6e0b5569232559e3d385fea5a93112/library/std/src/io/mod.rs:1762:15
[INFO] [stdout]    7:     0x56001e5afa94 - std::sys_common::backtrace::_print::h894006fb5c6f3d45
[INFO] [stdout]                                at /rustc/82e1608dfa6e0b5569232559e3d385fea5a93112/library/std/src/sys_common/backtrace.rs:47:5
[INFO] [stdout]    8:     0x56001e5afa94 - std::sys_common::backtrace::print::h23a2d212c6fff936
[INFO] [stdout]                                at /rustc/82e1608dfa6e0b5569232559e3d385fea5a93112/library/std/src/sys_common/backtrace.rs:34:9
[INFO] [stdout]    9:     0x56001e5b0fa7 - std::panicking::default_hook::{{closure}}::h8a1d2ee00185001a
[INFO] [stdout]   10:     0x56001e5b0d0f - std::panicking::default_hook::h6038f2eba384e475
[INFO] [stdout]                                at /rustc/82e1608dfa6e0b5569232559e3d385fea5a93112/library/std/src/panicking.rs:292:9
[INFO] [stdout]   11:     0x56001e5b1428 - std::panicking::rust_panic_with_hook::h2b5517d590cab22e
[INFO] [stdout]                                at /rustc/82e1608dfa6e0b5569232559e3d385fea5a93112/library/std/src/panicking.rs:779:13
[INFO] [stdout]   12:     0x56001e5b130e - std::panicking::begin_panic_handler::{{closure}}::h233112c06e0ef43e
[INFO] [stdout]                                at /rustc/82e1608dfa6e0b5569232559e3d385fea5a93112/library/std/src/panicking.rs:657:13
[INFO] [stdout]   13:     0x56001e5b0176 - std::sys_common::backtrace::__rust_end_short_backtrace::h6e893f24d7ebbff8
[INFO] [stdout]                                at /rustc/82e1608dfa6e0b5569232559e3d385fea5a93112/library/std/src/sys_common/backtrace.rs:170:18
[INFO] [stdout]   14:     0x56001e5b1072 - rust_begin_unwind
[INFO] [stdout]                                at /rustc/82e1608dfa6e0b5569232559e3d385fea5a93112/library/std/src/panicking.rs:645:5
[INFO] [stdout]   15:     0x56001e570155 - core::panicking::panic_fmt::hbf0e066aabfa482c
[INFO] [stdout]                                at /rustc/82e1608dfa6e0b5569232559e3d385fea5a93112/library/core/src/panicking.rs:72:14
[INFO] [stdout]   16:     0x56001e57052b - core::panicking::assert_failed_inner::h0bba8b7c26ee4492
[INFO] [stdout]   17:     0x56001e570fda - core::panicking::assert_failed::hc7c233cee6a6cd8c
[INFO] [stdout]   18:     0x56001e5719e5 - rust_out::main::ha3182a6ed49b8a60
[INFO] [stdout]   19:     0x56001e570e8e - core::ops::function::FnOnce::call_once::hdc93050867ba4b14
[INFO] [stdout]   20:     0x56001e570a9d - std::sys_common::backtrace::__rust_begin_short_backtrace::h5b238d07e3d7025c
[INFO] [stdout]   21:     0x56001e570b01 - std::rt::lang_start::{{closure}}::hdc6d513ef36d708d
[INFO] [stdout]   22:     0x56001e5aa877 - core::ops::function::impls::<impl core::ops::function::FnOnce<A> for &F>::call_once::hd95060ecd5e1ca24
[INFO] [stdout]                                at /rustc/82e1608dfa6e0b5569232559e3d385fea5a93112/library/core/src/ops/function.rs:284:13
[INFO] [stdout]   23:     0x56001e5aa877 - std::panicking::try::do_call::h6e8cf51db32a6e4b
[INFO] [stdout]                                at /rustc/82e1608dfa6e0b5569232559e3d385fea5a93112/library/std/src/panicking.rs:552:40
[INFO] [stdout]   24:     0x56001e5aa877 - std::panicking::try::h3a52eefe24fe3c29
[INFO] [stdout]                                at /rustc/82e1608dfa6e0b5569232559e3d385fea5a93112/library/std/src/panicking.rs:516:19
[INFO] [stdout]   25:     0x56001e5aa877 - std::panic::catch_unwind::h24c28c23c02c3841
[INFO] [stdout]                                at /rustc/82e1608dfa6e0b5569232559e3d385fea5a93112/library/std/src/panic.rs:142:14
[INFO] [stdout]   26:     0x56001e5aa877 - std::rt::lang_start_internal::{{closure}}::h705d3c9cbc06ef47
[INFO] [stdout]                                at /rustc/82e1608dfa6e0b5569232559e3d385fea5a93112/library/std/src/rt.rs:148:48
[INFO] [stdout]   27:     0x56001e5aa877 - std::panicking::try::do_call::ha21f52ba13158470
[INFO] [stdout]                                at /rustc/82e1608dfa6e0b5569232559e3d385fea5a93112/library/std/src/panicking.rs:552:40
[INFO] [stdout]   28:     0x56001e5aa877 - std::panicking::try::h5581346bf6aeb1f8
[INFO] [stdout]                                at /rustc/82e1608dfa6e0b5569232559e3d385fea5a93112/library/std/src/panicking.rs:516:19
[INFO] [stdout]   29:     0x56001e5aa877 - std::panic::catch_unwind::h7919645a6b72e25b
[INFO] [stdout]                                at /rustc/82e1608dfa6e0b5569232559e3d385fea5a93112/library/std/src/panic.rs:142:14
[INFO] [stdout]   30:     0x56001e5aa877 - std::rt::lang_start_internal::h12de51168669836e
[INFO] [stdout]                                at /rustc/82e1608dfa6e0b5569232559e3d385fea5a93112/library/std/src/rt.rs:148:20
[INFO] [stdout]   31:     0x56001e570ad7 - std::rt::lang_start::h9ea1cf30a8a8751a
[INFO] [stdout]   32:     0x56001e571a75 - main
[INFO] [stdout]   33:     0x7ff718cbcd90 - <unknown>
[INFO] [stdout]   34:     0x7ff718cbce40 - __libc_start_main
[INFO] [stdout]   35:     0x56001e570965 - _start
[INFO] [stdout]   36:                0x0 - <unknown>
[INFO] [stdout] 
[INFO] [stdout] 
[INFO] [stdout] ---- src/lib.rs - Parser::get_connector (line 537) stdout ----
[INFO] [stdout] warning: variable `XrandrParser` should have a snake case name
[INFO] [stdout]   --> src/lib.rs:545:13
[INFO] [stdout]    |
[INFO] [stdout] 10 |     let mut XrandrParser = Parser::new();
[INFO] [stdout]    |             ^^^^^^^^^^^^ help: convert the identifier to snake case: `xrandr_parser`
[INFO] [stdout]    |
[INFO] [stdout]    = note: `#[warn(non_snake_case)]` on by default
[INFO] [stdout] 
[INFO] [stdout] warning: 1 warning emitted
[INFO] [stdout] 
[INFO] [stdout] Test executable failed (exit status: 1).
[INFO] [stdout] 
[INFO] [stdout] stderr:
[INFO] [stdout] Error: "Not Found"
[INFO] [stdout] 
[INFO] [stdout] 
[INFO] [stdout] ---- src/lib.rs - Parser::connectors (line 398) stdout ----
[INFO] [stdout] warning: variable `XrandrParser` should have a snake case name
[INFO] [stdout]   --> src/lib.rs:406:14
[INFO] [stdout]    |
[INFO] [stdout] 10 |      let mut XrandrParser = Parser::new();
[INFO] [stdout]    |              ^^^^^^^^^^^^ help: convert the identifier to snake case: `xrandr_parser`
[INFO] [stdout]    |
[INFO] [stdout]    = note: `#[warn(non_snake_case)]` on by default
[INFO] [stdout] 
[INFO] [stdout] warning: 1 warning emitted
[INFO] [stdout] 
[INFO] [stdout] Test executable failed (exit status: 101).
[INFO] [stdout] 
[INFO] [stdout] stdout:
[INFO] [stdout] Connectors: []
[INFO] [stdout] 
[INFO] [stdout] stderr:
[INFO] [stdout] thread 'main' panicked at src/lib.rs:18:5:
[INFO] [stdout] assertion `left == right` failed
[INFO] [stdout]   left: []
[INFO] [stdout]  right: [Connector { name: "HDMI-1", status: "connected", primary: true, current_resolution: Resolution { horizontal: "1920", vertical: "1080" }, current_refresh_rate: "60.00", prefered_resolution: Resolution { horizontal: "1920", vertical: "1080" }, prefered_refresh_rate: "60.00", position: Position { x: "0", y: "0" }, orientation: "normal", available_orientations: ["normal", "left", "inverted", "right", "x axis", "y axis"], physical_dimensions: Dimensions { x: "1210", y: "680" }, output_info: [Output { resolution: Resolution { horizontal: "1920", vertical: "1080" }, rates: ["60.00"] }] }, Connector { name: "HDMI-2", status: "disconnected", primary: false, current_resolution: Resolution { horizontal: "", vertical: "" }, current_refresh_rate: "", prefered_resolution: Resolution { horizontal: "", vertical: "" }, prefered_refresh_rate: "", position: Position { x: "", y: "" }, orientation: "", available_orientations: [], physical_dimensions: Dimensions { x: "", y: "" }, output_info: [] }]
[INFO] [stdout] stack backtrace:
[INFO] [stdout]    0:     0x560a9ad3259c - std::backtrace_rs::backtrace::libunwind::trace::ha637c64ce894333a
[INFO] [stdout]                                at /rustc/82e1608dfa6e0b5569232559e3d385fea5a93112/library/std/src/../../backtrace/src/backtrace/libunwind.rs:104:5
[INFO] [stdout]    1:     0x560a9ad3259c - std::backtrace_rs::backtrace::trace_unsynchronized::h47f62dea28e0c88d
[INFO] [stdout]                                at /rustc/82e1608dfa6e0b5569232559e3d385fea5a93112/library/std/src/../../backtrace/src/backtrace/mod.rs:66:5
[INFO] [stdout]    2:     0x560a9ad3259c - std::sys_common::backtrace::_print_fmt::h9eef0abe20ede486
[INFO] [stdout]                                at /rustc/82e1608dfa6e0b5569232559e3d385fea5a93112/library/std/src/sys_common/backtrace.rs:67:5
[INFO] [stdout]    3:     0x560a9ad3259c - <std::sys_common::backtrace::_print::DisplayBacktrace as core::fmt::Display>::fmt::hed7f999df88cc644
[INFO] [stdout]                                at /rustc/82e1608dfa6e0b5569232559e3d385fea5a93112/library/std/src/sys_common/backtrace.rs:44:22
[INFO] [stdout]    4:     0x560a9ad55820 - core::fmt::rt::Argument::fmt::h1539a9308b8d058d
[INFO] [stdout]                                at /rustc/82e1608dfa6e0b5569232559e3d385fea5a93112/library/core/src/fmt/rt.rs:142:9
[INFO] [stdout]    5:     0x560a9ad55820 - core::fmt::write::h3a39390d8560d9c9
[INFO] [stdout]                                at /rustc/82e1608dfa6e0b5569232559e3d385fea5a93112/library/core/src/fmt/mod.rs:1120:17
[INFO] [stdout]    6:     0x560a9ad3053f - std::io::Write::write_fmt::h5fc9997dfe05f882
[INFO] [stdout]                                at /rustc/82e1608dfa6e0b5569232559e3d385fea5a93112/library/std/src/io/mod.rs:1762:15
[INFO] [stdout]    7:     0x560a9ad32384 - std::sys_common::backtrace::_print::h894006fb5c6f3d45
[INFO] [stdout]                                at /rustc/82e1608dfa6e0b5569232559e3d385fea5a93112/library/std/src/sys_common/backtrace.rs:47:5
[INFO] [stdout]    8:     0x560a9ad32384 - std::sys_common::backtrace::print::h23a2d212c6fff936
[INFO] [stdout]                                at /rustc/82e1608dfa6e0b5569232559e3d385fea5a93112/library/std/src/sys_common/backtrace.rs:34:9
[INFO] [stdout]    9:     0x560a9ad33897 - std::panicking::default_hook::{{closure}}::h8a1d2ee00185001a
[INFO] [stdout]   10:     0x560a9ad335ff - std::panicking::default_hook::h6038f2eba384e475
[INFO] [stdout]                                at /rustc/82e1608dfa6e0b5569232559e3d385fea5a93112/library/std/src/panicking.rs:292:9
[INFO] [stdout]   11:     0x560a9ad33d18 - std::panicking::rust_panic_with_hook::h2b5517d590cab22e
[INFO] [stdout]                                at /rustc/82e1608dfa6e0b5569232559e3d385fea5a93112/library/std/src/panicking.rs:779:13
[INFO] [stdout]   12:     0x560a9ad33bfe - std::panicking::begin_panic_handler::{{closure}}::h233112c06e0ef43e
[INFO] [stdout]                                at /rustc/82e1608dfa6e0b5569232559e3d385fea5a93112/library/std/src/panicking.rs:657:13
[INFO] [stdout]   13:     0x560a9ad32a66 - std::sys_common::backtrace::__rust_end_short_backtrace::h6e893f24d7ebbff8
[INFO] [stdout]                                at /rustc/82e1608dfa6e0b5569232559e3d385fea5a93112/library/std/src/sys_common/backtrace.rs:170:18
[INFO] [stdout]   14:     0x560a9ad33962 - rust_begin_unwind
[INFO] [stdout]                                at /rustc/82e1608dfa6e0b5569232559e3d385fea5a93112/library/std/src/panicking.rs:645:5
[INFO] [stdout]   15:     0x560a9acef155 - core::panicking::panic_fmt::hbf0e066aabfa482c
[INFO] [stdout]                                at /rustc/82e1608dfa6e0b5569232559e3d385fea5a93112/library/core/src/panicking.rs:72:14
[INFO] [stdout]   16:     0x560a9acef56b - core::panicking::assert_failed_inner::h0bba8b7c26ee4492
[INFO] [stdout]   17:     0x560a9acf09ea - core::panicking::assert_failed::hcc0b10a4fefceb21
[INFO] [stdout]   18:     0x560a9acf309f - rust_out::main::ha3182a6ed49b8a60
[INFO] [stdout]   19:     0x560a9acf042e - core::ops::function::FnOnce::call_once::hdc93050867ba4b14
[INFO] [stdout]   20:     0x560a9acefcbd - std::sys_common::backtrace::__rust_begin_short_backtrace::h5b238d07e3d7025c
[INFO] [stdout]   21:     0x560a9acefd21 - std::rt::lang_start::{{closure}}::hdc6d513ef36d708d
[INFO] [stdout]   22:     0x560a9ad2d167 - core::ops::function::impls::<impl core::ops::function::FnOnce<A> for &F>::call_once::hd95060ecd5e1ca24
[INFO] [stdout]                                at /rustc/82e1608dfa6e0b5569232559e3d385fea5a93112/library/core/src/ops/function.rs:284:13
[INFO] [stdout]   23:     0x560a9ad2d167 - std::panicking::try::do_call::h6e8cf51db32a6e4b
[INFO] [stdout]                                at /rustc/82e1608dfa6e0b5569232559e3d385fea5a93112/library/std/src/panicking.rs:552:40
[INFO] [stdout]   24:     0x560a9ad2d167 - std::panicking::try::h3a52eefe24fe3c29
[INFO] [stdout]                                at /rustc/82e1608dfa6e0b5569232559e3d385fea5a93112/library/std/src/panicking.rs:516:19
[INFO] [stdout]   25:     0x560a9ad2d167 - std::panic::catch_unwind::h24c28c23c02c3841
[INFO] [stdout]                                at /rustc/82e1608dfa6e0b5569232559e3d385fea5a93112/library/std/src/panic.rs:142:14
[INFO] [stdout]   26:     0x560a9ad2d167 - std::rt::lang_start_internal::{{closure}}::h705d3c9cbc06ef47
[INFO] [stdout]                                at /rustc/82e1608dfa6e0b5569232559e3d385fea5a93112/library/std/src/rt.rs:148:48
[INFO] [stdout]   27:     0x560a9ad2d167 - std::panicking::try::do_call::ha21f52ba13158470
[INFO] [stdout]                                at /rustc/82e1608dfa6e0b5569232559e3d385fea5a93112/library/std/src/panicking.rs:552:40
[INFO] [stdout]   28:     0x560a9ad2d167 - std::panicking::try::h5581346bf6aeb1f8
[INFO] [stdout]                                at /rustc/82e1608dfa6e0b5569232559e3d385fea5a93112/library/std/src/panicking.rs:516:19
[INFO] [stdout]   29:     0x560a9ad2d167 - std::panic::catch_unwind::h7919645a6b72e25b
[INFO] [stdout]                                at /rustc/82e1608dfa6e0b5569232559e3d385fea5a93112/library/std/src/panic.rs:142:14
[INFO] [stdout]   30:     0x560a9ad2d167 - std::rt::lang_start_internal::h12de51168669836e
[INFO] [stdout]                                at /rustc/82e1608dfa6e0b5569232559e3d385fea5a93112/library/std/src/rt.rs:148:20
[INFO] [stdout]   31:     0x560a9acefcf7 - std::rt::lang_start::h9ea1cf30a8a8751a
[INFO] [stdout]   32:     0x560a9acf33e5 - main
[INFO] [stdout]   33:     0x7fcb1406ed90 - <unknown>
[INFO] [stdout]   34:     0x7fcb1406ee40 - __libc_start_main
[INFO] [stdout]   35:     0x560a9acef9a5 - _start
[INFO] [stdout]   36:                0x0 - <unknown>
[INFO] [stdout] 
[INFO] [stdout] 
[INFO] [stdout] ---- src/lib.rs - Parser::outputs (line 343) stdout ----
[INFO] [stdout] warning: variable `XrandrParser` should have a snake case name
[INFO] [stdout]  --> src/lib.rs:350:14
[INFO] [stdout]   |
[INFO] [stdout] 9 |      let mut XrandrParser = Parser::new();
[INFO] [stdout]   |              ^^^^^^^^^^^^ help: convert the identifier to snake case: `xrandr_parser`
[INFO] [stdout]   |
[INFO] [stdout]   = note: `#[warn(non_snake_case)]` on by default
[INFO] [stdout] 
[INFO] [stdout] warning: 1 warning emitted
[INFO] [stdout] 
[INFO] [stdout] Test executable failed (exit status: 101).
[INFO] [stdout] 
[INFO] [stdout] stderr:
[INFO] [stdout] thread 'main' panicked at src/lib.rs:15:4:
[INFO] [stdout] assertion `left == right` failed
[INFO] [stdout]   left: []
[INFO] [stdout]  right: ["HDMI-1", "HDMI-2"]
[INFO] [stdout] stack backtrace:
[INFO] [stdout]    0:     0x556e049a52ac - std::backtrace_rs::backtrace::libunwind::trace::ha637c64ce894333a
[INFO] [stdout]                                at /rustc/82e1608dfa6e0b5569232559e3d385fea5a93112/library/std/src/../../backtrace/src/backtrace/libunwind.rs:104:5
[INFO] [stdout]    1:     0x556e049a52ac - std::backtrace_rs::backtrace::trace_unsynchronized::h47f62dea28e0c88d
[INFO] [stdout]                                at /rustc/82e1608dfa6e0b5569232559e3d385fea5a93112/library/std/src/../../backtrace/src/backtrace/mod.rs:66:5
[INFO] [stdout]    2:     0x556e049a52ac - std::sys_common::backtrace::_print_fmt::h9eef0abe20ede486
[INFO] [stdout]                                at /rustc/82e1608dfa6e0b5569232559e3d385fea5a93112/library/std/src/sys_common/backtrace.rs:67:5
[INFO] [stdout]    3:     0x556e049a52ac - <std::sys_common::backtrace::_print::DisplayBacktrace as core::fmt::Display>::fmt::hed7f999df88cc644
[INFO] [stdout]                                at /rustc/82e1608dfa6e0b5569232559e3d385fea5a93112/library/std/src/sys_common/backtrace.rs:44:22
[INFO] [stdout]    4:     0x556e049c8530 - core::fmt::rt::Argument::fmt::h1539a9308b8d058d
[INFO] [stdout]                                at /rustc/82e1608dfa6e0b5569232559e3d385fea5a93112/library/core/src/fmt/rt.rs:142:9
[INFO] [stdout]    5:     0x556e049c8530 - core::fmt::write::h3a39390d8560d9c9
[INFO] [stdout]                                at /rustc/82e1608dfa6e0b5569232559e3d385fea5a93112/library/core/src/fmt/mod.rs:1120:17
[INFO] [stdout]    6:     0x556e049a329f - std::io::Write::write_fmt::h5fc9997dfe05f882
[INFO] [stdout]                                at /rustc/82e1608dfa6e0b5569232559e3d385fea5a93112/library/std/src/io/mod.rs:1762:15
[INFO] [stdout]    7:     0x556e049a5094 - std::sys_common::backtrace::_print::h894006fb5c6f3d45
[INFO] [stdout]                                at /rustc/82e1608dfa6e0b5569232559e3d385fea5a93112/library/std/src/sys_common/backtrace.rs:47:5
[INFO] [stdout]    8:     0x556e049a5094 - std::sys_common::backtrace::print::h23a2d212c6fff936
[INFO] [stdout]                                at /rustc/82e1608dfa6e0b5569232559e3d385fea5a93112/library/std/src/sys_common/backtrace.rs:34:9
[INFO] [stdout]    9:     0x556e049a65a7 - std::panicking::default_hook::{{closure}}::h8a1d2ee00185001a
[INFO] [stdout]   10:     0x556e049a630f - std::panicking::default_hook::h6038f2eba384e475
[INFO] [stdout]                                at /rustc/82e1608dfa6e0b5569232559e3d385fea5a93112/library/std/src/panicking.rs:292:9
[INFO] [stdout]   11:     0x556e049a6a28 - std::panicking::rust_panic_with_hook::h2b5517d590cab22e
[INFO] [stdout]                                at /rustc/82e1608dfa6e0b5569232559e3d385fea5a93112/library/std/src/panicking.rs:779:13
[INFO] [stdout]   12:     0x556e049a690e - std::panicking::begin_panic_handler::{{closure}}::h233112c06e0ef43e
[INFO] [stdout]                                at /rustc/82e1608dfa6e0b5569232559e3d385fea5a93112/library/std/src/panicking.rs:657:13
[INFO] [stdout]   13:     0x556e049a5776 - std::sys_common::backtrace::__rust_end_short_backtrace::h6e893f24d7ebbff8
[INFO] [stdout]                                at /rustc/82e1608dfa6e0b5569232559e3d385fea5a93112/library/std/src/sys_common/backtrace.rs:170:18
[INFO] [stdout]   14:     0x556e049a6672 - rust_begin_unwind
[INFO] [stdout]                                at /rustc/82e1608dfa6e0b5569232559e3d385fea5a93112/library/std/src/panicking.rs:645:5
[INFO] [stdout]   15:     0x556e04965e55 - core::panicking::panic_fmt::hbf0e066aabfa482c
[INFO] [stdout]                                at /rustc/82e1608dfa6e0b5569232559e3d385fea5a93112/library/core/src/panicking.rs:72:14
[INFO] [stdout]   16:     0x556e0496622b - core::panicking::assert_failed_inner::h0bba8b7c26ee4492
[INFO] [stdout]   17:     0x556e04966cda - core::panicking::assert_failed::hc7c233cee6a6cd8c
[INFO] [stdout]   18:     0x556e049676b0 - rust_out::main::ha3182a6ed49b8a60
[INFO] [stdout]   19:     0x556e04966b8e - core::ops::function::FnOnce::call_once::hdc93050867ba4b14
[INFO] [stdout]   20:     0x556e0496679d - std::sys_common::backtrace::__rust_begin_short_backtrace::h5b238d07e3d7025c
[INFO] [stdout]   21:     0x556e04966801 - std::rt::lang_start::{{closure}}::hdc6d513ef36d708d
[INFO] [stdout]   22:     0x556e049a03d7 - core::ops::function::impls::<impl core::ops::function::FnOnce<A> for &F>::call_once::hd95060ecd5e1ca24
[INFO] [stdout]                                at /rustc/82e1608dfa6e0b5569232559e3d385fea5a93112/library/core/src/ops/function.rs:284:13
[INFO] [stdout]   23:     0x556e049a03d7 - std::panicking::try::do_call::h6e8cf51db32a6e4b
[INFO] [stdout]                                at /rustc/82e1608dfa6e0b5569232559e3d385fea5a93112/library/std/src/panicking.rs:552:40
[INFO] [stdout]   24:     0x556e049a03d7 - std::panicking::try::h3a52eefe24fe3c29
[INFO] [stdout]                                at /rustc/82e1608dfa6e0b5569232559e3d385fea5a93112/library/std/src/panicking.rs:516:19
[INFO] [stdout]   25:     0x556e049a03d7 - std::panic::catch_unwind::h24c28c23c02c3841
[INFO] [stdout]                                at /rustc/82e1608dfa6e0b5569232559e3d385fea5a93112/library/std/src/panic.rs:142:14
[INFO] [stdout]   26:     0x556e049a03d7 - std::rt::lang_start_internal::{{closure}}::h705d3c9cbc06ef47
[INFO] [stdout]                                at /rustc/82e1608dfa6e0b5569232559e3d385fea5a93112/library/std/src/rt.rs:148:48
[INFO] [stdout]   27:     0x556e049a03d7 - std::panicking::try::do_call::ha21f52ba13158470
[INFO] [stdout]                                at /rustc/82e1608dfa6e0b5569232559e3d385fea5a93112/library/std/src/panicking.rs:552:40
[INFO] [stdout]   28:     0x556e049a03d7 - std::panicking::try::h5581346bf6aeb1f8
[INFO] [stdout]                                at /rustc/82e1608dfa6e0b5569232559e3d385fea5a93112/library/std/src/panicking.rs:516:19
[INFO] [stdout]   29:     0x556e049a03d7 - std::panic::catch_unwind::h7919645a6b72e25b
[INFO] [stdout]                                at /rustc/82e1608dfa6e0b5569232559e3d385fea5a93112/library/std/src/panic.rs:142:14
[INFO] [stdout]   30:     0x556e049a03d7 - std::rt::lang_start_internal::h12de51168669836e
[INFO] [stdout]                                at /rustc/82e1608dfa6e0b5569232559e3d385fea5a93112/library/std/src/rt.rs:148:20
[INFO] [stdout]   31:     0x556e049667d7 - std::rt::lang_start::h9ea1cf30a8a8751a
[INFO] [stdout]   32:     0x556e04967745 - main
[INFO] [stdout]   33:     0x7f21efb79d90 - <unknown>
[INFO] [stdout]   34:     0x7f21efb79e40 - __libc_start_main
[INFO] [stdout]   35:     0x556e04966665 - _start
[INFO] [stdout]   36:                0x0 - <unknown>
[INFO] [stdout] 
[INFO] [stdout] 
[INFO] [stdout] ---- src/lib.rs - Parser::screen (line 495) stdout ----
[INFO] [stdout] warning: variable `XrandrParser` should have a snake case name
[INFO] [stdout]   --> src/lib.rs:504:13
[INFO] [stdout]    |
[INFO] [stdout] 11 |     let mut XrandrParser = Parser::new();
[INFO] [stdout]    |             ^^^^^^^^^^^^ help: convert the identifier to snake case: `xrandr_parser`
[INFO] [stdout]    |
[INFO] [stdout]    = note: `#[warn(non_snake_case)]` on by default
[INFO] [stdout] 
[INFO] [stdout] warning: 1 warning emitted
[INFO] [stdout] 
[INFO] [stdout] Test executable failed (exit status: 101).
[INFO] [stdout] 
[INFO] [stdout] stdout:
[INFO] [stdout] Screen Information: Screen {
[INFO] [stdout]     minimum: Resolution {
[INFO] [stdout]         horizontal: "",
[INFO] [stdout]         vertical: "",
[INFO] [stdout]     },
[INFO] [stdout]     current: Resolution {
[INFO] [stdout]         horizontal: "",
[INFO] [stdout]         vertical: "",
[INFO] [stdout]     },
[INFO] [stdout]     maximum: Resolution {
[INFO] [stdout]         horizontal: "",
[INFO] [stdout]         vertical: "",
[INFO] [stdout]     },
[INFO] [stdout] }
[INFO] [stdout] 
[INFO] [stdout] stderr:
[INFO] [stdout] thread 'main' panicked at src/lib.rs:19:3:
[INFO] [stdout] assertion `left == right` failed
[INFO] [stdout]   left: Screen { minimum: Resolution { horizontal: "", vertical: "" }, current: Resolution { horizontal: "", vertical: "" }, maximum: Resolution { horizontal: "", vertical: "" } }
[INFO] [stdout]  right: Screen { minimum: Resolution { horizontal: "320", vertical: "200" }, current: Resolution { horizontal: "1920", vertical: "1080" }, maximum: Resolution { horizontal: "16384", vertical: "16384" } }
[INFO] [stdout] stack backtrace:
[INFO] [stdout]    0:     0x5624be718bbc - std::backtrace_rs::backtrace::libunwind::trace::ha637c64ce894333a
[INFO] [stdout]                                at /rustc/82e1608dfa6e0b5569232559e3d385fea5a93112/library/std/src/../../backtrace/src/backtrace/libunwind.rs:104:5
[INFO] [stdout]    1:     0x5624be718bbc - std::backtrace_rs::backtrace::trace_unsynchronized::h47f62dea28e0c88d
[INFO] [stdout]                                at /rustc/82e1608dfa6e0b5569232559e3d385fea5a93112/library/std/src/../../backtrace/src/backtrace/mod.rs:66:5
[INFO] [stdout]    2:     0x5624be718bbc - std::sys_common::backtrace::_print_fmt::h9eef0abe20ede486
[INFO] [stdout]                                at /rustc/82e1608dfa6e0b5569232559e3d385fea5a93112/library/std/src/sys_common/backtrace.rs:67:5
[INFO] [stdout]    3:     0x5624be718bbc - <std::sys_common::backtrace::_print::DisplayBacktrace as core::fmt::Display>::fmt::hed7f999df88cc644
[INFO] [stdout]                                at /rustc/82e1608dfa6e0b5569232559e3d385fea5a93112/library/std/src/sys_common/backtrace.rs:44:22
[INFO] [stdout]    4:     0x5624be73be40 - core::fmt::rt::Argument::fmt::h1539a9308b8d058d
[INFO] [stdout]                                at /rustc/82e1608dfa6e0b5569232559e3d385fea5a93112/library/core/src/fmt/rt.rs:142:9
[INFO] [stdout]    5:     0x5624be73be40 - core::fmt::write::h3a39390d8560d9c9
[INFO] [stdout]                                at /rustc/82e1608dfa6e0b5569232559e3d385fea5a93112/library/core/src/fmt/mod.rs:1120:17
[INFO] [stdout]    6:     0x5624be716b5f - std::io::Write::write_fmt::h5fc9997dfe05f882
[INFO] [stdout]                                at /rustc/82e1608dfa6e0b5569232559e3d385fea5a93112/library/std/src/io/mod.rs:1762:15
[INFO] [stdout]    7:     0x5624be7189a4 - std::sys_common::backtrace::_print::h894006fb5c6f3d45
[INFO] [stdout]                                at /rustc/82e1608dfa6e0b5569232559e3d385fea5a93112/library/std/src/sys_common/backtrace.rs:47:5
[INFO] [stdout]    8:     0x5624be7189a4 - std::sys_common::backtrace::print::h23a2d212c6fff936
[INFO] [stdout]                                at /rustc/82e1608dfa6e0b5569232559e3d385fea5a93112/library/std/src/sys_common/backtrace.rs:34:9
[INFO] [stdout]    9:     0x5624be719eb7 - std::panicking::default_hook::{{closure}}::h8a1d2ee00185001a
[INFO] [stdout]   10:     0x5624be719c1f - std::panicking::default_hook::h6038f2eba384e475
[INFO] [stdout]                                at /rustc/82e1608dfa6e0b5569232559e3d385fea5a93112/library/std/src/panicking.rs:292:9
[INFO] [stdout]   11:     0x5624be71a338 - std::panicking::rust_panic_with_hook::h2b5517d590cab22e
[INFO] [stdout]                                at /rustc/82e1608dfa6e0b5569232559e3d385fea5a93112/library/std/src/panicking.rs:779:13
[INFO] [stdout]   12:     0x5624be71a21e - std::panicking::begin_panic_handler::{{closure}}::h233112c06e0ef43e
[INFO] [stdout]                                at /rustc/82e1608dfa6e0b5569232559e3d385fea5a93112/library/std/src/panicking.rs:657:13
[INFO] [stdout]   13:     0x5624be719086 - std::sys_common::backtrace::__rust_end_short_backtrace::h6e893f24d7ebbff8
[INFO] [stdout]                                at /rustc/82e1608dfa6e0b5569232559e3d385fea5a93112/library/std/src/sys_common/backtrace.rs:170:18
[INFO] [stdout]   14:     0x5624be719f82 - rust_begin_unwind
[INFO] [stdout]                                at /rustc/82e1608dfa6e0b5569232559e3d385fea5a93112/library/std/src/panicking.rs:645:5
[INFO] [stdout]   15:     0x5624be6d9155 - core::panicking::panic_fmt::hbf0e066aabfa482c
[INFO] [stdout]                                at /rustc/82e1608dfa6e0b5569232559e3d385fea5a93112/library/core/src/panicking.rs:72:14
[INFO] [stdout]   16:     0x5624be6d943b - core::panicking::assert_failed_inner::h0bba8b7c26ee4492
[INFO] [stdout]   17:     0x5624be6d9dca - core::panicking::assert_failed::h8d234832b48424e0
[INFO] [stdout]   18:     0x5624be6da823 - rust_out::main::ha3182a6ed49b8a60
[INFO] [stdout]   19:     0x5624be6d9c6e - core::ops::function::FnOnce::call_once::hdc93050867ba4b14
[INFO] [stdout]   20:     0x5624be6d99ad - std::sys_common::backtrace::__rust_begin_short_backtrace::h5b238d07e3d7025c
[INFO] [stdout]   21:     0x5624be6d9a11 - std::rt::lang_start::{{closure}}::hdc6d513ef36d708d
[INFO] [stdout]   22:     0x5624be713787 - core::ops::function::impls::<impl core::ops::function::FnOnce<A> for &F>::call_once::hd95060ecd5e1ca24
[INFO] [stdout]                                at /rustc/82e1608dfa6e0b5569232559e3d385fea5a93112/library/core/src/ops/function.rs:284:13
[INFO] [stdout]   23:     0x5624be713787 - std::panicking::try::do_call::h6e8cf51db32a6e4b
[INFO] [stdout]                                at /rustc/82e1608dfa6e0b5569232559e3d385fea5a93112/library/std/src/panicking.rs:552:40
[INFO] [stdout]   24:     0x5624be713787 - std::panicking::try::h3a52eefe24fe3c29
[INFO] [stdout]                                at /rustc/82e1608dfa6e0b5569232559e3d385fea5a93112/library/std/src/panicking.rs:516:19
[INFO] [stdout]   25:     0x5624be713787 - std::panic::catch_unwind::h24c28c23c02c3841
[INFO] [stdout]                                at /rustc/82e1608dfa6e0b5569232559e3d385fea5a93112/library/std/src/panic.rs:142:14
[INFO] [stdout]   26:     0x5624be713787 - std::rt::lang_start_internal::{{closure}}::h705d3c9cbc06ef47
[INFO] [stdout]                                at /rustc/82e1608dfa6e0b5569232559e3d385fea5a93112/library/std/src/rt.rs:148:48
[INFO] [stdout]   27:     0x5624be713787 - std::panicking::try::do_call::ha21f52ba13158470
[INFO] [stdout]                                at /rustc/82e1608dfa6e0b5569232559e3d385fea5a93112/library/std/src/panicking.rs:552:40
[INFO] [stdout]   28:     0x5624be713787 - std::panicking::try::h5581346bf6aeb1f8
[INFO] [stdout]                                at /rustc/82e1608dfa6e0b5569232559e3d385fea5a93112/library/std/src/panicking.rs:516:19
[INFO] [stdout]   29:     0x5624be713787 - std::panic::catch_unwind::h7919645a6b72e25b
[INFO] [stdout]                                at /rustc/82e1608dfa6e0b5569232559e3d385fea5a93112/library/std/src/panic.rs:142:14
[INFO] [stdout]   30:     0x5624be713787 - std::rt::lang_start_internal::h12de51168669836e
[INFO] [stdout]                                at /rustc/82e1608dfa6e0b5569232559e3d385fea5a93112/library/std/src/rt.rs:148:20
[INFO] [stdout]   31:     0x5624be6d99e7 - std::rt::lang_start::h9ea1cf30a8a8751a
[INFO] [stdout]   32:     0x5624be6da8b5 - main
[INFO] [stdout]   33:     0x7fa6ceeced90 - <unknown>
[INFO] [stdout]   34:     0x7fa6ceecee40 - __libc_start_main
[INFO] [stdout]   35:     0x5624be6d9875 - _start
[INFO] [stdout]   36:                0x0 - <unknown>
[INFO] [stdout] 
[INFO] [stdout] 
[INFO] [stdout] 
[INFO] [stdout] failures:
[INFO] [stdout]     src/connector.rs - connector::Connector::available_orientations (line 329)
[INFO] [stdout]     src/connector.rs - connector::Connector::available_refresh_rates (line 511)
[INFO] [stdout]     src/connector.rs - connector::Connector::available_resolutions (line 436)
[INFO] [stdout]     src/connector.rs - connector::Connector::available_resolutions_pretty (line 475)
[INFO] [stdout]     src/connector.rs - connector::Connector::current_refresh_rate (line 181)
[INFO] [stdout]     src/connector.rs - connector::Connector::current_resolution (line 149)
[INFO] [stdout]     src/connector.rs - connector::Connector::name (line 65)
[INFO] [stdout]     src/connector.rs - connector::Connector::orientation (line 301)
[INFO] [stdout]     src/connector.rs - connector::Connector::output_info (line 396)
[INFO] [stdout]     src/connector.rs - connector::Connector::physical_dimensions (line 364)
[INFO] [stdout]     src/connector.rs - connector::Connector::position (line 269)
[INFO] [stdout]     src/connector.rs - connector::Connector::prefered_refresh_rate (line 241)
[INFO] [stdout]     src/connector.rs - connector::Connector::prefered_resolution (line 209)
[INFO] [stdout]     src/connector.rs - connector::Connector::primary (line 121)
[INFO] [stdout]     src/connector.rs - connector::Connector::status (line 93)
[INFO] [stdout]     src/lib.rs - (line 13)
[INFO] [stdout]     src/lib.rs - Parser::connected_outputs (line 370)
[INFO] [stdout]     src/lib.rs - Parser::connectors (line 398)
[INFO] [stdout]     src/lib.rs - Parser::get_connector (line 537)
[INFO] [stdout]     src/lib.rs - Parser::outputs (line 343)
[INFO] [stdout]     src/lib.rs - Parser::screen (line 495)
[INFO] [stdout] 
[INFO] [stdout] test result: FAILED. 0 passed; 21 failed; 0 ignored; 0 measured; 0 filtered out; finished in 2.98s
[INFO] [stdout] 
[INFO] [stderr] error: doctest failed, to rerun pass `--doc`
[INFO] running `Command { std: "docker" "inspect" "855ebbe47830117b1439ec58aaa878b102ff498529e7b2b86c5e556ac654f152", kill_on_drop: false }`
[INFO] running `Command { std: "docker" "rm" "-f" "855ebbe47830117b1439ec58aaa878b102ff498529e7b2b86c5e556ac654f152", kill_on_drop: false }`
[INFO] [stdout] 855ebbe47830117b1439ec58aaa878b102ff498529e7b2b86c5e556ac654f152
