[INFO] fetching crate xous-macros 0.1.0...
[INFO] testing xous-macros-0.1.0 against 1.75.0 for beta-1.76-1
[INFO] extracting crate xous-macros 0.1.0 into /workspace/builds/worker-3-tc1/source
[INFO] validating manifest of crates.io crate xous-macros 0.1.0 on toolchain 1.75.0
[INFO] running `Command { std: CARGO_HOME="/workspace/cargo-home" RUSTUP_HOME="/workspace/rustup-home" "/workspace/cargo-home/bin/cargo" "+1.75.0" "metadata" "--manifest-path" "Cargo.toml" "--no-deps", kill_on_drop: false }`
[INFO] started tweaking crates.io crate xous-macros 0.1.0
[INFO] finished tweaking crates.io crate xous-macros 0.1.0
[INFO] tweaked toml for crates.io crate xous-macros 0.1.0 written to /workspace/builds/worker-3-tc1/source/Cargo.toml
[INFO] running `Command { std: CARGO_HOME="/workspace/cargo-home" RUSTUP_HOME="/workspace/rustup-home" "/workspace/cargo-home/bin/cargo" "+1.75.0" "generate-lockfile" "--manifest-path" "Cargo.toml", kill_on_drop: false }`
[INFO] [stderr]     Updating crates.io index
[INFO] running `Command { std: CARGO_HOME="/workspace/cargo-home" RUSTUP_HOME="/workspace/rustup-home" "/workspace/cargo-home/bin/cargo" "+1.75.0" "fetch" "--manifest-path" "Cargo.toml", kill_on_drop: false }`
[INFO] running `Command { std: "docker" "create" "-v" "/var/lib/crater-agent-workspace/builds/worker-3-tc1/target:/opt/rustwide/target:rw,Z" "-v" "/var/lib/crater-agent-workspace/builds/worker-3-tc1/source:/opt/rustwide/workdir:ro,Z" "-v" "/var/lib/crater-agent-workspace/cargo-home:/opt/rustwide/cargo-home:ro,Z" "-v" "/var/lib/crater-agent-workspace/rustup-home:/opt/rustwide/rustup-home:ro,Z" "-e" "SOURCE_DIR=/opt/rustwide/workdir" "-e" "CARGO_TARGET_DIR=/opt/rustwide/target" "-e" "CARGO_HOME=/opt/rustwide/cargo-home" "-e" "RUSTUP_HOME=/opt/rustwide/rustup-home" "-w" "/opt/rustwide/workdir" "-m" "1610612736" "--user" "0:0" "--network" "none" "ghcr.io/rust-lang/crates-build-env/linux@sha256:2788e3201cd34a07e3172128adcd8b3090168a8e3bcc40d7c032b9dda1df7d1c" "/opt/rustwide/cargo-home/bin/cargo" "+1.75.0" "metadata" "--no-deps" "--format-version=1", kill_on_drop: false }`
[INFO] [stdout] e4cdcae629117c47a30836dddc4e4347245135fd5ae02de195fb5a77b2f004dc
[INFO] running `Command { std: "docker" "start" "-a" "e4cdcae629117c47a30836dddc4e4347245135fd5ae02de195fb5a77b2f004dc", kill_on_drop: false }`
[INFO] running `Command { std: "docker" "inspect" "e4cdcae629117c47a30836dddc4e4347245135fd5ae02de195fb5a77b2f004dc", kill_on_drop: false }`
[INFO] running `Command { std: "docker" "rm" "-f" "e4cdcae629117c47a30836dddc4e4347245135fd5ae02de195fb5a77b2f004dc", kill_on_drop: false }`
[INFO] [stdout] e4cdcae629117c47a30836dddc4e4347245135fd5ae02de195fb5a77b2f004dc
[INFO] running `Command { std: "docker" "create" "-v" "/var/lib/crater-agent-workspace/builds/worker-3-tc1/target:/opt/rustwide/target:rw,Z" "-v" "/var/lib/crater-agent-workspace/builds/worker-3-tc1/source:/opt/rustwide/workdir:ro,Z" "-v" "/var/lib/crater-agent-workspace/cargo-home:/opt/rustwide/cargo-home:ro,Z" "-v" "/var/lib/crater-agent-workspace/rustup-home:/opt/rustwide/rustup-home:ro,Z" "-e" "SOURCE_DIR=/opt/rustwide/workdir" "-e" "CARGO_TARGET_DIR=/opt/rustwide/target" "-e" "CARGO_INCREMENTAL=0" "-e" "RUST_BACKTRACE=full" "-e" "RUSTFLAGS=--cap-lints=warn" "-e" "RUSTDOCFLAGS=--cap-lints=warn" "-e" "CARGO_HOME=/opt/rustwide/cargo-home" "-e" "RUSTUP_HOME=/opt/rustwide/rustup-home" "-w" "/opt/rustwide/workdir" "-m" "1610612736" "--user" "0:0" "--network" "none" "ghcr.io/rust-lang/crates-build-env/linux@sha256:2788e3201cd34a07e3172128adcd8b3090168a8e3bcc40d7c032b9dda1df7d1c" "/opt/rustwide/cargo-home/bin/cargo" "+1.75.0" "build" "--frozen" "--message-format=json", kill_on_drop: false }`
[INFO] [stdout] e89450a14f4396f801786e523b9c0c2242328e4d1b960fbd34fc46cb4f7dfa74
[INFO] running `Command { std: "docker" "start" "-a" "e89450a14f4396f801786e523b9c0c2242328e4d1b960fbd34fc46cb4f7dfa74", kill_on_drop: false }`
[INFO] [stderr]    Compiling rand_core v0.5.1
[INFO] [stderr]    Compiling syn v1.0.109
[INFO] [stderr]    Compiling ppv-lite86 v0.2.17
[INFO] [stderr]    Compiling rand_pcg v0.2.1
[INFO] [stderr]    Compiling rand_chacha v0.2.2
[INFO] [stderr]    Compiling rand v0.7.3
[INFO] [stderr]    Compiling xous-macros v0.1.0 (/opt/rustwide/workdir)
[INFO] [stderr]     Finished dev [unoptimized + debuginfo] target(s) in 3.06s
[INFO] running `Command { std: "docker" "inspect" "e89450a14f4396f801786e523b9c0c2242328e4d1b960fbd34fc46cb4f7dfa74", kill_on_drop: false }`
[INFO] running `Command { std: "docker" "rm" "-f" "e89450a14f4396f801786e523b9c0c2242328e4d1b960fbd34fc46cb4f7dfa74", kill_on_drop: false }`
[INFO] [stdout] e89450a14f4396f801786e523b9c0c2242328e4d1b960fbd34fc46cb4f7dfa74
[INFO] running `Command { std: "docker" "create" "-v" "/var/lib/crater-agent-workspace/builds/worker-3-tc1/target:/opt/rustwide/target:rw,Z" "-v" "/var/lib/crater-agent-workspace/builds/worker-3-tc1/source:/opt/rustwide/workdir:ro,Z" "-v" "/var/lib/crater-agent-workspace/cargo-home:/opt/rustwide/cargo-home:ro,Z" "-v" "/var/lib/crater-agent-workspace/rustup-home:/opt/rustwide/rustup-home:ro,Z" "-e" "SOURCE_DIR=/opt/rustwide/workdir" "-e" "CARGO_TARGET_DIR=/opt/rustwide/target" "-e" "CARGO_INCREMENTAL=0" "-e" "RUST_BACKTRACE=full" "-e" "RUSTFLAGS=--cap-lints=warn" "-e" "RUSTDOCFLAGS=--cap-lints=warn" "-e" "CARGO_HOME=/opt/rustwide/cargo-home" "-e" "RUSTUP_HOME=/opt/rustwide/rustup-home" "-w" "/opt/rustwide/workdir" "-m" "1610612736" "--user" "0:0" "--network" "none" "ghcr.io/rust-lang/crates-build-env/linux@sha256:2788e3201cd34a07e3172128adcd8b3090168a8e3bcc40d7c032b9dda1df7d1c" "/opt/rustwide/cargo-home/bin/cargo" "+1.75.0" "test" "--frozen" "--no-run" "--message-format=json", kill_on_drop: false }`
[INFO] [stdout] ba4ae9aa08d7127ff3758680c503f1e8b6edf6322371d9b16b1006febfd0a5e8
[INFO] running `Command { std: "docker" "start" "-a" "ba4ae9aa08d7127ff3758680c503f1e8b6edf6322371d9b16b1006febfd0a5e8", kill_on_drop: false }`
[INFO] [stderr]    Compiling xous-macros v0.1.0 (/opt/rustwide/workdir)
[INFO] [stderr]     Finished test [unoptimized + debuginfo] target(s) in 0.39s
[INFO] running `Command { std: "docker" "inspect" "ba4ae9aa08d7127ff3758680c503f1e8b6edf6322371d9b16b1006febfd0a5e8", kill_on_drop: false }`
[INFO] running `Command { std: "docker" "rm" "-f" "ba4ae9aa08d7127ff3758680c503f1e8b6edf6322371d9b16b1006febfd0a5e8", kill_on_drop: false }`
[INFO] [stdout] ba4ae9aa08d7127ff3758680c503f1e8b6edf6322371d9b16b1006febfd0a5e8
[INFO] running `Command { std: "docker" "create" "-v" "/var/lib/crater-agent-workspace/builds/worker-3-tc1/target:/opt/rustwide/target:rw,Z" "-v" "/var/lib/crater-agent-workspace/builds/worker-3-tc1/source:/opt/rustwide/workdir:ro,Z" "-v" "/var/lib/crater-agent-workspace/cargo-home:/opt/rustwide/cargo-home:ro,Z" "-v" "/var/lib/crater-agent-workspace/rustup-home:/opt/rustwide/rustup-home:ro,Z" "-e" "SOURCE_DIR=/opt/rustwide/workdir" "-e" "CARGO_TARGET_DIR=/opt/rustwide/target" "-e" "CARGO_INCREMENTAL=0" "-e" "RUST_BACKTRACE=full" "-e" "RUSTFLAGS=--cap-lints=warn" "-e" "RUSTDOCFLAGS=--cap-lints=warn" "-e" "CARGO_HOME=/opt/rustwide/cargo-home" "-e" "RUSTUP_HOME=/opt/rustwide/rustup-home" "-w" "/opt/rustwide/workdir" "-m" "1610612736" "--user" "0:0" "--network" "none" "ghcr.io/rust-lang/crates-build-env/linux@sha256:2788e3201cd34a07e3172128adcd8b3090168a8e3bcc40d7c032b9dda1df7d1c" "/opt/rustwide/cargo-home/bin/cargo" "+1.75.0" "test" "--frozen", kill_on_drop: false }`
[INFO] [stdout] 4b9d4a838c066293e9d750bca4239d73a5bc81f9749adfffafa398e3210d87e9
[INFO] running `Command { std: "docker" "start" "-a" "4b9d4a838c066293e9d750bca4239d73a5bc81f9749adfffafa398e3210d87e9", kill_on_drop: false }`
[INFO] [stderr]     Finished test [unoptimized + debuginfo] target(s) in 0.01s
[INFO] [stderr]      Running unittests src/lib.rs (/opt/rustwide/target/debug/deps/xous_macros-e773ed4b9717a459)
[INFO] [stdout] 
[INFO] [stdout] running 0 tests
[INFO] [stdout] 
[INFO] [stdout] test result: ok. 0 passed; 0 failed; 0 ignored; 0 measured; 0 filtered out; finished in 0.00s
[INFO] [stdout] 
[INFO] [stderr]    Doc-tests xous-macros
[INFO] [stdout] 
[INFO] [stdout] running 1 test
[INFO] [stdout] test src/lib.rs - xous_main (line 44) - compile ... FAILED
[INFO] [stdout] 
[INFO] [stdout] failures:
[INFO] [stdout] 
[INFO] [stdout] ---- src/lib.rs - xous_main (line 44) stdout ----
[INFO] [stdout] error[E0432]: unresolved import `riscv_rt_macros`
[INFO] [stdout]  --> src/lib.rs:46:5
[INFO] [stdout]   |
[INFO] [stdout] 3 | use riscv_rt_macros::entry;
[INFO] [stdout]   |     ^^^^^^^^^^^^^^^ use of undeclared crate or module `riscv_rt_macros`
[INFO] [stdout] 
[INFO] [stdout] error: cannot determine resolution for the attribute macro `entry`
[INFO] [stdout]  --> src/lib.rs:47:3
[INFO] [stdout]   |
[INFO] [stdout] 4 | #[entry]
[INFO] [stdout]   |   ^^^^^
[INFO] [stdout]   |
[INFO] [stdout]   = note: import resolution is stuck, try simplifying macro imports
[INFO] [stdout] 
[INFO] [stdout] error: aborting due to 2 previous errors
[INFO] [stdout] 
[INFO] [stdout] For more information about this error, try `rustc --explain E0432`.
[INFO] [stdout] Couldn't compile the test.
[INFO] [stdout] 
[INFO] [stdout] failures:
[INFO] [stdout]     src/lib.rs - xous_main (line 44)
[INFO] [stdout] 
[INFO] [stdout] test result: FAILED. 0 passed; 1 failed; 0 ignored; 0 measured; 0 filtered out; finished in 0.03s
[INFO] [stdout] 
[INFO] [stderr] error: doctest failed, to rerun pass `--doc`
[INFO] running `Command { std: "docker" "inspect" "4b9d4a838c066293e9d750bca4239d73a5bc81f9749adfffafa398e3210d87e9", kill_on_drop: false }`
[INFO] running `Command { std: "docker" "rm" "-f" "4b9d4a838c066293e9d750bca4239d73a5bc81f9749adfffafa398e3210d87e9", kill_on_drop: false }`
[INFO] [stdout] 4b9d4a838c066293e9d750bca4239d73a5bc81f9749adfffafa398e3210d87e9
