[INFO] fetching crate xops_core 0.1.1...
[INFO] testing xops_core-0.1.1 against 1.75.0 for beta-1.76-1
[INFO] extracting crate xops_core 0.1.1 into /workspace/builds/worker-6-tc1/source
[INFO] validating manifest of crates.io crate xops_core 0.1.1 on toolchain 1.75.0
[INFO] running `Command { std: CARGO_HOME="/workspace/cargo-home" RUSTUP_HOME="/workspace/rustup-home" "/workspace/cargo-home/bin/cargo" "+1.75.0" "metadata" "--manifest-path" "Cargo.toml" "--no-deps", kill_on_drop: false }`
[INFO] started tweaking crates.io crate xops_core 0.1.1
[INFO] finished tweaking crates.io crate xops_core 0.1.1
[INFO] tweaked toml for crates.io crate xops_core 0.1.1 written to /workspace/builds/worker-6-tc1/source/Cargo.toml
[INFO] running `Command { std: CARGO_HOME="/workspace/cargo-home" RUSTUP_HOME="/workspace/rustup-home" "/workspace/cargo-home/bin/cargo" "+1.75.0" "generate-lockfile" "--manifest-path" "Cargo.toml", kill_on_drop: false }`
[INFO] [stderr]     Updating crates.io index
[INFO] running `Command { std: CARGO_HOME="/workspace/cargo-home" RUSTUP_HOME="/workspace/rustup-home" "/workspace/cargo-home/bin/cargo" "+1.75.0" "fetch" "--manifest-path" "Cargo.toml", kill_on_drop: false }`
[INFO] [stderr]     Blocking waiting for file lock on package cache
[INFO] running `Command { std: "docker" "create" "-v" "/var/lib/crater-agent-workspace/builds/worker-6-tc1/target:/opt/rustwide/target:rw,Z" "-v" "/var/lib/crater-agent-workspace/builds/worker-6-tc1/source:/opt/rustwide/workdir:ro,Z" "-v" "/var/lib/crater-agent-workspace/cargo-home:/opt/rustwide/cargo-home:ro,Z" "-v" "/var/lib/crater-agent-workspace/rustup-home:/opt/rustwide/rustup-home:ro,Z" "-e" "SOURCE_DIR=/opt/rustwide/workdir" "-e" "CARGO_TARGET_DIR=/opt/rustwide/target" "-e" "CARGO_HOME=/opt/rustwide/cargo-home" "-e" "RUSTUP_HOME=/opt/rustwide/rustup-home" "-w" "/opt/rustwide/workdir" "-m" "1610612736" "--user" "0:0" "--network" "none" "ghcr.io/rust-lang/crates-build-env/linux@sha256:2788e3201cd34a07e3172128adcd8b3090168a8e3bcc40d7c032b9dda1df7d1c" "/opt/rustwide/cargo-home/bin/cargo" "+1.75.0" "metadata" "--no-deps" "--format-version=1", kill_on_drop: false }`
[INFO] [stdout] bfe13cd4d02a613d70d9d7315560c711a6c6f5bddb7361181c7986db57f32e49
[INFO] running `Command { std: "docker" "start" "-a" "bfe13cd4d02a613d70d9d7315560c711a6c6f5bddb7361181c7986db57f32e49", kill_on_drop: false }`
[INFO] running `Command { std: "docker" "inspect" "bfe13cd4d02a613d70d9d7315560c711a6c6f5bddb7361181c7986db57f32e49", kill_on_drop: false }`
[INFO] running `Command { std: "docker" "rm" "-f" "bfe13cd4d02a613d70d9d7315560c711a6c6f5bddb7361181c7986db57f32e49", kill_on_drop: false }`
[INFO] [stdout] bfe13cd4d02a613d70d9d7315560c711a6c6f5bddb7361181c7986db57f32e49
[INFO] running `Command { std: "docker" "create" "-v" "/var/lib/crater-agent-workspace/builds/worker-6-tc1/target:/opt/rustwide/target:rw,Z" "-v" "/var/lib/crater-agent-workspace/builds/worker-6-tc1/source:/opt/rustwide/workdir:ro,Z" "-v" "/var/lib/crater-agent-workspace/cargo-home:/opt/rustwide/cargo-home:ro,Z" "-v" "/var/lib/crater-agent-workspace/rustup-home:/opt/rustwide/rustup-home:ro,Z" "-e" "SOURCE_DIR=/opt/rustwide/workdir" "-e" "CARGO_TARGET_DIR=/opt/rustwide/target" "-e" "CARGO_INCREMENTAL=0" "-e" "RUST_BACKTRACE=full" "-e" "RUSTFLAGS=--cap-lints=warn" "-e" "RUSTDOCFLAGS=--cap-lints=warn" "-e" "CARGO_HOME=/opt/rustwide/cargo-home" "-e" "RUSTUP_HOME=/opt/rustwide/rustup-home" "-w" "/opt/rustwide/workdir" "-m" "1610612736" "--user" "0:0" "--network" "none" "ghcr.io/rust-lang/crates-build-env/linux@sha256:2788e3201cd34a07e3172128adcd8b3090168a8e3bcc40d7c032b9dda1df7d1c" "/opt/rustwide/cargo-home/bin/cargo" "+1.75.0" "build" "--frozen" "--message-format=json", kill_on_drop: false }`
[INFO] [stdout] 13e9f374632c8ade93424b969f43f59b70a9445281f0a1eeb6cf976650d25d31
[INFO] running `Command { std: "docker" "start" "-a" "13e9f374632c8ade93424b969f43f59b70a9445281f0a1eeb6cf976650d25d31", kill_on_drop: false }`
[INFO] [stderr]    Compiling ident_case v1.0.1
[INFO] [stderr]    Compiling strsim v0.10.0
[INFO] [stderr]    Compiling fnv v1.0.7
[INFO] [stderr]    Compiling syn v1.0.109
[INFO] [stderr]    Compiling darling_core v0.13.4
[INFO] [stderr]    Compiling darling_macro v0.13.4
[INFO] [stderr]    Compiling darling v0.13.4
[INFO] [stderr]    Compiling xops_core v0.1.1 (/opt/rustwide/workdir)
[INFO] [stdout] warning: unused import: `write::*`
[INFO] [stdout]  --> src/binop.rs:8:9
[INFO] [stdout]   |
[INFO] [stdout] 8 | pub use write::*;
[INFO] [stdout]   |         ^^^^^^^^
[INFO] [stdout]   |
[INFO] [stdout]   = note: `#[warn(unused_imports)]` on by default
[INFO] [stdout] 
[INFO] [stdout] 
[INFO] [stdout] warning: 1 warning emitted
[INFO] [stdout] 
[INFO] [stdout] 
[INFO] [stderr]     Finished dev [unoptimized + debuginfo] target(s) in 4.22s
[INFO] running `Command { std: "docker" "inspect" "13e9f374632c8ade93424b969f43f59b70a9445281f0a1eeb6cf976650d25d31", kill_on_drop: false }`
[INFO] running `Command { std: "docker" "rm" "-f" "13e9f374632c8ade93424b969f43f59b70a9445281f0a1eeb6cf976650d25d31", kill_on_drop: false }`
[INFO] [stdout] 13e9f374632c8ade93424b969f43f59b70a9445281f0a1eeb6cf976650d25d31
[INFO] running `Command { std: "docker" "create" "-v" "/var/lib/crater-agent-workspace/builds/worker-6-tc1/target:/opt/rustwide/target:rw,Z" "-v" "/var/lib/crater-agent-workspace/builds/worker-6-tc1/source:/opt/rustwide/workdir:ro,Z" "-v" "/var/lib/crater-agent-workspace/cargo-home:/opt/rustwide/cargo-home:ro,Z" "-v" "/var/lib/crater-agent-workspace/rustup-home:/opt/rustwide/rustup-home:ro,Z" "-e" "SOURCE_DIR=/opt/rustwide/workdir" "-e" "CARGO_TARGET_DIR=/opt/rustwide/target" "-e" "CARGO_INCREMENTAL=0" "-e" "RUST_BACKTRACE=full" "-e" "RUSTFLAGS=--cap-lints=warn" "-e" "RUSTDOCFLAGS=--cap-lints=warn" "-e" "CARGO_HOME=/opt/rustwide/cargo-home" "-e" "RUSTUP_HOME=/opt/rustwide/rustup-home" "-w" "/opt/rustwide/workdir" "-m" "1610612736" "--user" "0:0" "--network" "none" "ghcr.io/rust-lang/crates-build-env/linux@sha256:2788e3201cd34a07e3172128adcd8b3090168a8e3bcc40d7c032b9dda1df7d1c" "/opt/rustwide/cargo-home/bin/cargo" "+1.75.0" "test" "--frozen" "--no-run" "--message-format=json", kill_on_drop: false }`
[INFO] [stdout] ab33f322c4a6e9210d1278911626559cc0bfb5e2131c6069c05dfa2a5c43c283
[INFO] running `Command { std: "docker" "start" "-a" "ab33f322c4a6e9210d1278911626559cc0bfb5e2131c6069c05dfa2a5c43c283", kill_on_drop: false }`
[INFO] [stdout] warning: unused import: `write::*`
[INFO] [stdout]  --> src/binop.rs:8:9
[INFO] [stdout]   |
[INFO] [stdout] 8 | pub use write::*;
[INFO] [stdout]   |         ^^^^^^^^
[INFO] [stdout]   |
[INFO] [stdout]   = note: `#[warn(unused_imports)]` on by default
[INFO] [stdout] 
[INFO] [stdout] 
[INFO] [stderr]    Compiling xops_core v0.1.1 (/opt/rustwide/workdir)
[INFO] [stdout] warning: 1 warning emitted
[INFO] [stdout] 
[INFO] [stdout] 
[INFO] [stdout] warning: unused import: `write::*`
[INFO] [stdout]  --> src/binop.rs:8:9
[INFO] [stdout]   |
[INFO] [stdout] 8 | pub use write::*;
[INFO] [stdout]   |         ^^^^^^^^
[INFO] [stdout]   |
[INFO] [stdout]   = note: `#[warn(unused_imports)]` on by default
[INFO] [stdout] 
[INFO] [stdout] 
[INFO] [stdout] warning: 1 warning emitted
[INFO] [stdout] 
[INFO] [stdout] 
[INFO] [stderr]     Finished test [unoptimized + debuginfo] target(s) in 0.26s
[INFO] running `Command { std: "docker" "inspect" "ab33f322c4a6e9210d1278911626559cc0bfb5e2131c6069c05dfa2a5c43c283", kill_on_drop: false }`
[INFO] running `Command { std: "docker" "rm" "-f" "ab33f322c4a6e9210d1278911626559cc0bfb5e2131c6069c05dfa2a5c43c283", kill_on_drop: false }`
[INFO] [stdout] ab33f322c4a6e9210d1278911626559cc0bfb5e2131c6069c05dfa2a5c43c283
[INFO] running `Command { std: "docker" "create" "-v" "/var/lib/crater-agent-workspace/builds/worker-6-tc1/target:/opt/rustwide/target:rw,Z" "-v" "/var/lib/crater-agent-workspace/builds/worker-6-tc1/source:/opt/rustwide/workdir:ro,Z" "-v" "/var/lib/crater-agent-workspace/cargo-home:/opt/rustwide/cargo-home:ro,Z" "-v" "/var/lib/crater-agent-workspace/rustup-home:/opt/rustwide/rustup-home:ro,Z" "-e" "SOURCE_DIR=/opt/rustwide/workdir" "-e" "CARGO_TARGET_DIR=/opt/rustwide/target" "-e" "CARGO_INCREMENTAL=0" "-e" "RUST_BACKTRACE=full" "-e" "RUSTFLAGS=--cap-lints=warn" "-e" "RUSTDOCFLAGS=--cap-lints=warn" "-e" "CARGO_HOME=/opt/rustwide/cargo-home" "-e" "RUSTUP_HOME=/opt/rustwide/rustup-home" "-w" "/opt/rustwide/workdir" "-m" "1610612736" "--user" "0:0" "--network" "none" "ghcr.io/rust-lang/crates-build-env/linux@sha256:2788e3201cd34a07e3172128adcd8b3090168a8e3bcc40d7c032b9dda1df7d1c" "/opt/rustwide/cargo-home/bin/cargo" "+1.75.0" "test" "--frozen", kill_on_drop: false }`
[INFO] [stdout] bc0da4634f5e12edbc1a6424d795b375368b6800443f16a25159795aa9808673
[INFO] running `Command { std: "docker" "start" "-a" "bc0da4634f5e12edbc1a6424d795b375368b6800443f16a25159795aa9808673", kill_on_drop: false }`
[INFO] [stderr] warning: unused import: `write::*`
[INFO] [stderr]  --> src/binop.rs:8:9
[INFO] [stderr]   |
[INFO] [stderr] 8 | pub use write::*;
[INFO] [stderr]   |         ^^^^^^^^
[INFO] [stderr]   |
[INFO] [stderr]   = note: `#[warn(unused_imports)]` on by default
[INFO] [stderr] 
[INFO] [stderr] warning: `xops_core` (lib) generated 1 warning (run `cargo fix --lib -p xops_core` to apply 1 suggestion)
[INFO] [stderr] warning: `xops_core` (lib test) generated 1 warning (1 duplicate)
[INFO] [stderr]     Finished test [unoptimized + debuginfo] target(s) in 0.01s
[INFO] [stderr]      Running unittests src/lib.rs (/opt/rustwide/target/debug/deps/xops_core-e1452431dff7a704)
[INFO] [stdout] 
[INFO] [stdout] running 0 tests
[INFO] [stdout] 
[INFO] [stdout] test result: ok. 0 passed; 0 failed; 0 ignored; 0 measured; 0 filtered out; finished in 0.00s
[INFO] [stdout] 
[INFO] [stderr]    Doc-tests xops_core
[INFO] [stdout] 
[INFO] [stdout] running 15 tests
[INFO] [stdout] test src/binop/write.rs - binop::write::BinOpImpl::ref_rhs_clone (line 164) ... FAILED
[INFO] [stdout] test src/binop/write.rs - binop::write::BinOpImpl::commute (line 232) ... FAILED
[INFO] [stdout] test src/binop/write.rs - binop::write::BinOpImpl::commute (line 238) ... FAILED
[INFO] [stdout] test src/binop/write.rs - binop::write::BinOpImpl::try_deref_lhs (line 19) ... FAILED
[INFO] [stdout] test src/binop/write.rs - binop::write::BinOpImpl::try_deref_rhs (line 55) ... FAILED
[INFO] [stdout] test src/binop/write.rs - binop::write::BinOpImpl::try_deref_both (line 84) ... FAILED
[INFO] [stdout] test src/binop/write.rs - binop::write::BinOpImpl::ref_both_clone (line 200) ... FAILED
[INFO] [stdout] test src/binop/write.rs - binop::write::BinOpImpl::ref_lhs_clone (line 121) ... FAILED
[INFO] [stdout] test src/binop/write.rs - binop::write::BinOpImpl::ref_both_clone (line 194) ... FAILED
[INFO] [stdout] test src/binop/write.rs - binop::write::BinOpImpl::try_deref_both (line 90) ... FAILED
[INFO] [stdout] test src/binop/write.rs - binop::write::BinOpImpl::try_deref_rhs (line 49) ... FAILED
[INFO] [stdout] test src/binop/write.rs - binop::write::BinOpImpl::ref_rhs_clone (line 158) ... FAILED
[INFO] [stdout] test src/binop/write.rs - binop::write::BinOpImpl::ref_lhs_clone (line 127) ... FAILED
[INFO] [stdout] test src/binop/write.rs - binop::write::BinOpImpl::try_deref_lhs (line 13) ... FAILED
[INFO] [stdout] test src/binop/parse.rs - binop::parse::BinOpImpl (line 52) ... FAILED
[INFO] [stdout] 
[INFO] [stdout] failures:
[INFO] [stdout] 
[INFO] [stdout] ---- src/binop/write.rs - binop::write::BinOpImpl::ref_rhs_clone (line 164) stdout ----
[INFO] [stdout] error: non-item in item list
[INFO] [stdout]  --> src/binop/write.rs:166:5
[INFO] [stdout]   |
[INFO] [stdout] 3 | impl Op<&B> for A {
[INFO] [stdout]   |                   - item list starts here
[INFO] [stdout] 4 |     ...
[INFO] [stdout]   |     ^^^ non-item starts here
[INFO] [stdout] ...
[INFO] [stdout] 8 | }
[INFO] [stdout]   | - item list ends here
[INFO] [stdout] 
[INFO] [stdout] error[E0405]: cannot find trait `Op` in this scope
[INFO] [stdout]  --> src/binop/write.rs:165:6
[INFO] [stdout]   |
[INFO] [stdout] 3 | impl Op<&B> for A {
[INFO] [stdout]   |      ^^ not found in this scope
[INFO] [stdout] 
[INFO] [stdout] error[E0412]: cannot find type `B` in this scope
[INFO] [stdout]  --> src/binop/write.rs:165:10
[INFO] [stdout]   |
[INFO] [stdout] 3 | impl Op<&B> for A {
[INFO] [stdout]   |          ^ not found in this scope
[INFO] [stdout]   |
[INFO] [stdout] help: you might be missing a type parameter
[INFO] [stdout]   |
[INFO] [stdout] 3 | impl<B> Op<&B> for A {
[INFO] [stdout]   |     +++
[INFO] [stdout] 
[INFO] [stdout] error[E0412]: cannot find type `A` in this scope
[INFO] [stdout]  --> src/binop/write.rs:165:17
[INFO] [stdout]   |
[INFO] [stdout] 3 | impl Op<&B> for A {
[INFO] [stdout]   |                 ^ not found in this scope
[INFO] [stdout] 
[INFO] [stdout] error: aborting due to 4 previous errors
[INFO] [stdout] 
[INFO] [stdout] Some errors have detailed explanations: E0405, E0412.
[INFO] [stdout] For more information about an error, try `rustc --explain E0405`.
[INFO] [stdout] Couldn't compile the test.
[INFO] [stdout] ---- src/binop/write.rs - binop::write::BinOpImpl::commute (line 232) stdout ----
[INFO] [stdout] error: non-item in item list
[INFO] [stdout]  --> src/binop/write.rs:234:5
[INFO] [stdout]   |
[INFO] [stdout] 3 | impl Op<B> for A {
[INFO] [stdout]   |                  - item list starts here
[INFO] [stdout] 4 |     ...
[INFO] [stdout]   |     ^^^ non-item starts here
[INFO] [stdout] 5 | }
[INFO] [stdout]   | - item list ends here
[INFO] [stdout] 
[INFO] [stdout] error[E0405]: cannot find trait `Op` in this scope
[INFO] [stdout]  --> src/binop/write.rs:233:6
[INFO] [stdout]   |
[INFO] [stdout] 3 | impl Op<B> for A {
[INFO] [stdout]   |      ^^ not found in this scope
[INFO] [stdout] 
[INFO] [stdout] error[E0412]: cannot find type `B` in this scope
[INFO] [stdout]  --> src/binop/write.rs:233:9
[INFO] [stdout]   |
[INFO] [stdout] 3 | impl Op<B> for A {
[INFO] [stdout]   |         ^ not found in this scope
[INFO] [stdout]   |
[INFO] [stdout] help: you might be missing a type parameter
[INFO] [stdout]   |
[INFO] [stdout] 3 | impl<B> Op<B> for A {
[INFO] [stdout]   |     +++
[INFO] [stdout] 
[INFO] [stdout] error[E0412]: cannot find type `A` in this scope
[INFO] [stdout]  --> src/binop/write.rs:233:16
[INFO] [stdout]   |
[INFO] [stdout] 3 | impl Op<B> for A {
[INFO] [stdout]   |                ^ not found in this scope
[INFO] [stdout] 
[INFO] [stdout] error: aborting due to 4 previous errors
[INFO] [stdout] 
[INFO] [stdout] Some errors have detailed explanations: E0405, E0412.
[INFO] [stdout] For more information about an error, try `rustc --explain E0405`.
[INFO] [stdout] Couldn't compile the test.
[INFO] [stdout] ---- src/binop/write.rs - binop::write::BinOpImpl::commute (line 238) stdout ----
[INFO] [stdout] error: non-item in item list
[INFO] [stdout]  --> src/binop/write.rs:240:5
[INFO] [stdout]   |
[INFO] [stdout] 3 | impl Op<A> for B {
[INFO] [stdout]   |                  - item list starts here
[INFO] [stdout] 4 |     ...
[INFO] [stdout]   |     ^^^ non-item starts here
[INFO] [stdout] ...
[INFO] [stdout] 8 | }
[INFO] [stdout]   | - item list ends here
[INFO] [stdout] 
[INFO] [stdout] error[E0405]: cannot find trait `Op` in this scope
[INFO] [stdout]  --> src/binop/write.rs:239:6
[INFO] [stdout]   |
[INFO] [stdout] 3 | impl Op<A> for B {
[INFO] [stdout]   |      ^^ not found in this scope
[INFO] [stdout] 
[INFO] [stdout] error[E0412]: cannot find type `A` in this scope
[INFO] [stdout]  --> src/binop/write.rs:239:9
[INFO] [stdout]   |
[INFO] [stdout] 3 | impl Op<A> for B {
[INFO] [stdout]   |         ^ not found in this scope
[INFO] [stdout]   |
[INFO] [stdout] help: you might be missing a type parameter
[INFO] [stdout]   |
[INFO] [stdout] 3 | impl<A> Op<A> for B {
[INFO] [stdout]   |     +++
[INFO] [stdout] 
[INFO] [stdout] error[E0412]: cannot find type `B` in this scope
[INFO] [stdout]  --> src/binop/write.rs:239:16
[INFO] [stdout]   |
[INFO] [stdout] 3 | impl Op<A> for B {
[INFO] [stdout]   |                ^ not found in this scope
[INFO] [stdout] 
[INFO] [stdout] error: aborting due to 4 previous errors
[INFO] [stdout] 
[INFO] [stdout] Some errors have detailed explanations: E0405, E0412.
[INFO] [stdout] For more information about an error, try `rustc --explain E0405`.
[INFO] [stdout] Couldn't compile the test.
[INFO] [stdout] ---- src/binop/write.rs - binop::write::BinOpImpl::try_deref_lhs (line 19) stdout ----
[INFO] [stdout] error: non-item in item list
[INFO] [stdout]  --> src/binop/write.rs:21:5
[INFO] [stdout]   |
[INFO] [stdout] 3 | impl Op<B> for A {
[INFO] [stdout]   |                  - item list starts here
[INFO] [stdout] 4 |     ...
[INFO] [stdout]   |     ^^^ non-item starts here
[INFO] [stdout] ...
[INFO] [stdout] 8 | }
[INFO] [stdout]   | - item list ends here
[INFO] [stdout] 
[INFO] [stdout] error[E0405]: cannot find trait `Op` in this scope
[INFO] [stdout]  --> src/binop/write.rs:20:6
[INFO] [stdout]   |
[INFO] [stdout] 3 | impl Op<B> for A {
[INFO] [stdout]   |      ^^ not found in this scope
[INFO] [stdout] 
[INFO] [stdout] error[E0412]: cannot find type `B` in this scope
[INFO] [stdout]  --> src/binop/write.rs:20:9
[INFO] [stdout]   |
[INFO] [stdout] 3 | impl Op<B> for A {
[INFO] [stdout]   |         ^ not found in this scope
[INFO] [stdout]   |
[INFO] [stdout] help: you might be missing a type parameter
[INFO] [stdout]   |
[INFO] [stdout] 3 | impl<B> Op<B> for A {
[INFO] [stdout]   |     +++
[INFO] [stdout] 
[INFO] [stdout] error[E0412]: cannot find type `A` in this scope
[INFO] [stdout]  --> src/binop/write.rs:20:16
[INFO] [stdout]   |
[INFO] [stdout] 3 | impl Op<B> for A {
[INFO] [stdout]   |                ^ not found in this scope
[INFO] [stdout] 
[INFO] [stdout] error: aborting due to 4 previous errors
[INFO] [stdout] 
[INFO] [stdout] Some errors have detailed explanations: E0405, E0412.
[INFO] [stdout] For more information about an error, try `rustc --explain E0405`.
[INFO] [stdout] Couldn't compile the test.
[INFO] [stdout] ---- src/binop/write.rs - binop::write::BinOpImpl::try_deref_rhs (line 55) stdout ----
[INFO] [stdout] error: non-item in item list
[INFO] [stdout]  --> src/binop/write.rs:57:5
[INFO] [stdout]   |
[INFO] [stdout] 3 | impl Op<B> for A {
[INFO] [stdout]   |                  - item list starts here
[INFO] [stdout] 4 |     ...
[INFO] [stdout]   |     ^^^ non-item starts here
[INFO] [stdout] ...
[INFO] [stdout] 8 | }
[INFO] [stdout]   | - item list ends here
[INFO] [stdout] 
[INFO] [stdout] error[E0405]: cannot find trait `Op` in this scope
[INFO] [stdout]  --> src/binop/write.rs:56:6
[INFO] [stdout]   |
[INFO] [stdout] 3 | impl Op<B> for A {
[INFO] [stdout]   |      ^^ not found in this scope
[INFO] [stdout] 
[INFO] [stdout] error[E0412]: cannot find type `B` in this scope
[INFO] [stdout]  --> src/binop/write.rs:56:9
[INFO] [stdout]   |
[INFO] [stdout] 3 | impl Op<B> for A {
[INFO] [stdout]   |         ^ not found in this scope
[INFO] [stdout]   |
[INFO] [stdout] help: you might be missing a type parameter
[INFO] [stdout]   |
[INFO] [stdout] 3 | impl<B> Op<B> for A {
[INFO] [stdout]   |     +++
[INFO] [stdout] 
[INFO] [stdout] error[E0412]: cannot find type `A` in this scope
[INFO] [stdout]  --> src/binop/write.rs:56:16
[INFO] [stdout]   |
[INFO] [stdout] 3 | impl Op<B> for A {
[INFO] [stdout]   |                ^ not found in this scope
[INFO] [stdout] 
[INFO] [stdout] error: aborting due to 4 previous errors
[INFO] [stdout] 
[INFO] [stdout] Some errors have detailed explanations: E0405, E0412.
[INFO] [stdout] For more information about an error, try `rustc --explain E0405`.
[INFO] [stdout] Couldn't compile the test.
[INFO] [stdout] ---- src/binop/write.rs - binop::write::BinOpImpl::try_deref_both (line 84) stdout ----
[INFO] [stdout] error: non-item in item list
[INFO] [stdout]  --> src/binop/write.rs:86:5
[INFO] [stdout]   |
[INFO] [stdout] 3 | impl Op<&B> for &A {
[INFO] [stdout]   |                    - item list starts here
[INFO] [stdout] 4 |     ...
[INFO] [stdout]   |     ^^^ non-item starts here
[INFO] [stdout] 5 | }
[INFO] [stdout]   | - item list ends here
[INFO] [stdout] 
[INFO] [stdout] error[E0405]: cannot find trait `Op` in this scope
[INFO] [stdout]  --> src/binop/write.rs:85:6
[INFO] [stdout]   |
[INFO] [stdout] 3 | impl Op<&B> for &A {
[INFO] [stdout]   |      ^^ not found in this scope
[INFO] [stdout] 
[INFO] [stdout] error[E0412]: cannot find type `B` in this scope
[INFO] [stdout]  --> src/binop/write.rs:85:10
[INFO] [stdout]   |
[INFO] [stdout] 3 | impl Op<&B> for &A {
[INFO] [stdout]   |          ^ not found in this scope
[INFO] [stdout]   |
[INFO] [stdout] help: you might be missing a type parameter
[INFO] [stdout]   |
[INFO] [stdout] 3 | impl<B> Op<&B> for &A {
[INFO] [stdout]   |     +++
[INFO] [stdout] 
[INFO] [stdout] error[E0412]: cannot find type `A` in this scope
[INFO] [stdout]  --> src/binop/write.rs:85:18
[INFO] [stdout]   |
[INFO] [stdout] 3 | impl Op<&B> for &A {
[INFO] [stdout]   |                  ^ not found in this scope
[INFO] [stdout] 
[INFO] [stdout] error: aborting due to 4 previous errors
[INFO] [stdout] 
[INFO] [stdout] Some errors have detailed explanations: E0405, E0412.
[INFO] [stdout] For more information about an error, try `rustc --explain E0405`.
[INFO] [stdout] Couldn't compile the test.
[INFO] [stdout] ---- src/binop/write.rs - binop::write::BinOpImpl::ref_both_clone (line 200) stdout ----
[INFO] [stdout] error: non-item in item list
[INFO] [stdout]  --> src/binop/write.rs:202:5
[INFO] [stdout]   |
[INFO] [stdout] 3 | impl Op<&B> for &A {
[INFO] [stdout]   |                    - item list starts here
[INFO] [stdout] 4 |     ...
[INFO] [stdout]   |     ^^^ non-item starts here
[INFO] [stdout] ...
[INFO] [stdout] 8 | }
[INFO] [stdout]   | - item list ends here
[INFO] [stdout] 
[INFO] [stdout] error[E0405]: cannot find trait `Op` in this scope
[INFO] [stdout]  --> src/binop/write.rs:201:6
[INFO] [stdout]   |
[INFO] [stdout] 3 | impl Op<&B> for &A {
[INFO] [stdout]   |      ^^ not found in this scope
[INFO] [stdout] 
[INFO] [stdout] error[E0412]: cannot find type `B` in this scope
[INFO] [stdout]  --> src/binop/write.rs:201:10
[INFO] [stdout]   |
[INFO] [stdout] 3 | impl Op<&B> for &A {
[INFO] [stdout]   |          ^ not found in this scope
[INFO] [stdout]   |
[INFO] [stdout] help: you might be missing a type parameter
[INFO] [stdout]   |
[INFO] [stdout] 3 | impl<B> Op<&B> for &A {
[INFO] [stdout]   |     +++
[INFO] [stdout] 
[INFO] [stdout] error[E0412]: cannot find type `A` in this scope
[INFO] [stdout]  --> src/binop/write.rs:201:18
[INFO] [stdout]   |
[INFO] [stdout] 3 | impl Op<&B> for &A {
[INFO] [stdout]   |                  ^ not found in this scope
[INFO] [stdout] 
[INFO] [stdout] error: aborting due to 4 previous errors
[INFO] [stdout] 
[INFO] [stdout] Some errors have detailed explanations: E0405, E0412.
[INFO] [stdout] For more information about an error, try `rustc --explain E0405`.
[INFO] [stdout] Couldn't compile the test.
[INFO] [stdout] ---- src/binop/write.rs - binop::write::BinOpImpl::ref_lhs_clone (line 121) stdout ----
[INFO] [stdout] error: non-item in item list
[INFO] [stdout]  --> src/binop/write.rs:123:5
[INFO] [stdout]   |
[INFO] [stdout] 3 | impl Op<B> for A {
[INFO] [stdout]   |                  - item list starts here
[INFO] [stdout] 4 |     ...
[INFO] [stdout]   |     ^^^ non-item starts here
[INFO] [stdout] 5 | }
[INFO] [stdout]   | - item list ends here
[INFO] [stdout] 
[INFO] [stdout] error[E0405]: cannot find trait `Op` in this scope
[INFO] [stdout]  --> src/binop/write.rs:122:6
[INFO] [stdout]   |
[INFO] [stdout] 3 | impl Op<B> for A {
[INFO] [stdout]   |      ^^ not found in this scope
[INFO] [stdout] 
[INFO] [stdout] error[E0412]: cannot find type `B` in this scope
[INFO] [stdout]  --> src/binop/write.rs:122:9
[INFO] [stdout]   |
[INFO] [stdout] 3 | impl Op<B> for A {
[INFO] [stdout]   |         ^ not found in this scope
[INFO] [stdout]   |
[INFO] [stdout] help: you might be missing a type parameter
[INFO] [stdout]   |
[INFO] [stdout] 3 | impl<B> Op<B> for A {
[INFO] [stdout]   |     +++
[INFO] [stdout] 
[INFO] [stdout] error[E0412]: cannot find type `A` in this scope
[INFO] [stdout]  --> src/binop/write.rs:122:16
[INFO] [stdout]   |
[INFO] [stdout] 3 | impl Op<B> for A {
[INFO] [stdout]   |                ^ not found in this scope
[INFO] [stdout] 
[INFO] [stdout] error: aborting due to 4 previous errors
[INFO] [stdout] 
[INFO] [stdout] Some errors have detailed explanations: E0405, E0412.
[INFO] [stdout] For more information about an error, try `rustc --explain E0405`.
[INFO] [stdout] Couldn't compile the test.
[INFO] [stdout] ---- src/binop/write.rs - binop::write::BinOpImpl::ref_both_clone (line 194) stdout ----
[INFO] [stdout] error: non-item in item list
[INFO] [stdout]  --> src/binop/write.rs:196:5
[INFO] [stdout]   |
[INFO] [stdout] 3 | impl Op<B> for A {
[INFO] [stdout]   |                  - item list starts here
[INFO] [stdout] 4 |     ...
[INFO] [stdout]   |     ^^^ non-item starts here
[INFO] [stdout] 5 | }
[INFO] [stdout]   | - item list ends here
[INFO] [stdout] 
[INFO] [stdout] error[E0405]: cannot find trait `Op` in this scope
[INFO] [stdout]  --> src/binop/write.rs:195:6
[INFO] [stdout]   |
[INFO] [stdout] 3 | impl Op<B> for A {
[INFO] [stdout]   |      ^^ not found in this scope
[INFO] [stdout] 
[INFO] [stdout] error[E0412]: cannot find type `B` in this scope
[INFO] [stdout]  --> src/binop/write.rs:195:9
[INFO] [stdout]   |
[INFO] [stdout] 3 | impl Op<B> for A {
[INFO] [stdout]   |         ^ not found in this scope
[INFO] [stdout]   |
[INFO] [stdout] help: you might be missing a type parameter
[INFO] [stdout]   |
[INFO] [stdout] 3 | impl<B> Op<B> for A {
[INFO] [stdout]   |     +++
[INFO] [stdout] 
[INFO] [stdout] error[E0412]: cannot find type `A` in this scope
[INFO] [stdout]  --> src/binop/write.rs:195:16
[INFO] [stdout]   |
[INFO] [stdout] 3 | impl Op<B> for A {
[INFO] [stdout]   |                ^ not found in this scope
[INFO] [stdout] 
[INFO] [stdout] error: aborting due to 4 previous errors
[INFO] [stdout] 
[INFO] [stdout] Some errors have detailed explanations: E0405, E0412.
[INFO] [stdout] For more information about an error, try `rustc --explain E0405`.
[INFO] [stdout] Couldn't compile the test.
[INFO] [stdout] ---- src/binop/write.rs - binop::write::BinOpImpl::try_deref_both (line 90) stdout ----
[INFO] [stdout] error: non-item in item list
[INFO] [stdout]  --> src/binop/write.rs:92:5
[INFO] [stdout]   |
[INFO] [stdout] 3 | impl Op<B> for A {
[INFO] [stdout]   |                  - item list starts here
[INFO] [stdout] 4 |     ...
[INFO] [stdout]   |     ^^^ non-item starts here
[INFO] [stdout] ...
[INFO] [stdout] 8 | }
[INFO] [stdout]   | - item list ends here
[INFO] [stdout] 
[INFO] [stdout] error[E0405]: cannot find trait `Op` in this scope
[INFO] [stdout]  --> src/binop/write.rs:91:6
[INFO] [stdout]   |
[INFO] [stdout] 3 | impl Op<B> for A {
[INFO] [stdout]   |      ^^ not found in this scope
[INFO] [stdout] 
[INFO] [stdout] error[E0412]: cannot find type `B` in this scope
[INFO] [stdout]  --> src/binop/write.rs:91:9
[INFO] [stdout]   |
[INFO] [stdout] 3 | impl Op<B> for A {
[INFO] [stdout]   |         ^ not found in this scope
[INFO] [stdout]   |
[INFO] [stdout] help: you might be missing a type parameter
[INFO] [stdout]   |
[INFO] [stdout] 3 | impl<B> Op<B> for A {
[INFO] [stdout]   |     +++
[INFO] [stdout] 
[INFO] [stdout] error[E0412]: cannot find type `A` in this scope
[INFO] [stdout]  --> src/binop/write.rs:91:16
[INFO] [stdout]   |
[INFO] [stdout] 3 | impl Op<B> for A {
[INFO] [stdout]   |                ^ not found in this scope
[INFO] [stdout] 
[INFO] [stdout] error: aborting due to 4 previous errors
[INFO] [stdout] 
[INFO] [stdout] Some errors have detailed explanations: E0405, E0412.
[INFO] [stdout] For more information about an error, try `rustc --explain E0405`.
[INFO] [stdout] Couldn't compile the test.
[INFO] [stdout] ---- src/binop/write.rs - binop::write::BinOpImpl::try_deref_rhs (line 49) stdout ----
[INFO] [stdout] error: non-item in item list
[INFO] [stdout]  --> src/binop/write.rs:51:5
[INFO] [stdout]   |
[INFO] [stdout] 3 | impl Op<&B> for A {
[INFO] [stdout]   |                   - item list starts here
[INFO] [stdout] 4 |     ...
[INFO] [stdout]   |     ^^^ non-item starts here
[INFO] [stdout] 5 | }
[INFO] [stdout]   | - item list ends here
[INFO] [stdout] 
[INFO] [stdout] error[E0405]: cannot find trait `Op` in this scope
[INFO] [stdout]  --> src/binop/write.rs:50:6
[INFO] [stdout]   |
[INFO] [stdout] 3 | impl Op<&B> for A {
[INFO] [stdout]   |      ^^ not found in this scope
[INFO] [stdout] 
[INFO] [stdout] error[E0412]: cannot find type `B` in this scope
[INFO] [stdout]  --> src/binop/write.rs:50:10
[INFO] [stdout]   |
[INFO] [stdout] 3 | impl Op<&B> for A {
[INFO] [stdout]   |          ^ not found in this scope
[INFO] [stdout]   |
[INFO] [stdout] help: you might be missing a type parameter
[INFO] [stdout]   |
[INFO] [stdout] 3 | impl<B> Op<&B> for A {
[INFO] [stdout]   |     +++
[INFO] [stdout] 
[INFO] [stdout] error[E0412]: cannot find type `A` in this scope
[INFO] [stdout]  --> src/binop/write.rs:50:17
[INFO] [stdout]   |
[INFO] [stdout] 3 | impl Op<&B> for A {
[INFO] [stdout]   |                 ^ not found in this scope
[INFO] [stdout] 
[INFO] [stdout] error: aborting due to 4 previous errors
[INFO] [stdout] 
[INFO] [stdout] Some errors have detailed explanations: E0405, E0412.
[INFO] [stdout] For more information about an error, try `rustc --explain E0405`.
[INFO] [stdout] Couldn't compile the test.
[INFO] [stdout] ---- src/binop/write.rs - binop::write::BinOpImpl::ref_rhs_clone (line 158) stdout ----
[INFO] [stdout] error: non-item in item list
[INFO] [stdout]  --> src/binop/write.rs:160:5
[INFO] [stdout]   |
[INFO] [stdout] 3 | impl Op<B> for A {
[INFO] [stdout]   |                  - item list starts here
[INFO] [stdout] 4 |     ...
[INFO] [stdout]   |     ^^^ non-item starts here
[INFO] [stdout] 5 | }
[INFO] [stdout]   | - item list ends here
[INFO] [stdout] 
[INFO] [stdout] error[E0405]: cannot find trait `Op` in this scope
[INFO] [stdout]  --> src/binop/write.rs:159:6
[INFO] [stdout]   |
[INFO] [stdout] 3 | impl Op<B> for A {
[INFO] [stdout]   |      ^^ not found in this scope
[INFO] [stdout] 
[INFO] [stdout] error[E0412]: cannot find type `B` in this scope
[INFO] [stdout]  --> src/binop/write.rs:159:9
[INFO] [stdout]   |
[INFO] [stdout] 3 | impl Op<B> for A {
[INFO] [stdout]   |         ^ not found in this scope
[INFO] [stdout]   |
[INFO] [stdout] help: you might be missing a type parameter
[INFO] [stdout]   |
[INFO] [stdout] 3 | impl<B> Op<B> for A {
[INFO] [stdout]   |     +++
[INFO] [stdout] 
[INFO] [stdout] error[E0412]: cannot find type `A` in this scope
[INFO] [stdout]  --> src/binop/write.rs:159:16
[INFO] [stdout]   |
[INFO] [stdout] 3 | impl Op<B> for A {
[INFO] [stdout]   |                ^ not found in this scope
[INFO] [stdout] 
[INFO] [stdout] error: aborting due to 4 previous errors
[INFO] [stdout] 
[INFO] [stdout] Some errors have detailed explanations: E0405, E0412.
[INFO] [stdout] For more information about an error, try `rustc --explain E0405`.
[INFO] [stdout] Couldn't compile the test.
[INFO] [stdout] ---- src/binop/write.rs - binop::write::BinOpImpl::ref_lhs_clone (line 127) stdout ----
[INFO] [stdout] error: non-item in item list
[INFO] [stdout]  --> src/binop/write.rs:129:5
[INFO] [stdout]   |
[INFO] [stdout] 3 | impl Op<B> for &A {
[INFO] [stdout]   |                   - item list starts here
[INFO] [stdout] 4 |     ...
[INFO] [stdout]   |     ^^^ non-item starts here
[INFO] [stdout] ...
[INFO] [stdout] 8 | }
[INFO] [stdout]   | - item list ends here
[INFO] [stdout] 
[INFO] [stdout] error[E0405]: cannot find trait `Op` in this scope
[INFO] [stdout]  --> src/binop/write.rs:128:6
[INFO] [stdout]   |
[INFO] [stdout] 3 | impl Op<B> for &A {
[INFO] [stdout]   |      ^^ not found in this scope
[INFO] [stdout] 
[INFO] [stdout] error[E0412]: cannot find type `B` in this scope
[INFO] [stdout]  --> src/binop/write.rs:128:9
[INFO] [stdout]   |
[INFO] [stdout] 3 | impl Op<B> for &A {
[INFO] [stdout]   |         ^ not found in this scope
[INFO] [stdout]   |
[INFO] [stdout] help: you might be missing a type parameter
[INFO] [stdout]   |
[INFO] [stdout] 3 | impl<B> Op<B> for &A {
[INFO] [stdout]   |     +++
[INFO] [stdout] 
[INFO] [stdout] error[E0412]: cannot find type `A` in this scope
[INFO] [stdout]  --> src/binop/write.rs:128:17
[INFO] [stdout]   |
[INFO] [stdout] 3 | impl Op<B> for &A {
[INFO] [stdout]   |                 ^ not found in this scope
[INFO] [stdout] 
[INFO] [stdout] error: aborting due to 4 previous errors
[INFO] [stdout] 
[INFO] [stdout] Some errors have detailed explanations: E0405, E0412.
[INFO] [stdout] For more information about an error, try `rustc --explain E0405`.
[INFO] [stdout] Couldn't compile the test.
[INFO] [stdout] ---- src/binop/write.rs - binop::write::BinOpImpl::try_deref_lhs (line 13) stdout ----
[INFO] [stdout] error: non-item in item list
[INFO] [stdout]  --> src/binop/write.rs:15:5
[INFO] [stdout]   |
[INFO] [stdout] 3 | impl Op<B> for &A {
[INFO] [stdout]   |                   - item list starts here
[INFO] [stdout] 4 |     ...
[INFO] [stdout]   |     ^^^ non-item starts here
[INFO] [stdout] 5 | }
[INFO] [stdout]   | - item list ends here
[INFO] [stdout] 
[INFO] [stdout] error[E0405]: cannot find trait `Op` in this scope
[INFO] [stdout]  --> src/binop/write.rs:14:6
[INFO] [stdout]   |
[INFO] [stdout] 3 | impl Op<B> for &A {
[INFO] [stdout]   |      ^^ not found in this scope
[INFO] [stdout] 
[INFO] [stdout] error[E0412]: cannot find type `B` in this scope
[INFO] [stdout]  --> src/binop/write.rs:14:9
[INFO] [stdout]   |
[INFO] [stdout] 3 | impl Op<B> for &A {
[INFO] [stdout]   |         ^ not found in this scope
[INFO] [stdout]   |
[INFO] [stdout] help: you might be missing a type parameter
[INFO] [stdout]   |
[INFO] [stdout] 3 | impl<B> Op<B> for &A {
[INFO] [stdout]   |     +++
[INFO] [stdout] 
[INFO] [stdout] error[E0412]: cannot find type `A` in this scope
[INFO] [stdout]  --> src/binop/write.rs:14:17
[INFO] [stdout]   |
[INFO] [stdout] 3 | impl Op<B> for &A {
[INFO] [stdout]   |                 ^ not found in this scope
[INFO] [stdout] 
[INFO] [stdout] error: aborting due to 4 previous errors
[INFO] [stdout] 
[INFO] [stdout] Some errors have detailed explanations: E0405, E0412.
[INFO] [stdout] For more information about an error, try `rustc --explain E0405`.
[INFO] [stdout] Couldn't compile the test.
[INFO] [stdout] ---- src/binop/parse.rs - binop::parse::BinOpImpl (line 52) stdout ----
[INFO] [stdout] error: unexpected token: `...`
[INFO] [stdout]  --> src/binop/parse.rs:57:9
[INFO] [stdout]   |
[INFO] [stdout] 7 |         ...
[INFO] [stdout]   |         ^^^
[INFO] [stdout]   |
[INFO] [stdout] help: use `..` for an exclusive range
[INFO] [stdout]   |
[INFO] [stdout] 7 |         ..
[INFO] [stdout]   |
[INFO] [stdout] help: or `..=` for an inclusive range
[INFO] [stdout]   |
[INFO] [stdout] 7 |         ..=
[INFO] [stdout]   |
[INFO] [stdout] 
[INFO] [stdout] error[E0586]: inclusive range with no end
[INFO] [stdout]  --> src/binop/parse.rs:57:9
[INFO] [stdout]   |
[INFO] [stdout] 7 |         ...
[INFO] [stdout]   |         ^^^ help: use `..` instead
[INFO] [stdout]   |
[INFO] [stdout]   = note: inclusive ranges must be bounded at the end (`..=b` or `a..=b`)
[INFO] [stdout] 
[INFO] [stdout] error[E0405]: cannot find trait `Add` in this scope
[INFO] [stdout]  --> src/binop/parse.rs:53:6
[INFO] [stdout]   |
[INFO] [stdout] 3 | impl Add<B> for A {
[INFO] [stdout]   |      ^^^ not found in this scope
[INFO] [stdout]   |
[INFO] [stdout] help: consider importing one of these items
[INFO] [stdout]   |
[INFO] [stdout] 2 + use core::ops::Add;
[INFO] [stdout]   |
[INFO] [stdout] 2 + use std::ops::Add;
[INFO] [stdout]   |
[INFO] [stdout] 
[INFO] [stdout] error[E0412]: cannot find type `B` in this scope
[INFO] [stdout]  --> src/binop/parse.rs:53:10
[INFO] [stdout]   |
[INFO] [stdout] 3 | impl Add<B> for A {
[INFO] [stdout]   |          ^ not found in this scope
[INFO] [stdout]   |
[INFO] [stdout] help: you might be missing a type parameter
[INFO] [stdout]   |
[INFO] [stdout] 3 | impl<B> Add<B> for A {
[INFO] [stdout]   |     +++
[INFO] [stdout] 
[INFO] [stdout] error[E0412]: cannot find type `A` in this scope
[INFO] [stdout]  --> src/binop/parse.rs:53:17
[INFO] [stdout]   |
[INFO] [stdout] 3 | impl Add<B> for A {
[INFO] [stdout]   |                 ^ not found in this scope
[INFO] [stdout] 
[INFO] [stdout] error[E0412]: cannot find type `C` in this scope
[INFO] [stdout]  --> src/binop/parse.rs:54:19
[INFO] [stdout]   |
[INFO] [stdout] 4 |     type Output = C;
[INFO] [stdout]   |                   ^ not found in this scope
[INFO] [stdout] 
[INFO] [stdout] error[E0412]: cannot find type `B` in this scope
[INFO] [stdout]  --> src/binop/parse.rs:56:23
[INFO] [stdout]   |
[INFO] [stdout] 6 |     fn add(self, rhs: B) -> Self::Output {
[INFO] [stdout]   |                       ^ not found in this scope
[INFO] [stdout] 
[INFO] [stdout] error: aborting due to 7 previous errors
[INFO] [stdout] 
[INFO] [stdout] Some errors have detailed explanations: E0405, E0412, E0586.
[INFO] [stdout] For more information about an error, try `rustc --explain E0405`.
[INFO] [stdout] Couldn't compile the test.
[INFO] [stdout] 
[INFO] [stdout] failures:
[INFO] [stdout]     src/binop/parse.rs - binop::parse::BinOpImpl (line 52)
[INFO] [stdout]     src/binop/write.rs - binop::write::BinOpImpl::commute (line 232)
[INFO] [stdout]     src/binop/write.rs - binop::write::BinOpImpl::commute (line 238)
[INFO] [stdout]     src/binop/write.rs - binop::write::BinOpImpl::ref_both_clone (line 194)
[INFO] [stdout]     src/binop/write.rs - binop::write::BinOpImpl::ref_both_clone (line 200)
[INFO] [stdout]     src/binop/write.rs - binop::write::BinOpImpl::ref_lhs_clone (line 121)
[INFO] [stdout]     src/binop/write.rs - binop::write::BinOpImpl::ref_lhs_clone (line 127)
[INFO] [stdout]     src/binop/write.rs - binop::write::BinOpImpl::ref_rhs_clone (line 158)
[INFO] [stdout]     src/binop/write.rs - binop::write::BinOpImpl::ref_rhs_clone (line 164)
[INFO] [stdout]     src/binop/write.rs - binop::write::BinOpImpl::try_deref_both (line 84)
[INFO] [stdout]     src/binop/write.rs - binop::write::BinOpImpl::try_deref_both (line 90)
[INFO] [stdout]     src/binop/write.rs - binop::write::BinOpImpl::try_deref_lhs (line 13)
[INFO] [stdout]     src/binop/write.rs - binop::write::BinOpImpl::try_deref_lhs (line 19)
[INFO] [stdout]     src/binop/write.rs - binop::write::BinOpImpl::try_deref_rhs (line 49)
[INFO] [stdout]     src/binop/write.rs - binop::write::BinOpImpl::try_deref_rhs (line 55)
[INFO] [stdout] 
[INFO] [stdout] test result: FAILED. 0 passed; 15 failed; 0 ignored; 0 measured; 0 filtered out; finished in 0.07s
[INFO] [stdout] 
[INFO] [stderr] error: doctest failed, to rerun pass `--doc`
[INFO] running `Command { std: "docker" "inspect" "bc0da4634f5e12edbc1a6424d795b375368b6800443f16a25159795aa9808673", kill_on_drop: false }`
[INFO] running `Command { std: "docker" "rm" "-f" "bc0da4634f5e12edbc1a6424d795b375368b6800443f16a25159795aa9808673", kill_on_drop: false }`
[INFO] [stdout] bc0da4634f5e12edbc1a6424d795b375368b6800443f16a25159795aa9808673
[INFO] testing xops_core-0.1.1 against beta-2023-12-22 for beta-1.76-1
[INFO] extracting crate xops_core 0.1.1 into /workspace/builds/worker-6-tc2/source
[INFO] validating manifest of crates.io crate xops_core 0.1.1 on toolchain beta-2023-12-22
[INFO] running `Command { std: CARGO_HOME="/workspace/cargo-home" RUSTUP_HOME="/workspace/rustup-home" "/workspace/cargo-home/bin/cargo" "+beta-2023-12-22" "metadata" "--manifest-path" "Cargo.toml" "--no-deps", kill_on_drop: false }`
[INFO] started tweaking crates.io crate xops_core 0.1.1
[INFO] finished tweaking crates.io crate xops_core 0.1.1
[INFO] tweaked toml for crates.io crate xops_core 0.1.1 written to /workspace/builds/worker-6-tc2/source/Cargo.toml
[INFO] running `Command { std: CARGO_HOME="/workspace/cargo-home" RUSTUP_HOME="/workspace/rustup-home" "/workspace/cargo-home/bin/cargo" "+beta-2023-12-22" "generate-lockfile" "--manifest-path" "Cargo.toml", kill_on_drop: false }`
[INFO] [stderr]     Updating crates.io index
[INFO] running `Command { std: CARGO_HOME="/workspace/cargo-home" RUSTUP_HOME="/workspace/rustup-home" "/workspace/cargo-home/bin/cargo" "+beta-2023-12-22" "fetch" "--manifest-path" "Cargo.toml", kill_on_drop: false }`
[INFO] running `Command { std: "docker" "create" "-v" "/var/lib/crater-agent-workspace/builds/worker-6-tc2/target:/opt/rustwide/target:rw,Z" "-v" "/var/lib/crater-agent-workspace/builds/worker-6-tc2/source:/opt/rustwide/workdir:ro,Z" "-v" "/var/lib/crater-agent-workspace/cargo-home:/opt/rustwide/cargo-home:ro,Z" "-v" "/var/lib/crater-agent-workspace/rustup-home:/opt/rustwide/rustup-home:ro,Z" "-e" "SOURCE_DIR=/opt/rustwide/workdir" "-e" "CARGO_TARGET_DIR=/opt/rustwide/target" "-e" "CARGO_HOME=/opt/rustwide/cargo-home" "-e" "RUSTUP_HOME=/opt/rustwide/rustup-home" "-w" "/opt/rustwide/workdir" "-m" "1610612736" "--user" "0:0" "--network" "none" "ghcr.io/rust-lang/crates-build-env/linux@sha256:2788e3201cd34a07e3172128adcd8b3090168a8e3bcc40d7c032b9dda1df7d1c" "/opt/rustwide/cargo-home/bin/cargo" "+beta-2023-12-22" "metadata" "--no-deps" "--format-version=1", kill_on_drop: false }`
[INFO] [stdout] b93b9fd7403dcdc4d958ed28b0371ff8e076bd80142f874f8e19115c62a9a826
[INFO] running `Command { std: "docker" "start" "-a" "b93b9fd7403dcdc4d958ed28b0371ff8e076bd80142f874f8e19115c62a9a826", kill_on_drop: false }`
[INFO] running `Command { std: "docker" "inspect" "b93b9fd7403dcdc4d958ed28b0371ff8e076bd80142f874f8e19115c62a9a826", kill_on_drop: false }`
[INFO] running `Command { std: "docker" "rm" "-f" "b93b9fd7403dcdc4d958ed28b0371ff8e076bd80142f874f8e19115c62a9a826", kill_on_drop: false }`
[INFO] [stdout] b93b9fd7403dcdc4d958ed28b0371ff8e076bd80142f874f8e19115c62a9a826
[INFO] running `Command { std: "docker" "create" "-v" "/var/lib/crater-agent-workspace/builds/worker-6-tc2/target:/opt/rustwide/target:rw,Z" "-v" "/var/lib/crater-agent-workspace/builds/worker-6-tc2/source:/opt/rustwide/workdir:ro,Z" "-v" "/var/lib/crater-agent-workspace/cargo-home:/opt/rustwide/cargo-home:ro,Z" "-v" "/var/lib/crater-agent-workspace/rustup-home:/opt/rustwide/rustup-home:ro,Z" "-e" "SOURCE_DIR=/opt/rustwide/workdir" "-e" "CARGO_TARGET_DIR=/opt/rustwide/target" "-e" "CARGO_INCREMENTAL=0" "-e" "RUST_BACKTRACE=full" "-e" "RUSTFLAGS=--cap-lints=warn" "-e" "RUSTDOCFLAGS=--cap-lints=warn" "-e" "CARGO_HOME=/opt/rustwide/cargo-home" "-e" "RUSTUP_HOME=/opt/rustwide/rustup-home" "-w" "/opt/rustwide/workdir" "-m" "1610612736" "--user" "0:0" "--network" "none" "ghcr.io/rust-lang/crates-build-env/linux@sha256:2788e3201cd34a07e3172128adcd8b3090168a8e3bcc40d7c032b9dda1df7d1c" "/opt/rustwide/cargo-home/bin/cargo" "+beta-2023-12-22" "build" "--frozen" "--message-format=json", kill_on_drop: false }`
[INFO] [stdout] ec076013fd5b5c53f969563051eeff06dd78ec7d012c6b5f9aa13718568ebc07
[INFO] running `Command { std: "docker" "start" "-a" "ec076013fd5b5c53f969563051eeff06dd78ec7d012c6b5f9aa13718568ebc07", kill_on_drop: false }`
[INFO] [stderr]    Compiling fnv v1.0.7
[INFO] [stderr]    Compiling syn v1.0.109
[INFO] [stderr]    Compiling ident_case v1.0.1
[INFO] [stderr]    Compiling strsim v0.10.0
[INFO] [stderr]    Compiling darling_core v0.13.4
[INFO] [stderr]    Compiling darling_macro v0.13.4
[INFO] [stderr]    Compiling darling v0.13.4
[INFO] [stderr]    Compiling xops_core v0.1.1 (/opt/rustwide/workdir)
[INFO] [stdout] warning: unused import: `write::*`
[INFO] [stdout]  --> src/binop.rs:8:9
[INFO] [stdout]   |
[INFO] [stdout] 8 | pub use write::*;
[INFO] [stdout]   |         ^^^^^^^^
[INFO] [stdout]   |
[INFO] [stdout]   = note: `#[warn(unused_imports)]` on by default
[INFO] [stdout] 
[INFO] [stdout] 
[INFO] [stdout] warning: 1 warning emitted
[INFO] [stdout] 
[INFO] [stdout] 
[INFO] [stderr]     Finished dev [unoptimized + debuginfo] target(s) in 4.15s
[INFO] running `Command { std: "docker" "inspect" "ec076013fd5b5c53f969563051eeff06dd78ec7d012c6b5f9aa13718568ebc07", kill_on_drop: false }`
[INFO] running `Command { std: "docker" "rm" "-f" "ec076013fd5b5c53f969563051eeff06dd78ec7d012c6b5f9aa13718568ebc07", kill_on_drop: false }`
[INFO] [stdout] ec076013fd5b5c53f969563051eeff06dd78ec7d012c6b5f9aa13718568ebc07
[INFO] running `Command { std: "docker" "create" "-v" "/var/lib/crater-agent-workspace/builds/worker-6-tc2/target:/opt/rustwide/target:rw,Z" "-v" "/var/lib/crater-agent-workspace/builds/worker-6-tc2/source:/opt/rustwide/workdir:ro,Z" "-v" "/var/lib/crater-agent-workspace/cargo-home:/opt/rustwide/cargo-home:ro,Z" "-v" "/var/lib/crater-agent-workspace/rustup-home:/opt/rustwide/rustup-home:ro,Z" "-e" "SOURCE_DIR=/opt/rustwide/workdir" "-e" "CARGO_TARGET_DIR=/opt/rustwide/target" "-e" "CARGO_INCREMENTAL=0" "-e" "RUST_BACKTRACE=full" "-e" "RUSTFLAGS=--cap-lints=warn" "-e" "RUSTDOCFLAGS=--cap-lints=warn" "-e" "CARGO_HOME=/opt/rustwide/cargo-home" "-e" "RUSTUP_HOME=/opt/rustwide/rustup-home" "-w" "/opt/rustwide/workdir" "-m" "1610612736" "--user" "0:0" "--network" "none" "ghcr.io/rust-lang/crates-build-env/linux@sha256:2788e3201cd34a07e3172128adcd8b3090168a8e3bcc40d7c032b9dda1df7d1c" "/opt/rustwide/cargo-home/bin/cargo" "+beta-2023-12-22" "test" "--frozen" "--no-run" "--message-format=json", kill_on_drop: false }`
[INFO] [stdout] 6ffa2bb63c6c41b352c6c752a0ca18cd9e8d8eb046422e0cec18ba164ef83f87
[INFO] running `Command { std: "docker" "start" "-a" "6ffa2bb63c6c41b352c6c752a0ca18cd9e8d8eb046422e0cec18ba164ef83f87", kill_on_drop: false }`
[INFO] [stdout] warning: unused import: `write::*`
[INFO] [stdout]  --> src/binop.rs:8:9
[INFO] [stdout]   |
[INFO] [stdout] 8 | pub use write::*;
[INFO] [stdout]   |         ^^^^^^^^
[INFO] [stdout]   |
[INFO] [stdout]   = note: `#[warn(unused_imports)]` on by default
[INFO] [stdout] 
[INFO] [stdout] 
[INFO] [stderr]    Compiling xops_core v0.1.1 (/opt/rustwide/workdir)
[INFO] [stdout] warning: 1 warning emitted
[INFO] [stdout] 
[INFO] [stdout] 
[INFO] [stdout] warning: unused import: `write::*`
[INFO] [stdout]  --> src/binop.rs:8:9
[INFO] [stdout]   |
[INFO] [stdout] 8 | pub use write::*;
[INFO] [stdout]   |         ^^^^^^^^
[INFO] [stdout]   |
[INFO] [stdout]   = note: `#[warn(unused_imports)]` on by default
[INFO] [stdout] 
[INFO] [stdout] 
[INFO] [stdout] warning: 1 warning emitted
[INFO] [stdout] 
[INFO] [stdout] 
[INFO] [stderr]     Finished test [unoptimized + debuginfo] target(s) in 0.26s
[INFO] running `Command { std: "docker" "inspect" "6ffa2bb63c6c41b352c6c752a0ca18cd9e8d8eb046422e0cec18ba164ef83f87", kill_on_drop: false }`
[INFO] running `Command { std: "docker" "rm" "-f" "6ffa2bb63c6c41b352c6c752a0ca18cd9e8d8eb046422e0cec18ba164ef83f87", kill_on_drop: false }`
[INFO] [stdout] 6ffa2bb63c6c41b352c6c752a0ca18cd9e8d8eb046422e0cec18ba164ef83f87
[INFO] running `Command { std: "docker" "create" "-v" "/var/lib/crater-agent-workspace/builds/worker-6-tc2/target:/opt/rustwide/target:rw,Z" "-v" "/var/lib/crater-agent-workspace/builds/worker-6-tc2/source:/opt/rustwide/workdir:ro,Z" "-v" "/var/lib/crater-agent-workspace/cargo-home:/opt/rustwide/cargo-home:ro,Z" "-v" "/var/lib/crater-agent-workspace/rustup-home:/opt/rustwide/rustup-home:ro,Z" "-e" "SOURCE_DIR=/opt/rustwide/workdir" "-e" "CARGO_TARGET_DIR=/opt/rustwide/target" "-e" "CARGO_INCREMENTAL=0" "-e" "RUST_BACKTRACE=full" "-e" "RUSTFLAGS=--cap-lints=warn" "-e" "RUSTDOCFLAGS=--cap-lints=warn" "-e" "CARGO_HOME=/opt/rustwide/cargo-home" "-e" "RUSTUP_HOME=/opt/rustwide/rustup-home" "-w" "/opt/rustwide/workdir" "-m" "1610612736" "--user" "0:0" "--network" "none" "ghcr.io/rust-lang/crates-build-env/linux@sha256:2788e3201cd34a07e3172128adcd8b3090168a8e3bcc40d7c032b9dda1df7d1c" "/opt/rustwide/cargo-home/bin/cargo" "+beta-2023-12-22" "test" "--frozen", kill_on_drop: false }`
[INFO] [stdout] 3f2eb5f97f38bf8629d333d8bb5fafda027959cf2e89c10d0a7ab52c22ea87a2
[INFO] running `Command { std: "docker" "start" "-a" "3f2eb5f97f38bf8629d333d8bb5fafda027959cf2e89c10d0a7ab52c22ea87a2", kill_on_drop: false }`
[INFO] [stderr] warning: unused import: `write::*`
[INFO] [stderr]  --> src/binop.rs:8:9
[INFO] [stderr]   |
[INFO] [stderr] 8 | pub use write::*;
[INFO] [stderr]   |         ^^^^^^^^
[INFO] [stderr]   |
[INFO] [stderr]   = note: `#[warn(unused_imports)]` on by default
[INFO] [stderr] 
[INFO] [stderr] warning: `xops_core` (lib) generated 1 warning (run `cargo fix --lib -p xops_core` to apply 1 suggestion)
[INFO] [stderr] warning: `xops_core` (lib test) generated 1 warning (1 duplicate)
[INFO] [stderr]     Finished test [unoptimized + debuginfo] target(s) in 0.01s
[INFO] [stderr]      Running unittests src/lib.rs (/opt/rustwide/target/debug/deps/xops_core-6062afe31fffe47e)
[INFO] [stdout] 
[INFO] [stdout] running 0 tests
[INFO] [stdout] 
[INFO] [stdout] test result: ok. 0 passed; 0 failed; 0 ignored; 0 measured; 0 filtered out; finished in 0.00s
[INFO] [stdout] 
[INFO] [stderr]    Doc-tests xops_core
[INFO] [stdout] 
[INFO] [stdout] running 15 tests
[INFO] [stdout] test src/binop/write.rs - binop::write::BinOpImpl::try_deref_rhs (line 55) ... FAILED
[INFO] [stdout] test src/binop/write.rs - binop::write::BinOpImpl::ref_rhs_clone (line 158) ... FAILED
[INFO] [stdout] test src/binop/write.rs - binop::write::BinOpImpl::try_deref_rhs (line 49) ... FAILED
[INFO] [stdout] test src/binop/write.rs - binop::write::BinOpImpl::commute (line 232) ... FAILED
[INFO] [stdout] test src/binop/write.rs - binop::write::BinOpImpl::ref_lhs_clone (line 127) ... FAILED
[INFO] [stdout] test src/binop/write.rs - binop::write::BinOpImpl::try_deref_lhs (line 19) ... FAILED
[INFO] [stdout] test src/binop/write.rs - binop::write::BinOpImpl::try_deref_both (line 90) ... FAILED
[INFO] [stdout] test src/binop/write.rs - binop::write::BinOpImpl::try_deref_lhs (line 13) ... FAILED
[INFO] [stdout] test src/binop/write.rs - binop::write::BinOpImpl::try_deref_both (line 84) ... FAILED
[INFO] [stdout] test src/binop/write.rs - binop::write::BinOpImpl::ref_rhs_clone (line 164) ... FAILED
[INFO] [stdout] test src/binop/write.rs - binop::write::BinOpImpl::ref_both_clone (line 200) ... FAILED
[INFO] [stdout] test src/binop/write.rs - binop::write::BinOpImpl::commute (line 238) ... FAILED
[INFO] [stdout] test src/binop/write.rs - binop::write::BinOpImpl::ref_lhs_clone (line 121) ... FAILED
[INFO] [stdout] test src/binop/write.rs - binop::write::BinOpImpl::ref_both_clone (line 194) ... FAILED
[INFO] [stdout] test src/binop/parse.rs - binop::parse::BinOpImpl (line 52) ... FAILED
[INFO] [stdout] 
[INFO] [stdout] failures:
[INFO] [stdout] 
[INFO] [stdout] ---- src/binop/write.rs - binop::write::BinOpImpl::try_deref_rhs (line 55) stdout ----
[INFO] [stdout] error: non-item in item list
[INFO] [stdout]  --> src/binop/write.rs:57:5
[INFO] [stdout]   |
[INFO] [stdout] 3 | impl Op<B> for A {
[INFO] [stdout]   |                  - item list starts here
[INFO] [stdout] 4 |     ...
[INFO] [stdout]   |     ^^^ non-item starts here
[INFO] [stdout] ...
[INFO] [stdout] 8 | }
[INFO] [stdout]   | - item list ends here
[INFO] [stdout] 
[INFO] [stdout] error[E0405]: cannot find trait `Op` in this scope
[INFO] [stdout]  --> src/binop/write.rs:56:6
[INFO] [stdout]   |
[INFO] [stdout] 3 | impl Op<B> for A {
[INFO] [stdout]   |      ^^ not found in this scope
[INFO] [stdout] 
[INFO] [stdout] error[E0412]: cannot find type `B` in this scope
[INFO] [stdout]  --> src/binop/write.rs:56:9
[INFO] [stdout]   |
[INFO] [stdout] 3 | impl Op<B> for A {
[INFO] [stdout]   |         ^ not found in this scope
[INFO] [stdout]   |
[INFO] [stdout] help: you might be missing a type parameter
[INFO] [stdout]   |
[INFO] [stdout] 3 | impl<B> Op<B> for A {
[INFO] [stdout]   |     +++
[INFO] [stdout] 
[INFO] [stdout] error[E0412]: cannot find type `A` in this scope
[INFO] [stdout]  --> src/binop/write.rs:56:16
[INFO] [stdout]   |
[INFO] [stdout] 3 | impl Op<B> for A {
[INFO] [stdout]   |                ^ not found in this scope
[INFO] [stdout] 
[INFO] [stdout] error: aborting due to 4 previous errors
[INFO] [stdout] 
[INFO] [stdout] Some errors have detailed explanations: E0405, E0412.
[INFO] [stdout] For more information about an error, try `rustc --explain E0405`.
[INFO] [stdout] Couldn't compile the test.
[INFO] [stdout] ---- src/binop/write.rs - binop::write::BinOpImpl::ref_rhs_clone (line 158) stdout ----
[INFO] [stdout] error: non-item in item list
[INFO] [stdout]  --> src/binop/write.rs:160:5
[INFO] [stdout]   |
[INFO] [stdout] 3 | impl Op<B> for A {
[INFO] [stdout]   |                  - item list starts here
[INFO] [stdout] 4 |     ...
[INFO] [stdout]   |     ^^^ non-item starts here
[INFO] [stdout] 5 | }
[INFO] [stdout]   | - item list ends here
[INFO] [stdout] 
[INFO] [stdout] error[E0405]: cannot find trait `Op` in this scope
[INFO] [stdout]  --> src/binop/write.rs:159:6
[INFO] [stdout]   |
[INFO] [stdout] 3 | impl Op<B> for A {
[INFO] [stdout]   |      ^^ not found in this scope
[INFO] [stdout] 
[INFO] [stdout] error[E0412]: cannot find type `B` in this scope
[INFO] [stdout]  --> src/binop/write.rs:159:9
[INFO] [stdout]   |
[INFO] [stdout] 3 | impl Op<B> for A {
[INFO] [stdout]   |         ^ not found in this scope
[INFO] [stdout]   |
[INFO] [stdout] help: you might be missing a type parameter
[INFO] [stdout]   |
[INFO] [stdout] 3 | impl<B> Op<B> for A {
[INFO] [stdout]   |     +++
[INFO] [stdout] 
[INFO] [stdout] error[E0412]: cannot find type `A` in this scope
[INFO] [stdout]  --> src/binop/write.rs:159:16
[INFO] [stdout]   |
[INFO] [stdout] 3 | impl Op<B> for A {
[INFO] [stdout]   |                ^ not found in this scope
[INFO] [stdout] 
[INFO] [stdout] error: aborting due to 4 previous errors
[INFO] [stdout] 
[INFO] [stdout] Some errors have detailed explanations: E0405, E0412.
[INFO] [stdout] For more information about an error, try `rustc --explain E0405`.
[INFO] [stdout] Couldn't compile the test.
[INFO] [stdout] ---- src/binop/write.rs - binop::write::BinOpImpl::try_deref_rhs (line 49) stdout ----
[INFO] [stdout] error: non-item in item list
[INFO] [stdout]  --> src/binop/write.rs:51:5
[INFO] [stdout]   |
[INFO] [stdout] 3 | impl Op<&B> for A {
[INFO] [stdout]   |                   - item list starts here
[INFO] [stdout] 4 |     ...
[INFO] [stdout]   |     ^^^ non-item starts here
[INFO] [stdout] 5 | }
[INFO] [stdout]   | - item list ends here
[INFO] [stdout] 
[INFO] [stdout] error[E0405]: cannot find trait `Op` in this scope
[INFO] [stdout]  --> src/binop/write.rs:50:6
[INFO] [stdout]   |
[INFO] [stdout] 3 | impl Op<&B> for A {
[INFO] [stdout]   |      ^^ not found in this scope
[INFO] [stdout] 
[INFO] [stdout] error[E0412]: cannot find type `B` in this scope
[INFO] [stdout]  --> src/binop/write.rs:50:10
[INFO] [stdout]   |
[INFO] [stdout] 3 | impl Op<&B> for A {
[INFO] [stdout]   |          ^ not found in this scope
[INFO] [stdout]   |
[INFO] [stdout] help: you might be missing a type parameter
[INFO] [stdout]   |
[INFO] [stdout] 3 | impl<B> Op<&B> for A {
[INFO] [stdout]   |     +++
[INFO] [stdout] 
[INFO] [stdout] error[E0412]: cannot find type `A` in this scope
[INFO] [stdout]  --> src/binop/write.rs:50:17
[INFO] [stdout]   |
[INFO] [stdout] 3 | impl Op<&B> for A {
[INFO] [stdout]   |                 ^ not found in this scope
[INFO] [stdout] 
[INFO] [stdout] error: aborting due to 4 previous errors
[INFO] [stdout] 
[INFO] [stdout] Some errors have detailed explanations: E0405, E0412.
[INFO] [stdout] For more information about an error, try `rustc --explain E0405`.
[INFO] [stdout] Couldn't compile the test.
[INFO] [stdout] ---- src/binop/write.rs - binop::write::BinOpImpl::commute (line 232) stdout ----
[INFO] [stdout] error: non-item in item list
[INFO] [stdout]  --> src/binop/write.rs:234:5
[INFO] [stdout]   |
[INFO] [stdout] 3 | impl Op<B> for A {
[INFO] [stdout]   |                  - item list starts here
[INFO] [stdout] 4 |     ...
[INFO] [stdout]   |     ^^^ non-item starts here
[INFO] [stdout] 5 | }
[INFO] [stdout]   | - item list ends here
[INFO] [stdout] 
[INFO] [stdout] error[E0405]: cannot find trait `Op` in this scope
[INFO] [stdout]  --> src/binop/write.rs:233:6
[INFO] [stdout]   |
[INFO] [stdout] 3 | impl Op<B> for A {
[INFO] [stdout]   |      ^^ not found in this scope
[INFO] [stdout] 
[INFO] [stdout] error[E0412]: cannot find type `B` in this scope
[INFO] [stdout]  --> src/binop/write.rs:233:9
[INFO] [stdout]   |
[INFO] [stdout] 3 | impl Op<B> for A {
[INFO] [stdout]   |         ^ not found in this scope
[INFO] [stdout]   |
[INFO] [stdout] help: you might be missing a type parameter
[INFO] [stdout]   |
[INFO] [stdout] 3 | impl<B> Op<B> for A {
[INFO] [stdout]   |     +++
[INFO] [stdout] 
[INFO] [stdout] error[E0412]: cannot find type `A` in this scope
[INFO] [stdout]  --> src/binop/write.rs:233:16
[INFO] [stdout]   |
[INFO] [stdout] 3 | impl Op<B> for A {
[INFO] [stdout]   |                ^ not found in this scope
[INFO] [stdout] 
[INFO] [stdout] error: aborting due to 4 previous errors
[INFO] [stdout] 
[INFO] [stdout] Some errors have detailed explanations: E0405, E0412.
[INFO] [stdout] For more information about an error, try `rustc --explain E0405`.
[INFO] [stdout] Couldn't compile the test.
[INFO] [stdout] ---- src/binop/write.rs - binop::write::BinOpImpl::ref_lhs_clone (line 127) stdout ----
[INFO] [stdout] error: non-item in item list
[INFO] [stdout]  --> src/binop/write.rs:129:5
[INFO] [stdout]   |
[INFO] [stdout] 3 | impl Op<B> for &A {
[INFO] [stdout]   |                   - item list starts here
[INFO] [stdout] 4 |     ...
[INFO] [stdout]   |     ^^^ non-item starts here
[INFO] [stdout] ...
[INFO] [stdout] 8 | }
[INFO] [stdout]   | - item list ends here
[INFO] [stdout] 
[INFO] [stdout] error[E0405]: cannot find trait `Op` in this scope
[INFO] [stdout]  --> src/binop/write.rs:128:6
[INFO] [stdout]   |
[INFO] [stdout] 3 | impl Op<B> for &A {
[INFO] [stdout]   |      ^^ not found in this scope
[INFO] [stdout] 
[INFO] [stdout] error[E0412]: cannot find type `B` in this scope
[INFO] [stdout]  --> src/binop/write.rs:128:9
[INFO] [stdout]   |
[INFO] [stdout] 3 | impl Op<B> for &A {
[INFO] [stdout]   |         ^ not found in this scope
[INFO] [stdout]   |
[INFO] [stdout] help: you might be missing a type parameter
[INFO] [stdout]   |
[INFO] [stdout] 3 | impl<B> Op<B> for &A {
[INFO] [stdout]   |     +++
[INFO] [stdout] 
[INFO] [stdout] error[E0412]: cannot find type `A` in this scope
[INFO] [stdout]  --> src/binop/write.rs:128:17
[INFO] [stdout]   |
[INFO] [stdout] 3 | impl Op<B> for &A {
[INFO] [stdout]   |                 ^ not found in this scope
[INFO] [stdout] 
[INFO] [stdout] error: aborting due to 4 previous errors
[INFO] [stdout] 
[INFO] [stdout] Some errors have detailed explanations: E0405, E0412.
[INFO] [stdout] For more information about an error, try `rustc --explain E0405`.
[INFO] [stdout] Couldn't compile the test.
[INFO] [stdout] ---- src/binop/write.rs - binop::write::BinOpImpl::try_deref_lhs (line 19) stdout ----
[INFO] [stdout] error: non-item in item list
[INFO] [stdout]  --> src/binop/write.rs:21:5
[INFO] [stdout]   |
[INFO] [stdout] 3 | impl Op<B> for A {
[INFO] [stdout]   |                  - item list starts here
[INFO] [stdout] 4 |     ...
[INFO] [stdout]   |     ^^^ non-item starts here
[INFO] [stdout] ...
[INFO] [stdout] 8 | }
[INFO] [stdout]   | - item list ends here
[INFO] [stdout] 
[INFO] [stdout] error[E0405]: cannot find trait `Op` in this scope
[INFO] [stdout]  --> src/binop/write.rs:20:6
[INFO] [stdout]   |
[INFO] [stdout] 3 | impl Op<B> for A {
[INFO] [stdout]   |      ^^ not found in this scope
[INFO] [stdout] 
[INFO] [stdout] error[E0412]: cannot find type `B` in this scope
[INFO] [stdout]  --> src/binop/write.rs:20:9
[INFO] [stdout]   |
[INFO] [stdout] 3 | impl Op<B> for A {
[INFO] [stdout]   |         ^ not found in this scope
[INFO] [stdout]   |
[INFO] [stdout] help: you might be missing a type parameter
[INFO] [stdout]   |
[INFO] [stdout] 3 | impl<B> Op<B> for A {
[INFO] [stdout]   |     +++
[INFO] [stdout] 
[INFO] [stdout] error[E0412]: cannot find type `A` in this scope
[INFO] [stdout]  --> src/binop/write.rs:20:16
[INFO] [stdout]   |
[INFO] [stdout] 3 | impl Op<B> for A {
[INFO] [stdout]   |                ^ not found in this scope
[INFO] [stdout] 
[INFO] [stdout] error: aborting due to 4 previous errors
[INFO] [stdout] 
[INFO] [stdout] Some errors have detailed explanations: E0405, E0412.
[INFO] [stdout] For more information about an error, try `rustc --explain E0405`.
[INFO] [stdout] Couldn't compile the test.
[INFO] [stdout] ---- src/binop/write.rs - binop::write::BinOpImpl::try_deref_both (line 90) stdout ----
[INFO] [stdout] error: non-item in item list
[INFO] [stdout]  --> src/binop/write.rs:92:5
[INFO] [stdout]   |
[INFO] [stdout] 3 | impl Op<B> for A {
[INFO] [stdout]   |                  - item list starts here
[INFO] [stdout] 4 |     ...
[INFO] [stdout]   |     ^^^ non-item starts here
[INFO] [stdout] ...
[INFO] [stdout] 8 | }
[INFO] [stdout]   | - item list ends here
[INFO] [stdout] 
[INFO] [stdout] error[E0405]: cannot find trait `Op` in this scope
[INFO] [stdout]  --> src/binop/write.rs:91:6
[INFO] [stdout]   |
[INFO] [stdout] 3 | impl Op<B> for A {
[INFO] [stdout]   |      ^^ not found in this scope
[INFO] [stdout] 
[INFO] [stdout] error[E0412]: cannot find type `B` in this scope
[INFO] [stdout]  --> src/binop/write.rs:91:9
[INFO] [stdout]   |
[INFO] [stdout] 3 | impl Op<B> for A {
[INFO] [stdout]   |         ^ not found in this scope
[INFO] [stdout]   |
[INFO] [stdout] help: you might be missing a type parameter
[INFO] [stdout]   |
[INFO] [stdout] 3 | impl<B> Op<B> for A {
[INFO] [stdout]   |     +++
[INFO] [stdout] 
[INFO] [stdout] error[E0412]: cannot find type `A` in this scope
[INFO] [stdout]  --> src/binop/write.rs:91:16
[INFO] [stdout]   |
[INFO] [stdout] 3 | impl Op<B> for A {
[INFO] [stdout]   |                ^ not found in this scope
[INFO] [stdout] 
[INFO] [stdout] error: aborting due to 4 previous errors
[INFO] [stdout] 
[INFO] [stdout] Some errors have detailed explanations: E0405, E0412.
[INFO] [stdout] For more information about an error, try `rustc --explain E0405`.
[INFO] [stdout] Couldn't compile the test.
[INFO] [stdout] ---- src/binop/write.rs - binop::write::BinOpImpl::try_deref_lhs (line 13) stdout ----
[INFO] [stdout] error: non-item in item list
[INFO] [stdout]  --> src/binop/write.rs:15:5
[INFO] [stdout]   |
[INFO] [stdout] 3 | impl Op<B> for &A {
[INFO] [stdout]   |                   - item list starts here
[INFO] [stdout] 4 |     ...
[INFO] [stdout]   |     ^^^ non-item starts here
[INFO] [stdout] 5 | }
[INFO] [stdout]   | - item list ends here
[INFO] [stdout] 
[INFO] [stdout] error[E0405]: cannot find trait `Op` in this scope
[INFO] [stdout]  --> src/binop/write.rs:14:6
[INFO] [stdout]   |
[INFO] [stdout] 3 | impl Op<B> for &A {
[INFO] [stdout]   |      ^^ not found in this scope
[INFO] [stdout] 
[INFO] [stdout] error[E0412]: cannot find type `B` in this scope
[INFO] [stdout]  --> src/binop/write.rs:14:9
[INFO] [stdout]   |
[INFO] [stdout] 3 | impl Op<B> for &A {
[INFO] [stdout]   |         ^ not found in this scope
[INFO] [stdout]   |
[INFO] [stdout] help: you might be missing a type parameter
[INFO] [stdout]   |
[INFO] [stdout] 3 | impl<B> Op<B> for &A {
[INFO] [stdout]   |     +++
[INFO] [stdout] 
[INFO] [stdout] error[E0412]: cannot find type `A` in this scope
[INFO] [stdout]  --> src/binop/write.rs:14:17
[INFO] [stdout]   |
[INFO] [stdout] 3 | impl Op<B> for &A {
[INFO] [stdout]   |                 ^ not found in this scope
[INFO] [stdout] 
[INFO] [stdout] error: aborting due to 4 previous errors
[INFO] [stdout] 
[INFO] [stdout] Some errors have detailed explanations: E0405, E0412.
[INFO] [stdout] For more information about an error, try `rustc --explain E0405`.
[INFO] [stdout] Couldn't compile the test.
[INFO] [stdout] ---- src/binop/write.rs - binop::write::BinOpImpl::try_deref_both (line 84) stdout ----
[INFO] [stdout] error: non-item in item list
[INFO] [stdout]  --> src/binop/write.rs:86:5
[INFO] [stdout]   |
[INFO] [stdout] 3 | impl Op<&B> for &A {
[INFO] [stdout]   |                    - item list starts here
[INFO] [stdout] 4 |     ...
[INFO] [stdout]   |     ^^^ non-item starts here
[INFO] [stdout] 5 | }
[INFO] [stdout]   | - item list ends here
[INFO] [stdout] 
[INFO] [stdout] error[E0405]: cannot find trait `Op` in this scope
[INFO] [stdout]  --> src/binop/write.rs:85:6
[INFO] [stdout]   |
[INFO] [stdout] 3 | impl Op<&B> for &A {
[INFO] [stdout]   |      ^^ not found in this scope
[INFO] [stdout] 
[INFO] [stdout] error[E0412]: cannot find type `B` in this scope
[INFO] [stdout]  --> src/binop/write.rs:85:10
[INFO] [stdout]   |
[INFO] [stdout] 3 | impl Op<&B> for &A {
[INFO] [stdout]   |          ^ not found in this scope
[INFO] [stdout]   |
[INFO] [stdout] help: you might be missing a type parameter
[INFO] [stdout]   |
[INFO] [stdout] 3 | impl<B> Op<&B> for &A {
[INFO] [stdout]   |     +++
[INFO] [stdout] 
[INFO] [stdout] error[E0412]: cannot find type `A` in this scope
[INFO] [stdout]  --> src/binop/write.rs:85:18
[INFO] [stdout]   |
[INFO] [stdout] 3 | impl Op<&B> for &A {
[INFO] [stdout]   |                  ^ not found in this scope
[INFO] [stdout] 
[INFO] [stdout] error: aborting due to 4 previous errors
[INFO] [stdout] 
[INFO] [stdout] Some errors have detailed explanations: E0405, E0412.
[INFO] [stdout] For more information about an error, try `rustc --explain E0405`.
[INFO] [stdout] Couldn't compile the test.
[INFO] [stdout] ---- src/binop/write.rs - binop::write::BinOpImpl::ref_rhs_clone (line 164) stdout ----
[INFO] [stdout] error: non-item in item list
[INFO] [stdout]  --> src/binop/write.rs:166:5
[INFO] [stdout]   |
[INFO] [stdout] 3 | impl Op<&B> for A {
[INFO] [stdout]   |                   - item list starts here
[INFO] [stdout] 4 |     ...
[INFO] [stdout]   |     ^^^ non-item starts here
[INFO] [stdout] ...
[INFO] [stdout] 8 | }
[INFO] [stdout]   | - item list ends here
[INFO] [stdout] 
[INFO] [stdout] error[E0405]: cannot find trait `Op` in this scope
[INFO] [stdout]  --> src/binop/write.rs:165:6
[INFO] [stdout]   |
[INFO] [stdout] 3 | impl Op<&B> for A {
[INFO] [stdout]   |      ^^ not found in this scope
[INFO] [stdout] 
[INFO] [stdout] error[E0412]: cannot find type `B` in this scope
[INFO] [stdout]  --> src/binop/write.rs:165:10
[INFO] [stdout]   |
[INFO] [stdout] 3 | impl Op<&B> for A {
[INFO] [stdout]   |          ^ not found in this scope
[INFO] [stdout]   |
[INFO] [stdout] help: you might be missing a type parameter
[INFO] [stdout]   |
[INFO] [stdout] 3 | impl<B> Op<&B> for A {
[INFO] [stdout]   |     +++
[INFO] [stdout] 
[INFO] [stdout] error[E0412]: cannot find type `A` in this scope
[INFO] [stdout]  --> src/binop/write.rs:165:17
[INFO] [stdout]   |
[INFO] [stdout] 3 | impl Op<&B> for A {
[INFO] [stdout]   |                 ^ not found in this scope
[INFO] [stdout] 
[INFO] [stdout] error: aborting due to 4 previous errors
[INFO] [stdout] 
[INFO] [stdout] Some errors have detailed explanations: E0405, E0412.
[INFO] [stdout] For more information about an error, try `rustc --explain E0405`.
[INFO] [stdout] Couldn't compile the test.
[INFO] [stdout] ---- src/binop/write.rs - binop::write::BinOpImpl::ref_both_clone (line 200) stdout ----
[INFO] [stdout] error: non-item in item list
[INFO] [stdout]  --> src/binop/write.rs:202:5
[INFO] [stdout]   |
[INFO] [stdout] 3 | impl Op<&B> for &A {
[INFO] [stdout]   |                    - item list starts here
[INFO] [stdout] 4 |     ...
[INFO] [stdout]   |     ^^^ non-item starts here
[INFO] [stdout] ...
[INFO] [stdout] 8 | }
[INFO] [stdout]   | - item list ends here
[INFO] [stdout] 
[INFO] [stdout] error[E0405]: cannot find trait `Op` in this scope
[INFO] [stdout]  --> src/binop/write.rs:201:6
[INFO] [stdout]   |
[INFO] [stdout] 3 | impl Op<&B> for &A {
[INFO] [stdout]   |      ^^ not found in this scope
[INFO] [stdout] 
[INFO] [stdout] error[E0412]: cannot find type `B` in this scope
[INFO] [stdout]  --> src/binop/write.rs:201:10
[INFO] [stdout]   |
[INFO] [stdout] 3 | impl Op<&B> for &A {
[INFO] [stdout]   |          ^ not found in this scope
[INFO] [stdout]   |
[INFO] [stdout] help: you might be missing a type parameter
[INFO] [stdout]   |
[INFO] [stdout] 3 | impl<B> Op<&B> for &A {
[INFO] [stdout]   |     +++
[INFO] [stdout] 
[INFO] [stdout] error[E0412]: cannot find type `A` in this scope
[INFO] [stdout]  --> src/binop/write.rs:201:18
[INFO] [stdout]   |
[INFO] [stdout] 3 | impl Op<&B> for &A {
[INFO] [stdout]   |                  ^ not found in this scope
[INFO] [stdout] 
[INFO] [stdout] error: aborting due to 4 previous errors
[INFO] [stdout] 
[INFO] [stdout] Some errors have detailed explanations: E0405, E0412.
[INFO] [stdout] For more information about an error, try `rustc --explain E0405`.
[INFO] [stdout] Couldn't compile the test.
[INFO] [stdout] ---- src/binop/write.rs - binop::write::BinOpImpl::commute (line 238) stdout ----
[INFO] [stdout] error: non-item in item list
[INFO] [stdout]  --> src/binop/write.rs:240:5
[INFO] [stdout]   |
[INFO] [stdout] 3 | impl Op<A> for B {
[INFO] [stdout]   |                  - item list starts here
[INFO] [stdout] 4 |     ...
[INFO] [stdout]   |     ^^^ non-item starts here
[INFO] [stdout] ...
[INFO] [stdout] 8 | }
[INFO] [stdout]   | - item list ends here
[INFO] [stdout] 
[INFO] [stdout] error[E0405]: cannot find trait `Op` in this scope
[INFO] [stdout]  --> src/binop/write.rs:239:6
[INFO] [stdout]   |
[INFO] [stdout] 3 | impl Op<A> for B {
[INFO] [stdout]   |      ^^ not found in this scope
[INFO] [stdout] 
[INFO] [stdout] error[E0412]: cannot find type `A` in this scope
[INFO] [stdout]  --> src/binop/write.rs:239:9
[INFO] [stdout]   |
[INFO] [stdout] 3 | impl Op<A> for B {
[INFO] [stdout]   |         ^ not found in this scope
[INFO] [stdout]   |
[INFO] [stdout] help: you might be missing a type parameter
[INFO] [stdout]   |
[INFO] [stdout] 3 | impl<A> Op<A> for B {
[INFO] [stdout]   |     +++
[INFO] [stdout] 
[INFO] [stdout] error[E0412]: cannot find type `B` in this scope
[INFO] [stdout]  --> src/binop/write.rs:239:16
[INFO] [stdout]   |
[INFO] [stdout] 3 | impl Op<A> for B {
[INFO] [stdout]   |                ^ not found in this scope
[INFO] [stdout] 
[INFO] [stdout] error: aborting due to 4 previous errors
[INFO] [stdout] 
[INFO] [stdout] Some errors have detailed explanations: E0405, E0412.
[INFO] [stdout] For more information about an error, try `rustc --explain E0405`.
[INFO] [stdout] Couldn't compile the test.
[INFO] [stdout] ---- src/binop/write.rs - binop::write::BinOpImpl::ref_lhs_clone (line 121) stdout ----
[INFO] [stdout] error: non-item in item list
[INFO] [stdout]  --> src/binop/write.rs:123:5
[INFO] [stdout]   |
[INFO] [stdout] 3 | impl Op<B> for A {
[INFO] [stdout]   |                  - item list starts here
[INFO] [stdout] 4 |     ...
[INFO] [stdout]   |     ^^^ non-item starts here
[INFO] [stdout] 5 | }
[INFO] [stdout]   | - item list ends here
[INFO] [stdout] 
[INFO] [stdout] error[E0405]: cannot find trait `Op` in this scope
[INFO] [stdout]  --> src/binop/write.rs:122:6
[INFO] [stdout]   |
[INFO] [stdout] 3 | impl Op<B> for A {
[INFO] [stdout]   |      ^^ not found in this scope
[INFO] [stdout] 
[INFO] [stdout] error[E0412]: cannot find type `B` in this scope
[INFO] [stdout]  --> src/binop/write.rs:122:9
[INFO] [stdout]   |
[INFO] [stdout] 3 | impl Op<B> for A {
[INFO] [stdout]   |         ^ not found in this scope
[INFO] [stdout]   |
[INFO] [stdout] help: you might be missing a type parameter
[INFO] [stdout]   |
[INFO] [stdout] 3 | impl<B> Op<B> for A {
[INFO] [stdout]   |     +++
[INFO] [stdout] 
[INFO] [stdout] error[E0412]: cannot find type `A` in this scope
[INFO] [stdout]  --> src/binop/write.rs:122:16
[INFO] [stdout]   |
[INFO] [stdout] 3 | impl Op<B> for A {
[INFO] [stdout]   |                ^ not found in this scope
[INFO] [stdout] 
[INFO] [stdout] error: aborting due to 4 previous errors
[INFO] [stdout] 
[INFO] [stdout] Some errors have detailed explanations: E0405, E0412.
[INFO] [stdout] For more information about an error, try `rustc --explain E0405`.
[INFO] [stdout] Couldn't compile the test.
[INFO] [stdout] ---- src/binop/write.rs - binop::write::BinOpImpl::ref_both_clone (line 194) stdout ----
[INFO] [stdout] error: non-item in item list
[INFO] [stdout]  --> src/binop/write.rs:196:5
[INFO] [stdout]   |
[INFO] [stdout] 3 | impl Op<B> for A {
[INFO] [stdout]   |                  - item list starts here
[INFO] [stdout] 4 |     ...
[INFO] [stdout]   |     ^^^ non-item starts here
[INFO] [stdout] 5 | }
[INFO] [stdout]   | - item list ends here
[INFO] [stdout] 
[INFO] [stdout] error[E0405]: cannot find trait `Op` in this scope
[INFO] [stdout]  --> src/binop/write.rs:195:6
[INFO] [stdout]   |
[INFO] [stdout] 3 | impl Op<B> for A {
[INFO] [stdout]   |      ^^ not found in this scope
[INFO] [stdout] 
[INFO] [stdout] error[E0412]: cannot find type `B` in this scope
[INFO] [stdout]  --> src/binop/write.rs:195:9
[INFO] [stdout]   |
[INFO] [stdout] 3 | impl Op<B> for A {
[INFO] [stdout]   |         ^ not found in this scope
[INFO] [stdout]   |
[INFO] [stdout] help: you might be missing a type parameter
[INFO] [stdout]   |
[INFO] [stdout] 3 | impl<B> Op<B> for A {
[INFO] [stdout]   |     +++
[INFO] [stdout] 
[INFO] [stdout] error[E0412]: cannot find type `A` in this scope
[INFO] [stdout]  --> src/binop/write.rs:195:16
[INFO] [stdout]   |
[INFO] [stdout] 3 | impl Op<B> for A {
[INFO] [stdout]   |                ^ not found in this scope
[INFO] [stdout] 
[INFO] [stdout] error: aborting due to 4 previous errors
[INFO] [stdout] 
[INFO] [stdout] Some errors have detailed explanations: E0405, E0412.
[INFO] [stdout] For more information about an error, try `rustc --explain E0405`.
[INFO] [stdout] Couldn't compile the test.
[INFO] [stdout] ---- src/binop/parse.rs - binop::parse::BinOpImpl (line 52) stdout ----
[INFO] [stdout] error: unexpected token: `...`
[INFO] [stdout]  --> src/binop/parse.rs:57:9
[INFO] [stdout]   |
[INFO] [stdout] 7 |         ...
[INFO] [stdout]   |         ^^^
[INFO] [stdout]   |
[INFO] [stdout] help: use `..` for an exclusive range
[INFO] [stdout]   |
[INFO] [stdout] 7 |         ..
[INFO] [stdout]   |
[INFO] [stdout] help: or `..=` for an inclusive range
[INFO] [stdout]   |
[INFO] [stdout] 7 |         ..=
[INFO] [stdout]   |
[INFO] [stdout] 
[INFO] [stdout] error[E0586]: inclusive range with no end
[INFO] [stdout]  --> src/binop/parse.rs:57:9
[INFO] [stdout]   |
[INFO] [stdout] 7 |         ...
[INFO] [stdout]   |         ^^^ help: use `..` instead
[INFO] [stdout]   |
[INFO] [stdout]   = note: inclusive ranges must be bounded at the end (`..=b` or `a..=b`)
[INFO] [stdout] 
[INFO] [stdout] error[E0405]: cannot find trait `Add` in this scope
[INFO] [stdout]  --> src/binop/parse.rs:53:6
[INFO] [stdout]   |
[INFO] [stdout] 3 | impl Add<B> for A {
[INFO] [stdout]   |      ^^^ not found in this scope
[INFO] [stdout]   |
[INFO] [stdout] help: consider importing one of these items
[INFO] [stdout]   |
[INFO] [stdout] 2 + use core::ops::Add;
[INFO] [stdout]   |
[INFO] [stdout] 2 + use std::ops::Add;
[INFO] [stdout]   |
[INFO] [stdout] 
[INFO] [stdout] error[E0412]: cannot find type `B` in this scope
[INFO] [stdout]  --> src/binop/parse.rs:53:10
[INFO] [stdout]   |
[INFO] [stdout] 3 | impl Add<B> for A {
[INFO] [stdout]   |          ^ not found in this scope
[INFO] [stdout]   |
[INFO] [stdout] help: you might be missing a type parameter
[INFO] [stdout]   |
[INFO] [stdout] 3 | impl<B> Add<B> for A {
[INFO] [stdout]   |     +++
[INFO] [stdout] 
[INFO] [stdout] error[E0412]: cannot find type `A` in this scope
[INFO] [stdout]  --> src/binop/parse.rs:53:17
[INFO] [stdout]   |
[INFO] [stdout] 3 | impl Add<B> for A {
[INFO] [stdout]   |                 ^ not found in this scope
[INFO] [stdout] 
[INFO] [stdout] error[E0412]: cannot find type `C` in this scope
[INFO] [stdout]  --> src/binop/parse.rs:54:19
[INFO] [stdout]   |
[INFO] [stdout] 4 |     type Output = C;
[INFO] [stdout]   |                   ^ not found in this scope
[INFO] [stdout] 
[INFO] [stdout] error[E0412]: cannot find type `B` in this scope
[INFO] [stdout]  --> src/binop/parse.rs:56:23
[INFO] [stdout]   |
[INFO] [stdout] 6 |     fn add(self, rhs: B) -> Self::Output {
[INFO] [stdout]   |                       ^ not found in this scope
[INFO] [stdout] 
[INFO] [stdout] error: aborting due to 7 previous errors
[INFO] [stdout] 
[INFO] [stdout] Some errors have detailed explanations: E0405, E0412, E0586.
[INFO] [stdout] For more information about an error, try `rustc --explain E0405`.
[INFO] [stdout] Couldn't compile the test.
[INFO] [stdout] 
[INFO] [stdout] failures:
[INFO] [stdout]     src/binop/parse.rs - binop::parse::BinOpImpl (line 52)
[INFO] [stdout]     src/binop/write.rs - binop::write::BinOpImpl::commute (line 232)
[INFO] [stdout]     src/binop/write.rs - binop::write::BinOpImpl::commute (line 238)
[INFO] [stdout]     src/binop/write.rs - binop::write::BinOpImpl::ref_both_clone (line 194)
[INFO] [stdout]     src/binop/write.rs - binop::write::BinOpImpl::ref_both_clone (line 200)
[INFO] [stdout]     src/binop/write.rs - binop::write::BinOpImpl::ref_lhs_clone (line 121)
[INFO] [stdout]     src/binop/write.rs - binop::write::BinOpImpl::ref_lhs_clone (line 127)
[INFO] [stdout]     src/binop/write.rs - binop::write::BinOpImpl::ref_rhs_clone (line 158)
[INFO] [stdout]     src/binop/write.rs - binop::write::BinOpImpl::ref_rhs_clone (line 164)
[INFO] [stdout]     src/binop/write.rs - binop::write::BinOpImpl::try_deref_both (line 84)
[INFO] [stdout]     src/binop/write.rs - binop::write::BinOpImpl::try_deref_both (line 90)
[INFO] [stdout]     src/binop/write.rs - binop::write::BinOpImpl::try_deref_lhs (line 13)
[INFO] [stdout]     src/binop/write.rs - binop::write::BinOpImpl::try_deref_lhs (line 19)
[INFO] [stdout]     src/binop/write.rs - binop::write::BinOpImpl::try_deref_rhs (line 49)
[INFO] [stdout]     src/binop/write.rs - binop::write::BinOpImpl::try_deref_rhs (line 55)
[INFO] [stdout] 
[INFO] [stdout] test result: FAILED. 0 passed; 15 failed; 0 ignored; 0 measured; 0 filtered out; finished in 0.07s
[INFO] [stdout] 
[INFO] [stderr] error: doctest failed, to rerun pass `--doc`
[INFO] running `Command { std: "docker" "inspect" "3f2eb5f97f38bf8629d333d8bb5fafda027959cf2e89c10d0a7ab52c22ea87a2", kill_on_drop: false }`
[INFO] running `Command { std: "docker" "rm" "-f" "3f2eb5f97f38bf8629d333d8bb5fafda027959cf2e89c10d0a7ab52c22ea87a2", kill_on_drop: false }`
[INFO] [stdout] 3f2eb5f97f38bf8629d333d8bb5fafda027959cf2e89c10d0a7ab52c22ea87a2
