[INFO] fetching crate xmrs 0.3.3...
[INFO] testing xmrs-0.3.3 against 1.75.0 for beta-1.76-1
[INFO] extracting crate xmrs 0.3.3 into /workspace/builds/worker-6-tc1/source
[INFO] validating manifest of crates.io crate xmrs 0.3.3 on toolchain 1.75.0
[INFO] running `Command { std: CARGO_HOME="/workspace/cargo-home" RUSTUP_HOME="/workspace/rustup-home" "/workspace/cargo-home/bin/cargo" "+1.75.0" "metadata" "--manifest-path" "Cargo.toml" "--no-deps", kill_on_drop: false }`
[INFO] started tweaking crates.io crate xmrs 0.3.3
[INFO] finished tweaking crates.io crate xmrs 0.3.3
[INFO] tweaked toml for crates.io crate xmrs 0.3.3 written to /workspace/builds/worker-6-tc1/source/Cargo.toml
[INFO] crate crates.io crate xmrs 0.3.3 already has a lockfile, it will not be regenerated
[INFO] running `Command { std: CARGO_HOME="/workspace/cargo-home" RUSTUP_HOME="/workspace/rustup-home" "/workspace/cargo-home/bin/cargo" "+1.75.0" "fetch" "--manifest-path" "Cargo.toml", kill_on_drop: false }`
[INFO] running `Command { std: "docker" "create" "-v" "/var/lib/crater-agent-workspace/builds/worker-6-tc1/target:/opt/rustwide/target:rw,Z" "-v" "/var/lib/crater-agent-workspace/builds/worker-6-tc1/source:/opt/rustwide/workdir:ro,Z" "-v" "/var/lib/crater-agent-workspace/cargo-home:/opt/rustwide/cargo-home:ro,Z" "-v" "/var/lib/crater-agent-workspace/rustup-home:/opt/rustwide/rustup-home:ro,Z" "-e" "SOURCE_DIR=/opt/rustwide/workdir" "-e" "CARGO_TARGET_DIR=/opt/rustwide/target" "-e" "CARGO_HOME=/opt/rustwide/cargo-home" "-e" "RUSTUP_HOME=/opt/rustwide/rustup-home" "-w" "/opt/rustwide/workdir" "-m" "1610612736" "--user" "0:0" "--network" "none" "ghcr.io/rust-lang/crates-build-env/linux@sha256:2788e3201cd34a07e3172128adcd8b3090168a8e3bcc40d7c032b9dda1df7d1c" "/opt/rustwide/cargo-home/bin/cargo" "+1.75.0" "metadata" "--no-deps" "--format-version=1", kill_on_drop: false }`
[INFO] [stdout] 4c6c03bda1a09caa000b941538569baf51f053577d3fed60d51ff1f738775360
[INFO] running `Command { std: "docker" "start" "-a" "4c6c03bda1a09caa000b941538569baf51f053577d3fed60d51ff1f738775360", kill_on_drop: false }`
[INFO] running `Command { std: "docker" "inspect" "4c6c03bda1a09caa000b941538569baf51f053577d3fed60d51ff1f738775360", kill_on_drop: false }`
[INFO] running `Command { std: "docker" "rm" "-f" "4c6c03bda1a09caa000b941538569baf51f053577d3fed60d51ff1f738775360", kill_on_drop: false }`
[INFO] [stdout] 4c6c03bda1a09caa000b941538569baf51f053577d3fed60d51ff1f738775360
[INFO] running `Command { std: "docker" "create" "-v" "/var/lib/crater-agent-workspace/builds/worker-6-tc1/target:/opt/rustwide/target:rw,Z" "-v" "/var/lib/crater-agent-workspace/builds/worker-6-tc1/source:/opt/rustwide/workdir:ro,Z" "-v" "/var/lib/crater-agent-workspace/cargo-home:/opt/rustwide/cargo-home:ro,Z" "-v" "/var/lib/crater-agent-workspace/rustup-home:/opt/rustwide/rustup-home:ro,Z" "-e" "SOURCE_DIR=/opt/rustwide/workdir" "-e" "CARGO_TARGET_DIR=/opt/rustwide/target" "-e" "CARGO_INCREMENTAL=0" "-e" "RUST_BACKTRACE=full" "-e" "RUSTFLAGS=--cap-lints=warn" "-e" "RUSTDOCFLAGS=--cap-lints=warn" "-e" "CARGO_HOME=/opt/rustwide/cargo-home" "-e" "RUSTUP_HOME=/opt/rustwide/rustup-home" "-w" "/opt/rustwide/workdir" "-m" "1610612736" "--user" "0:0" "--network" "none" "ghcr.io/rust-lang/crates-build-env/linux@sha256:2788e3201cd34a07e3172128adcd8b3090168a8e3bcc40d7c032b9dda1df7d1c" "/opt/rustwide/cargo-home/bin/cargo" "+1.75.0" "build" "--frozen" "--message-format=json", kill_on_drop: false }`
[INFO] [stdout] 5be56bf79933258b55819ea5b736692d17b3889580476e511ec27dbd397f35b3
[INFO] running `Command { std: "docker" "start" "-a" "5be56bf79933258b55819ea5b736692d17b3889580476e511ec27dbd397f35b3", kill_on_drop: false }`
[INFO] [stderr]    Compiling proc-macro2 v1.0.59
[INFO] [stderr]    Compiling unicode-ident v1.0.9
[INFO] [stderr]    Compiling quote v1.0.28
[INFO] [stderr]    Compiling libc v0.2.144
[INFO] [stderr]    Compiling hashbrown v0.12.3
[INFO] [stderr]    Compiling serde v1.0.163
[INFO] [stderr]    Compiling winnow v0.4.6
[INFO] [stderr]    Compiling toml_datetime v0.6.2
[INFO] [stderr]    Compiling once_cell v1.17.1
[INFO] [stderr]    Compiling crc32fast v1.3.2
[INFO] [stderr]    Compiling rle-decode-fast v1.0.3
[INFO] [stderr]    Compiling adler32 v1.2.0
[INFO] [stderr]    Compiling indexmap v1.9.3
[INFO] [stderr]    Compiling libflate_lz77 v1.2.0
[INFO] [stderr]    Compiling libflate v1.4.0
[INFO] [stderr]    Compiling syn v2.0.18
[INFO] [stderr]    Compiling getrandom v0.2.9
[INFO] [stderr]    Compiling rand_core v0.6.4
[INFO] [stderr]    Compiling rand_chacha v0.3.1
[INFO] [stderr]    Compiling rand v0.8.5
[INFO] [stderr]    Compiling toml_edit v0.19.10
[INFO] [stderr]    Compiling serde_derive v1.0.163
[INFO] [stderr]    Compiling proc-macro-crate v1.3.1
[INFO] [stderr]    Compiling num_enum_derive v0.6.1
[INFO] [stderr]    Compiling num_enum v0.6.1
[INFO] [stderr]    Compiling serde-big-array v0.5.1
[INFO] [stderr]    Compiling bincode v1.3.3
[INFO] [stderr]    Compiling xmrs v0.3.3 (/opt/rustwide/workdir)
[INFO] [stderr]     Finished dev [unoptimized + debuginfo] target(s) in 8.36s
[INFO] running `Command { std: "docker" "inspect" "5be56bf79933258b55819ea5b736692d17b3889580476e511ec27dbd397f35b3", kill_on_drop: false }`
[INFO] running `Command { std: "docker" "rm" "-f" "5be56bf79933258b55819ea5b736692d17b3889580476e511ec27dbd397f35b3", kill_on_drop: false }`
[INFO] [stdout] 5be56bf79933258b55819ea5b736692d17b3889580476e511ec27dbd397f35b3
[INFO] running `Command { std: "docker" "create" "-v" "/var/lib/crater-agent-workspace/builds/worker-6-tc1/target:/opt/rustwide/target:rw,Z" "-v" "/var/lib/crater-agent-workspace/builds/worker-6-tc1/source:/opt/rustwide/workdir:ro,Z" "-v" "/var/lib/crater-agent-workspace/cargo-home:/opt/rustwide/cargo-home:ro,Z" "-v" "/var/lib/crater-agent-workspace/rustup-home:/opt/rustwide/rustup-home:ro,Z" "-e" "SOURCE_DIR=/opt/rustwide/workdir" "-e" "CARGO_TARGET_DIR=/opt/rustwide/target" "-e" "CARGO_INCREMENTAL=0" "-e" "RUST_BACKTRACE=full" "-e" "RUSTFLAGS=--cap-lints=warn" "-e" "RUSTDOCFLAGS=--cap-lints=warn" "-e" "CARGO_HOME=/opt/rustwide/cargo-home" "-e" "RUSTUP_HOME=/opt/rustwide/rustup-home" "-w" "/opt/rustwide/workdir" "-m" "1610612736" "--user" "0:0" "--network" "none" "ghcr.io/rust-lang/crates-build-env/linux@sha256:2788e3201cd34a07e3172128adcd8b3090168a8e3bcc40d7c032b9dda1df7d1c" "/opt/rustwide/cargo-home/bin/cargo" "+1.75.0" "test" "--frozen" "--no-run" "--message-format=json", kill_on_drop: false }`
[INFO] [stdout] 6c8ba9a42179e1f80bf1fdc6331054346b521030256cb1fbb358af69c1454667
[INFO] running `Command { std: "docker" "start" "-a" "6c8ba9a42179e1f80bf1fdc6331054346b521030256cb1fbb358af69c1454667", kill_on_drop: false }`
[INFO] [stderr]    Compiling xmrs v0.3.3 (/opt/rustwide/workdir)
[INFO] [stderr]     Finished test [unoptimized + debuginfo] target(s) in 0.89s
[INFO] running `Command { std: "docker" "inspect" "6c8ba9a42179e1f80bf1fdc6331054346b521030256cb1fbb358af69c1454667", kill_on_drop: false }`
[INFO] running `Command { std: "docker" "rm" "-f" "6c8ba9a42179e1f80bf1fdc6331054346b521030256cb1fbb358af69c1454667", kill_on_drop: false }`
[INFO] [stdout] 6c8ba9a42179e1f80bf1fdc6331054346b521030256cb1fbb358af69c1454667
[INFO] running `Command { std: "docker" "create" "-v" "/var/lib/crater-agent-workspace/builds/worker-6-tc1/target:/opt/rustwide/target:rw,Z" "-v" "/var/lib/crater-agent-workspace/builds/worker-6-tc1/source:/opt/rustwide/workdir:ro,Z" "-v" "/var/lib/crater-agent-workspace/cargo-home:/opt/rustwide/cargo-home:ro,Z" "-v" "/var/lib/crater-agent-workspace/rustup-home:/opt/rustwide/rustup-home:ro,Z" "-e" "SOURCE_DIR=/opt/rustwide/workdir" "-e" "CARGO_TARGET_DIR=/opt/rustwide/target" "-e" "CARGO_INCREMENTAL=0" "-e" "RUST_BACKTRACE=full" "-e" "RUSTFLAGS=--cap-lints=warn" "-e" "RUSTDOCFLAGS=--cap-lints=warn" "-e" "CARGO_HOME=/opt/rustwide/cargo-home" "-e" "RUSTUP_HOME=/opt/rustwide/rustup-home" "-w" "/opt/rustwide/workdir" "-m" "1610612736" "--user" "0:0" "--network" "none" "ghcr.io/rust-lang/crates-build-env/linux@sha256:2788e3201cd34a07e3172128adcd8b3090168a8e3bcc40d7c032b9dda1df7d1c" "/opt/rustwide/cargo-home/bin/cargo" "+1.75.0" "test" "--frozen", kill_on_drop: false }`
[INFO] [stdout] 08be78e46b5567cd2270d85597d4cb7b39b6d17baa45ce69c0f5172ad7e67b1b
[INFO] running `Command { std: "docker" "start" "-a" "08be78e46b5567cd2270d85597d4cb7b39b6d17baa45ce69c0f5172ad7e67b1b", kill_on_drop: false }`
[INFO] [stderr]     Finished test [unoptimized + debuginfo] target(s) in 0.02s
[INFO] [stderr]      Running unittests src/lib.rs (/opt/rustwide/target/debug/deps/xmrs-5c660498c1da1018)
[INFO] [stdout] 
[INFO] [stdout] running 1 test
[INFO] [stdout] test tests::it_works ... ok
[INFO] [stdout] 
[INFO] [stdout] test result: ok. 1 passed; 0 failed; 0 ignored; 0 measured; 0 filtered out; finished in 0.00s
[INFO] [stdout] 
[INFO] [stderr]      Running unittests src/bin/xmrs.rs (/opt/rustwide/target/debug/deps/xmrs-f74083467a130204)
[INFO] [stdout] 
[INFO] [stdout] running 0 tests
[INFO] [stdout] 
[INFO] [stdout] test result: ok. 0 passed; 0 failed; 0 ignored; 0 measured; 0 filtered out; finished in 0.00s
[INFO] [stdout] 
[INFO] [stderr]    Doc-tests xmrs
[INFO] [stdout] 
[INFO] [stdout] running 29 tests
[INFO] [stdout] test src/lib.rs - (line 5) ... FAILED
[INFO] [stdout] test src/prelude.rs - prelude (line 5) ... ok
[INFO] [stdout] test src/prelude.rs - prelude::DEFAULT_PATTERN_LENGTH (line 5) ... ok
[INFO] [stdout] test src/prelude.rs - prelude (line 5) ... ok
[INFO] [stdout] test src/prelude.rs - prelude::InstrRobSid (line 5) ... ok
[INFO] [stdout] test src/prelude.rs - prelude::InstrSid (line 5) ... ok
[INFO] [stdout] test src/prelude.rs - prelude (line 5) ... ok
[INFO] [stdout] test src/prelude.rs - prelude::InstrEkn (line 5) ... ok
[INFO] [stdout] test src/prelude.rs - prelude (line 5) ... ok
[INFO] [stdout] test src/prelude.rs - prelude (line 5) ... ok
[INFO] [stdout] test src/prelude.rs - prelude::FrequencyType (line 5) ... ok
[INFO] [stdout] test src/prelude.rs - prelude::InstrMidi (line 5) ... ok
[INFO] [stdout] test src/prelude.rs - prelude::EnvelopePoint (line 5) ... ok
[INFO] [stdout] test src/prelude.rs - prelude (line 5) ... ok
[INFO] [stdout] test src/prelude.rs - prelude::InstrDefault (line 5) ... ok
[INFO] [stdout] test src/prelude.rs - prelude::Instrument (line 5) ... ok
[INFO] [stdout] test src/prelude.rs - prelude::Envelope (line 5) ... ok
[INFO] [stdout] test src/prelude.rs - prelude::LoopType (line 5) ... ok
[INFO] [stdout] test src/prelude.rs - prelude::Module (line 5) ... ok
[INFO] [stdout] test src/prelude.rs - prelude::Pattern (line 5) ... ok
[INFO] [stdout] test src/prelude.rs - prelude::MAX_NUM_ROWS (line 5) ... ok
[INFO] [stdout] test src/prelude.rs - prelude::Waveform (line 5) ... ok
[INFO] [stdout] test src/prelude.rs - prelude::Sample (line 5) ... ok
[INFO] [stdout] test src/prelude.rs - prelude::PatternSlot (line 5) ... ok
[INFO] [stdout] test src/prelude.rs - prelude::SampleDataType (line 5) ... ok
[INFO] [stdout] test src/prelude.rs - prelude::Vibrato (line 5) ... ok
[INFO] [stdout] test src/prelude.rs - prelude::Note (line 5) ... ok
[INFO] [stdout] test src/prelude.rs - prelude::InstrumentType (line 5) ... ok
[INFO] [stdout] test src/prelude.rs - prelude::Row (line 5) ... ok
[INFO] [stdout] 
[INFO] [stdout] failures:
[INFO] [stdout] 
[INFO] [stdout] ---- src/lib.rs - (line 5) stdout ----
[INFO] [stdout] error: expected expression, found `->`
[INFO] [stdout]  --> src/lib.rs:6:10
[INFO] [stdout]   |
[INFO] [stdout] 3 | module+--->instrument+--->instr_defaut+--->sample
[INFO] [stdout]   |          ^^ expected expression
[INFO] [stdout] 
[INFO] [stdout] error: aborting due to previous error
[INFO] [stdout] 
[INFO] [stdout] Couldn't compile the test.
[INFO] [stdout] 
[INFO] [stdout] failures:
[INFO] [stdout]     src/lib.rs - (line 5)
[INFO] [stdout] 
[INFO] [stdout] test result: FAILED. 28 passed; 1 failed; 0 ignored; 0 measured; 0 filtered out; finished in 0.47s
[INFO] [stdout] 
[INFO] [stderr] error: doctest failed, to rerun pass `--doc`
[INFO] running `Command { std: "docker" "inspect" "08be78e46b5567cd2270d85597d4cb7b39b6d17baa45ce69c0f5172ad7e67b1b", kill_on_drop: false }`
[INFO] running `Command { std: "docker" "rm" "-f" "08be78e46b5567cd2270d85597d4cb7b39b6d17baa45ce69c0f5172ad7e67b1b", kill_on_drop: false }`
[INFO] [stdout] 08be78e46b5567cd2270d85597d4cb7b39b6d17baa45ce69c0f5172ad7e67b1b
[INFO] testing xmrs-0.3.3 against beta-2023-12-22 for beta-1.76-1
[INFO] extracting crate xmrs 0.3.3 into /workspace/builds/worker-6-tc2/source
[INFO] validating manifest of crates.io crate xmrs 0.3.3 on toolchain beta-2023-12-22
[INFO] running `Command { std: CARGO_HOME="/workspace/cargo-home" RUSTUP_HOME="/workspace/rustup-home" "/workspace/cargo-home/bin/cargo" "+beta-2023-12-22" "metadata" "--manifest-path" "Cargo.toml" "--no-deps", kill_on_drop: false }`
[INFO] started tweaking crates.io crate xmrs 0.3.3
[INFO] finished tweaking crates.io crate xmrs 0.3.3
[INFO] tweaked toml for crates.io crate xmrs 0.3.3 written to /workspace/builds/worker-6-tc2/source/Cargo.toml
[INFO] crate crates.io crate xmrs 0.3.3 already has a lockfile, it will not be regenerated
[INFO] running `Command { std: CARGO_HOME="/workspace/cargo-home" RUSTUP_HOME="/workspace/rustup-home" "/workspace/cargo-home/bin/cargo" "+beta-2023-12-22" "fetch" "--manifest-path" "Cargo.toml", kill_on_drop: false }`
[INFO] running `Command { std: "docker" "create" "-v" "/var/lib/crater-agent-workspace/builds/worker-6-tc2/target:/opt/rustwide/target:rw,Z" "-v" "/var/lib/crater-agent-workspace/builds/worker-6-tc2/source:/opt/rustwide/workdir:ro,Z" "-v" "/var/lib/crater-agent-workspace/cargo-home:/opt/rustwide/cargo-home:ro,Z" "-v" "/var/lib/crater-agent-workspace/rustup-home:/opt/rustwide/rustup-home:ro,Z" "-e" "SOURCE_DIR=/opt/rustwide/workdir" "-e" "CARGO_TARGET_DIR=/opt/rustwide/target" "-e" "CARGO_HOME=/opt/rustwide/cargo-home" "-e" "RUSTUP_HOME=/opt/rustwide/rustup-home" "-w" "/opt/rustwide/workdir" "-m" "1610612736" "--user" "0:0" "--network" "none" "ghcr.io/rust-lang/crates-build-env/linux@sha256:2788e3201cd34a07e3172128adcd8b3090168a8e3bcc40d7c032b9dda1df7d1c" "/opt/rustwide/cargo-home/bin/cargo" "+beta-2023-12-22" "metadata" "--no-deps" "--format-version=1", kill_on_drop: false }`
[INFO] [stdout] 955c1510d3b171be94f8fdf8940a4ca08e88b42a443c5bb8d86e389df0199ea0
[INFO] running `Command { std: "docker" "start" "-a" "955c1510d3b171be94f8fdf8940a4ca08e88b42a443c5bb8d86e389df0199ea0", kill_on_drop: false }`
[INFO] running `Command { std: "docker" "inspect" "955c1510d3b171be94f8fdf8940a4ca08e88b42a443c5bb8d86e389df0199ea0", kill_on_drop: false }`
[INFO] running `Command { std: "docker" "rm" "-f" "955c1510d3b171be94f8fdf8940a4ca08e88b42a443c5bb8d86e389df0199ea0", kill_on_drop: false }`
[INFO] [stdout] 955c1510d3b171be94f8fdf8940a4ca08e88b42a443c5bb8d86e389df0199ea0
[INFO] running `Command { std: "docker" "create" "-v" "/var/lib/crater-agent-workspace/builds/worker-6-tc2/target:/opt/rustwide/target:rw,Z" "-v" "/var/lib/crater-agent-workspace/builds/worker-6-tc2/source:/opt/rustwide/workdir:ro,Z" "-v" "/var/lib/crater-agent-workspace/cargo-home:/opt/rustwide/cargo-home:ro,Z" "-v" "/var/lib/crater-agent-workspace/rustup-home:/opt/rustwide/rustup-home:ro,Z" "-e" "SOURCE_DIR=/opt/rustwide/workdir" "-e" "CARGO_TARGET_DIR=/opt/rustwide/target" "-e" "CARGO_INCREMENTAL=0" "-e" "RUST_BACKTRACE=full" "-e" "RUSTFLAGS=--cap-lints=warn" "-e" "RUSTDOCFLAGS=--cap-lints=warn" "-e" "CARGO_HOME=/opt/rustwide/cargo-home" "-e" "RUSTUP_HOME=/opt/rustwide/rustup-home" "-w" "/opt/rustwide/workdir" "-m" "1610612736" "--user" "0:0" "--network" "none" "ghcr.io/rust-lang/crates-build-env/linux@sha256:2788e3201cd34a07e3172128adcd8b3090168a8e3bcc40d7c032b9dda1df7d1c" "/opt/rustwide/cargo-home/bin/cargo" "+beta-2023-12-22" "build" "--frozen" "--message-format=json", kill_on_drop: false }`
[INFO] [stdout] d90a865b278e902a60f473fb21a08ce47bda9c83baebcad5a607e18cff21aa9b
[INFO] running `Command { std: "docker" "start" "-a" "d90a865b278e902a60f473fb21a08ce47bda9c83baebcad5a607e18cff21aa9b", kill_on_drop: false }`
[INFO] [stderr]    Compiling proc-macro2 v1.0.59
[INFO] [stderr]    Compiling unicode-ident v1.0.9
[INFO] [stderr]    Compiling quote v1.0.28
[INFO] [stderr]    Compiling libc v0.2.144
[INFO] [stderr]    Compiling hashbrown v0.12.3
[INFO] [stderr]    Compiling winnow v0.4.6
[INFO] [stderr]    Compiling toml_datetime v0.6.2
[INFO] [stderr]    Compiling serde v1.0.163
[INFO] [stderr]    Compiling crc32fast v1.3.2
[INFO] [stderr]    Compiling once_cell v1.17.1
[INFO] [stderr]    Compiling rle-decode-fast v1.0.3
[INFO] [stderr]    Compiling adler32 v1.2.0
[INFO] [stderr]    Compiling indexmap v1.9.3
[INFO] [stderr]    Compiling libflate_lz77 v1.2.0
[INFO] [stderr]    Compiling libflate v1.4.0
[INFO] [stderr]    Compiling syn v2.0.18
[INFO] [stderr]    Compiling getrandom v0.2.9
[INFO] [stderr]    Compiling rand_core v0.6.4
[INFO] [stderr]    Compiling rand_chacha v0.3.1
[INFO] [stderr]    Compiling rand v0.8.5
[INFO] [stderr]    Compiling toml_edit v0.19.10
[INFO] [stderr]    Compiling serde_derive v1.0.163
[INFO] [stderr]    Compiling proc-macro-crate v1.3.1
[INFO] [stderr]    Compiling num_enum_derive v0.6.1
[INFO] [stderr]    Compiling num_enum v0.6.1
[INFO] [stderr]    Compiling serde-big-array v0.5.1
[INFO] [stderr]    Compiling bincode v1.3.3
[INFO] [stderr]    Compiling xmrs v0.3.3 (/opt/rustwide/workdir)
[INFO] [stderr]     Finished dev [unoptimized + debuginfo] target(s) in 11.91s
[INFO] running `Command { std: "docker" "inspect" "d90a865b278e902a60f473fb21a08ce47bda9c83baebcad5a607e18cff21aa9b", kill_on_drop: false }`
[INFO] running `Command { std: "docker" "rm" "-f" "d90a865b278e902a60f473fb21a08ce47bda9c83baebcad5a607e18cff21aa9b", kill_on_drop: false }`
[INFO] [stdout] d90a865b278e902a60f473fb21a08ce47bda9c83baebcad5a607e18cff21aa9b
[INFO] running `Command { std: "docker" "create" "-v" "/var/lib/crater-agent-workspace/builds/worker-6-tc2/target:/opt/rustwide/target:rw,Z" "-v" "/var/lib/crater-agent-workspace/builds/worker-6-tc2/source:/opt/rustwide/workdir:ro,Z" "-v" "/var/lib/crater-agent-workspace/cargo-home:/opt/rustwide/cargo-home:ro,Z" "-v" "/var/lib/crater-agent-workspace/rustup-home:/opt/rustwide/rustup-home:ro,Z" "-e" "SOURCE_DIR=/opt/rustwide/workdir" "-e" "CARGO_TARGET_DIR=/opt/rustwide/target" "-e" "CARGO_INCREMENTAL=0" "-e" "RUST_BACKTRACE=full" "-e" "RUSTFLAGS=--cap-lints=warn" "-e" "RUSTDOCFLAGS=--cap-lints=warn" "-e" "CARGO_HOME=/opt/rustwide/cargo-home" "-e" "RUSTUP_HOME=/opt/rustwide/rustup-home" "-w" "/opt/rustwide/workdir" "-m" "1610612736" "--user" "0:0" "--network" "none" "ghcr.io/rust-lang/crates-build-env/linux@sha256:2788e3201cd34a07e3172128adcd8b3090168a8e3bcc40d7c032b9dda1df7d1c" "/opt/rustwide/cargo-home/bin/cargo" "+beta-2023-12-22" "test" "--frozen" "--no-run" "--message-format=json", kill_on_drop: false }`
[INFO] [stdout] da6d93c0c73b8b59505c46ce9cd2918c8eee7eefcdbd20ebd446d1f9d45c59ca
[INFO] running `Command { std: "docker" "start" "-a" "da6d93c0c73b8b59505c46ce9cd2918c8eee7eefcdbd20ebd446d1f9d45c59ca", kill_on_drop: false }`
[INFO] [stderr]    Compiling xmrs v0.3.3 (/opt/rustwide/workdir)
[INFO] [stderr]     Finished test [unoptimized + debuginfo] target(s) in 1.76s
[INFO] running `Command { std: "docker" "inspect" "da6d93c0c73b8b59505c46ce9cd2918c8eee7eefcdbd20ebd446d1f9d45c59ca", kill_on_drop: false }`
[INFO] running `Command { std: "docker" "rm" "-f" "da6d93c0c73b8b59505c46ce9cd2918c8eee7eefcdbd20ebd446d1f9d45c59ca", kill_on_drop: false }`
[INFO] [stdout] da6d93c0c73b8b59505c46ce9cd2918c8eee7eefcdbd20ebd446d1f9d45c59ca
[INFO] running `Command { std: "docker" "create" "-v" "/var/lib/crater-agent-workspace/builds/worker-6-tc2/target:/opt/rustwide/target:rw,Z" "-v" "/var/lib/crater-agent-workspace/builds/worker-6-tc2/source:/opt/rustwide/workdir:ro,Z" "-v" "/var/lib/crater-agent-workspace/cargo-home:/opt/rustwide/cargo-home:ro,Z" "-v" "/var/lib/crater-agent-workspace/rustup-home:/opt/rustwide/rustup-home:ro,Z" "-e" "SOURCE_DIR=/opt/rustwide/workdir" "-e" "CARGO_TARGET_DIR=/opt/rustwide/target" "-e" "CARGO_INCREMENTAL=0" "-e" "RUST_BACKTRACE=full" "-e" "RUSTFLAGS=--cap-lints=warn" "-e" "RUSTDOCFLAGS=--cap-lints=warn" "-e" "CARGO_HOME=/opt/rustwide/cargo-home" "-e" "RUSTUP_HOME=/opt/rustwide/rustup-home" "-w" "/opt/rustwide/workdir" "-m" "1610612736" "--user" "0:0" "--network" "none" "ghcr.io/rust-lang/crates-build-env/linux@sha256:2788e3201cd34a07e3172128adcd8b3090168a8e3bcc40d7c032b9dda1df7d1c" "/opt/rustwide/cargo-home/bin/cargo" "+beta-2023-12-22" "test" "--frozen", kill_on_drop: false }`
[INFO] [stdout] 8e0b9753b631cc344447829fe28ce72cba4cd819f23aaac869e58b224fe9b5a7
[INFO] running `Command { std: "docker" "start" "-a" "8e0b9753b631cc344447829fe28ce72cba4cd819f23aaac869e58b224fe9b5a7", kill_on_drop: false }`
[INFO] [stderr]     Finished test [unoptimized + debuginfo] target(s) in 0.02s
[INFO] [stderr]      Running unittests src/lib.rs (/opt/rustwide/target/debug/deps/xmrs-38a8764707b33e28)
[INFO] [stdout] 
[INFO] [stdout] running 1 test
[INFO] [stdout] test tests::it_works ... ok
[INFO] [stdout] 
[INFO] [stdout] test result: ok. 1 passed; 0 failed; 0 ignored; 0 measured; 0 filtered out; finished in 0.00s
[INFO] [stdout] 
[INFO] [stderr]      Running unittests src/bin/xmrs.rs (/opt/rustwide/target/debug/deps/xmrs-c6d81b8186c012ea)
[INFO] [stdout] 
[INFO] [stdout] running 0 tests
[INFO] [stdout] 
[INFO] [stdout] test result: ok. 0 passed; 0 failed; 0 ignored; 0 measured; 0 filtered out; finished in 0.00s
[INFO] [stdout] 
[INFO] [stderr]    Doc-tests xmrs
[INFO] [stdout] 
[INFO] [stdout] running 29 tests
[INFO] [stdout] test src/lib.rs - (line 5) ... FAILED
[INFO] [stdout] test src/prelude.rs - prelude (line 5) ... ok
[INFO] [stdout] test src/prelude.rs - prelude::EnvelopePoint (line 5) ... ok
[INFO] [stdout] test src/prelude.rs - prelude::FrequencyType (line 5) ... ok
[INFO] [stdout] test src/prelude.rs - prelude (line 5) ... ok
[INFO] [stdout] test src/prelude.rs - prelude::InstrMidi (line 5) ... ok
[INFO] [stdout] test src/prelude.rs - prelude::Instrument (line 5) ... ok
[INFO] [stdout] test src/prelude.rs - prelude::InstrRobSid (line 5) ... ok
[INFO] [stdout] test src/prelude.rs - prelude::InstrSid (line 5) ... ok
[INFO] [stdout] test src/prelude.rs - prelude (line 5) ... ok
[INFO] [stdout] test src/prelude.rs - prelude::DEFAULT_PATTERN_LENGTH (line 5) ... ok
[INFO] [stdout] test src/prelude.rs - prelude (line 5) ... ok
[INFO] [stdout] test src/prelude.rs - prelude (line 5) ... ok
[INFO] [stdout] test src/prelude.rs - prelude::InstrEkn (line 5) ... ok
[INFO] [stdout] test src/prelude.rs - prelude::Envelope (line 5) ... ok
[INFO] [stdout] test src/prelude.rs - prelude::InstrDefault (line 5) ... ok
[INFO] [stdout] test src/prelude.rs - prelude (line 5) ... ok
[INFO] [stdout] test src/prelude.rs - prelude::InstrumentType (line 5) ... ok
[INFO] [stdout] test src/prelude.rs - prelude::Module (line 5) ... ok
[INFO] [stdout] test src/prelude.rs - prelude::Note (line 5) ... ok
[INFO] [stdout] test src/prelude.rs - prelude::LoopType (line 5) ... ok
[INFO] [stdout] test src/prelude.rs - prelude::Pattern (line 5) ... ok
[INFO] [stdout] test src/prelude.rs - prelude::MAX_NUM_ROWS (line 5) ... ok
[INFO] [stdout] test src/prelude.rs - prelude::PatternSlot (line 5) ... ok
[INFO] [stdout] test src/prelude.rs - prelude::Sample (line 5) ... ok
[INFO] [stdout] test src/prelude.rs - prelude::Vibrato (line 5) ... ok
[INFO] [stdout] test src/prelude.rs - prelude::Row (line 5) ... ok
[INFO] [stdout] test src/prelude.rs - prelude::SampleDataType (line 5) ... ok
[INFO] [stdout] test src/prelude.rs - prelude::Waveform (line 5) ... ok
[INFO] [stdout] 
[INFO] [stdout] failures:
[INFO] [stdout] 
[INFO] [stdout] ---- src/lib.rs - (line 5) stdout ----
[INFO] [stdout] error: expected expression, found `->`
[INFO] [stdout]  --> src/lib.rs:6:10
[INFO] [stdout]   |
[INFO] [stdout] 3 | module+--->instrument+--->instr_defaut+--->sample
[INFO] [stdout]   |          ^^ expected expression
[INFO] [stdout] 
[INFO] [stdout] error: aborting due to 1 previous error
[INFO] [stdout] 
[INFO] [stdout] Couldn't compile the test.
[INFO] [stdout] 
[INFO] [stdout] failures:
[INFO] [stdout]     src/lib.rs - (line 5)
[INFO] [stdout] 
[INFO] [stdout] test result: FAILED. 28 passed; 1 failed; 0 ignored; 0 measured; 0 filtered out; finished in 0.83s
[INFO] [stdout] 
[INFO] [stderr] error: doctest failed, to rerun pass `--doc`
[INFO] running `Command { std: "docker" "inspect" "8e0b9753b631cc344447829fe28ce72cba4cd819f23aaac869e58b224fe9b5a7", kill_on_drop: false }`
[INFO] running `Command { std: "docker" "rm" "-f" "8e0b9753b631cc344447829fe28ce72cba4cd819f23aaac869e58b224fe9b5a7", kill_on_drop: false }`
[INFO] [stdout] 8e0b9753b631cc344447829fe28ce72cba4cd819f23aaac869e58b224fe9b5a7
