[INFO] fetching crate xecs 0.5.10...
[INFO] testing xecs-0.5.10 against 1.75.0 for beta-1.76-1
[INFO] extracting crate xecs 0.5.10 into /workspace/builds/worker-3-tc1/source
[INFO] validating manifest of crates.io crate xecs 0.5.10 on toolchain 1.75.0
[INFO] running `Command { std: CARGO_HOME="/workspace/cargo-home" RUSTUP_HOME="/workspace/rustup-home" "/workspace/cargo-home/bin/cargo" "+1.75.0" "metadata" "--manifest-path" "Cargo.toml" "--no-deps", kill_on_drop: false }`
[INFO] started tweaking crates.io crate xecs 0.5.10
[INFO] finished tweaking crates.io crate xecs 0.5.10
[INFO] tweaked toml for crates.io crate xecs 0.5.10 written to /workspace/builds/worker-3-tc1/source/Cargo.toml
[INFO] running `Command { std: CARGO_HOME="/workspace/cargo-home" RUSTUP_HOME="/workspace/rustup-home" "/workspace/cargo-home/bin/cargo" "+1.75.0" "generate-lockfile" "--manifest-path" "Cargo.toml", kill_on_drop: false }`
[INFO] [stderr]     Updating crates.io index
[INFO] running `Command { std: CARGO_HOME="/workspace/cargo-home" RUSTUP_HOME="/workspace/rustup-home" "/workspace/cargo-home/bin/cargo" "+1.75.0" "fetch" "--manifest-path" "Cargo.toml", kill_on_drop: false }`
[INFO] running `Command { std: "docker" "create" "-v" "/var/lib/crater-agent-workspace/builds/worker-3-tc1/target:/opt/rustwide/target:rw,Z" "-v" "/var/lib/crater-agent-workspace/builds/worker-3-tc1/source:/opt/rustwide/workdir:ro,Z" "-v" "/var/lib/crater-agent-workspace/cargo-home:/opt/rustwide/cargo-home:ro,Z" "-v" "/var/lib/crater-agent-workspace/rustup-home:/opt/rustwide/rustup-home:ro,Z" "-e" "SOURCE_DIR=/opt/rustwide/workdir" "-e" "CARGO_TARGET_DIR=/opt/rustwide/target" "-e" "CARGO_HOME=/opt/rustwide/cargo-home" "-e" "RUSTUP_HOME=/opt/rustwide/rustup-home" "-w" "/opt/rustwide/workdir" "-m" "1610612736" "--user" "0:0" "--network" "none" "ghcr.io/rust-lang/crates-build-env/linux@sha256:2788e3201cd34a07e3172128adcd8b3090168a8e3bcc40d7c032b9dda1df7d1c" "/opt/rustwide/cargo-home/bin/cargo" "+1.75.0" "metadata" "--no-deps" "--format-version=1", kill_on_drop: false }`
[INFO] [stdout] 527a80286513800072e925baf7ff7f57d9c6289c4a767bfe5da69d5472c50f13
[INFO] running `Command { std: "docker" "start" "-a" "527a80286513800072e925baf7ff7f57d9c6289c4a767bfe5da69d5472c50f13", kill_on_drop: false }`
[INFO] running `Command { std: "docker" "inspect" "527a80286513800072e925baf7ff7f57d9c6289c4a767bfe5da69d5472c50f13", kill_on_drop: false }`
[INFO] running `Command { std: "docker" "rm" "-f" "527a80286513800072e925baf7ff7f57d9c6289c4a767bfe5da69d5472c50f13", kill_on_drop: false }`
[INFO] [stdout] 527a80286513800072e925baf7ff7f57d9c6289c4a767bfe5da69d5472c50f13
[INFO] running `Command { std: "docker" "create" "-v" "/var/lib/crater-agent-workspace/builds/worker-3-tc1/target:/opt/rustwide/target:rw,Z" "-v" "/var/lib/crater-agent-workspace/builds/worker-3-tc1/source:/opt/rustwide/workdir:ro,Z" "-v" "/var/lib/crater-agent-workspace/cargo-home:/opt/rustwide/cargo-home:ro,Z" "-v" "/var/lib/crater-agent-workspace/rustup-home:/opt/rustwide/rustup-home:ro,Z" "-e" "SOURCE_DIR=/opt/rustwide/workdir" "-e" "CARGO_TARGET_DIR=/opt/rustwide/target" "-e" "CARGO_INCREMENTAL=0" "-e" "RUST_BACKTRACE=full" "-e" "RUSTFLAGS=--cap-lints=warn" "-e" "RUSTDOCFLAGS=--cap-lints=warn" "-e" "CARGO_HOME=/opt/rustwide/cargo-home" "-e" "RUSTUP_HOME=/opt/rustwide/rustup-home" "-w" "/opt/rustwide/workdir" "-m" "1610612736" "--user" "0:0" "--network" "none" "ghcr.io/rust-lang/crates-build-env/linux@sha256:2788e3201cd34a07e3172128adcd8b3090168a8e3bcc40d7c032b9dda1df7d1c" "/opt/rustwide/cargo-home/bin/cargo" "+1.75.0" "build" "--frozen" "--message-format=json", kill_on_drop: false }`
[INFO] [stdout] e6b36f485175d0a0fcce4b957d7369fb91aeaec31ba473b3fd138eea92168b6c
[INFO] running `Command { std: "docker" "start" "-a" "e6b36f485175d0a0fcce4b957d7369fb91aeaec31ba473b3fd138eea92168b6c", kill_on_drop: false }`
[INFO] [stderr]    Compiling autocfg v1.1.0
[INFO] [stderr]    Compiling proc-macro2 v1.0.75
[INFO] [stderr]    Compiling libc v0.2.151
[INFO] [stderr]    Compiling futures-sink v0.3.30
[INFO] [stderr]    Compiling futures-core v0.3.30
[INFO] [stderr]    Compiling memchr v2.7.1
[INFO] [stderr]    Compiling pin-utils v0.1.0
[INFO] [stderr]    Compiling pin-project-lite v0.2.13
[INFO] [stderr]    Compiling futures-task v0.3.30
[INFO] [stderr]    Compiling parking_lot_core v0.9.9
[INFO] [stderr]    Compiling futures-io v0.3.30
[INFO] [stderr]    Compiling smallvec v1.11.2
[INFO] [stderr]    Compiling scopeguard v1.2.0
[INFO] [stderr]    Compiling cfg-if v1.0.0
[INFO] [stderr]    Compiling futures-channel v0.3.30
[INFO] [stderr]    Compiling slab v0.4.9
[INFO] [stderr]    Compiling lock_api v0.4.11
[INFO] [stderr]    Compiling quote v1.0.35
[INFO] [stderr]    Compiling syn v2.0.48
[INFO] [stderr]    Compiling parking_lot v0.12.1
[INFO] [stderr]    Compiling futures-macro v0.3.30
[INFO] [stderr]    Compiling futures-util v0.3.30
[INFO] [stderr]    Compiling futures-executor v0.3.30
[INFO] [stderr]    Compiling futures v0.3.30
[INFO] [stderr]    Compiling xecs v0.5.10 (/opt/rustwide/workdir)
[INFO] [stderr]     Finished dev [unoptimized + debuginfo] target(s) in 6.97s
[INFO] running `Command { std: "docker" "inspect" "e6b36f485175d0a0fcce4b957d7369fb91aeaec31ba473b3fd138eea92168b6c", kill_on_drop: false }`
[INFO] running `Command { std: "docker" "rm" "-f" "e6b36f485175d0a0fcce4b957d7369fb91aeaec31ba473b3fd138eea92168b6c", kill_on_drop: false }`
[INFO] [stdout] e6b36f485175d0a0fcce4b957d7369fb91aeaec31ba473b3fd138eea92168b6c
[INFO] running `Command { std: "docker" "create" "-v" "/var/lib/crater-agent-workspace/builds/worker-3-tc1/target:/opt/rustwide/target:rw,Z" "-v" "/var/lib/crater-agent-workspace/builds/worker-3-tc1/source:/opt/rustwide/workdir:ro,Z" "-v" "/var/lib/crater-agent-workspace/cargo-home:/opt/rustwide/cargo-home:ro,Z" "-v" "/var/lib/crater-agent-workspace/rustup-home:/opt/rustwide/rustup-home:ro,Z" "-e" "SOURCE_DIR=/opt/rustwide/workdir" "-e" "CARGO_TARGET_DIR=/opt/rustwide/target" "-e" "CARGO_INCREMENTAL=0" "-e" "RUST_BACKTRACE=full" "-e" "RUSTFLAGS=--cap-lints=warn" "-e" "RUSTDOCFLAGS=--cap-lints=warn" "-e" "CARGO_HOME=/opt/rustwide/cargo-home" "-e" "RUSTUP_HOME=/opt/rustwide/rustup-home" "-w" "/opt/rustwide/workdir" "-m" "1610612736" "--user" "0:0" "--network" "none" "ghcr.io/rust-lang/crates-build-env/linux@sha256:2788e3201cd34a07e3172128adcd8b3090168a8e3bcc40d7c032b9dda1df7d1c" "/opt/rustwide/cargo-home/bin/cargo" "+1.75.0" "test" "--frozen" "--no-run" "--message-format=json", kill_on_drop: false }`
[INFO] [stdout] cffbd8f26c96075c74125026ee553ff965931d583869141862b85e60cde90490
[INFO] running `Command { std: "docker" "start" "-a" "cffbd8f26c96075c74125026ee553ff965931d583869141862b85e60cde90490", kill_on_drop: false }`
[INFO] [stderr]    Compiling xecs v0.5.10 (/opt/rustwide/workdir)
[INFO] [stderr]     Finished test [unoptimized + debuginfo] target(s) in 1.05s
[INFO] running `Command { std: "docker" "inspect" "cffbd8f26c96075c74125026ee553ff965931d583869141862b85e60cde90490", kill_on_drop: false }`
[INFO] running `Command { std: "docker" "rm" "-f" "cffbd8f26c96075c74125026ee553ff965931d583869141862b85e60cde90490", kill_on_drop: false }`
[INFO] [stdout] cffbd8f26c96075c74125026ee553ff965931d583869141862b85e60cde90490
[INFO] running `Command { std: "docker" "create" "-v" "/var/lib/crater-agent-workspace/builds/worker-3-tc1/target:/opt/rustwide/target:rw,Z" "-v" "/var/lib/crater-agent-workspace/builds/worker-3-tc1/source:/opt/rustwide/workdir:ro,Z" "-v" "/var/lib/crater-agent-workspace/cargo-home:/opt/rustwide/cargo-home:ro,Z" "-v" "/var/lib/crater-agent-workspace/rustup-home:/opt/rustwide/rustup-home:ro,Z" "-e" "SOURCE_DIR=/opt/rustwide/workdir" "-e" "CARGO_TARGET_DIR=/opt/rustwide/target" "-e" "CARGO_INCREMENTAL=0" "-e" "RUST_BACKTRACE=full" "-e" "RUSTFLAGS=--cap-lints=warn" "-e" "RUSTDOCFLAGS=--cap-lints=warn" "-e" "CARGO_HOME=/opt/rustwide/cargo-home" "-e" "RUSTUP_HOME=/opt/rustwide/rustup-home" "-w" "/opt/rustwide/workdir" "-m" "1610612736" "--user" "0:0" "--network" "none" "ghcr.io/rust-lang/crates-build-env/linux@sha256:2788e3201cd34a07e3172128adcd8b3090168a8e3bcc40d7c032b9dda1df7d1c" "/opt/rustwide/cargo-home/bin/cargo" "+1.75.0" "test" "--frozen", kill_on_drop: false }`
[INFO] [stdout] b04352ca9642318a19a11de3f1ba4dae580c82545223b0adceca5bfcda24e67e
[INFO] running `Command { std: "docker" "start" "-a" "b04352ca9642318a19a11de3f1ba4dae580c82545223b0adceca5bfcda24e67e", kill_on_drop: false }`
[INFO] [stderr]     Finished test [unoptimized + debuginfo] target(s) in 0.02s
[INFO] [stderr]      Running unittests src/lib.rs (/opt/rustwide/target/debug/deps/xecs-8b800e5ba00295cb)
[INFO] [stdout] 
[INFO] [stdout] running 14 tests
[INFO] [stdout] test entity::tests::create_entities ... ok
[INFO] [stdout] test entity::tests::manager_test ... ok
[INFO] [stdout] test query::tests::basic_test ... ok
[INFO] [stdout] test sparse_set::tests::basic_test ... ok
[INFO] [stdout] test query::tests::without_test ... ok
[INFO] [stdout] test sparse_set::tests::batch ... ok
[INFO] [stdout] test world::tests::component_test ... ok
[INFO] [stdout] test sparse_set::tests::swap_test ... ok
[INFO] [stdout] test world::tests::debug_trait_test ... ok
[INFO] [stdout] test world::tests::enitites_test ... ok
[INFO] [stdout] test world::tests::entity_component_test ... ok
[INFO] [stdout] test world::tests::entity_test ... ok
[INFO] [stdout] test world::tests::resource_test ... ok
[INFO] [stdout] test world::tests::group_test ... ok
[INFO] [stdout] 
[INFO] [stdout] test result: ok. 14 passed; 0 failed; 0 ignored; 0 measured; 0 filtered out; finished in 0.00s
[INFO] [stdout] 
[INFO] [stderr]    Doc-tests xecs
[INFO] [stdout] 
[INFO] [stdout] running 4 tests
[INFO] [stdout] test src/lib.rs - query (line 100) - compile ... FAILED
[INFO] [stdout] test src/lib.rs - query (line 110) - compile ... FAILED
[INFO] [stdout] test src/lib.rs - query (line 118) - compile ... FAILED
[INFO] [stdout] test src/lib.rs - (line 4) - compile ... FAILED
[INFO] [stdout] 
[INFO] [stdout] failures:
[INFO] [stdout] 
[INFO] [stdout] ---- src/lib.rs - query (line 100) stdout ----
[INFO] [stdout] error[E0425]: cannot find value `world` in this scope
[INFO] [stdout]  --> src/lib.rs:104:18
[INFO] [stdout]   |
[INFO] [stdout] 7 | for (id,data) in world.query::<&A>().with_id() {
[INFO] [stdout]   |                  ^^^^^ not found in this scope
[INFO] [stdout] 
[INFO] [stdout] error[E0412]: cannot find type `A` in this scope
[INFO] [stdout]  --> src/lib.rs:104:33
[INFO] [stdout]   |
[INFO] [stdout] 7 | for (id,data) in world.query::<&A>().with_id() {
[INFO] [stdout]   |                                 ^ not found in this scope
[INFO] [stdout]   |
[INFO] [stdout] help: you might be missing a type parameter
[INFO] [stdout]   |
[INFO] [stdout] 5 | fn main() { #[allow(non_snake_case)] fn _doctest_main_src_lib_rs_100_0<A>() {
[INFO] [stdout]   |                                                                       +++
[INFO] [stdout] 
[INFO] [stdout] error: aborting due to 2 previous errors
[INFO] [stdout] 
[INFO] [stdout] Some errors have detailed explanations: E0412, E0425.
[INFO] [stdout] For more information about an error, try `rustc --explain E0412`.
[INFO] [stdout] Couldn't compile the test.
[INFO] [stdout] ---- src/lib.rs - query (line 110) stdout ----
[INFO] [stdout] error[E0425]: cannot find value `world` in this scope
[INFO] [stdout]  --> src/lib.rs:111:13
[INFO] [stdout]   |
[INFO] [stdout] 3 | for data in world.query::<(&A,Without<&B>)>() {
[INFO] [stdout]   |             ^^^^^ not found in this scope
[INFO] [stdout] 
[INFO] [stdout] error[E0412]: cannot find type `A` in this scope
[INFO] [stdout]  --> src/lib.rs:111:29
[INFO] [stdout]   |
[INFO] [stdout] 3 | for data in world.query::<(&A,Without<&B>)>() {
[INFO] [stdout]   |                             ^ not found in this scope
[INFO] [stdout]   |
[INFO] [stdout] help: you might be missing a type parameter
[INFO] [stdout]   |
[INFO] [stdout] 2 | fn main() { #[allow(non_snake_case)] fn _doctest_main_src_lib_rs_110_0<A>() {
[INFO] [stdout]   |                                                                       +++
[INFO] [stdout] 
[INFO] [stdout] error[E0412]: cannot find type `Without` in this scope
[INFO] [stdout]  --> src/lib.rs:111:31
[INFO] [stdout]   |
[INFO] [stdout] 3 | for data in world.query::<(&A,Without<&B>)>() {
[INFO] [stdout]   |                               ^^^^^^^ not found in this scope
[INFO] [stdout]   |
[INFO] [stdout] help: consider importing this struct
[INFO] [stdout]   |
[INFO] [stdout] 2 + use xecs::query::Without;
[INFO] [stdout]   |
[INFO] [stdout] 
[INFO] [stdout] error[E0412]: cannot find type `B` in this scope
[INFO] [stdout]  --> src/lib.rs:111:40
[INFO] [stdout]   |
[INFO] [stdout] 3 | for data in world.query::<(&A,Without<&B>)>() {
[INFO] [stdout]   |                                        ^ not found in this scope
[INFO] [stdout]   |
[INFO] [stdout] help: you might be missing a type parameter
[INFO] [stdout]   |
[INFO] [stdout] 2 | fn main() { #[allow(non_snake_case)] fn _doctest_main_src_lib_rs_110_0<B>() {
[INFO] [stdout]   |                                                                       +++
[INFO] [stdout] 
[INFO] [stdout] error: aborting due to 4 previous errors
[INFO] [stdout] 
[INFO] [stdout] Some errors have detailed explanations: E0412, E0425.
[INFO] [stdout] For more information about an error, try `rustc --explain E0412`.
[INFO] [stdout] Couldn't compile the test.
[INFO] [stdout] ---- src/lib.rs - query (line 118) stdout ----
[INFO] [stdout] error[E0412]: cannot find type `SparseSet` in this scope
[INFO] [stdout]  --> src/lib.rs:121:25
[INFO] [stdout]   |
[INFO] [stdout] 5 |     sparse_set : *const SparseSet<EntityId,T>,
[INFO] [stdout]   |                         ^^^^^^^^^ not found in this scope
[INFO] [stdout] 
[INFO] [stdout] error[E0412]: cannot find type `EntityId` in this scope
[INFO] [stdout]  --> src/lib.rs:121:35
[INFO] [stdout]   |
[INFO] [stdout] 5 |     sparse_set : *const SparseSet<EntityId,T>,
[INFO] [stdout]   |                                   ^^^^^^^^ not found in this scope
[INFO] [stdout]   |
[INFO] [stdout] help: consider importing this type alias
[INFO] [stdout]   |
[INFO] [stdout] 2 + use xecs::EntityId;
[INFO] [stdout]   |
[INFO] [stdout] 
[INFO] [stdout] error[E0412]: cannot find type `RwLockReadGuard` in this scope
[INFO] [stdout]  --> src/lib.rs:122:14
[INFO] [stdout]   |
[INFO] [stdout] 6 |     borrow : RwLockReadGuard<'a,Box<dyn ComponentStorage>>
[INFO] [stdout]   |              ^^^^^^^^^^^^^^^ not found in this scope
[INFO] [stdout]   |
[INFO] [stdout] help: consider importing one of these items
[INFO] [stdout]   |
[INFO] [stdout] 2 + use parking_lot::RwLockReadGuard;
[INFO] [stdout]   |
[INFO] [stdout] 2 + use std::sync::RwLockReadGuard;
[INFO] [stdout]   |
[INFO] [stdout] 
[INFO] [stdout] error[E0405]: cannot find trait `ComponentStorage` in this scope
[INFO] [stdout]  --> src/lib.rs:122:41
[INFO] [stdout]   |
[INFO] [stdout] 6 |     borrow : RwLockReadGuard<'a,Box<dyn ComponentStorage>>
[INFO] [stdout]   |                                         ^^^^^^^^^^^^^^^^ not found in this scope
[INFO] [stdout]   |
[INFO] [stdout] help: consider importing this trait
[INFO] [stdout]   |
[INFO] [stdout] 2 + use xecs::ComponentStorage;
[INFO] [stdout]   |
[INFO] [stdout] 
[INFO] [stdout] error: aborting due to 4 previous errors
[INFO] [stdout] 
[INFO] [stdout] Some errors have detailed explanations: E0405, E0412.
[INFO] [stdout] For more information about an error, try `rustc --explain E0405`.
[INFO] [stdout] Couldn't compile the test.
[INFO] [stdout] ---- src/lib.rs - (line 4) stdout ----
[INFO] [stdout] error[E0433]: failed to resolve: use of undeclared type `World`
[INFO] [stdout]   --> src/lib.rs:15:17
[INFO] [stdout]    |
[INFO] [stdout] 13 | let mut world = World::new();
[INFO] [stdout]    |                 ^^^^^ use of undeclared type `World`
[INFO] [stdout]    |
[INFO] [stdout] help: consider importing this struct
[INFO] [stdout]    |
[INFO] [stdout] 4  + use xecs::World;
[INFO] [stdout]    |
[INFO] [stdout] 
[INFO] [stdout] error[E0425]: cannot find value `lety` in this scope
[INFO] [stdout]   --> src/lib.rs:20:5
[INFO] [stdout]    |
[INFO] [stdout] 18 |     lety = random();
[INFO] [stdout]    |     ^^^^
[INFO] [stdout]    |
[INFO] [stdout] help: you might have meant to introduce a new binding
[INFO] [stdout]    |
[INFO] [stdout] 18 |     let lety = random();
[INFO] [stdout]    |     +++
[INFO] [stdout] 
[INFO] [stdout] error[E0425]: cannot find value `y` in this scope
[INFO] [stdout]   --> src/lib.rs:23:30
[INFO] [stdout]    |
[INFO] [stdout] 21 |         .attach(Position { x,y });
[INFO] [stdout]    |                              ^ help: a local variable with a similar name exists: `x`
[INFO] [stdout] 
[INFO] [stdout] error[E0425]: cannot find function `full_owning` in this scope
[INFO] [stdout]   --> src/lib.rs:44:18
[INFO] [stdout]    |
[INFO] [stdout] 42 | world.make_group(full_owning::<Hidden,Position>());
[INFO] [stdout]    |                  ^^^^^^^^^^^ not found in this scope
[INFO] [stdout]    |
[INFO] [stdout] help: consider importing this function
[INFO] [stdout]    |
[INFO] [stdout] 4  + use xecs::group::full_owning;
[INFO] [stdout]    |
[INFO] [stdout] 
[INFO] [stdout] error[E0412]: cannot find type `Without` in this scope
[INFO] [stdout]   --> src/lib.rs:47:42
[INFO] [stdout]    |
[INFO] [stdout] 45 | for (id,data) in world.query::<&Position,Without<&Hidden>>() {
[INFO] [stdout]    |                                          ^^^^^^^ not found in this scope
[INFO] [stdout]    |
[INFO] [stdout] help: consider importing this struct
[INFO] [stdout]    |
[INFO] [stdout] 4  + use xecs::query::Without;
[INFO] [stdout]    |
[INFO] [stdout] 
[INFO] [stdout] error[E0277]: the trait bound `Position: Clone` is not satisfied
[INFO] [stdout]  --> src/lib.rs:7:16
[INFO] [stdout]   |
[INFO] [stdout] 5 | #[derive(Debug,Copy)]
[INFO] [stdout]   |                ^^^^ the trait `Clone` is not implemented for `Position`
[INFO] [stdout]   |
[INFO] [stdout] note: required by a bound in `Copy`
[INFO] [stdout]  --> /rustc/82e1608dfa6e0b5569232559e3d385fea5a93112/library/core/src/marker.rs:472:1
[INFO] [stdout]   = note: this error originates in the derive macro `Copy` (in Nightly builds, run with -Z macro-backtrace for more info)
[INFO] [stdout] help: consider annotating `Position` with `#[derive(Clone)]`
[INFO] [stdout]   |
[INFO] [stdout] 6 + #[derive(Clone)]
[INFO] [stdout] 7 | struct Position{
[INFO] [stdout]   |
[INFO] [stdout] 
[INFO] [stdout] error[E0425]: cannot find function `random` in this scope
[INFO] [stdout]   --> src/lib.rs:19:13
[INFO] [stdout]    |
[INFO] [stdout] 17 |     let x = random();
[INFO] [stdout]    |             ^^^^^^ not found in this scope
[INFO] [stdout] 
[INFO] [stdout] error[E0425]: cannot find function `random` in this scope
[INFO] [stdout]   --> src/lib.rs:20:12
[INFO] [stdout]    |
[INFO] [stdout] 18 |     lety = random();
[INFO] [stdout]    |            ^^^^^^ not found in this scope
[INFO] [stdout] 
[INFO] [stdout] error[E0425]: cannot find function `random` in this scope
[INFO] [stdout]   --> src/lib.rs:34:20
[INFO] [stdout]    |
[INFO] [stdout] 32 |     .filter(|(_,_)|random())
[INFO] [stdout]    |                    ^^^^^^ not found in this scope
[INFO] [stdout] 
[INFO] [stdout] error: aborting due to 9 previous errors
[INFO] [stdout] 
[INFO] [stdout] Some errors have detailed explanations: E0277, E0412, E0425, E0433.
[INFO] [stdout] For more information about an error, try `rustc --explain E0277`.
[INFO] [stdout] Couldn't compile the test.
[INFO] [stdout] 
[INFO] [stdout] failures:
[INFO] [stdout]     src/lib.rs - (line 4)
[INFO] [stdout]     src/lib.rs - query (line 100)
[INFO] [stdout]     src/lib.rs - query (line 110)
[INFO] [stdout]     src/lib.rs - query (line 118)
[INFO] [stdout] 
[INFO] [stdout] test result: FAILED. 0 passed; 4 failed; 0 ignored; 0 measured; 0 filtered out; finished in 0.08s
[INFO] [stdout] 
[INFO] [stderr] error: doctest failed, to rerun pass `--doc`
[INFO] running `Command { std: "docker" "inspect" "b04352ca9642318a19a11de3f1ba4dae580c82545223b0adceca5bfcda24e67e", kill_on_drop: false }`
[INFO] running `Command { std: "docker" "rm" "-f" "b04352ca9642318a19a11de3f1ba4dae580c82545223b0adceca5bfcda24e67e", kill_on_drop: false }`
[INFO] [stdout] b04352ca9642318a19a11de3f1ba4dae580c82545223b0adceca5bfcda24e67e
