[INFO] fetching crate xcf 0.4.0...
[INFO] testing xcf-0.4.0 against 1.75.0 for beta-1.76-1
[INFO] extracting crate xcf 0.4.0 into /workspace/builds/worker-4-tc1/source
[INFO] validating manifest of crates.io crate xcf 0.4.0 on toolchain 1.75.0
[INFO] running `Command { std: CARGO_HOME="/workspace/cargo-home" RUSTUP_HOME="/workspace/rustup-home" "/workspace/cargo-home/bin/cargo" "+1.75.0" "metadata" "--manifest-path" "Cargo.toml" "--no-deps", kill_on_drop: false }`
[INFO] started tweaking crates.io crate xcf 0.4.0
[INFO] finished tweaking crates.io crate xcf 0.4.0
[INFO] tweaked toml for crates.io crate xcf 0.4.0 written to /workspace/builds/worker-4-tc1/source/Cargo.toml
[INFO] running `Command { std: CARGO_HOME="/workspace/cargo-home" RUSTUP_HOME="/workspace/rustup-home" "/workspace/cargo-home/bin/cargo" "+1.75.0" "generate-lockfile" "--manifest-path" "Cargo.toml", kill_on_drop: false }`
[INFO] [stderr]     Updating crates.io index
[INFO] running `Command { std: CARGO_HOME="/workspace/cargo-home" RUSTUP_HOME="/workspace/rustup-home" "/workspace/cargo-home/bin/cargo" "+1.75.0" "fetch" "--manifest-path" "Cargo.toml", kill_on_drop: false }`
[INFO] [stderr]  Downloading crates ...
[INFO] [stderr]   Downloaded derive-error v0.0.4
[INFO] running `Command { std: "docker" "create" "-v" "/var/lib/crater-agent-workspace/builds/worker-4-tc1/target:/opt/rustwide/target:rw,Z" "-v" "/var/lib/crater-agent-workspace/builds/worker-4-tc1/source:/opt/rustwide/workdir:ro,Z" "-v" "/var/lib/crater-agent-workspace/cargo-home:/opt/rustwide/cargo-home:ro,Z" "-v" "/var/lib/crater-agent-workspace/rustup-home:/opt/rustwide/rustup-home:ro,Z" "-e" "SOURCE_DIR=/opt/rustwide/workdir" "-e" "CARGO_TARGET_DIR=/opt/rustwide/target" "-e" "CARGO_HOME=/opt/rustwide/cargo-home" "-e" "RUSTUP_HOME=/opt/rustwide/rustup-home" "-w" "/opt/rustwide/workdir" "-m" "1610612736" "--user" "0:0" "--network" "none" "ghcr.io/rust-lang/crates-build-env/linux@sha256:2788e3201cd34a07e3172128adcd8b3090168a8e3bcc40d7c032b9dda1df7d1c" "/opt/rustwide/cargo-home/bin/cargo" "+1.75.0" "metadata" "--no-deps" "--format-version=1", kill_on_drop: false }`
[INFO] [stdout] de1131cc9e78a713346d68b9296e62c7ac2bb822846bd902014dfab2db968dfe
[INFO] running `Command { std: "docker" "start" "-a" "de1131cc9e78a713346d68b9296e62c7ac2bb822846bd902014dfab2db968dfe", kill_on_drop: false }`
[INFO] running `Command { std: "docker" "inspect" "de1131cc9e78a713346d68b9296e62c7ac2bb822846bd902014dfab2db968dfe", kill_on_drop: false }`
[INFO] running `Command { std: "docker" "rm" "-f" "de1131cc9e78a713346d68b9296e62c7ac2bb822846bd902014dfab2db968dfe", kill_on_drop: false }`
[INFO] [stdout] de1131cc9e78a713346d68b9296e62c7ac2bb822846bd902014dfab2db968dfe
[INFO] running `Command { std: "docker" "create" "-v" "/var/lib/crater-agent-workspace/builds/worker-4-tc1/target:/opt/rustwide/target:rw,Z" "-v" "/var/lib/crater-agent-workspace/builds/worker-4-tc1/source:/opt/rustwide/workdir:ro,Z" "-v" "/var/lib/crater-agent-workspace/cargo-home:/opt/rustwide/cargo-home:ro,Z" "-v" "/var/lib/crater-agent-workspace/rustup-home:/opt/rustwide/rustup-home:ro,Z" "-e" "SOURCE_DIR=/opt/rustwide/workdir" "-e" "CARGO_TARGET_DIR=/opt/rustwide/target" "-e" "CARGO_INCREMENTAL=0" "-e" "RUST_BACKTRACE=full" "-e" "RUSTFLAGS=--cap-lints=warn" "-e" "RUSTDOCFLAGS=--cap-lints=warn" "-e" "CARGO_HOME=/opt/rustwide/cargo-home" "-e" "RUSTUP_HOME=/opt/rustwide/rustup-home" "-w" "/opt/rustwide/workdir" "-m" "1610612736" "--user" "0:0" "--network" "none" "ghcr.io/rust-lang/crates-build-env/linux@sha256:2788e3201cd34a07e3172128adcd8b3090168a8e3bcc40d7c032b9dda1df7d1c" "/opt/rustwide/cargo-home/bin/cargo" "+1.75.0" "build" "--frozen" "--message-format=json", kill_on_drop: false }`
[INFO] [stdout] d77c48d30baa8b6f727b2af8f293e66ec5e1e6e4d37fe0a82d742572bb26585f
[INFO] running `Command { std: "docker" "start" "-a" "d77c48d30baa8b6f727b2af8f293e66ec5e1e6e4d37fe0a82d742572bb26585f", kill_on_drop: false }`
[INFO] [stderr]    Compiling unicode-xid v0.0.4
[INFO] [stderr]    Compiling quote v0.3.15
[INFO] [stderr]    Compiling case v0.1.0
[INFO] [stderr]    Compiling synom v0.11.3
[INFO] [stderr]    Compiling syn v0.11.11
[INFO] [stderr]    Compiling derive-error v0.0.4
[INFO] [stderr]    Compiling xcf v0.4.0 (/opt/rustwide/workdir)
[INFO] [stdout] warning: method `guess_size` is never used
[INFO] [stdout]    --> src/lib.rs:289:8
[INFO] [stdout]     |
[INFO] [stdout] 286 | impl Property {
[INFO] [stdout]     | ------------- method in this implementation
[INFO] [stdout] ...
[INFO] [stdout] 289 |     fn guess_size(&self) -> usize {
[INFO] [stdout]     |        ^^^^^^^^^^
[INFO] [stdout]     |
[INFO] [stdout]     = note: `#[warn(dead_code)]` on by default
[INFO] [stdout] 
[INFO] [stdout] 
[INFO] [stdout] warning: 1 warning emitted
[INFO] [stdout] 
[INFO] [stdout] 
[INFO] [stderr]     Finished dev [unoptimized + debuginfo] target(s) in 2.10s
[INFO] running `Command { std: "docker" "inspect" "d77c48d30baa8b6f727b2af8f293e66ec5e1e6e4d37fe0a82d742572bb26585f", kill_on_drop: false }`
[INFO] running `Command { std: "docker" "rm" "-f" "d77c48d30baa8b6f727b2af8f293e66ec5e1e6e4d37fe0a82d742572bb26585f", kill_on_drop: false }`
[INFO] [stdout] d77c48d30baa8b6f727b2af8f293e66ec5e1e6e4d37fe0a82d742572bb26585f
[INFO] running `Command { std: "docker" "create" "-v" "/var/lib/crater-agent-workspace/builds/worker-4-tc1/target:/opt/rustwide/target:rw,Z" "-v" "/var/lib/crater-agent-workspace/builds/worker-4-tc1/source:/opt/rustwide/workdir:ro,Z" "-v" "/var/lib/crater-agent-workspace/cargo-home:/opt/rustwide/cargo-home:ro,Z" "-v" "/var/lib/crater-agent-workspace/rustup-home:/opt/rustwide/rustup-home:ro,Z" "-e" "SOURCE_DIR=/opt/rustwide/workdir" "-e" "CARGO_TARGET_DIR=/opt/rustwide/target" "-e" "CARGO_INCREMENTAL=0" "-e" "RUST_BACKTRACE=full" "-e" "RUSTFLAGS=--cap-lints=warn" "-e" "RUSTDOCFLAGS=--cap-lints=warn" "-e" "CARGO_HOME=/opt/rustwide/cargo-home" "-e" "RUSTUP_HOME=/opt/rustwide/rustup-home" "-w" "/opt/rustwide/workdir" "-m" "1610612736" "--user" "0:0" "--network" "none" "ghcr.io/rust-lang/crates-build-env/linux@sha256:2788e3201cd34a07e3172128adcd8b3090168a8e3bcc40d7c032b9dda1df7d1c" "/opt/rustwide/cargo-home/bin/cargo" "+1.75.0" "test" "--frozen" "--no-run" "--message-format=json", kill_on_drop: false }`
[INFO] [stdout] 7191a493d0b28be9ec9128cf2da7e7dc9be1a32cfe404208cf00d38754c4bc94
[INFO] running `Command { std: "docker" "start" "-a" "7191a493d0b28be9ec9128cf2da7e7dc9be1a32cfe404208cf00d38754c4bc94", kill_on_drop: false }`
[INFO] [stdout] warning: method `guess_size` is never used
[INFO] [stdout]    --> src/lib.rs:289:8
[INFO] [stdout]     |
[INFO] [stdout] 286 | impl Property {
[INFO] [stdout]     | ------------- method in this implementation
[INFO] [stdout] ...
[INFO] [stdout] 289 |     fn guess_size(&self) -> usize {
[INFO] [stdout]     |        ^^^^^^^^^^
[INFO] [stdout]     |
[INFO] [stdout]     = note: `#[warn(dead_code)]` on by default
[INFO] [stdout] 
[INFO] [stdout] 
[INFO] [stderr]    Compiling xcf v0.4.0 (/opt/rustwide/workdir)
[INFO] [stdout] warning: 1 warning emitted
[INFO] [stdout] 
[INFO] [stdout] 
[INFO] [stdout] warning: method `guess_size` is never used
[INFO] [stdout]    --> src/lib.rs:289:8
[INFO] [stdout]     |
[INFO] [stdout] 286 | impl Property {
[INFO] [stdout]     | ------------- method in this implementation
[INFO] [stdout] ...
[INFO] [stdout] 289 |     fn guess_size(&self) -> usize {
[INFO] [stdout]     |        ^^^^^^^^^^
[INFO] [stdout]     |
[INFO] [stdout]     = note: `#[warn(dead_code)]` on by default
[INFO] [stdout] 
[INFO] [stdout] 
[INFO] [stdout] warning: 1 warning emitted
[INFO] [stdout] 
[INFO] [stdout] 
[INFO] [stderr]     Finished test [unoptimized + debuginfo] target(s) in 0.43s
[INFO] running `Command { std: "docker" "inspect" "7191a493d0b28be9ec9128cf2da7e7dc9be1a32cfe404208cf00d38754c4bc94", kill_on_drop: false }`
[INFO] running `Command { std: "docker" "rm" "-f" "7191a493d0b28be9ec9128cf2da7e7dc9be1a32cfe404208cf00d38754c4bc94", kill_on_drop: false }`
[INFO] [stdout] 7191a493d0b28be9ec9128cf2da7e7dc9be1a32cfe404208cf00d38754c4bc94
[INFO] running `Command { std: "docker" "create" "-v" "/var/lib/crater-agent-workspace/builds/worker-4-tc1/target:/opt/rustwide/target:rw,Z" "-v" "/var/lib/crater-agent-workspace/builds/worker-4-tc1/source:/opt/rustwide/workdir:ro,Z" "-v" "/var/lib/crater-agent-workspace/cargo-home:/opt/rustwide/cargo-home:ro,Z" "-v" "/var/lib/crater-agent-workspace/rustup-home:/opt/rustwide/rustup-home:ro,Z" "-e" "SOURCE_DIR=/opt/rustwide/workdir" "-e" "CARGO_TARGET_DIR=/opt/rustwide/target" "-e" "CARGO_INCREMENTAL=0" "-e" "RUST_BACKTRACE=full" "-e" "RUSTFLAGS=--cap-lints=warn" "-e" "RUSTDOCFLAGS=--cap-lints=warn" "-e" "CARGO_HOME=/opt/rustwide/cargo-home" "-e" "RUSTUP_HOME=/opt/rustwide/rustup-home" "-w" "/opt/rustwide/workdir" "-m" "1610612736" "--user" "0:0" "--network" "none" "ghcr.io/rust-lang/crates-build-env/linux@sha256:2788e3201cd34a07e3172128adcd8b3090168a8e3bcc40d7c032b9dda1df7d1c" "/opt/rustwide/cargo-home/bin/cargo" "+1.75.0" "test" "--frozen", kill_on_drop: false }`
[INFO] [stdout] 55f0de99fd3ed5f028853b6533b76e98eade7cd92f93554210f15cad49fde5b7
[INFO] running `Command { std: "docker" "start" "-a" "55f0de99fd3ed5f028853b6533b76e98eade7cd92f93554210f15cad49fde5b7", kill_on_drop: false }`
[INFO] [stderr] warning: method `guess_size` is never used
[INFO] [stderr]    --> src/lib.rs:289:8
[INFO] [stderr]     |
[INFO] [stderr] 286 | impl Property {
[INFO] [stderr]     | ------------- method in this implementation
[INFO] [stderr] ...
[INFO] [stderr] 289 |     fn guess_size(&self) -> usize {
[INFO] [stderr]     |        ^^^^^^^^^^
[INFO] [stderr]     |
[INFO] [stderr]     = note: `#[warn(dead_code)]` on by default
[INFO] [stderr] 
[INFO] [stderr] warning: `xcf` (lib) generated 1 warning
[INFO] [stderr] warning: `xcf` (lib test) generated 1 warning (1 duplicate)
[INFO] [stderr]     Finished test [unoptimized + debuginfo] target(s) in 0.01s
[INFO] [stderr]      Running unittests src/lib.rs (/opt/rustwide/target/debug/deps/xcf-c6f6e71c1e6460eb)
[INFO] [stdout] 
[INFO] [stdout] running 0 tests
[INFO] [stdout] 
[INFO] [stdout] test result: ok. 0 passed; 0 failed; 0 ignored; 0 measured; 0 filtered out; finished in 0.00s
[INFO] [stdout] 
[INFO] [stderr]      Running tests/samples.rs (/opt/rustwide/target/debug/deps/samples-c6d88fd58fe999c1)
[INFO] [stdout] 
[INFO] [stdout] running 6 tests
[INFO] [stdout] test read_1024x1024_better_compression ... ignored
[INFO] [stdout] test read_512x512_base_with_alpha ... FAILED
[INFO] [stdout] test read_1x1_violet_legacy ... FAILED
[INFO] [stdout] test read_512x512_yellow_base_cloud_layer_empty_layer ... FAILED
[INFO] [stdout] test read_1x1_violet_with_comment ... FAILED
[INFO] [stderr] error: test failed, to rerun pass `--test samples`
[INFO] [stdout] test read_245x6734_odd_size_odd_layer ... FAILED
[INFO] [stdout] 
[INFO] [stdout] failures:
[INFO] [stdout] 
[INFO] [stdout] ---- read_512x512_base_with_alpha stdout ----
[INFO] [stdout] Error: Io(Os { code: 2, kind: NotFound, message: "No such file or directory" })
[INFO] [stdout] 
[INFO] [stdout] ---- read_1x1_violet_legacy stdout ----
[INFO] [stdout] Error: Io(Os { code: 2, kind: NotFound, message: "No such file or directory" })
[INFO] [stdout] 
[INFO] [stdout] ---- read_512x512_yellow_base_cloud_layer_empty_layer stdout ----
[INFO] [stdout] Error: Io(Os { code: 2, kind: NotFound, message: "No such file or directory" })
[INFO] [stdout] 
[INFO] [stdout] ---- read_1x1_violet_with_comment stdout ----
[INFO] [stdout] Error: Io(Os { code: 2, kind: NotFound, message: "No such file or directory" })
[INFO] [stdout] 
[INFO] [stdout] ---- read_245x6734_odd_size_odd_layer stdout ----
[INFO] [stdout] Error: Io(Os { code: 2, kind: NotFound, message: "No such file or directory" })
[INFO] [stdout] 
[INFO] [stdout] 
[INFO] [stdout] failures:
[INFO] [stdout]     read_1x1_violet_legacy
[INFO] [stdout]     read_1x1_violet_with_comment
[INFO] [stdout]     read_245x6734_odd_size_odd_layer
[INFO] [stdout]     read_512x512_base_with_alpha
[INFO] [stdout]     read_512x512_yellow_base_cloud_layer_empty_layer
[INFO] [stdout] 
[INFO] [stdout] test result: FAILED. 0 passed; 5 failed; 1 ignored; 0 measured; 0 filtered out; finished in 0.02s
[INFO] [stdout] 
[INFO] running `Command { std: "docker" "inspect" "55f0de99fd3ed5f028853b6533b76e98eade7cd92f93554210f15cad49fde5b7", kill_on_drop: false }`
[INFO] running `Command { std: "docker" "rm" "-f" "55f0de99fd3ed5f028853b6533b76e98eade7cd92f93554210f15cad49fde5b7", kill_on_drop: false }`
[INFO] [stdout] 55f0de99fd3ed5f028853b6533b76e98eade7cd92f93554210f15cad49fde5b7
