[INFO] fetching crate wuple 0.4.0...
[INFO] testing wuple-0.4.0 against 1.75.0 for beta-1.76-1
[INFO] extracting crate wuple 0.4.0 into /workspace/builds/worker-0-tc1/source
[INFO] validating manifest of crates.io crate wuple 0.4.0 on toolchain 1.75.0
[INFO] running `Command { std: CARGO_HOME="/workspace/cargo-home" RUSTUP_HOME="/workspace/rustup-home" "/workspace/cargo-home/bin/cargo" "+1.75.0" "metadata" "--manifest-path" "Cargo.toml" "--no-deps", kill_on_drop: false }`
[INFO] started tweaking crates.io crate wuple 0.4.0
[INFO] finished tweaking crates.io crate wuple 0.4.0
[INFO] tweaked toml for crates.io crate wuple 0.4.0 written to /workspace/builds/worker-0-tc1/source/Cargo.toml
[INFO] running `Command { std: CARGO_HOME="/workspace/cargo-home" RUSTUP_HOME="/workspace/rustup-home" "/workspace/cargo-home/bin/cargo" "+1.75.0" "generate-lockfile" "--manifest-path" "Cargo.toml", kill_on_drop: false }`
[INFO] [stderr]     Updating crates.io index
[INFO] running `Command { std: CARGO_HOME="/workspace/cargo-home" RUSTUP_HOME="/workspace/rustup-home" "/workspace/cargo-home/bin/cargo" "+1.75.0" "fetch" "--manifest-path" "Cargo.toml", kill_on_drop: false }`
[INFO] running `Command { std: "docker" "create" "-v" "/var/lib/crater-agent-workspace/builds/worker-0-tc1/target:/opt/rustwide/target:rw,Z" "-v" "/var/lib/crater-agent-workspace/builds/worker-0-tc1/source:/opt/rustwide/workdir:ro,Z" "-v" "/var/lib/crater-agent-workspace/cargo-home:/opt/rustwide/cargo-home:ro,Z" "-v" "/var/lib/crater-agent-workspace/rustup-home:/opt/rustwide/rustup-home:ro,Z" "-e" "SOURCE_DIR=/opt/rustwide/workdir" "-e" "CARGO_TARGET_DIR=/opt/rustwide/target" "-e" "CARGO_HOME=/opt/rustwide/cargo-home" "-e" "RUSTUP_HOME=/opt/rustwide/rustup-home" "-w" "/opt/rustwide/workdir" "-m" "1610612736" "--user" "0:0" "--network" "none" "ghcr.io/rust-lang/crates-build-env/linux@sha256:2788e3201cd34a07e3172128adcd8b3090168a8e3bcc40d7c032b9dda1df7d1c" "/opt/rustwide/cargo-home/bin/cargo" "+1.75.0" "metadata" "--no-deps" "--format-version=1", kill_on_drop: false }`
[INFO] [stdout] 1193c438a33f50e885e4244843b6856554b54a64e3e2a1265a7f6d6f09c5026a
[INFO] running `Command { std: "docker" "start" "-a" "1193c438a33f50e885e4244843b6856554b54a64e3e2a1265a7f6d6f09c5026a", kill_on_drop: false }`
[INFO] running `Command { std: "docker" "inspect" "1193c438a33f50e885e4244843b6856554b54a64e3e2a1265a7f6d6f09c5026a", kill_on_drop: false }`
[INFO] running `Command { std: "docker" "rm" "-f" "1193c438a33f50e885e4244843b6856554b54a64e3e2a1265a7f6d6f09c5026a", kill_on_drop: false }`
[INFO] [stdout] 1193c438a33f50e885e4244843b6856554b54a64e3e2a1265a7f6d6f09c5026a
[INFO] running `Command { std: "docker" "create" "-v" "/var/lib/crater-agent-workspace/builds/worker-0-tc1/target:/opt/rustwide/target:rw,Z" "-v" "/var/lib/crater-agent-workspace/builds/worker-0-tc1/source:/opt/rustwide/workdir:ro,Z" "-v" "/var/lib/crater-agent-workspace/cargo-home:/opt/rustwide/cargo-home:ro,Z" "-v" "/var/lib/crater-agent-workspace/rustup-home:/opt/rustwide/rustup-home:ro,Z" "-e" "SOURCE_DIR=/opt/rustwide/workdir" "-e" "CARGO_TARGET_DIR=/opt/rustwide/target" "-e" "CARGO_INCREMENTAL=0" "-e" "RUST_BACKTRACE=full" "-e" "RUSTFLAGS=--cap-lints=warn" "-e" "RUSTDOCFLAGS=--cap-lints=warn" "-e" "CARGO_HOME=/opt/rustwide/cargo-home" "-e" "RUSTUP_HOME=/opt/rustwide/rustup-home" "-w" "/opt/rustwide/workdir" "-m" "1610612736" "--user" "0:0" "--network" "none" "ghcr.io/rust-lang/crates-build-env/linux@sha256:2788e3201cd34a07e3172128adcd8b3090168a8e3bcc40d7c032b9dda1df7d1c" "/opt/rustwide/cargo-home/bin/cargo" "+1.75.0" "build" "--frozen" "--message-format=json", kill_on_drop: false }`
[INFO] [stdout] 057bafe5866ef4cb60b0690e4a878f73f28a48e5ae412573310eedca8ef0ee81
[INFO] running `Command { std: "docker" "start" "-a" "057bafe5866ef4cb60b0690e4a878f73f28a48e5ae412573310eedca8ef0ee81", kill_on_drop: false }`
[INFO] [stderr]    Compiling libc v0.2.151
[INFO] [stderr]    Compiling version_check v0.9.4
[INFO] [stderr]    Compiling pkg-config v0.3.28
[INFO] [stderr]    Compiling once_cell v1.19.0
[INFO] [stderr]    Compiling xml-rs v0.8.19
[INFO] [stderr]    Compiling memoffset v0.6.5
[INFO] [stderr]    Compiling smallvec v1.11.2
[INFO] [stderr]    Compiling libloading v0.8.1
[INFO] [stderr]    Compiling log v0.4.20
[INFO] [stderr]    Compiling lazy_static v1.4.0
[INFO] [stderr]    Compiling num-traits v0.2.17
[INFO] [stderr]    Compiling indexmap v1.9.3
[INFO] [stderr]    Compiling scoped-tls v1.0.1
[INFO] [stderr]    Compiling downcast-rs v1.2.0
[INFO] [stderr]    Compiling zerocopy v0.7.32
[INFO] [stderr]    Compiling arrayvec v0.7.4
[INFO] [stderr]    Compiling bytemuck_derive v1.5.0
[INFO] [stderr]    Compiling libloading v0.7.4
[INFO] [stderr]    Compiling bit-vec v0.6.3
[INFO] [stderr]    Compiling dlib v0.5.2
[INFO] [stderr]    Compiling khronos-egl v4.1.0
[INFO] [stderr]    Compiling hashbrown v0.12.3
[INFO] [stderr]    Compiling allocator-api2 v0.2.16
[INFO] [stderr]    Compiling unicode-width v0.1.11
[INFO] [stderr]    Compiling ash v0.37.3+1.3.251
[INFO] [stderr]    Compiling bitflags v2.4.1
[INFO] [stderr]    Compiling bit-set v0.5.3
[INFO] [stderr]    Compiling codespan-reporting v0.11.1
[INFO] [stderr]    Compiling gpu-alloc-types v0.2.0
[INFO] [stderr]    Compiling ahash v0.8.7
[INFO] [stderr]    Compiling slotmap v1.0.7
[INFO] [stderr]    Compiling gpu-descriptor-types v0.1.2
[INFO] [stderr]    Compiling rustc-hash v1.1.0
[INFO] [stderr]    Compiling ttf-parser v0.20.0
[INFO] [stderr]    Compiling xcursor v0.3.5
[INFO] [stderr]    Compiling hexf-parse v0.2.1
[INFO] [stderr]    Compiling strict-num v0.1.1
[INFO] [stderr]    Compiling arrayref v0.3.7
[INFO] [stderr]    Compiling unicode-xid v0.2.4
[INFO] [stderr]    Compiling raw-window-handle v0.5.2
[INFO] [stderr]    Compiling vec_map v0.8.2
[INFO] [stderr]    Compiling fxhash v0.2.1
[INFO] [stderr]    Compiling gpu-alloc v0.5.4
[INFO] [stderr]    Compiling wgpu-types v0.15.2
[INFO] [stderr]    Compiling wayland-scanner v0.29.5
[INFO] [stderr]    Compiling wayland-sys v0.29.5
[INFO] [stderr]    Compiling hashbrown v0.14.3
[INFO] [stderr]    Compiling smithay-client-toolkit v0.16.1
[INFO] [stderr]    Compiling x11-dl v2.21.0
[INFO] [stderr]    Compiling ab_glyph_rasterizer v0.1.8
[INFO] [stderr]    Compiling glow v0.12.3
[INFO] [stderr]    Compiling profiling v1.0.13
[INFO] [stderr]    Compiling renderdoc-sys v0.7.1
[INFO] [stderr]    Compiling instant v0.1.12
[INFO] [stderr]    Compiling percent-encoding v2.3.1
[INFO] [stderr]    Compiling pollster v0.3.0
[INFO] [stderr]    Compiling gpu-descriptor v0.2.4
[INFO] [stderr]    Compiling bytemuck v1.14.0
[INFO] [stderr]    Compiling spirv v0.2.0+1.5.4
[INFO] [stderr]    Compiling tiny-skia-path v0.8.4
[INFO] [stderr]    Compiling wayland-client v0.29.5
[INFO] [stderr]    Compiling wayland-protocols v0.29.5
[INFO] [stderr]    Compiling winit v0.28.7
[INFO] [stderr]    Compiling nix v0.24.3
[INFO] [stderr]    Compiling parking_lot_core v0.9.9
[INFO] [stderr]    Compiling nix v0.25.1
[INFO] [stderr]    Compiling memmap2 v0.5.10
[INFO] [stderr]    Compiling mio v0.8.10
[INFO] [stderr]    Compiling parking_lot v0.12.1
[INFO] [stderr]    Compiling tiny-skia v0.8.4
[INFO] [stderr]    Compiling naga v0.11.1
[INFO] [stderr]    Compiling owned_ttf_parser v0.20.0
[INFO] [stderr]    Compiling ab_glyph v0.2.23
[INFO] [stderr]    Compiling calloop v0.10.6
[INFO] [stderr]    Compiling wayland-commons v0.29.5
[INFO] [stderr]    Compiling wayland-cursor v0.29.5
[INFO] [stderr]    Compiling wgpu-hal v0.15.4
[INFO] [stderr]    Compiling wgpu-core v0.15.1
[INFO] [stderr]    Compiling wgpu v0.15.1
[INFO] [stderr]    Compiling sctk-adwaita v0.5.4
[INFO] [stderr]    Compiling wuple v0.4.0 (/opt/rustwide/workdir)
[INFO] [stderr]     Finished dev [unoptimized + debuginfo] target(s) in 46.44s
[INFO] running `Command { std: "docker" "inspect" "057bafe5866ef4cb60b0690e4a878f73f28a48e5ae412573310eedca8ef0ee81", kill_on_drop: false }`
[INFO] running `Command { std: "docker" "rm" "-f" "057bafe5866ef4cb60b0690e4a878f73f28a48e5ae412573310eedca8ef0ee81", kill_on_drop: false }`
[INFO] [stdout] 057bafe5866ef4cb60b0690e4a878f73f28a48e5ae412573310eedca8ef0ee81
[INFO] running `Command { std: "docker" "create" "-v" "/var/lib/crater-agent-workspace/builds/worker-0-tc1/target:/opt/rustwide/target:rw,Z" "-v" "/var/lib/crater-agent-workspace/builds/worker-0-tc1/source:/opt/rustwide/workdir:ro,Z" "-v" "/var/lib/crater-agent-workspace/cargo-home:/opt/rustwide/cargo-home:ro,Z" "-v" "/var/lib/crater-agent-workspace/rustup-home:/opt/rustwide/rustup-home:ro,Z" "-e" "SOURCE_DIR=/opt/rustwide/workdir" "-e" "CARGO_TARGET_DIR=/opt/rustwide/target" "-e" "CARGO_INCREMENTAL=0" "-e" "RUST_BACKTRACE=full" "-e" "RUSTFLAGS=--cap-lints=warn" "-e" "RUSTDOCFLAGS=--cap-lints=warn" "-e" "CARGO_HOME=/opt/rustwide/cargo-home" "-e" "RUSTUP_HOME=/opt/rustwide/rustup-home" "-w" "/opt/rustwide/workdir" "-m" "1610612736" "--user" "0:0" "--network" "none" "ghcr.io/rust-lang/crates-build-env/linux@sha256:2788e3201cd34a07e3172128adcd8b3090168a8e3bcc40d7c032b9dda1df7d1c" "/opt/rustwide/cargo-home/bin/cargo" "+1.75.0" "test" "--frozen" "--no-run" "--message-format=json", kill_on_drop: false }`
[INFO] [stdout] 4e949f9152580a2f712a66dde9aada25ef8a895b423e2b687f6e14aa09cf7773
[INFO] running `Command { std: "docker" "start" "-a" "4e949f9152580a2f712a66dde9aada25ef8a895b423e2b687f6e14aa09cf7773", kill_on_drop: false }`
[INFO] [stderr]    Compiling wuple v0.4.0 (/opt/rustwide/workdir)
[INFO] [stderr]     Finished test [unoptimized + debuginfo] target(s) in 1.30s
[INFO] running `Command { std: "docker" "inspect" "4e949f9152580a2f712a66dde9aada25ef8a895b423e2b687f6e14aa09cf7773", kill_on_drop: false }`
[INFO] running `Command { std: "docker" "rm" "-f" "4e949f9152580a2f712a66dde9aada25ef8a895b423e2b687f6e14aa09cf7773", kill_on_drop: false }`
[INFO] [stdout] 4e949f9152580a2f712a66dde9aada25ef8a895b423e2b687f6e14aa09cf7773
[INFO] running `Command { std: "docker" "create" "-v" "/var/lib/crater-agent-workspace/builds/worker-0-tc1/target:/opt/rustwide/target:rw,Z" "-v" "/var/lib/crater-agent-workspace/builds/worker-0-tc1/source:/opt/rustwide/workdir:ro,Z" "-v" "/var/lib/crater-agent-workspace/cargo-home:/opt/rustwide/cargo-home:ro,Z" "-v" "/var/lib/crater-agent-workspace/rustup-home:/opt/rustwide/rustup-home:ro,Z" "-e" "SOURCE_DIR=/opt/rustwide/workdir" "-e" "CARGO_TARGET_DIR=/opt/rustwide/target" "-e" "CARGO_INCREMENTAL=0" "-e" "RUST_BACKTRACE=full" "-e" "RUSTFLAGS=--cap-lints=warn" "-e" "RUSTDOCFLAGS=--cap-lints=warn" "-e" "CARGO_HOME=/opt/rustwide/cargo-home" "-e" "RUSTUP_HOME=/opt/rustwide/rustup-home" "-w" "/opt/rustwide/workdir" "-m" "1610612736" "--user" "0:0" "--network" "none" "ghcr.io/rust-lang/crates-build-env/linux@sha256:2788e3201cd34a07e3172128adcd8b3090168a8e3bcc40d7c032b9dda1df7d1c" "/opt/rustwide/cargo-home/bin/cargo" "+1.75.0" "test" "--frozen", kill_on_drop: false }`
[INFO] [stdout] 767c0965eeceff56bab578bb765970faa0bdd0c41a22ae7677aa11e6e313030d
[INFO] running `Command { std: "docker" "start" "-a" "767c0965eeceff56bab578bb765970faa0bdd0c41a22ae7677aa11e6e313030d", kill_on_drop: false }`
[INFO] [stderr]     Finished test [unoptimized + debuginfo] target(s) in 0.08s
[INFO] [stderr]      Running unittests src/lib.rs (/opt/rustwide/target/debug/deps/wuple-1c7ed91045cd1a9b)
[INFO] [stdout] 
[INFO] [stdout] running 0 tests
[INFO] [stdout] 
[INFO] [stdout] test result: ok. 0 passed; 0 failed; 0 ignored; 0 measured; 0 filtered out; finished in 0.00s
[INFO] [stdout] 
[INFO] [stderr]    Doc-tests wuple
[INFO] [stdout] 
[INFO] [stdout] running 1 test
[INFO] [stdout] test src/lib.rs - (line 4) ... FAILED
[INFO] [stdout] 
[INFO] [stdout] failures:
[INFO] [stdout] 
[INFO] [stdout] ---- src/lib.rs - (line 4) stdout ----
[INFO] [stdout] error[E0603]: module `color` is private
[INFO] [stdout]   --> src/lib.rs:14:57
[INFO] [stdout]    |
[INFO] [stdout] 13 |             wuple::builder::Draw::Color(wuple::painter::color::WHITE)
[INFO] [stdout]    |                                                         ^^^^^ private module
[INFO] [stdout]    |
[INFO] [stdout] note: the module `color` is defined here
[INFO] [stdout]   --> /opt/rustwide/workdir/src/painter.rs:7:12
[INFO] [stdout]    |
[INFO] [stdout] 7  |     draw::{color, Color},
[INFO] [stdout]    |            ^^^^^
[INFO] [stdout] help: consider importing this constant instead
[INFO] [stdout]    |
[INFO] [stdout] 13 |             wuple::builder::Draw::Color(wuple::draw::color::WHITE)
[INFO] [stdout]    |                                         ~~~~~~~~~~~~~~~~~~~~~~~~~
[INFO] [stdout] 
[INFO] [stdout] error[E0053]: method `event` has an incompatible type for trait
[INFO] [stdout]   --> src/lib.rs:18:63
[INFO] [stdout]    |
[INFO] [stdout] 17 |     fn event(&mut self, event: &winit::event::WindowEvent) -> bool {
[INFO] [stdout]    |                                                               ^^^^
[INFO] [stdout]    |                                                               |
[INFO] [stdout]    |                                                               expected `EventResult`, found `bool`
[INFO] [stdout]    |                                                               help: change the output type to match the trait: `EventResult`
[INFO] [stdout]    |
[INFO] [stdout]    = note: expected signature `fn(&mut Example, &winit::event::WindowEvent<'_>) -> EventResult`
[INFO] [stdout]               found signature `fn(&mut Example, &winit::event::WindowEvent<'_>) -> bool`
[INFO] [stdout] 
[INFO] [stdout] error[E0050]: method `update` has 2 parameters but the declaration in trait `update` has 3
[INFO] [stdout]   --> src/lib.rs:23:15
[INFO] [stdout]    |
[INFO] [stdout] 22 |     fn update(&mut self, _info: &wuple::info::Info) {
[INFO] [stdout]    |               ^^^^^^^^^^^^^^^^^^^^^^^^^^^^^^^^^^^^ expected 3 parameters, found 2
[INFO] [stdout]    |
[INFO] [stdout]    = note: `update` from trait: `fn(&mut Self, &mut wuple::builder::Builder<'_>, &Info<'_>)`
[INFO] [stdout] 
[INFO] [stdout] error[E0308]: mismatched types
[INFO] [stdout]   --> src/lib.rs:28:16
[INFO] [stdout]    |
[INFO] [stdout] 27 | Example {}.run(true);
[INFO] [stdout]    |            --- ^^^^ expected `RunSettings`, found `bool`
[INFO] [stdout]    |            |
[INFO] [stdout]    |            arguments to this method are incorrect
[INFO] [stdout]    |
[INFO] [stdout] note: method defined here
[INFO] [stdout]   --> /opt/rustwide/workdir/src/lib.rs:80:8
[INFO] [stdout]    |
[INFO] [stdout] 80 |     fn run(self, settings: settings::RunSettings)
[INFO] [stdout]    |        ^^^
[INFO] [stdout] 
[INFO] [stdout] error: aborting due to 4 previous errors
[INFO] [stdout] 
[INFO] [stdout] Some errors have detailed explanations: E0050, E0053, E0308, E0603.
[INFO] [stdout] For more information about an error, try `rustc --explain E0050`.
[INFO] [stdout] Couldn't compile the test.
[INFO] [stdout] 
[INFO] [stdout] failures:
[INFO] [stdout]     src/lib.rs - (line 4)
[INFO] [stdout] 
[INFO] [stdout] test result: FAILED. 0 passed; 1 failed; 0 ignored; 0 measured; 0 filtered out; finished in 0.12s
[INFO] [stdout] 
[INFO] [stderr] error: doctest failed, to rerun pass `--doc`
[INFO] running `Command { std: "docker" "inspect" "767c0965eeceff56bab578bb765970faa0bdd0c41a22ae7677aa11e6e313030d", kill_on_drop: false }`
[INFO] running `Command { std: "docker" "rm" "-f" "767c0965eeceff56bab578bb765970faa0bdd0c41a22ae7677aa11e6e313030d", kill_on_drop: false }`
[INFO] [stdout] 767c0965eeceff56bab578bb765970faa0bdd0c41a22ae7677aa11e6e313030d
[INFO] testing wuple-0.4.0 against beta-2023-12-22 for beta-1.76-1
[INFO] extracting crate wuple 0.4.0 into /workspace/builds/worker-0-tc2/source
[INFO] validating manifest of crates.io crate wuple 0.4.0 on toolchain beta-2023-12-22
[INFO] running `Command { std: CARGO_HOME="/workspace/cargo-home" RUSTUP_HOME="/workspace/rustup-home" "/workspace/cargo-home/bin/cargo" "+beta-2023-12-22" "metadata" "--manifest-path" "Cargo.toml" "--no-deps", kill_on_drop: false }`
[INFO] started tweaking crates.io crate wuple 0.4.0
[INFO] finished tweaking crates.io crate wuple 0.4.0
[INFO] tweaked toml for crates.io crate wuple 0.4.0 written to /workspace/builds/worker-0-tc2/source/Cargo.toml
[INFO] running `Command { std: CARGO_HOME="/workspace/cargo-home" RUSTUP_HOME="/workspace/rustup-home" "/workspace/cargo-home/bin/cargo" "+beta-2023-12-22" "generate-lockfile" "--manifest-path" "Cargo.toml", kill_on_drop: false }`
[INFO] [stderr]     Updating crates.io index
[INFO] running `Command { std: CARGO_HOME="/workspace/cargo-home" RUSTUP_HOME="/workspace/rustup-home" "/workspace/cargo-home/bin/cargo" "+beta-2023-12-22" "fetch" "--manifest-path" "Cargo.toml", kill_on_drop: false }`
[INFO] running `Command { std: "docker" "create" "-v" "/var/lib/crater-agent-workspace/builds/worker-0-tc2/target:/opt/rustwide/target:rw,Z" "-v" "/var/lib/crater-agent-workspace/builds/worker-0-tc2/source:/opt/rustwide/workdir:ro,Z" "-v" "/var/lib/crater-agent-workspace/cargo-home:/opt/rustwide/cargo-home:ro,Z" "-v" "/var/lib/crater-agent-workspace/rustup-home:/opt/rustwide/rustup-home:ro,Z" "-e" "SOURCE_DIR=/opt/rustwide/workdir" "-e" "CARGO_TARGET_DIR=/opt/rustwide/target" "-e" "CARGO_HOME=/opt/rustwide/cargo-home" "-e" "RUSTUP_HOME=/opt/rustwide/rustup-home" "-w" "/opt/rustwide/workdir" "-m" "1610612736" "--user" "0:0" "--network" "none" "ghcr.io/rust-lang/crates-build-env/linux@sha256:2788e3201cd34a07e3172128adcd8b3090168a8e3bcc40d7c032b9dda1df7d1c" "/opt/rustwide/cargo-home/bin/cargo" "+beta-2023-12-22" "metadata" "--no-deps" "--format-version=1", kill_on_drop: false }`
[INFO] [stdout] aa06e0eb025b230f37607da4f743c50ee64b4943d40e7b63eb9089734b11a09c
[INFO] running `Command { std: "docker" "start" "-a" "aa06e0eb025b230f37607da4f743c50ee64b4943d40e7b63eb9089734b11a09c", kill_on_drop: false }`
[INFO] running `Command { std: "docker" "inspect" "aa06e0eb025b230f37607da4f743c50ee64b4943d40e7b63eb9089734b11a09c", kill_on_drop: false }`
[INFO] running `Command { std: "docker" "rm" "-f" "aa06e0eb025b230f37607da4f743c50ee64b4943d40e7b63eb9089734b11a09c", kill_on_drop: false }`
[INFO] [stdout] aa06e0eb025b230f37607da4f743c50ee64b4943d40e7b63eb9089734b11a09c
[INFO] running `Command { std: "docker" "create" "-v" "/var/lib/crater-agent-workspace/builds/worker-0-tc2/target:/opt/rustwide/target:rw,Z" "-v" "/var/lib/crater-agent-workspace/builds/worker-0-tc2/source:/opt/rustwide/workdir:ro,Z" "-v" "/var/lib/crater-agent-workspace/cargo-home:/opt/rustwide/cargo-home:ro,Z" "-v" "/var/lib/crater-agent-workspace/rustup-home:/opt/rustwide/rustup-home:ro,Z" "-e" "SOURCE_DIR=/opt/rustwide/workdir" "-e" "CARGO_TARGET_DIR=/opt/rustwide/target" "-e" "CARGO_INCREMENTAL=0" "-e" "RUST_BACKTRACE=full" "-e" "RUSTFLAGS=--cap-lints=warn" "-e" "RUSTDOCFLAGS=--cap-lints=warn" "-e" "CARGO_HOME=/opt/rustwide/cargo-home" "-e" "RUSTUP_HOME=/opt/rustwide/rustup-home" "-w" "/opt/rustwide/workdir" "-m" "1610612736" "--user" "0:0" "--network" "none" "ghcr.io/rust-lang/crates-build-env/linux@sha256:2788e3201cd34a07e3172128adcd8b3090168a8e3bcc40d7c032b9dda1df7d1c" "/opt/rustwide/cargo-home/bin/cargo" "+beta-2023-12-22" "build" "--frozen" "--message-format=json", kill_on_drop: false }`
[INFO] [stdout] d72492cd2dc8ec98bd90e378ed8b82fb9c07c42541a8c65297dc6f0d1dfb2904
[INFO] running `Command { std: "docker" "start" "-a" "d72492cd2dc8ec98bd90e378ed8b82fb9c07c42541a8c65297dc6f0d1dfb2904", kill_on_drop: false }`
[INFO] [stderr]    Compiling libc v0.2.151
[INFO] [stderr]    Compiling pkg-config v0.3.28
[INFO] [stderr]    Compiling version_check v0.9.4
[INFO] [stderr]    Compiling once_cell v1.19.0
[INFO] [stderr]    Compiling xml-rs v0.8.19
[INFO] [stderr]    Compiling memoffset v0.6.5
[INFO] [stderr]    Compiling smallvec v1.11.2
[INFO] [stderr]    Compiling libloading v0.8.1
[INFO] [stderr]    Compiling log v0.4.20
[INFO] [stderr]    Compiling lazy_static v1.4.0
[INFO] [stderr]    Compiling num-traits v0.2.17
[INFO] [stderr]    Compiling indexmap v1.9.3
[INFO] [stderr]    Compiling arrayvec v0.7.4
[INFO] [stderr]    Compiling zerocopy v0.7.32
[INFO] [stderr]    Compiling scoped-tls v1.0.1
[INFO] [stderr]    Compiling downcast-rs v1.2.0
[INFO] [stderr]    Compiling bytemuck_derive v1.5.0
[INFO] [stderr]    Compiling libloading v0.7.4
[INFO] [stderr]    Compiling unicode-width v0.1.11
[INFO] [stderr]    Compiling dlib v0.5.2
[INFO] [stderr]    Compiling ash v0.37.3+1.3.251
[INFO] [stderr]    Compiling allocator-api2 v0.2.16
[INFO] [stderr]    Compiling khronos-egl v4.1.0
[INFO] [stderr]    Compiling bit-vec v0.6.3
[INFO] [stderr]    Compiling bitflags v2.4.1
[INFO] [stderr]    Compiling hashbrown v0.12.3
[INFO] [stderr]    Compiling codespan-reporting v0.11.1
[INFO] [stderr]    Compiling gpu-alloc-types v0.2.0
[INFO] [stderr]    Compiling ahash v0.8.7
[INFO] [stderr]    Compiling slotmap v1.0.7
[INFO] [stderr]    Compiling bit-set v0.5.3
[INFO] [stderr]    Compiling gpu-descriptor-types v0.1.2
[INFO] [stderr]    Compiling raw-window-handle v0.5.2
[INFO] [stderr]    Compiling arrayref v0.3.7
[INFO] [stderr]    Compiling hexf-parse v0.2.1
[INFO] [stderr]    Compiling vec_map v0.8.2
[INFO] [stderr]    Compiling unicode-xid v0.2.4
[INFO] [stderr]    Compiling rustc-hash v1.1.0
[INFO] [stderr]    Compiling strict-num v0.1.1
[INFO] [stderr]    Compiling xcursor v0.3.5
[INFO] [stderr]    Compiling ttf-parser v0.20.0
[INFO] [stderr]    Compiling fxhash v0.2.1
[INFO] [stderr]    Compiling wayland-scanner v0.29.5
[INFO] [stderr]    Compiling gpu-alloc v0.5.4
[INFO] [stderr]    Compiling wayland-sys v0.29.5
[INFO] [stderr]    Compiling smithay-client-toolkit v0.16.1
[INFO] [stderr]    Compiling x11-dl v2.21.0
[INFO] [stderr]    Compiling hashbrown v0.14.3
[INFO] [stderr]    Compiling wgpu-types v0.15.2
[INFO] [stderr]    Compiling profiling v1.0.13
[INFO] [stderr]    Compiling glow v0.12.3
[INFO] [stderr]    Compiling renderdoc-sys v0.7.1
[INFO] [stderr]    Compiling ab_glyph_rasterizer v0.1.8
[INFO] [stderr]    Compiling instant v0.1.12
[INFO] [stderr]    Compiling percent-encoding v2.3.1
[INFO] [stderr]    Compiling pollster v0.3.0
[INFO] [stderr]    Compiling spirv v0.2.0+1.5.4
[INFO] [stderr]    Compiling gpu-descriptor v0.2.4
[INFO] [stderr]    Compiling bytemuck v1.14.0
[INFO] [stderr]    Compiling wayland-client v0.29.5
[INFO] [stderr]    Compiling wayland-protocols v0.29.5
[INFO] [stderr]    Compiling winit v0.28.7
[INFO] [stderr]    Compiling tiny-skia-path v0.8.4
[INFO] [stderr]    Compiling nix v0.24.3
[INFO] [stderr]    Compiling nix v0.25.1
[INFO] [stderr]    Compiling parking_lot_core v0.9.9
[INFO] [stderr]    Compiling memmap2 v0.5.10
[INFO] [stderr]    Compiling mio v0.8.10
[INFO] [stderr]    Compiling parking_lot v0.12.1
[INFO] [stderr]    Compiling tiny-skia v0.8.4
[INFO] [stderr]    Compiling naga v0.11.1
[INFO] [stderr]    Compiling owned_ttf_parser v0.20.0
[INFO] [stderr]    Compiling ab_glyph v0.2.23
[INFO] [stderr]    Compiling wayland-commons v0.29.5
[INFO] [stderr]    Compiling calloop v0.10.6
[INFO] [stderr]    Compiling wayland-cursor v0.29.5
[INFO] [stderr]    Compiling wgpu-hal v0.15.4
[INFO] [stderr]    Compiling wgpu-core v0.15.1
[INFO] [stderr]    Compiling wgpu v0.15.1
[INFO] [stderr]    Compiling sctk-adwaita v0.5.4
[INFO] [stderr]    Compiling wuple v0.4.0 (/opt/rustwide/workdir)
[INFO] [stderr]     Finished dev [unoptimized + debuginfo] target(s) in 40.83s
[INFO] running `Command { std: "docker" "inspect" "d72492cd2dc8ec98bd90e378ed8b82fb9c07c42541a8c65297dc6f0d1dfb2904", kill_on_drop: false }`
[INFO] running `Command { std: "docker" "rm" "-f" "d72492cd2dc8ec98bd90e378ed8b82fb9c07c42541a8c65297dc6f0d1dfb2904", kill_on_drop: false }`
[INFO] [stdout] d72492cd2dc8ec98bd90e378ed8b82fb9c07c42541a8c65297dc6f0d1dfb2904
[INFO] running `Command { std: "docker" "create" "-v" "/var/lib/crater-agent-workspace/builds/worker-0-tc2/target:/opt/rustwide/target:rw,Z" "-v" "/var/lib/crater-agent-workspace/builds/worker-0-tc2/source:/opt/rustwide/workdir:ro,Z" "-v" "/var/lib/crater-agent-workspace/cargo-home:/opt/rustwide/cargo-home:ro,Z" "-v" "/var/lib/crater-agent-workspace/rustup-home:/opt/rustwide/rustup-home:ro,Z" "-e" "SOURCE_DIR=/opt/rustwide/workdir" "-e" "CARGO_TARGET_DIR=/opt/rustwide/target" "-e" "CARGO_INCREMENTAL=0" "-e" "RUST_BACKTRACE=full" "-e" "RUSTFLAGS=--cap-lints=warn" "-e" "RUSTDOCFLAGS=--cap-lints=warn" "-e" "CARGO_HOME=/opt/rustwide/cargo-home" "-e" "RUSTUP_HOME=/opt/rustwide/rustup-home" "-w" "/opt/rustwide/workdir" "-m" "1610612736" "--user" "0:0" "--network" "none" "ghcr.io/rust-lang/crates-build-env/linux@sha256:2788e3201cd34a07e3172128adcd8b3090168a8e3bcc40d7c032b9dda1df7d1c" "/opt/rustwide/cargo-home/bin/cargo" "+beta-2023-12-22" "test" "--frozen" "--no-run" "--message-format=json", kill_on_drop: false }`
[INFO] [stdout] bb16b6ad96ed72e184e8b683eaf8772692999df7608de27665f6a6b773d872a0
[INFO] running `Command { std: "docker" "start" "-a" "bb16b6ad96ed72e184e8b683eaf8772692999df7608de27665f6a6b773d872a0", kill_on_drop: false }`
[INFO] [stderr]    Compiling wuple v0.4.0 (/opt/rustwide/workdir)
[INFO] [stderr]     Finished test [unoptimized + debuginfo] target(s) in 1.15s
[INFO] running `Command { std: "docker" "inspect" "bb16b6ad96ed72e184e8b683eaf8772692999df7608de27665f6a6b773d872a0", kill_on_drop: false }`
[INFO] running `Command { std: "docker" "rm" "-f" "bb16b6ad96ed72e184e8b683eaf8772692999df7608de27665f6a6b773d872a0", kill_on_drop: false }`
[INFO] [stdout] bb16b6ad96ed72e184e8b683eaf8772692999df7608de27665f6a6b773d872a0
[INFO] running `Command { std: "docker" "create" "-v" "/var/lib/crater-agent-workspace/builds/worker-0-tc2/target:/opt/rustwide/target:rw,Z" "-v" "/var/lib/crater-agent-workspace/builds/worker-0-tc2/source:/opt/rustwide/workdir:ro,Z" "-v" "/var/lib/crater-agent-workspace/cargo-home:/opt/rustwide/cargo-home:ro,Z" "-v" "/var/lib/crater-agent-workspace/rustup-home:/opt/rustwide/rustup-home:ro,Z" "-e" "SOURCE_DIR=/opt/rustwide/workdir" "-e" "CARGO_TARGET_DIR=/opt/rustwide/target" "-e" "CARGO_INCREMENTAL=0" "-e" "RUST_BACKTRACE=full" "-e" "RUSTFLAGS=--cap-lints=warn" "-e" "RUSTDOCFLAGS=--cap-lints=warn" "-e" "CARGO_HOME=/opt/rustwide/cargo-home" "-e" "RUSTUP_HOME=/opt/rustwide/rustup-home" "-w" "/opt/rustwide/workdir" "-m" "1610612736" "--user" "0:0" "--network" "none" "ghcr.io/rust-lang/crates-build-env/linux@sha256:2788e3201cd34a07e3172128adcd8b3090168a8e3bcc40d7c032b9dda1df7d1c" "/opt/rustwide/cargo-home/bin/cargo" "+beta-2023-12-22" "test" "--frozen", kill_on_drop: false }`
[INFO] [stdout] ed5b1cc291b6db1ba316505c197976913dbe66e0f62477098a68a92db136da8f
[INFO] running `Command { std: "docker" "start" "-a" "ed5b1cc291b6db1ba316505c197976913dbe66e0f62477098a68a92db136da8f", kill_on_drop: false }`
[INFO] [stderr]     Finished test [unoptimized + debuginfo] target(s) in 0.08s
[INFO] [stderr]      Running unittests src/lib.rs (/opt/rustwide/target/debug/deps/wuple-afd24b5c28075ca7)
[INFO] [stdout] 
[INFO] [stdout] running 0 tests
[INFO] [stdout] 
[INFO] [stdout] test result: ok. 0 passed; 0 failed; 0 ignored; 0 measured; 0 filtered out; finished in 0.00s
[INFO] [stdout] 
[INFO] [stderr]    Doc-tests wuple
[INFO] [stdout] 
[INFO] [stdout] running 1 test
[INFO] [stdout] test src/lib.rs - (line 4) ... FAILED
[INFO] [stdout] 
[INFO] [stdout] failures:
[INFO] [stdout] 
[INFO] [stdout] ---- src/lib.rs - (line 4) stdout ----
[INFO] [stdout] error[E0603]: module `color` is private
[INFO] [stdout]   --> src/lib.rs:14:57
[INFO] [stdout]    |
[INFO] [stdout] 13 |             wuple::builder::Draw::Color(wuple::painter::color::WHITE)
[INFO] [stdout]    |                                                         ^^^^^ private module
[INFO] [stdout]    |
[INFO] [stdout] note: the module `color` is defined here
[INFO] [stdout]   --> /opt/rustwide/workdir/src/painter.rs:7:12
[INFO] [stdout]    |
[INFO] [stdout] 7  |     draw::{color, Color},
[INFO] [stdout]    |            ^^^^^
[INFO] [stdout] help: consider importing this constant instead
[INFO] [stdout]    |
[INFO] [stdout] 13 |             wuple::builder::Draw::Color(wuple::draw::color::WHITE)
[INFO] [stdout]    |                                         ~~~~~~~~~~~~~~~~~~~~~~~~~
[INFO] [stdout] help: import `color` directly
[INFO] [stdout]    |
[INFO] [stdout] 13 |             wuple::builder::Draw::Color(wuple::draw::color)
[INFO] [stdout]    |                                         ~~~~~~~~~~~~~~~~~~
[INFO] [stdout] 
[INFO] [stdout] error[E0053]: method `event` has an incompatible type for trait
[INFO] [stdout]   --> src/lib.rs:18:63
[INFO] [stdout]    |
[INFO] [stdout] 17 |     fn event(&mut self, event: &winit::event::WindowEvent) -> bool {
[INFO] [stdout]    |                                                               ^^^^
[INFO] [stdout]    |                                                               |
[INFO] [stdout]    |                                                               expected `EventResult`, found `bool`
[INFO] [stdout]    |                                                               help: change the output type to match the trait: `EventResult`
[INFO] [stdout]    |
[INFO] [stdout]    = note: expected signature `fn(&mut Example, &winit::event::WindowEvent<'_>) -> EventResult`
[INFO] [stdout]               found signature `fn(&mut Example, &winit::event::WindowEvent<'_>) -> bool`
[INFO] [stdout] 
[INFO] [stdout] error[E0050]: method `update` has 2 parameters but the declaration in trait `update` has 3
[INFO] [stdout]   --> src/lib.rs:23:15
[INFO] [stdout]    |
[INFO] [stdout] 22 |     fn update(&mut self, _info: &wuple::info::Info) {
[INFO] [stdout]    |               ^^^^^^^^^^^^^^^^^^^^^^^^^^^^^^^^^^^^ expected 3 parameters, found 2
[INFO] [stdout]    |
[INFO] [stdout]    = note: `update` from trait: `fn(&mut Self, &mut wuple::builder::Builder<'_>, &Info<'_>)`
[INFO] [stdout] 
[INFO] [stdout] error[E0308]: mismatched types
[INFO] [stdout]   --> src/lib.rs:28:16
[INFO] [stdout]    |
[INFO] [stdout] 27 | Example {}.run(true);
[INFO] [stdout]    |            --- ^^^^ expected `RunSettings`, found `bool`
[INFO] [stdout]    |            |
[INFO] [stdout]    |            arguments to this method are incorrect
[INFO] [stdout]    |
[INFO] [stdout] note: method defined here
[INFO] [stdout]   --> /opt/rustwide/workdir/src/lib.rs:80:8
[INFO] [stdout]    |
[INFO] [stdout] 80 |     fn run(self, settings: settings::RunSettings)
[INFO] [stdout]    |        ^^^
[INFO] [stdout] 
[INFO] [stdout] error: aborting due to 4 previous errors
[INFO] [stdout] 
[INFO] [stdout] Some errors have detailed explanations: E0050, E0053, E0308, E0603.
[INFO] [stdout] For more information about an error, try `rustc --explain E0050`.
[INFO] [stdout] Couldn't compile the test.
[INFO] [stdout] 
[INFO] [stdout] failures:
[INFO] [stdout]     src/lib.rs - (line 4)
[INFO] [stdout] 
[INFO] [stdout] test result: FAILED. 0 passed; 1 failed; 0 ignored; 0 measured; 0 filtered out; finished in 0.12s
[INFO] [stdout] 
[INFO] [stderr] error: doctest failed, to rerun pass `--doc`
[INFO] running `Command { std: "docker" "inspect" "ed5b1cc291b6db1ba316505c197976913dbe66e0f62477098a68a92db136da8f", kill_on_drop: false }`
[INFO] running `Command { std: "docker" "rm" "-f" "ed5b1cc291b6db1ba316505c197976913dbe66e0f62477098a68a92db136da8f", kill_on_drop: false }`
[INFO] [stdout] ed5b1cc291b6db1ba316505c197976913dbe66e0f62477098a68a92db136da8f
