[INFO] fetching crate wthrr 1.1.1...
[INFO] testing wthrr-1.1.1 against 1.75.0 for beta-1.76-1
[INFO] extracting crate wthrr 1.1.1 into /workspace/builds/worker-3-tc1/source
[INFO] validating manifest of crates.io crate wthrr 1.1.1 on toolchain 1.75.0
[INFO] running `Command { std: CARGO_HOME="/workspace/cargo-home" RUSTUP_HOME="/workspace/rustup-home" "/workspace/cargo-home/bin/cargo" "+1.75.0" "metadata" "--manifest-path" "Cargo.toml" "--no-deps", kill_on_drop: false }`
[INFO] started tweaking crates.io crate wthrr 1.1.1
[INFO] finished tweaking crates.io crate wthrr 1.1.1
[INFO] tweaked toml for crates.io crate wthrr 1.1.1 written to /workspace/builds/worker-3-tc1/source/Cargo.toml
[INFO] crate crates.io crate wthrr 1.1.1 already has a lockfile, it will not be regenerated
[INFO] running `Command { std: CARGO_HOME="/workspace/cargo-home" RUSTUP_HOME="/workspace/rustup-home" "/workspace/cargo-home/bin/cargo" "+1.75.0" "fetch" "--manifest-path" "Cargo.toml", kill_on_drop: false }`
[INFO] [stderr]     Updating crates.io index
[INFO] [stderr]  Downloading crates ...
[INFO] [stderr]   Downloaded optional_struct_macro_impl v0.3.1
[INFO] [stderr]   Downloaded optional_struct v0.3.1
[INFO] [stderr]   Downloaded optional_struct_internal v0.3.1
[INFO] [stderr]   Downloaded serde_derive v1.0.162
[INFO] [stderr]   Downloaded serde v1.0.162
[INFO] [stderr]   Downloaded pure-rust-locales v0.5.6
[INFO] [stderr]   Downloaded libc v0.2.143
[INFO] running `Command { std: "docker" "create" "-v" "/var/lib/crater-agent-workspace/builds/worker-3-tc1/target:/opt/rustwide/target:rw,Z" "-v" "/var/lib/crater-agent-workspace/builds/worker-3-tc1/source:/opt/rustwide/workdir:ro,Z" "-v" "/var/lib/crater-agent-workspace/cargo-home:/opt/rustwide/cargo-home:ro,Z" "-v" "/var/lib/crater-agent-workspace/rustup-home:/opt/rustwide/rustup-home:ro,Z" "-e" "SOURCE_DIR=/opt/rustwide/workdir" "-e" "CARGO_TARGET_DIR=/opt/rustwide/target" "-e" "CARGO_HOME=/opt/rustwide/cargo-home" "-e" "RUSTUP_HOME=/opt/rustwide/rustup-home" "-w" "/opt/rustwide/workdir" "-m" "1610612736" "--user" "0:0" "--network" "none" "ghcr.io/rust-lang/crates-build-env/linux@sha256:2788e3201cd34a07e3172128adcd8b3090168a8e3bcc40d7c032b9dda1df7d1c" "/opt/rustwide/cargo-home/bin/cargo" "+1.75.0" "metadata" "--no-deps" "--format-version=1", kill_on_drop: false }`
[INFO] [stdout] 861114dfde07d8e3f93204b592261a7cb9fda71e1f05bf17d44c61150d7da1af
[INFO] running `Command { std: "docker" "start" "-a" "861114dfde07d8e3f93204b592261a7cb9fda71e1f05bf17d44c61150d7da1af", kill_on_drop: false }`
[INFO] running `Command { std: "docker" "inspect" "861114dfde07d8e3f93204b592261a7cb9fda71e1f05bf17d44c61150d7da1af", kill_on_drop: false }`
[INFO] running `Command { std: "docker" "rm" "-f" "861114dfde07d8e3f93204b592261a7cb9fda71e1f05bf17d44c61150d7da1af", kill_on_drop: false }`
[INFO] [stdout] 861114dfde07d8e3f93204b592261a7cb9fda71e1f05bf17d44c61150d7da1af
[INFO] running `Command { std: "docker" "create" "-v" "/var/lib/crater-agent-workspace/builds/worker-3-tc1/target:/opt/rustwide/target:rw,Z" "-v" "/var/lib/crater-agent-workspace/builds/worker-3-tc1/source:/opt/rustwide/workdir:ro,Z" "-v" "/var/lib/crater-agent-workspace/cargo-home:/opt/rustwide/cargo-home:ro,Z" "-v" "/var/lib/crater-agent-workspace/rustup-home:/opt/rustwide/rustup-home:ro,Z" "-e" "SOURCE_DIR=/opt/rustwide/workdir" "-e" "CARGO_TARGET_DIR=/opt/rustwide/target" "-e" "CARGO_INCREMENTAL=0" "-e" "RUST_BACKTRACE=full" "-e" "RUSTFLAGS=--cap-lints=warn" "-e" "RUSTDOCFLAGS=--cap-lints=warn" "-e" "CARGO_HOME=/opt/rustwide/cargo-home" "-e" "RUSTUP_HOME=/opt/rustwide/rustup-home" "-w" "/opt/rustwide/workdir" "-m" "1610612736" "--user" "0:0" "--network" "none" "ghcr.io/rust-lang/crates-build-env/linux@sha256:2788e3201cd34a07e3172128adcd8b3090168a8e3bcc40d7c032b9dda1df7d1c" "/opt/rustwide/cargo-home/bin/cargo" "+1.75.0" "build" "--frozen" "--message-format=json", kill_on_drop: false }`
[INFO] [stdout] d3c5ad8d04ab6f413cce688207b2a6ca49a9437cdab40be583227566acad539f
[INFO] running `Command { std: "docker" "start" "-a" "d3c5ad8d04ab6f413cce688207b2a6ca49a9437cdab40be583227566acad539f", kill_on_drop: false }`
[INFO] [stderr]    Compiling proc-macro2 v1.0.56
[INFO] [stderr]    Compiling quote v1.0.26
[INFO] [stderr]    Compiling unicode-ident v1.0.8
[INFO] [stderr]    Compiling libc v0.2.143
[INFO] [stderr]    Compiling log v0.4.17
[INFO] [stderr]    Compiling pin-project-lite v0.2.9
[INFO] [stderr]    Compiling futures-core v0.3.28
[INFO] [stderr]    Compiling once_cell v1.17.1
[INFO] [stderr]    Compiling memchr v2.5.0
[INFO] [stderr]    Compiling pkg-config v0.3.27
[INFO] [stderr]    Compiling cc v1.0.79
[INFO] [stderr]    Compiling slab v0.4.8
[INFO] [stderr]    Compiling futures-task v0.3.28
[INFO] [stderr]    Compiling bytes v1.4.0
[INFO] [stderr]    Compiling futures-sink v0.3.28
[INFO] [stderr]    Compiling futures-channel v0.3.28
[INFO] [stderr]    Compiling tokio v1.28.0
[INFO] [stderr]    Compiling itoa v1.0.6
[INFO] [stderr]    Compiling futures-util v0.3.28
[INFO] [stderr]    Compiling syn v2.0.15
[INFO] [stderr]    Compiling mio v0.8.6
[INFO] [stderr]    Compiling socket2 v0.4.9
[INFO] [stderr]    Compiling num_cpus v1.15.0
[INFO] [stderr]    Compiling serde_derive v1.0.162
[INFO] [stderr]    Compiling futures-io v0.3.28
[INFO] [stderr]    Compiling tracing-core v0.1.30
[INFO] [stderr]    Compiling indexmap v1.9.3
[INFO] [stderr]    Compiling openssl-sys v0.9.87
[INFO] [stderr]    Compiling fnv v1.0.7
[INFO] [stderr]    Compiling foreign-types-shared v0.1.1
[INFO] [stderr]    Compiling openssl v0.10.52
[INFO] [stderr]    Compiling serde v1.0.162
[INFO] [stderr]    Compiling foreign-types v0.3.2
[INFO] [stderr]    Compiling tracing v0.1.37
[INFO] [stderr]    Compiling http v0.2.9
[INFO] [stderr]    Compiling syn v1.0.109
[INFO] [stderr]    Compiling httparse v1.8.0
[INFO] [stderr]    Compiling native-tls v0.2.11
[INFO] [stderr]    Compiling hashbrown v0.12.3
[INFO] [stderr]    Compiling num-traits v0.2.15
[INFO] [stderr]    Compiling try-lock v0.2.4
[INFO] [stderr]    Compiling percent-encoding v2.2.0
[INFO] [stderr]    Compiling openssl-probe v0.1.5
[INFO] [stderr]    Compiling want v0.3.0
[INFO] [stderr]    Compiling form_urlencoded v1.1.0
[INFO] [stderr]    Compiling num-integer v0.1.45
[INFO] [stderr]    Compiling http-body v0.4.5
[INFO] [stderr]    Compiling unicode-bidi v0.3.13
[INFO] [stderr]    Compiling rustversion v1.0.12
[INFO] [stderr]    Compiling ryu v1.0.13
[INFO] [stderr]    Compiling tower-service v0.3.2
[INFO] [stderr]    Compiling httpdate v1.0.2
[INFO] [stderr]    Compiling serde_json v1.0.96
[INFO] [stderr]    Compiling idna v0.3.0
[INFO] [stderr]    Compiling clap_lex v0.4.1
[INFO] [stderr]    Compiling anstyle v1.0.0
[INFO] [stderr]    Compiling anyhow v1.0.71
[INFO] [stderr]    Compiling optional_struct_internal v0.3.1
[INFO] [stderr]    Compiling unicode-width v0.1.10
[INFO] [stderr]    Compiling url v2.3.1
[INFO] [stderr]    Compiling console v0.15.5
[INFO] [stderr]    Compiling dirs-sys v0.4.1
[INFO] [stderr]    Compiling clap_builder v4.2.7
[INFO] [stderr]    Compiling atty v0.2.14
[INFO] [stderr]    Compiling aho-corasick v1.0.1
[INFO] [stderr]    Compiling encoding_rs v0.8.32
[INFO] [stderr]    Compiling iana-time-zone v0.1.56
[INFO] [stderr]    Compiling ipnet v2.7.2
[INFO] [stderr]    Compiling regex-syntax v0.7.1
[INFO] [stderr]    Compiling base64 v0.21.0
[INFO] [stderr]    Compiling mime v0.3.17
[INFO] [stderr]    Compiling pure-rust-locales v0.5.6
[INFO] [stderr]    Compiling dialoguer v0.10.4
[INFO] [stderr]    Compiling futures-macro v0.3.28
[INFO] [stderr]    Compiling tokio-macros v2.1.0
[INFO] [stderr]    Compiling openssl-macros v0.1.1
[INFO] [stderr]    Compiling optional_struct_macro_impl v0.3.1
[INFO] [stderr]    Compiling clap_derive v4.2.0
[INFO] [stderr]    Compiling optional_struct v0.3.1
[INFO] [stderr]    Compiling chrono v0.4.24
[INFO] [stderr]    Compiling regex v1.8.1
[INFO] [stderr]    Compiling strum_macros v0.24.3
[INFO] [stderr]    Compiling futures-executor v0.3.28
[INFO] [stderr]    Compiling clap v4.2.7
[INFO] [stderr]    Compiling colored v2.0.0
[INFO] [stderr]    Compiling futures v0.3.28
[INFO] [stderr]    Compiling directories v5.0.1
[INFO] [stderr]    Compiling tokio-util v0.7.8
[INFO] [stderr]    Compiling tokio-native-tls v0.3.1
[INFO] [stderr]    Compiling strum v0.24.1
[INFO] [stderr]    Compiling scopeguard v1.1.0
[INFO] [stderr]    Compiling h2 v0.3.18
[INFO] [stderr]    Compiling serde_urlencoded v0.7.1
[INFO] [stderr]    Compiling ron v0.8.0
[INFO] [stderr]    Compiling hyper v0.14.26
[INFO] [stderr]    Compiling hyper-tls v0.5.0
[INFO] [stderr]    Compiling reqwest v0.11.17
[INFO] [stderr]    Compiling wthrr v1.1.1 (/opt/rustwide/workdir)
[INFO] [stderr]     Finished dev [unoptimized + debuginfo] target(s) in 19.55s
[INFO] running `Command { std: "docker" "inspect" "d3c5ad8d04ab6f413cce688207b2a6ca49a9437cdab40be583227566acad539f", kill_on_drop: false }`
[INFO] running `Command { std: "docker" "rm" "-f" "d3c5ad8d04ab6f413cce688207b2a6ca49a9437cdab40be583227566acad539f", kill_on_drop: false }`
[INFO] [stdout] d3c5ad8d04ab6f413cce688207b2a6ca49a9437cdab40be583227566acad539f
[INFO] running `Command { std: "docker" "create" "-v" "/var/lib/crater-agent-workspace/builds/worker-3-tc1/target:/opt/rustwide/target:rw,Z" "-v" "/var/lib/crater-agent-workspace/builds/worker-3-tc1/source:/opt/rustwide/workdir:ro,Z" "-v" "/var/lib/crater-agent-workspace/cargo-home:/opt/rustwide/cargo-home:ro,Z" "-v" "/var/lib/crater-agent-workspace/rustup-home:/opt/rustwide/rustup-home:ro,Z" "-e" "SOURCE_DIR=/opt/rustwide/workdir" "-e" "CARGO_TARGET_DIR=/opt/rustwide/target" "-e" "CARGO_INCREMENTAL=0" "-e" "RUST_BACKTRACE=full" "-e" "RUSTFLAGS=--cap-lints=warn" "-e" "RUSTDOCFLAGS=--cap-lints=warn" "-e" "CARGO_HOME=/opt/rustwide/cargo-home" "-e" "RUSTUP_HOME=/opt/rustwide/rustup-home" "-w" "/opt/rustwide/workdir" "-m" "1610612736" "--user" "0:0" "--network" "none" "ghcr.io/rust-lang/crates-build-env/linux@sha256:2788e3201cd34a07e3172128adcd8b3090168a8e3bcc40d7c032b9dda1df7d1c" "/opt/rustwide/cargo-home/bin/cargo" "+1.75.0" "test" "--frozen" "--no-run" "--message-format=json", kill_on_drop: false }`
[INFO] [stdout] 711cbfc98e93ba1312ad09c1b94ef0f1fed69ecb86d70e617e90b446cab388fd
[INFO] running `Command { std: "docker" "start" "-a" "711cbfc98e93ba1312ad09c1b94ef0f1fed69ecb86d70e617e90b446cab388fd", kill_on_drop: false }`
[INFO] [stderr]    Compiling wthrr v1.1.1 (/opt/rustwide/workdir)
[INFO] [stderr]     Finished test [unoptimized + debuginfo] target(s) in 2.91s
[INFO] running `Command { std: "docker" "inspect" "711cbfc98e93ba1312ad09c1b94ef0f1fed69ecb86d70e617e90b446cab388fd", kill_on_drop: false }`
[INFO] running `Command { std: "docker" "rm" "-f" "711cbfc98e93ba1312ad09c1b94ef0f1fed69ecb86d70e617e90b446cab388fd", kill_on_drop: false }`
[INFO] [stdout] 711cbfc98e93ba1312ad09c1b94ef0f1fed69ecb86d70e617e90b446cab388fd
[INFO] running `Command { std: "docker" "create" "-v" "/var/lib/crater-agent-workspace/builds/worker-3-tc1/target:/opt/rustwide/target:rw,Z" "-v" "/var/lib/crater-agent-workspace/builds/worker-3-tc1/source:/opt/rustwide/workdir:ro,Z" "-v" "/var/lib/crater-agent-workspace/cargo-home:/opt/rustwide/cargo-home:ro,Z" "-v" "/var/lib/crater-agent-workspace/rustup-home:/opt/rustwide/rustup-home:ro,Z" "-e" "SOURCE_DIR=/opt/rustwide/workdir" "-e" "CARGO_TARGET_DIR=/opt/rustwide/target" "-e" "CARGO_INCREMENTAL=0" "-e" "RUST_BACKTRACE=full" "-e" "RUSTFLAGS=--cap-lints=warn" "-e" "RUSTDOCFLAGS=--cap-lints=warn" "-e" "CARGO_HOME=/opt/rustwide/cargo-home" "-e" "RUSTUP_HOME=/opt/rustwide/rustup-home" "-w" "/opt/rustwide/workdir" "-m" "1610612736" "--user" "0:0" "--network" "none" "ghcr.io/rust-lang/crates-build-env/linux@sha256:2788e3201cd34a07e3172128adcd8b3090168a8e3bcc40d7c032b9dda1df7d1c" "/opt/rustwide/cargo-home/bin/cargo" "+1.75.0" "test" "--frozen", kill_on_drop: false }`
[INFO] [stdout] e27860b6a7af2097805207d0799610e922e7b7bbd1d6c8931d6d30d06ccecd79
[INFO] running `Command { std: "docker" "start" "-a" "e27860b6a7af2097805207d0799610e922e7b7bbd1d6c8931d6d30d06ccecd79", kill_on_drop: false }`
[INFO] [stderr]     Finished test [unoptimized + debuginfo] target(s) in 0.09s
[INFO] [stderr]      Running unittests src/main.rs (/opt/rustwide/target/debug/deps/wthrr-4c061332545c936c)
[INFO] [stdout] 
[INFO] [stdout] running 9 tests
[INFO] [stdout] test modules::forecast::tests::index_form_day ... ok
[INFO] [stdout] test modules::forecast::tests::forecast_indices ... ok
[INFO] [stdout] test modules::location::tests::address_from_arg ... ok
[INFO] [stdout] test modules::units::tests::units_from_args ... ok
[INFO] [stdout] test modules::location::tests::address_from_cfg ... ok
[INFO] [stdout] test modules::units::tests::units_split_from_args_and_cfg ... ok
[INFO] [stdout] test modules::units::tests::units_from_cfg ... ok
[INFO] [stdout] test modules::localization::tests::translate_string ... FAILED
[INFO] [stdout] test modules::location::tests::geolocation_response ... FAILED
[INFO] [stdout] 
[INFO] [stdout] failures:
[INFO] [stdout] 
[INFO] [stdout] ---- modules::localization::tests::translate_string stdout ----
[INFO] [stdout] Error: error sending request for url (https://translate.googleapis.com/translate_a/single?client=gtx&ie=UTF-8&oe=UTF-8&dt=t&sl=en_US&tl=de_DE&q=tongue-twister): error trying to connect: dns error: failed to lookup address information: Temporary failure in name resolution
[INFO] [stdout] 
[INFO] [stdout] Caused by:
[INFO] [stdout]     0: error trying to connect: dns error: failed to lookup address information: Temporary failure in name resolution
[INFO] [stdout]     1: dns error: failed to lookup address information: Temporary failure in name resolution
[INFO] [stdout]     2: failed to lookup address information: Temporary failure in name resolution
[INFO] [stdout] 
[INFO] [stdout] ---- modules::location::tests::geolocation_response stdout ----
[INFO] [stdout] Error: error sending request for url (https://geocoding-api.open-meteo.com/v1/search?name=berlin&language=de): error trying to connect: dns error: failed to lookup address information: Temporary failure in name resolution
[INFO] [stdout] 
[INFO] [stdout] Caused by:
[INFO] [stdout]     0: error trying to connect: dns error: failed to lookup address information: Temporary failure in name resolution
[INFO] [stdout]     1: dns error: failed to lookup address information: Temporary failure in name resolution
[INFO] [stdout]     2: failed to lookup address information: Temporary failure in name resolution
[INFO] [stdout] 
[INFO] [stdout] 
[INFO] [stdout] failures:
[INFO] [stdout]     modules::localization::tests::translate_string
[INFO] [stdout]     modules::location::tests::geolocation_response
[INFO] [stdout] 
[INFO] [stdout] test result: FAILED. 7 passed; 2 failed; 0 ignored; 0 measured; 0 filtered out; finished in 0.16s
[INFO] [stdout] 
[INFO] [stderr] error: test failed, to rerun pass `--bin wthrr`
[INFO] running `Command { std: "docker" "inspect" "e27860b6a7af2097805207d0799610e922e7b7bbd1d6c8931d6d30d06ccecd79", kill_on_drop: false }`
[INFO] running `Command { std: "docker" "rm" "-f" "e27860b6a7af2097805207d0799610e922e7b7bbd1d6c8931d6d30d06ccecd79", kill_on_drop: false }`
[INFO] [stdout] e27860b6a7af2097805207d0799610e922e7b7bbd1d6c8931d6d30d06ccecd79
