[INFO] fetching crate wtest_basic 0.1.14...
[INFO] testing wtest_basic-0.1.14 against 1.75.0 for beta-1.76-1
[INFO] extracting crate wtest_basic 0.1.14 into /workspace/builds/worker-7-tc1/source
[INFO] validating manifest of crates.io crate wtest_basic 0.1.14 on toolchain 1.75.0
[INFO] running `Command { std: CARGO_HOME="/workspace/cargo-home" RUSTUP_HOME="/workspace/rustup-home" "/workspace/cargo-home/bin/cargo" "+1.75.0" "metadata" "--manifest-path" "Cargo.toml" "--no-deps", kill_on_drop: false }`
[INFO] started tweaking crates.io crate wtest_basic 0.1.14
[INFO] removed 1 missing examples
[INFO] removed 0 missing tests
[INFO] finished tweaking crates.io crate wtest_basic 0.1.14
[INFO] tweaked toml for crates.io crate wtest_basic 0.1.14 written to /workspace/builds/worker-7-tc1/source/Cargo.toml
[INFO] crate crates.io crate wtest_basic 0.1.14 already has a lockfile, it will not be regenerated
[INFO] running `Command { std: CARGO_HOME="/workspace/cargo-home" RUSTUP_HOME="/workspace/rustup-home" "/workspace/cargo-home/bin/cargo" "+1.75.0" "fetch" "--manifest-path" "Cargo.toml", kill_on_drop: false }`
[INFO] [stderr]  Downloading crates ...
[INFO] [stderr]   Downloaded rustversion v1.0.8
[INFO] [stderr]   Downloaded trybuild v1.0.63
[INFO] [stderr]   Downloaded dissimilar v1.0.4
[INFO] [stderr]   Downloaded serde_derive v1.0.139
[INFO] [stderr]   Downloaded serde v1.0.139
[INFO] [stderr]   Downloaded meta_tools_min v0.2.12
[INFO] [stderr]   Downloaded mod_interface v0.1.13
[INFO] [stderr]   Downloaded meta_tools v0.2.16
[INFO] [stderr]   Downloaded mod_interface_meta v0.1.8
[INFO] [stderr]   Downloaded proc_macro_tools v0.1.15
[INFO] running `Command { std: "docker" "create" "-v" "/var/lib/crater-agent-workspace/builds/worker-7-tc1/target:/opt/rustwide/target:rw,Z" "-v" "/var/lib/crater-agent-workspace/builds/worker-7-tc1/source:/opt/rustwide/workdir:ro,Z" "-v" "/var/lib/crater-agent-workspace/cargo-home:/opt/rustwide/cargo-home:ro,Z" "-v" "/var/lib/crater-agent-workspace/rustup-home:/opt/rustwide/rustup-home:ro,Z" "-e" "SOURCE_DIR=/opt/rustwide/workdir" "-e" "CARGO_TARGET_DIR=/opt/rustwide/target" "-e" "CARGO_HOME=/opt/rustwide/cargo-home" "-e" "RUSTUP_HOME=/opt/rustwide/rustup-home" "-w" "/opt/rustwide/workdir" "-m" "1610612736" "--user" "0:0" "--network" "none" "ghcr.io/rust-lang/crates-build-env/linux@sha256:2788e3201cd34a07e3172128adcd8b3090168a8e3bcc40d7c032b9dda1df7d1c" "/opt/rustwide/cargo-home/bin/cargo" "+1.75.0" "metadata" "--no-deps" "--format-version=1", kill_on_drop: false }`
[INFO] [stdout] c1349d8f47331c96a1be6567df62bc08b9c134650c9f22c4b0f1873987c59216
[INFO] running `Command { std: "docker" "start" "-a" "c1349d8f47331c96a1be6567df62bc08b9c134650c9f22c4b0f1873987c59216", kill_on_drop: false }`
[INFO] running `Command { std: "docker" "inspect" "c1349d8f47331c96a1be6567df62bc08b9c134650c9f22c4b0f1873987c59216", kill_on_drop: false }`
[INFO] running `Command { std: "docker" "rm" "-f" "c1349d8f47331c96a1be6567df62bc08b9c134650c9f22c4b0f1873987c59216", kill_on_drop: false }`
[INFO] [stdout] c1349d8f47331c96a1be6567df62bc08b9c134650c9f22c4b0f1873987c59216
[INFO] running `Command { std: "docker" "create" "-v" "/var/lib/crater-agent-workspace/builds/worker-7-tc1/target:/opt/rustwide/target:rw,Z" "-v" "/var/lib/crater-agent-workspace/builds/worker-7-tc1/source:/opt/rustwide/workdir:ro,Z" "-v" "/var/lib/crater-agent-workspace/cargo-home:/opt/rustwide/cargo-home:ro,Z" "-v" "/var/lib/crater-agent-workspace/rustup-home:/opt/rustwide/rustup-home:ro,Z" "-e" "SOURCE_DIR=/opt/rustwide/workdir" "-e" "CARGO_TARGET_DIR=/opt/rustwide/target" "-e" "CARGO_INCREMENTAL=0" "-e" "RUST_BACKTRACE=full" "-e" "RUSTFLAGS=--cap-lints=warn" "-e" "RUSTDOCFLAGS=--cap-lints=warn" "-e" "CARGO_HOME=/opt/rustwide/cargo-home" "-e" "RUSTUP_HOME=/opt/rustwide/rustup-home" "-w" "/opt/rustwide/workdir" "-m" "1610612736" "--user" "0:0" "--network" "none" "ghcr.io/rust-lang/crates-build-env/linux@sha256:2788e3201cd34a07e3172128adcd8b3090168a8e3bcc40d7c032b9dda1df7d1c" "/opt/rustwide/cargo-home/bin/cargo" "+1.75.0" "build" "--frozen" "--message-format=json", kill_on_drop: false }`
[INFO] [stdout] b63baddb418cd86926066cd88000ba10c4335d31846a76767d0e472c913de6c6
[INFO] running `Command { std: "docker" "start" "-a" "b63baddb418cd86926066cd88000ba10c4335d31846a76767d0e472c913de6c6", kill_on_drop: false }`
[INFO] [stderr]    Compiling proc-macro2 v1.0.40
[INFO] [stderr]    Compiling unicode-ident v1.0.2
[INFO] [stderr]    Compiling quote v1.0.20
[INFO] [stderr]    Compiling syn v1.0.98
[INFO] [stderr]    Compiling type_constructor v0.1.19
[INFO] [stderr]    Compiling winterval v0.1.5
[INFO] [stderr]    Compiling memchr v2.5.0
[INFO] [stderr]    Compiling once_cell v1.13.0
[INFO] [stderr]    Compiling regex-syntax v0.6.27
[INFO] [stderr]    Compiling convert_case v0.4.0
[INFO] [stderr]    Compiling either v1.6.1
[INFO] [stderr]    Compiling serde v1.0.139
[INFO] [stderr]    Compiling mod_interface_runtime v0.1.1
[INFO] [stderr]    Compiling for_each v0.1.3
[INFO] [stderr]    Compiling literally v0.1.3
[INFO] [stderr]    Compiling former_runtime v0.1.11
[INFO] [stderr]    Compiling convert_case v0.5.0
[INFO] [stderr]    Compiling serde_json v1.0.82
[INFO] [stderr]    Compiling serde_derive v1.0.139
[INFO] [stderr]    Compiling num-traits v0.2.15
[INFO] [stderr]    Compiling itoa v1.0.2
[INFO] [stderr]    Compiling itertools v0.10.3
[INFO] [stderr]    Compiling rustversion v1.0.8
[INFO] [stderr]    Compiling ansi_term v0.12.1
[INFO] [stderr]    Compiling trybuild v1.0.63
[INFO] [stderr]    Compiling anyhow v1.0.58
[INFO] [stderr]    Compiling diff v0.1.13
[INFO] [stderr]    Compiling ryu v1.0.10
[INFO] [stderr]    Compiling is_slice v0.1.1
[INFO] [stderr]    Compiling implements v0.1.1
[INFO] [stderr]    Compiling glob v0.3.0
[INFO] [stderr]    Compiling termcolor v1.1.3
[INFO] [stderr]    Compiling pretty_assertions v1.2.1
[INFO] [stderr]    Compiling inspect_type v0.1.2
[INFO] [stderr]    Compiling dissimilar v1.0.4
[INFO] [stderr]    Compiling typing_tools v0.1.5
[INFO] [stderr]    Compiling diagnostics_tools v0.1.3
[INFO] [stderr]    Compiling paste v1.0.7
[INFO] [stderr]    Compiling mem_tools v0.1.1
[INFO] [stderr]    Compiling data_type v0.1.9
[INFO] [stderr]    Compiling aho-corasick v0.7.18
[INFO] [stderr]    Compiling iter_tools v0.1.4
[INFO] [stderr]    Compiling regex v1.6.0
[INFO] [stderr]    Compiling toml v0.5.9
[INFO] [stderr]    Compiling proc_macro_tools v0.1.15
[INFO] [stderr]    Compiling structmeta-derive v0.1.5
[INFO] [stderr]    Compiling clone_dyn_meta v0.1.1
[INFO] [stderr]    Compiling derive_more v0.99.17
[INFO] [stderr]    Compiling impls_index_meta v0.1.1
[INFO] [stderr]    Compiling former_meta v0.1.12
[INFO] [stderr]    Compiling impls_index v0.1.3
[INFO] [stderr]    Compiling clone_dyn v0.1.0
[INFO] [stderr]    Compiling former v0.1.12
[INFO] [stderr]    Compiling woptions_runtime v0.1.3
[INFO] [stderr]    Compiling structmeta v0.1.5
[INFO] [stderr]    Compiling parse-display-derive v0.5.5
[INFO] [stderr]    Compiling parse-display v0.5.5
[INFO] [stderr]    Compiling derive_tools v0.1.5
[INFO] [stderr]    Compiling mod_interface_meta v0.1.8
[INFO] [stderr]    Compiling mod_interface v0.1.13
[INFO] [stderr]    Compiling meta_tools_min v0.2.12
[INFO] [stderr]    Compiling woptions_meta v0.1.3
[INFO] [stderr]    Compiling woptions v0.1.3
[INFO] [stderr]    Compiling meta_tools v0.2.16
[INFO] [stderr]    Compiling wtest_basic v0.1.14 (/opt/rustwide/workdir)
[INFO] [stderr]     Finished dev [unoptimized + debuginfo] target(s) in 11.02s
[INFO] running `Command { std: "docker" "inspect" "b63baddb418cd86926066cd88000ba10c4335d31846a76767d0e472c913de6c6", kill_on_drop: false }`
[INFO] running `Command { std: "docker" "rm" "-f" "b63baddb418cd86926066cd88000ba10c4335d31846a76767d0e472c913de6c6", kill_on_drop: false }`
[INFO] [stdout] b63baddb418cd86926066cd88000ba10c4335d31846a76767d0e472c913de6c6
[INFO] running `Command { std: "docker" "create" "-v" "/var/lib/crater-agent-workspace/builds/worker-7-tc1/target:/opt/rustwide/target:rw,Z" "-v" "/var/lib/crater-agent-workspace/builds/worker-7-tc1/source:/opt/rustwide/workdir:ro,Z" "-v" "/var/lib/crater-agent-workspace/cargo-home:/opt/rustwide/cargo-home:ro,Z" "-v" "/var/lib/crater-agent-workspace/rustup-home:/opt/rustwide/rustup-home:ro,Z" "-e" "SOURCE_DIR=/opt/rustwide/workdir" "-e" "CARGO_TARGET_DIR=/opt/rustwide/target" "-e" "CARGO_INCREMENTAL=0" "-e" "RUST_BACKTRACE=full" "-e" "RUSTFLAGS=--cap-lints=warn" "-e" "RUSTDOCFLAGS=--cap-lints=warn" "-e" "CARGO_HOME=/opt/rustwide/cargo-home" "-e" "RUSTUP_HOME=/opt/rustwide/rustup-home" "-w" "/opt/rustwide/workdir" "-m" "1610612736" "--user" "0:0" "--network" "none" "ghcr.io/rust-lang/crates-build-env/linux@sha256:2788e3201cd34a07e3172128adcd8b3090168a8e3bcc40d7c032b9dda1df7d1c" "/opt/rustwide/cargo-home/bin/cargo" "+1.75.0" "test" "--frozen" "--no-run" "--message-format=json", kill_on_drop: false }`
[INFO] [stdout] 91a8378a3db03586aa1511d916e583e7b4631d31b7df6bf4660e8e96ae6e84a0
[INFO] running `Command { std: "docker" "start" "-a" "91a8378a3db03586aa1511d916e583e7b4631d31b7df6bf4660e8e96ae6e84a0", kill_on_drop: false }`
[INFO] [stderr]    Compiling wtest_basic v0.1.14 (/opt/rustwide/workdir)
[INFO] [stderr]     Finished test [unoptimized + debuginfo] target(s) in 1.26s
[INFO] running `Command { std: "docker" "inspect" "91a8378a3db03586aa1511d916e583e7b4631d31b7df6bf4660e8e96ae6e84a0", kill_on_drop: false }`
[INFO] running `Command { std: "docker" "rm" "-f" "91a8378a3db03586aa1511d916e583e7b4631d31b7df6bf4660e8e96ae6e84a0", kill_on_drop: false }`
[INFO] [stdout] 91a8378a3db03586aa1511d916e583e7b4631d31b7df6bf4660e8e96ae6e84a0
[INFO] running `Command { std: "docker" "create" "-v" "/var/lib/crater-agent-workspace/builds/worker-7-tc1/target:/opt/rustwide/target:rw,Z" "-v" "/var/lib/crater-agent-workspace/builds/worker-7-tc1/source:/opt/rustwide/workdir:ro,Z" "-v" "/var/lib/crater-agent-workspace/cargo-home:/opt/rustwide/cargo-home:ro,Z" "-v" "/var/lib/crater-agent-workspace/rustup-home:/opt/rustwide/rustup-home:ro,Z" "-e" "SOURCE_DIR=/opt/rustwide/workdir" "-e" "CARGO_TARGET_DIR=/opt/rustwide/target" "-e" "CARGO_INCREMENTAL=0" "-e" "RUST_BACKTRACE=full" "-e" "RUSTFLAGS=--cap-lints=warn" "-e" "RUSTDOCFLAGS=--cap-lints=warn" "-e" "CARGO_HOME=/opt/rustwide/cargo-home" "-e" "RUSTUP_HOME=/opt/rustwide/rustup-home" "-w" "/opt/rustwide/workdir" "-m" "1610612736" "--user" "0:0" "--network" "none" "ghcr.io/rust-lang/crates-build-env/linux@sha256:2788e3201cd34a07e3172128adcd8b3090168a8e3bcc40d7c032b9dda1df7d1c" "/opt/rustwide/cargo-home/bin/cargo" "+1.75.0" "test" "--frozen", kill_on_drop: false }`
[INFO] [stdout] f73d934f8d4b659309ab58821652ff3373208a803a2ef39e8ef47dd28dbbbdd0
[INFO] running `Command { std: "docker" "start" "-a" "f73d934f8d4b659309ab58821652ff3373208a803a2ef39e8ef47dd28dbbbdd0", kill_on_drop: false }`
[INFO] [stderr]     Finished test [unoptimized + debuginfo] target(s) in 0.07s
[INFO] [stderr]      Running unittests rust/impl/test/wtest_basic_lib.rs (/opt/rustwide/target/debug/deps/wtest_basic-cbfaeff2aeb93020)
[INFO] [stdout] 
[INFO] [stdout] running 0 tests
[INFO] [stdout] 
[INFO] [stdout] test result: ok. 0 passed; 0 failed; 0 ignored; 0 measured; 0 filtered out; finished in 0.00s
[INFO] [stdout] 
[INFO] [stderr]      Running rust/test/_integration_test/smoke_test.rs (/opt/rustwide/target/debug/deps/wtest_basic_smoke_test-fa39e8f3d6a4eba8)
[INFO] [stdout] 
[INFO] [stdout] running 2 tests
[INFO] [stdout] test local_smoke_test ... ok
[INFO] [stdout] test published_smoke_test ... ok
[INFO] [stdout] 
[INFO] [stdout] test result: ok. 2 passed; 0 failed; 0 ignored; 0 measured; 0 filtered out; finished in 0.00s
[INFO] [stdout] 
[INFO] [stderr]      Running rust/test/test/wtest_basic_tests.rs (/opt/rustwide/target/debug/deps/wtest_basic_test-e638ac57983f34a0)
[INFO] [stdout] 
[INFO] [stdout] running 4 tests
[INFO] [stdout] test inc::basic_test::pass1_test ... ok
[INFO] [stdout] test inc::basic_test::always_test ... ok
[INFO] [stdout] test inc::basic_test::fail1_test ... ok
[INFO] [stderr]    Compiling proc-macro2 v1.0.40
[INFO] [stderr]    Compiling quote v1.0.20
[INFO] [stderr]    Compiling unicode-ident v1.0.2
[INFO] [stderr]    Compiling syn v1.0.98
[INFO] [stderr]    Compiling type_constructor v0.1.19
[INFO] [stderr]    Compiling winterval v0.1.5
[INFO] [stderr]    Compiling memchr v2.5.0
[INFO] [stderr]    Compiling regex-syntax v0.6.27
[INFO] [stderr]    Compiling once_cell v1.13.0
[INFO] [stderr]    Compiling convert_case v0.4.0
[INFO] [stderr]    Compiling either v1.6.1
[INFO] [stderr]    Compiling mod_interface_runtime v0.1.1
[INFO] [stderr]    Compiling serde v1.0.139
[INFO] [stderr]    Compiling former_runtime v0.1.11
[INFO] [stderr]    Compiling literally v0.1.3
[INFO] [stderr]    Compiling for_each v0.1.3
[INFO] [stderr]    Compiling autocfg v1.1.0
[INFO] [stderr]    Compiling serde_json v1.0.82
[INFO] [stderr]    Compiling serde_derive v1.0.139
[INFO] [stderr]    Compiling convert_case v0.5.0
[INFO] [stderr]    Compiling anyhow v1.0.58
[INFO] [stderr]    Compiling itertools v0.10.3
[INFO] [stderr]    Compiling itoa v1.0.2
[INFO] [stderr]    Compiling rustversion v1.0.8
[INFO] [stderr]    Compiling diff v0.1.13
[INFO] [stderr]    Compiling ansi_term v0.12.1
[INFO] [stderr]    Compiling trybuild v1.0.63
[INFO] [stderr]    Compiling ryu v1.0.10
[INFO] [stderr]    Compiling glob v0.3.0
[INFO] [stderr]    Compiling pretty_assertions v1.2.1
[INFO] [stderr]    Compiling termcolor v1.1.3
[INFO] [stderr]    Compiling is_slice v0.1.1
[INFO] [stderr]    Compiling dissimilar v1.0.4
[INFO] [stderr]    Compiling implements v0.1.1
[INFO] [stderr]    Compiling inspect_type v0.1.2
[INFO] [stderr]    Compiling diagnostics_tools v0.1.3
[INFO] [stderr]    Compiling num-traits v0.2.15
[INFO] [stderr]    Compiling aho-corasick v0.7.18
[INFO] [stderr]    Compiling typing_tools v0.1.5
[INFO] [stderr]    Compiling data_type v0.1.9
[INFO] [stderr]    Compiling mem_tools v0.1.1
[INFO] [stderr]    Compiling paste v1.0.7
[INFO] [stderr]    Compiling iter_tools v0.1.4
[INFO] [stderr]    Compiling regex v1.6.0
[INFO] [stderr]    Compiling toml v0.5.9
[INFO] [stderr]    Compiling proc_macro_tools v0.1.15
[INFO] [stderr]    Compiling structmeta-derive v0.1.5
[INFO] [stderr]    Compiling clone_dyn_meta v0.1.1
[INFO] [stderr]    Compiling derive_more v0.99.17
[INFO] [stderr]    Compiling impls_index_meta v0.1.1
[INFO] [stderr]    Compiling former_meta v0.1.12
[INFO] [stderr]    Compiling impls_index v0.1.3
[INFO] [stderr]    Compiling clone_dyn v0.1.0
[INFO] [stderr]    Compiling former v0.1.12
[INFO] [stderr]    Compiling woptions_runtime v0.1.3
[INFO] [stderr]    Compiling structmeta v0.1.5
[INFO] [stderr]    Compiling parse-display-derive v0.5.5
[INFO] [stderr]    Compiling parse-display v0.5.5
[INFO] [stderr]    Compiling derive_tools v0.1.5
[INFO] [stderr]    Compiling mod_interface_meta v0.1.8
[INFO] [stderr]    Compiling mod_interface v0.1.13
[INFO] [stderr]    Compiling meta_tools_min v0.2.12
[INFO] [stderr]    Compiling woptions_meta v0.1.3
[INFO] [stderr]    Compiling woptions v0.1.3
[INFO] [stderr]    Compiling meta_tools v0.2.16
[INFO] [stderr]    Compiling wtest_basic v0.1.14 (/opt/rustwide/workdir)
[INFO] [stderr]    Compiling wtest_basic-tests v0.0.0 (/opt/rustwide/target/tests/wtest_basic)
[INFO] [stderr]     Finished dev [unoptimized + debuginfo] target(s) in 15.28s
[INFO] [stderr] 
[INFO] [stderr] 
[INFO] [stderr] test ../../../rust/test/test/dynamic/trybuild.rs ... error
[INFO] [stderr] ../../../rust/test/test/dynamic/trybuild.rs: No such file or directory (os error 2)
[INFO] [stderr] 
[INFO] [stderr] 
[INFO] [stderr] 
[INFO] [stdout] test trybuild_test ... FAILED
[INFO] [stdout] 
[INFO] [stdout] failures:
[INFO] [stdout] 
[INFO] [stdout] ---- trybuild_test stdout ----
[INFO] [stdout] thread 'trybuild_test' panicked at /opt/rustwide/cargo-home/registry/src/index.crates.io-6f17d22bba15001f/trybuild-1.0.63/src/run.rs:101:13:
[INFO] [stdout] 1 of 1 tests failed
[INFO] [stdout] stack backtrace:
[INFO] [stdout]    0:     0x56407215a5ac - std::backtrace_rs::backtrace::libunwind::trace::ha637c64ce894333a
[INFO] [stdout]                                at /rustc/82e1608dfa6e0b5569232559e3d385fea5a93112/library/std/src/../../backtrace/src/backtrace/libunwind.rs:104:5
[INFO] [stdout]    1:     0x56407215a5ac - std::backtrace_rs::backtrace::trace_unsynchronized::h47f62dea28e0c88d
[INFO] [stdout]                                at /rustc/82e1608dfa6e0b5569232559e3d385fea5a93112/library/std/src/../../backtrace/src/backtrace/mod.rs:66:5
[INFO] [stdout]    2:     0x56407215a5ac - std::sys_common::backtrace::_print_fmt::h9eef0abe20ede486
[INFO] [stdout]                                at /rustc/82e1608dfa6e0b5569232559e3d385fea5a93112/library/std/src/sys_common/backtrace.rs:67:5
[INFO] [stdout]    3:     0x56407215a5ac - <std::sys_common::backtrace::_print::DisplayBacktrace as core::fmt::Display>::fmt::hed7f999df88cc644
[INFO] [stdout]                                at /rustc/82e1608dfa6e0b5569232559e3d385fea5a93112/library/std/src/sys_common/backtrace.rs:44:22
[INFO] [stdout]    4:     0x5640721869e0 - core::fmt::rt::Argument::fmt::h1539a9308b8d058d
[INFO] [stdout]                                at /rustc/82e1608dfa6e0b5569232559e3d385fea5a93112/library/core/src/fmt/rt.rs:142:9
[INFO] [stdout]    5:     0x5640721869e0 - core::fmt::write::h3a39390d8560d9c9
[INFO] [stdout]                                at /rustc/82e1608dfa6e0b5569232559e3d385fea5a93112/library/core/src/fmt/mod.rs:1120:17
[INFO] [stdout]    6:     0x56407215745f - std::io::Write::write_fmt::h040b369f3a0f9cbc
[INFO] [stdout]                                at /rustc/82e1608dfa6e0b5569232559e3d385fea5a93112/library/std/src/io/mod.rs:1762:15
[INFO] [stdout]    7:     0x56407215a394 - std::sys_common::backtrace::_print::h894006fb5c6f3d45
[INFO] [stdout]                                at /rustc/82e1608dfa6e0b5569232559e3d385fea5a93112/library/std/src/sys_common/backtrace.rs:47:5
[INFO] [stdout]    8:     0x56407215a394 - std::sys_common::backtrace::print::h23a2d212c6fff936
[INFO] [stdout]                                at /rustc/82e1608dfa6e0b5569232559e3d385fea5a93112/library/std/src/sys_common/backtrace.rs:34:9
[INFO] [stdout]    9:     0x56407215c057 - std::panicking::default_hook::{{closure}}::h8a1d2ee00185001a
[INFO] [stdout]   10:     0x56407215bd43 - std::panicking::default_hook::h6038f2eba384e475
[INFO] [stdout]                                at /rustc/82e1608dfa6e0b5569232559e3d385fea5a93112/library/std/src/panicking.rs:289:9
[INFO] [stdout]   11:     0x564071f18cc7 - <alloc::boxed::Box<F,A> as core::ops::function::Fn<Args>>::call::h0ad024c9bdc6d768
[INFO] [stdout]                                at /rustc/82e1608dfa6e0b5569232559e3d385fea5a93112/library/alloc/src/boxed.rs:2021:9
[INFO] [stdout]   12:     0x564071f18cc7 - test::test_main::{{closure}}::h7500b54257359db6
[INFO] [stdout]                                at /rustc/82e1608dfa6e0b5569232559e3d385fea5a93112/library/test/src/lib.rs:138:21
[INFO] [stdout]   13:     0x56407215c668 - <alloc::boxed::Box<F,A> as core::ops::function::Fn<Args>>::call::h1f8f335eaa9cfaee
[INFO] [stdout]                                at /rustc/82e1608dfa6e0b5569232559e3d385fea5a93112/library/alloc/src/boxed.rs:2021:9
[INFO] [stdout]   14:     0x56407215c668 - std::panicking::rust_panic_with_hook::h2b5517d590cab22e
[INFO] [stdout]                                at /rustc/82e1608dfa6e0b5569232559e3d385fea5a93112/library/std/src/panicking.rs:783:13
[INFO] [stdout]   15:     0x56407215c3be - std::panicking::begin_panic_handler::{{closure}}::h233112c06e0ef43e
[INFO] [stdout]                                at /rustc/82e1608dfa6e0b5569232559e3d385fea5a93112/library/std/src/panicking.rs:657:13
[INFO] [stdout]   16:     0x56407215aa76 - std::sys_common::backtrace::__rust_end_short_backtrace::h6e893f24d7ebbff8
[INFO] [stdout]                                at /rustc/82e1608dfa6e0b5569232559e3d385fea5a93112/library/std/src/sys_common/backtrace.rs:170:18
[INFO] [stdout]   17:     0x56407215c122 - rust_begin_unwind
[INFO] [stdout]                                at /rustc/82e1608dfa6e0b5569232559e3d385fea5a93112/library/std/src/panicking.rs:645:5
[INFO] [stdout]   18:     0x564071edffc5 - core::panicking::panic_fmt::hbf0e066aabfa482c
[INFO] [stdout]                                at /rustc/82e1608dfa6e0b5569232559e3d385fea5a93112/library/core/src/panicking.rs:72:14
[INFO] [stdout]   19:     0x564071f48213 - trybuild::run::<impl trybuild::Runner>::run::h0be523e109e0c45f
[INFO] [stdout]                                at /opt/rustwide/cargo-home/registry/src/index.crates.io-6f17d22bba15001f/trybuild-1.0.63/src/run.rs:101:13
[INFO] [stdout]   20:     0x564071f4cf78 - <trybuild::TestCases as core::ops::drop::Drop>::drop::h5e08fc5e6472493e
[INFO] [stdout]                                at /opt/rustwide/cargo-home/registry/src/index.crates.io-6f17d22bba15001f/trybuild-1.0.63/src/lib.rs:310:13
[INFO] [stdout]   21:     0x564071ee31d7 - core::ptr::drop_in_place<trybuild::TestCases>::hdfc3d4e64b56487b
[INFO] [stdout]                                at /rustc/82e1608dfa6e0b5569232559e3d385fea5a93112/library/core/src/ptr/mod.rs:498:1
[INFO] [stdout]   22:     0x564071ee52e3 - wtest_basic_test::trybuild_test::h98ffae58ce9fd2db
[INFO] [stdout]                                at /opt/rustwide/workdir/rust/test/test/wtest_basic_tests.rs:14:1
[INFO] [stdout]   23:     0x564071ee5277 - wtest_basic_test::trybuild_test::{{closure}}::hcd5be94f231c5aff
[INFO] [stdout]                                at /opt/rustwide/workdir/rust/test/test/wtest_basic_tests.rs:8:19
[INFO] [stdout]   24:     0x564071ee3116 - core::ops::function::FnOnce::call_once::h85693b03200233ac
[INFO] [stdout]                                at /rustc/82e1608dfa6e0b5569232559e3d385fea5a93112/library/core/src/ops/function.rs:250:5
[INFO] [stdout]   25:     0x564071f1e31f - core::ops::function::FnOnce::call_once::h2b5d431d5046312d
[INFO] [stdout]                                at /rustc/82e1608dfa6e0b5569232559e3d385fea5a93112/library/core/src/ops/function.rs:250:5
[INFO] [stdout]   26:     0x564071f1e31f - test::__rust_begin_short_backtrace::h7714669af176e207
[INFO] [stdout]                                at /rustc/82e1608dfa6e0b5569232559e3d385fea5a93112/library/test/src/lib.rs:628:18
[INFO] [stdout]   27:     0x564071f1d335 - test::run_test_in_process::{{closure}}::h85218797dcbcec12
[INFO] [stdout]                                at /rustc/82e1608dfa6e0b5569232559e3d385fea5a93112/library/test/src/lib.rs:651:60
[INFO] [stdout]   28:     0x564071f1d335 - <core::panic::unwind_safe::AssertUnwindSafe<F> as core::ops::function::FnOnce<()>>::call_once::h76c106ea31c14d7b
[INFO] [stdout]                                at /rustc/82e1608dfa6e0b5569232559e3d385fea5a93112/library/core/src/panic/unwind_safe.rs:272:9
[INFO] [stdout]   29:     0x564071f1d335 - std::panicking::try::do_call::h3bd5d0f6620ee946
[INFO] [stdout]                                at /rustc/82e1608dfa6e0b5569232559e3d385fea5a93112/library/std/src/panicking.rs:552:40
[INFO] [stdout]   30:     0x564071f1d335 - std::panicking::try::h232e535e4744fe31
[INFO] [stdout]                                at /rustc/82e1608dfa6e0b5569232559e3d385fea5a93112/library/std/src/panicking.rs:516:19
[INFO] [stdout]   31:     0x564071f1d335 - std::panic::catch_unwind::h3ce3bd6ca8dbac68
[INFO] [stdout]                                at /rustc/82e1608dfa6e0b5569232559e3d385fea5a93112/library/std/src/panic.rs:142:14
[INFO] [stdout]   32:     0x564071f1d335 - test::run_test_in_process::hc97b257c9621286a
[INFO] [stdout]                                at /rustc/82e1608dfa6e0b5569232559e3d385fea5a93112/library/test/src/lib.rs:651:27
[INFO] [stdout]   33:     0x564071f1d335 - test::run_test::{{closure}}::h2aa798823a438d38
[INFO] [stdout]                                at /rustc/82e1608dfa6e0b5569232559e3d385fea5a93112/library/test/src/lib.rs:574:43
[INFO] [stdout]   34:     0x564071ee55f6 - test::run_test::{{closure}}::h87d231c78fb59832
[INFO] [stdout]                                at /rustc/82e1608dfa6e0b5569232559e3d385fea5a93112/library/test/src/lib.rs:602:41
[INFO] [stdout]   35:     0x564071ee55f6 - std::sys_common::backtrace::__rust_begin_short_backtrace::he6df152596625789
[INFO] [stdout]                                at /rustc/82e1608dfa6e0b5569232559e3d385fea5a93112/library/std/src/sys_common/backtrace.rs:154:18
[INFO] [stdout]   36:     0x564071eea6a7 - std::thread::Builder::spawn_unchecked_::{{closure}}::{{closure}}::ha94be15d1e0acf36
[INFO] [stdout]                                at /rustc/82e1608dfa6e0b5569232559e3d385fea5a93112/library/std/src/thread/mod.rs:529:17
[INFO] [stdout]   37:     0x564071eea6a7 - <core::panic::unwind_safe::AssertUnwindSafe<F> as core::ops::function::FnOnce<()>>::call_once::h9dc6bd6372f16606
[INFO] [stdout]                                at /rustc/82e1608dfa6e0b5569232559e3d385fea5a93112/library/core/src/panic/unwind_safe.rs:272:9
[INFO] [stdout]   38:     0x564071eea6a7 - std::panicking::try::do_call::h9057517f80303cd4
[INFO] [stdout]                                at /rustc/82e1608dfa6e0b5569232559e3d385fea5a93112/library/std/src/panicking.rs:552:40
[INFO] [stdout]   39:     0x564071eea6a7 - std::panicking::try::he3a30b11ee45340c
[INFO] [stdout]                                at /rustc/82e1608dfa6e0b5569232559e3d385fea5a93112/library/std/src/panicking.rs:516:19
[INFO] [stdout]   40:     0x564071eea6a7 - std::panic::catch_unwind::h410458cfd3528b8b
[INFO] [stdout]                                at /rustc/82e1608dfa6e0b5569232559e3d385fea5a93112/library/std/src/panic.rs:142:14
[INFO] [stdout]   41:     0x564071eea6a7 - std::thread::Builder::spawn_unchecked_::{{closure}}::h72ac3bdb567b737b
[INFO] [stdout]                                at /rustc/82e1608dfa6e0b5569232559e3d385fea5a93112/library/std/src/thread/mod.rs:528:30
[INFO] [stdout]   42:     0x564071eea6a7 - core::ops::function::FnOnce::call_once{{vtable.shim}}::h38f34da3654a8344
[INFO] [stdout]                                at /rustc/82e1608dfa6e0b5569232559e3d385fea5a93112/library/core/src/ops/function.rs:250:5
[INFO] [stdout]   43:     0x564072162245 - <alloc::boxed::Box<F,A> as core::ops::function::FnOnce<Args>>::call_once::hc7eafaff61e32df9
[INFO] [stdout]                                at /rustc/82e1608dfa6e0b5569232559e3d385fea5a93112/library/alloc/src/boxed.rs:2007:9
[INFO] [stdout]   44:     0x564072162245 - <alloc::boxed::Box<F,A> as core::ops::function::FnOnce<Args>>::call_once::h6ba4a5de48dd2304
[INFO] [stdout]                                at /rustc/82e1608dfa6e0b5569232559e3d385fea5a93112/library/alloc/src/boxed.rs:2007:9
[INFO] [stdout]   45:     0x564072162245 - std::sys::unix::thread::Thread::new::thread_start::he469335aef763e45
[INFO] [stdout]                                at /rustc/82e1608dfa6e0b5569232559e3d385fea5a93112/library/std/src/sys/unix/thread.rs:108:17
[INFO] [stdout]   46:     0x7f402ca19ac3 - <unknown>
[INFO] [stdout]   47:     0x7f402caaabf4 - __clone
[INFO] [stdout]   48:                0x0 - <unknown>
[INFO] [stdout] 
[INFO] [stdout] 
[INFO] [stdout] failures:
[INFO] [stdout]     trybuild_test
[INFO] [stdout] 
[INFO] [stdout] test result: FAILED. 3 passed; 1 failed; 0 ignored; 0 measured; 0 filtered out; finished in 15.33s
[INFO] [stdout] 
[INFO] [stderr] error: test failed, to rerun pass `--test wtest_basic_test`
[INFO] running `Command { std: "docker" "inspect" "f73d934f8d4b659309ab58821652ff3373208a803a2ef39e8ef47dd28dbbbdd0", kill_on_drop: false }`
[INFO] running `Command { std: "docker" "rm" "-f" "f73d934f8d4b659309ab58821652ff3373208a803a2ef39e8ef47dd28dbbbdd0", kill_on_drop: false }`
[INFO] [stdout] f73d934f8d4b659309ab58821652ff3373208a803a2ef39e8ef47dd28dbbbdd0
