[INFO] fetching crate wsl 0.1.0...
[INFO] testing wsl-0.1.0 against 1.75.0 for beta-1.76-1
[INFO] extracting crate wsl 0.1.0 into /workspace/builds/worker-5-tc1/source
[INFO] validating manifest of crates.io crate wsl 0.1.0 on toolchain 1.75.0
[INFO] running `Command { std: CARGO_HOME="/workspace/cargo-home" RUSTUP_HOME="/workspace/rustup-home" "/workspace/cargo-home/bin/cargo" "+1.75.0" "metadata" "--manifest-path" "Cargo.toml" "--no-deps", kill_on_drop: false }`
[INFO] started tweaking crates.io crate wsl 0.1.0
[INFO] finished tweaking crates.io crate wsl 0.1.0
[INFO] tweaked toml for crates.io crate wsl 0.1.0 written to /workspace/builds/worker-5-tc1/source/Cargo.toml
[INFO] running `Command { std: CARGO_HOME="/workspace/cargo-home" RUSTUP_HOME="/workspace/rustup-home" "/workspace/cargo-home/bin/cargo" "+1.75.0" "generate-lockfile" "--manifest-path" "Cargo.toml", kill_on_drop: false }`
[INFO] running `Command { std: CARGO_HOME="/workspace/cargo-home" RUSTUP_HOME="/workspace/rustup-home" "/workspace/cargo-home/bin/cargo" "+1.75.0" "fetch" "--manifest-path" "Cargo.toml", kill_on_drop: false }`
[INFO] running `Command { std: "docker" "create" "-v" "/var/lib/crater-agent-workspace/builds/worker-5-tc1/target:/opt/rustwide/target:rw,Z" "-v" "/var/lib/crater-agent-workspace/builds/worker-5-tc1/source:/opt/rustwide/workdir:ro,Z" "-v" "/var/lib/crater-agent-workspace/cargo-home:/opt/rustwide/cargo-home:ro,Z" "-v" "/var/lib/crater-agent-workspace/rustup-home:/opt/rustwide/rustup-home:ro,Z" "-e" "SOURCE_DIR=/opt/rustwide/workdir" "-e" "CARGO_TARGET_DIR=/opt/rustwide/target" "-e" "CARGO_HOME=/opt/rustwide/cargo-home" "-e" "RUSTUP_HOME=/opt/rustwide/rustup-home" "-w" "/opt/rustwide/workdir" "-m" "1610612736" "--user" "0:0" "--network" "none" "ghcr.io/rust-lang/crates-build-env/linux@sha256:2788e3201cd34a07e3172128adcd8b3090168a8e3bcc40d7c032b9dda1df7d1c" "/opt/rustwide/cargo-home/bin/cargo" "+1.75.0" "metadata" "--no-deps" "--format-version=1", kill_on_drop: false }`
[INFO] [stdout] b46971756ca976c54f6027f14b2494cb0b9d2b46a32cfdb7d6b230d189ab1f99
[INFO] running `Command { std: "docker" "start" "-a" "b46971756ca976c54f6027f14b2494cb0b9d2b46a32cfdb7d6b230d189ab1f99", kill_on_drop: false }`
[INFO] running `Command { std: "docker" "inspect" "b46971756ca976c54f6027f14b2494cb0b9d2b46a32cfdb7d6b230d189ab1f99", kill_on_drop: false }`
[INFO] running `Command { std: "docker" "rm" "-f" "b46971756ca976c54f6027f14b2494cb0b9d2b46a32cfdb7d6b230d189ab1f99", kill_on_drop: false }`
[INFO] [stdout] b46971756ca976c54f6027f14b2494cb0b9d2b46a32cfdb7d6b230d189ab1f99
[INFO] running `Command { std: "docker" "create" "-v" "/var/lib/crater-agent-workspace/builds/worker-5-tc1/target:/opt/rustwide/target:rw,Z" "-v" "/var/lib/crater-agent-workspace/builds/worker-5-tc1/source:/opt/rustwide/workdir:ro,Z" "-v" "/var/lib/crater-agent-workspace/cargo-home:/opt/rustwide/cargo-home:ro,Z" "-v" "/var/lib/crater-agent-workspace/rustup-home:/opt/rustwide/rustup-home:ro,Z" "-e" "SOURCE_DIR=/opt/rustwide/workdir" "-e" "CARGO_TARGET_DIR=/opt/rustwide/target" "-e" "CARGO_INCREMENTAL=0" "-e" "RUST_BACKTRACE=full" "-e" "RUSTFLAGS=--cap-lints=warn" "-e" "RUSTDOCFLAGS=--cap-lints=warn" "-e" "CARGO_HOME=/opt/rustwide/cargo-home" "-e" "RUSTUP_HOME=/opt/rustwide/rustup-home" "-w" "/opt/rustwide/workdir" "-m" "1610612736" "--user" "0:0" "--network" "none" "ghcr.io/rust-lang/crates-build-env/linux@sha256:2788e3201cd34a07e3172128adcd8b3090168a8e3bcc40d7c032b9dda1df7d1c" "/opt/rustwide/cargo-home/bin/cargo" "+1.75.0" "build" "--frozen" "--message-format=json", kill_on_drop: false }`
[INFO] [stdout] 7d04a8ae92aa49dff8a3e491a416177fe531149067c7f3b772999a6f9712040d
[INFO] running `Command { std: "docker" "start" "-a" "7d04a8ae92aa49dff8a3e491a416177fe531149067c7f3b772999a6f9712040d", kill_on_drop: false }`
[INFO] [stderr]    Compiling wsl v0.1.0 (/opt/rustwide/workdir)
[INFO] [stderr]     Finished dev [unoptimized + debuginfo] target(s) in 0.17s
[INFO] running `Command { std: "docker" "inspect" "7d04a8ae92aa49dff8a3e491a416177fe531149067c7f3b772999a6f9712040d", kill_on_drop: false }`
[INFO] running `Command { std: "docker" "rm" "-f" "7d04a8ae92aa49dff8a3e491a416177fe531149067c7f3b772999a6f9712040d", kill_on_drop: false }`
[INFO] [stdout] 7d04a8ae92aa49dff8a3e491a416177fe531149067c7f3b772999a6f9712040d
[INFO] running `Command { std: "docker" "create" "-v" "/var/lib/crater-agent-workspace/builds/worker-5-tc1/target:/opt/rustwide/target:rw,Z" "-v" "/var/lib/crater-agent-workspace/builds/worker-5-tc1/source:/opt/rustwide/workdir:ro,Z" "-v" "/var/lib/crater-agent-workspace/cargo-home:/opt/rustwide/cargo-home:ro,Z" "-v" "/var/lib/crater-agent-workspace/rustup-home:/opt/rustwide/rustup-home:ro,Z" "-e" "SOURCE_DIR=/opt/rustwide/workdir" "-e" "CARGO_TARGET_DIR=/opt/rustwide/target" "-e" "CARGO_INCREMENTAL=0" "-e" "RUST_BACKTRACE=full" "-e" "RUSTFLAGS=--cap-lints=warn" "-e" "RUSTDOCFLAGS=--cap-lints=warn" "-e" "CARGO_HOME=/opt/rustwide/cargo-home" "-e" "RUSTUP_HOME=/opt/rustwide/rustup-home" "-w" "/opt/rustwide/workdir" "-m" "1610612736" "--user" "0:0" "--network" "none" "ghcr.io/rust-lang/crates-build-env/linux@sha256:2788e3201cd34a07e3172128adcd8b3090168a8e3bcc40d7c032b9dda1df7d1c" "/opt/rustwide/cargo-home/bin/cargo" "+1.75.0" "test" "--frozen" "--no-run" "--message-format=json", kill_on_drop: false }`
[INFO] [stdout] 7b186c53cde313e48da0db28ef3b767f16845ef050257c05470980049a3f71bb
[INFO] running `Command { std: "docker" "start" "-a" "7b186c53cde313e48da0db28ef3b767f16845ef050257c05470980049a3f71bb", kill_on_drop: false }`
[INFO] [stderr]    Compiling wsl v0.1.0 (/opt/rustwide/workdir)
[INFO] [stderr]     Finished test [unoptimized + debuginfo] target(s) in 0.27s
[INFO] running `Command { std: "docker" "inspect" "7b186c53cde313e48da0db28ef3b767f16845ef050257c05470980049a3f71bb", kill_on_drop: false }`
[INFO] running `Command { std: "docker" "rm" "-f" "7b186c53cde313e48da0db28ef3b767f16845ef050257c05470980049a3f71bb", kill_on_drop: false }`
[INFO] [stdout] 7b186c53cde313e48da0db28ef3b767f16845ef050257c05470980049a3f71bb
[INFO] running `Command { std: "docker" "create" "-v" "/var/lib/crater-agent-workspace/builds/worker-5-tc1/target:/opt/rustwide/target:rw,Z" "-v" "/var/lib/crater-agent-workspace/builds/worker-5-tc1/source:/opt/rustwide/workdir:ro,Z" "-v" "/var/lib/crater-agent-workspace/cargo-home:/opt/rustwide/cargo-home:ro,Z" "-v" "/var/lib/crater-agent-workspace/rustup-home:/opt/rustwide/rustup-home:ro,Z" "-e" "SOURCE_DIR=/opt/rustwide/workdir" "-e" "CARGO_TARGET_DIR=/opt/rustwide/target" "-e" "CARGO_INCREMENTAL=0" "-e" "RUST_BACKTRACE=full" "-e" "RUSTFLAGS=--cap-lints=warn" "-e" "RUSTDOCFLAGS=--cap-lints=warn" "-e" "CARGO_HOME=/opt/rustwide/cargo-home" "-e" "RUSTUP_HOME=/opt/rustwide/rustup-home" "-w" "/opt/rustwide/workdir" "-m" "1610612736" "--user" "0:0" "--network" "none" "ghcr.io/rust-lang/crates-build-env/linux@sha256:2788e3201cd34a07e3172128adcd8b3090168a8e3bcc40d7c032b9dda1df7d1c" "/opt/rustwide/cargo-home/bin/cargo" "+1.75.0" "test" "--frozen", kill_on_drop: false }`
[INFO] [stdout] 77d53f0ad5fcef663f5a32eaaccee562d8da59f4713d3a33c696b1dbd3a0fb1e
[INFO] running `Command { std: "docker" "start" "-a" "77d53f0ad5fcef663f5a32eaaccee562d8da59f4713d3a33c696b1dbd3a0fb1e", kill_on_drop: false }`
[INFO] [stderr]     Finished test [unoptimized + debuginfo] target(s) in 0.01s
[INFO] [stderr]      Running unittests src/lib.rs (/opt/rustwide/target/debug/deps/wsl-5d1348949d3fc341)
[INFO] [stdout] 
[INFO] [stdout] running 0 tests
[INFO] [stdout] 
[INFO] [stdout] test result: ok. 0 passed; 0 failed; 0 ignored; 0 measured; 0 filtered out; finished in 0.00s
[INFO] [stdout] 
[INFO] [stderr]    Doc-tests wsl
[INFO] [stdout] 
[INFO] [stdout] running 1 test
[INFO] [stdout] test src/lib.rs - (line 4) ... FAILED
[INFO] [stdout] 
[INFO] [stdout] failures:
[INFO] [stdout] 
[INFO] [stdout] ---- src/lib.rs - (line 4) stdout ----
[INFO] [stdout] error[E0308]: mismatched types
[INFO] [stdout]  --> src/lib.rs:6:1
[INFO] [stdout]   |
[INFO] [stdout] 5 | wsl::is_wsl()
[INFO] [stdout]   | ^^^^^^^^^^^^^ expected `()`, found `bool`
[INFO] [stdout]   |
[INFO] [stdout] help: consider using a semicolon here
[INFO] [stdout]   |
[INFO] [stdout] 5 | wsl::is_wsl();
[INFO] [stdout]   |              +
[INFO] [stdout] help: try adding a return type
[INFO] [stdout]   |
[INFO] [stdout] 4 | fn main() { #[allow(non_snake_case)] fn _doctest_main_src_lib_rs_4_0() -> bool {
[INFO] [stdout]   |                                                                        +++++++
[INFO] [stdout] 
[INFO] [stdout] error: aborting due to previous error
[INFO] [stdout] 
[INFO] [stdout] For more information about this error, try `rustc --explain E0308`.
[INFO] [stdout] Couldn't compile the test.
[INFO] [stdout] 
[INFO] [stdout] failures:
[INFO] [stdout]     src/lib.rs - (line 4)
[INFO] [stdout] 
[INFO] [stdout] test result: FAILED. 0 passed; 1 failed; 0 ignored; 0 measured; 0 filtered out; finished in 0.08s
[INFO] [stdout] 
[INFO] [stderr] error: doctest failed, to rerun pass `--doc`
[INFO] running `Command { std: "docker" "inspect" "77d53f0ad5fcef663f5a32eaaccee562d8da59f4713d3a33c696b1dbd3a0fb1e", kill_on_drop: false }`
[INFO] running `Command { std: "docker" "rm" "-f" "77d53f0ad5fcef663f5a32eaaccee562d8da59f4713d3a33c696b1dbd3a0fb1e", kill_on_drop: false }`
[INFO] [stdout] 77d53f0ad5fcef663f5a32eaaccee562d8da59f4713d3a33c696b1dbd3a0fb1e
