[INFO] fetching crate ws2812-pwm-dma 0.1.1...
[INFO] testing ws2812-pwm-dma-0.1.1 against 1.75.0 for beta-1.76-1
[INFO] extracting crate ws2812-pwm-dma 0.1.1 into /workspace/builds/worker-3-tc1/source
[INFO] validating manifest of crates.io crate ws2812-pwm-dma 0.1.1 on toolchain 1.75.0
[INFO] running `Command { std: CARGO_HOME="/workspace/cargo-home" RUSTUP_HOME="/workspace/rustup-home" "/workspace/cargo-home/bin/cargo" "+1.75.0" "metadata" "--manifest-path" "Cargo.toml" "--no-deps", kill_on_drop: false }`
[INFO] started tweaking crates.io crate ws2812-pwm-dma 0.1.1
[INFO] finished tweaking crates.io crate ws2812-pwm-dma 0.1.1
[INFO] tweaked toml for crates.io crate ws2812-pwm-dma 0.1.1 written to /workspace/builds/worker-3-tc1/source/Cargo.toml
[INFO] running `Command { std: CARGO_HOME="/workspace/cargo-home" RUSTUP_HOME="/workspace/rustup-home" "/workspace/cargo-home/bin/cargo" "+1.75.0" "generate-lockfile" "--manifest-path" "Cargo.toml", kill_on_drop: false }`
[INFO] [stderr]     Updating crates.io index
[INFO] running `Command { std: CARGO_HOME="/workspace/cargo-home" RUSTUP_HOME="/workspace/rustup-home" "/workspace/cargo-home/bin/cargo" "+1.75.0" "fetch" "--manifest-path" "Cargo.toml", kill_on_drop: false }`
[INFO] [stderr]  Downloading crates ...
[INFO] [stderr]   Downloaded fugit-timer v0.1.3
[INFO] [stderr]   Downloaded stm32f4 v0.15.1
[INFO] [stderr]   Downloaded stm32f4xx-hal v0.15.0
[INFO] [stderr]   Downloaded embedded-hal v1.0.0-alpha.8
[INFO] running `Command { std: "docker" "create" "-v" "/var/lib/crater-agent-workspace/builds/worker-3-tc1/target:/opt/rustwide/target:rw,Z" "-v" "/var/lib/crater-agent-workspace/builds/worker-3-tc1/source:/opt/rustwide/workdir:ro,Z" "-v" "/var/lib/crater-agent-workspace/cargo-home:/opt/rustwide/cargo-home:ro,Z" "-v" "/var/lib/crater-agent-workspace/rustup-home:/opt/rustwide/rustup-home:ro,Z" "-e" "SOURCE_DIR=/opt/rustwide/workdir" "-e" "CARGO_TARGET_DIR=/opt/rustwide/target" "-e" "CARGO_HOME=/opt/rustwide/cargo-home" "-e" "RUSTUP_HOME=/opt/rustwide/rustup-home" "-w" "/opt/rustwide/workdir" "-m" "1610612736" "--user" "0:0" "--network" "none" "ghcr.io/rust-lang/crates-build-env/linux@sha256:2788e3201cd34a07e3172128adcd8b3090168a8e3bcc40d7c032b9dda1df7d1c" "/opt/rustwide/cargo-home/bin/cargo" "+1.75.0" "metadata" "--no-deps" "--format-version=1", kill_on_drop: false }`
[INFO] [stdout] 6dbdf59eb36ba6248a5da88459ee2c94038e8bd4fd5c943c6949c7db8910c63a
[INFO] running `Command { std: "docker" "start" "-a" "6dbdf59eb36ba6248a5da88459ee2c94038e8bd4fd5c943c6949c7db8910c63a", kill_on_drop: false }`
[INFO] running `Command { std: "docker" "inspect" "6dbdf59eb36ba6248a5da88459ee2c94038e8bd4fd5c943c6949c7db8910c63a", kill_on_drop: false }`
[INFO] running `Command { std: "docker" "rm" "-f" "6dbdf59eb36ba6248a5da88459ee2c94038e8bd4fd5c943c6949c7db8910c63a", kill_on_drop: false }`
[INFO] [stdout] 6dbdf59eb36ba6248a5da88459ee2c94038e8bd4fd5c943c6949c7db8910c63a
[INFO] running `Command { std: "docker" "create" "-v" "/var/lib/crater-agent-workspace/builds/worker-3-tc1/target:/opt/rustwide/target:rw,Z" "-v" "/var/lib/crater-agent-workspace/builds/worker-3-tc1/source:/opt/rustwide/workdir:ro,Z" "-v" "/var/lib/crater-agent-workspace/cargo-home:/opt/rustwide/cargo-home:ro,Z" "-v" "/var/lib/crater-agent-workspace/rustup-home:/opt/rustwide/rustup-home:ro,Z" "-e" "SOURCE_DIR=/opt/rustwide/workdir" "-e" "CARGO_TARGET_DIR=/opt/rustwide/target" "-e" "CARGO_INCREMENTAL=0" "-e" "RUST_BACKTRACE=full" "-e" "RUSTFLAGS=--cap-lints=warn" "-e" "RUSTDOCFLAGS=--cap-lints=warn" "-e" "CARGO_HOME=/opt/rustwide/cargo-home" "-e" "RUSTUP_HOME=/opt/rustwide/rustup-home" "-w" "/opt/rustwide/workdir" "-m" "1610612736" "--user" "0:0" "--network" "none" "ghcr.io/rust-lang/crates-build-env/linux@sha256:2788e3201cd34a07e3172128adcd8b3090168a8e3bcc40d7c032b9dda1df7d1c" "/opt/rustwide/cargo-home/bin/cargo" "+1.75.0" "build" "--frozen" "--message-format=json", kill_on_drop: false }`
[INFO] [stdout] 4d12759bc8630668e243d0e3ab547740d71f7d1b47b2aca173c5c567332c134e
[INFO] running `Command { std: "docker" "start" "-a" "4d12759bc8630668e243d0e3ab547740d71f7d1b47b2aca173c5c567332c134e", kill_on_drop: false }`
[INFO] [stderr]    Compiling semver-parser v0.7.0
[INFO] [stderr]    Compiling nb v1.1.0
[INFO] [stderr]    Compiling cortex-m v0.7.7
[INFO] [stderr]    Compiling cortex-m-rt v0.7.3
[INFO] [stderr]    Compiling vcell v0.1.3
[INFO] [stderr]    Compiling void v1.0.2
[INFO] [stderr]    Compiling gcd v2.3.0
[INFO] [stderr]    Compiling powerfmt v0.2.0
[INFO] [stderr]    Compiling bitfield v0.13.2
[INFO] [stderr]    Compiling radium v0.7.0
[INFO] [stderr]    Compiling stm32f4 v0.15.1
[INFO] [stderr]    Compiling stable_deref_trait v1.2.0
[INFO] [stderr]    Compiling bare-metal v1.0.0
[INFO] [stderr]    Compiling time-core v0.1.2
[INFO] [stderr]    Compiling bytemuck v1.14.0
[INFO] [stderr]    Compiling cortex-m-rt-macros v0.7.0
[INFO] [stderr]    Compiling nb v0.1.3
[INFO] [stderr]    Compiling volatile-register v0.2.2
[INFO] [stderr]    Compiling tap v1.0.1
[INFO] [stderr]    Compiling embedded-hal v1.0.0-alpha.8
[INFO] [stderr]    Compiling fugit v0.3.7
[INFO] [stderr]    Compiling embedded-hal v0.2.7
[INFO] [stderr]    Compiling embedded-dma v0.2.0
[INFO] [stderr]    Compiling funty v2.0.0
[INFO] [stderr]    Compiling embedded-storage v0.2.0
[INFO] [stderr]    Compiling semver v0.9.0
[INFO] [stderr]    Compiling deranged v0.3.11
[INFO] [stderr]    Compiling rgb v0.8.37
[INFO] [stderr]    Compiling wyz v0.5.1
[INFO] [stderr]    Compiling rand_core v0.6.4
[INFO] [stderr]    Compiling rustc_version v0.2.3
[INFO] [stderr]    Compiling fugit-timer v0.1.3
[INFO] [stderr]    Compiling smart-leds-trait v0.2.1
[INFO] [stderr]    Compiling bare-metal v0.2.5
[INFO] [stderr]    Compiling bitvec v1.0.1
[INFO] [stderr]    Compiling time v0.3.31
[INFO] [stderr]    Compiling stm32f4xx-hal v0.15.0
[INFO] [stderr]    Compiling ws2812-pwm-dma v0.1.1 (/opt/rustwide/workdir)
[INFO] [stderr]     Finished dev [unoptimized + debuginfo] target(s) in 5.90s
[INFO] running `Command { std: "docker" "inspect" "4d12759bc8630668e243d0e3ab547740d71f7d1b47b2aca173c5c567332c134e", kill_on_drop: false }`
[INFO] running `Command { std: "docker" "rm" "-f" "4d12759bc8630668e243d0e3ab547740d71f7d1b47b2aca173c5c567332c134e", kill_on_drop: false }`
[INFO] [stdout] 4d12759bc8630668e243d0e3ab547740d71f7d1b47b2aca173c5c567332c134e
[INFO] running `Command { std: "docker" "create" "-v" "/var/lib/crater-agent-workspace/builds/worker-3-tc1/target:/opt/rustwide/target:rw,Z" "-v" "/var/lib/crater-agent-workspace/builds/worker-3-tc1/source:/opt/rustwide/workdir:ro,Z" "-v" "/var/lib/crater-agent-workspace/cargo-home:/opt/rustwide/cargo-home:ro,Z" "-v" "/var/lib/crater-agent-workspace/rustup-home:/opt/rustwide/rustup-home:ro,Z" "-e" "SOURCE_DIR=/opt/rustwide/workdir" "-e" "CARGO_TARGET_DIR=/opt/rustwide/target" "-e" "CARGO_INCREMENTAL=0" "-e" "RUST_BACKTRACE=full" "-e" "RUSTFLAGS=--cap-lints=warn" "-e" "RUSTDOCFLAGS=--cap-lints=warn" "-e" "CARGO_HOME=/opt/rustwide/cargo-home" "-e" "RUSTUP_HOME=/opt/rustwide/rustup-home" "-w" "/opt/rustwide/workdir" "-m" "1610612736" "--user" "0:0" "--network" "none" "ghcr.io/rust-lang/crates-build-env/linux@sha256:2788e3201cd34a07e3172128adcd8b3090168a8e3bcc40d7c032b9dda1df7d1c" "/opt/rustwide/cargo-home/bin/cargo" "+1.75.0" "test" "--frozen" "--no-run" "--message-format=json", kill_on_drop: false }`
[INFO] [stdout] e44c3f54d446c223f71e8f8a72e3773bc7c851e010c943206f8e5b82cd59bf16
[INFO] running `Command { std: "docker" "start" "-a" "e44c3f54d446c223f71e8f8a72e3773bc7c851e010c943206f8e5b82cd59bf16", kill_on_drop: false }`
[INFO] [stderr]    Compiling ws2812-pwm-dma v0.1.1 (/opt/rustwide/workdir)
[INFO] [stderr]     Finished test [unoptimized + debuginfo] target(s) in 0.24s
[INFO] running `Command { std: "docker" "inspect" "e44c3f54d446c223f71e8f8a72e3773bc7c851e010c943206f8e5b82cd59bf16", kill_on_drop: false }`
[INFO] running `Command { std: "docker" "rm" "-f" "e44c3f54d446c223f71e8f8a72e3773bc7c851e010c943206f8e5b82cd59bf16", kill_on_drop: false }`
[INFO] [stdout] e44c3f54d446c223f71e8f8a72e3773bc7c851e010c943206f8e5b82cd59bf16
[INFO] running `Command { std: "docker" "create" "-v" "/var/lib/crater-agent-workspace/builds/worker-3-tc1/target:/opt/rustwide/target:rw,Z" "-v" "/var/lib/crater-agent-workspace/builds/worker-3-tc1/source:/opt/rustwide/workdir:ro,Z" "-v" "/var/lib/crater-agent-workspace/cargo-home:/opt/rustwide/cargo-home:ro,Z" "-v" "/var/lib/crater-agent-workspace/rustup-home:/opt/rustwide/rustup-home:ro,Z" "-e" "SOURCE_DIR=/opt/rustwide/workdir" "-e" "CARGO_TARGET_DIR=/opt/rustwide/target" "-e" "CARGO_INCREMENTAL=0" "-e" "RUST_BACKTRACE=full" "-e" "RUSTFLAGS=--cap-lints=warn" "-e" "RUSTDOCFLAGS=--cap-lints=warn" "-e" "CARGO_HOME=/opt/rustwide/cargo-home" "-e" "RUSTUP_HOME=/opt/rustwide/rustup-home" "-w" "/opt/rustwide/workdir" "-m" "1610612736" "--user" "0:0" "--network" "none" "ghcr.io/rust-lang/crates-build-env/linux@sha256:2788e3201cd34a07e3172128adcd8b3090168a8e3bcc40d7c032b9dda1df7d1c" "/opt/rustwide/cargo-home/bin/cargo" "+1.75.0" "test" "--frozen", kill_on_drop: false }`
[INFO] [stdout] f37f6127da099aa39160e7b64073c356f512293e191168cabf4dd07017b1c251
[INFO] running `Command { std: "docker" "start" "-a" "f37f6127da099aa39160e7b64073c356f512293e191168cabf4dd07017b1c251", kill_on_drop: false }`
[INFO] [stderr]     Finished test [unoptimized + debuginfo] target(s) in 0.02s
[INFO] [stderr]      Running unittests src/lib.rs (/opt/rustwide/target/debug/deps/ws2812_pwm_dma-06d835f25e884abb)
[INFO] [stdout] 
[INFO] [stdout] running 0 tests
[INFO] [stdout] 
[INFO] [stdout] test result: ok. 0 passed; 0 failed; 0 ignored; 0 measured; 0 filtered out; finished in 0.00s
[INFO] [stdout] 
[INFO] [stderr]    Doc-tests ws2812-pwm-dma
[INFO] [stdout] 
[INFO] [stdout] running 2 tests
[INFO] [stdout] test src/lib.rs - (line 25) ... FAILED
[INFO] [stdout] test src/lib.rs - Ws2812Pwm (line 21) ... FAILED
[INFO] [stdout] 
[INFO] [stdout] failures:
[INFO] [stdout] 
[INFO] [stdout] ---- src/lib.rs - (line 25) stdout ----
[INFO] [stdout] error: expected `;`, found keyword `let`
[INFO] [stdout]  --> src/lib.rs:29:2
[INFO] [stdout]   |
[INFO] [stdout] 6 | }
[INFO] [stdout]   |  ^ help: add `;` here
[INFO] [stdout] 7 |
[INFO] [stdout] 8 | let gpiob=dp.GPIOB.split();
[INFO] [stdout]   | --- unexpected token
[INFO] [stdout] 
[INFO] [stdout] error[E0425]: cannot find value `LED_COUNT` in this scope
[INFO] [stdout]  --> src/lib.rs:27:32
[INFO] [stdout]   |
[INFO] [stdout] 4 |     static mut led_buf:[u16;24*LED_COUNT+8]=[0;24*LED_COUNT+8];
[INFO] [stdout]   |                                ^^^^^^^^^ not found in this scope
[INFO] [stdout] 
[INFO] [stdout] error[E0425]: cannot find value `LED_COUNT` in this scope
[INFO] [stdout]  --> src/lib.rs:27:51
[INFO] [stdout]   |
[INFO] [stdout] 4 |     static mut led_buf:[u16;24*LED_COUNT+8]=[0;24*LED_COUNT+8];
[INFO] [stdout]   |                                                   ^^^^^^^^^ not found in this scope
[INFO] [stdout] 
[INFO] [stdout] error[E0425]: cannot find value `dp` in this scope
[INFO] [stdout]  --> src/lib.rs:31:11
[INFO] [stdout]   |
[INFO] [stdout] 8 | let gpiob=dp.GPIOB.split();
[INFO] [stdout]   |           ^^ not found in this scope
[INFO] [stdout] 
[INFO] [stdout] error[E0425]: cannot find value `dp` in this scope
[INFO] [stdout]  --> src/lib.rs:32:10
[INFO] [stdout]   |
[INFO] [stdout] 9 | let dma1=dp.DMA1.split();
[INFO] [stdout]   |          ^^ not found in this scope
[INFO] [stdout] 
[INFO] [stdout] error[E0433]: failed to resolve: use of undeclared type `Ws2812Pwm`
[INFO] [stdout]   --> src/lib.rs:37:12
[INFO] [stdout]    |
[INFO] [stdout] 14 | let mut ws=Ws2812Pwm::new(dp.TIM3,ws_pin,dma1.5,led_buf,&clocks);
[INFO] [stdout]    |            ^^^^^^^^^ use of undeclared type `Ws2812Pwm`
[INFO] [stdout]    |
[INFO] [stdout] help: consider importing this struct
[INFO] [stdout]    |
[INFO] [stdout] 2  + use ws2812_pwm_dma::Ws2812Pwm;
[INFO] [stdout]    |
[INFO] [stdout] 
[INFO] [stdout] error[E0425]: cannot find value `dp` in this scope
[INFO] [stdout]   --> src/lib.rs:37:27
[INFO] [stdout]    |
[INFO] [stdout] 14 | let mut ws=Ws2812Pwm::new(dp.TIM3,ws_pin,dma1.5,led_buf,&clocks);
[INFO] [stdout]    |                           ^^ not found in this scope
[INFO] [stdout] 
[INFO] [stdout] error[E0425]: cannot find value `clocks` in this scope
[INFO] [stdout]   --> src/lib.rs:37:58
[INFO] [stdout]    |
[INFO] [stdout] 14 | let mut ws=Ws2812Pwm::new(dp.TIM3,ws_pin,dma1.5,led_buf,&clocks);
[INFO] [stdout]    |                                                          ^^^^^^ not found in this scope
[INFO] [stdout] 
[INFO] [stdout] error[E0425]: cannot find value `LED_COUNT` in this scope
[INFO] [stdout]   --> src/lib.rs:39:15
[INFO] [stdout]    |
[INFO] [stdout] 16 | ws.write((0..=LED_COUNT).map(|_|RGB8::new(255,255,255)));
[INFO] [stdout]    |               ^^^^^^^^^ not found in this scope
[INFO] [stdout] 
[INFO] [stdout] error[E0433]: failed to resolve: use of undeclared type `RGB8`
[INFO] [stdout]   --> src/lib.rs:39:33
[INFO] [stdout]    |
[INFO] [stdout] 16 | ws.write((0..=LED_COUNT).map(|_|RGB8::new(255,255,255)));
[INFO] [stdout]    |                                 ^^^^ use of undeclared type `RGB8`
[INFO] [stdout]    |
[INFO] [stdout] help: consider importing this type alias
[INFO] [stdout]    |
[INFO] [stdout] 2  + use smart_leds_trait::RGB8;
[INFO] [stdout]    |
[INFO] [stdout] 
[INFO] [stdout] error: aborting due to 10 previous errors
[INFO] [stdout] 
[INFO] [stdout] Some errors have detailed explanations: E0425, E0433.
[INFO] [stdout] For more information about an error, try `rustc --explain E0425`.
[INFO] [stdout] Couldn't compile the test.
[INFO] [stdout] ---- src/lib.rs - Ws2812Pwm (line 21) stdout ----
[INFO] [stdout] error: expected `;`, found keyword `let`
[INFO] [stdout]  --> src/lib.rs:25:2
[INFO] [stdout]   |
[INFO] [stdout] 6 | }
[INFO] [stdout]   |  ^ help: add `;` here
[INFO] [stdout] 7 |
[INFO] [stdout] 8 | let gpiob=dp.GPOB.split();
[INFO] [stdout]   | --- unexpected token
[INFO] [stdout] 
[INFO] [stdout] error[E0425]: cannot find value `LED_COUNT` in this scope
[INFO] [stdout]  --> src/lib.rs:23:32
[INFO] [stdout]   |
[INFO] [stdout] 4 |     static mut led_buf:[u16;24*LED_COUNT+8]=[0;24*LED_COUNT+8];
[INFO] [stdout]   |                                ^^^^^^^^^ not found in this scope
[INFO] [stdout] 
[INFO] [stdout] error[E0425]: cannot find value `LED_COUNT` in this scope
[INFO] [stdout]  --> src/lib.rs:23:51
[INFO] [stdout]   |
[INFO] [stdout] 4 |     static mut led_buf:[u16;24*LED_COUNT+8]=[0;24*LED_COUNT+8];
[INFO] [stdout]   |                                                   ^^^^^^^^^ not found in this scope
[INFO] [stdout] 
[INFO] [stdout] error[E0425]: cannot find value `dp` in this scope
[INFO] [stdout]  --> src/lib.rs:27:11
[INFO] [stdout]   |
[INFO] [stdout] 8 | let gpiob=dp.GPOB.split();
[INFO] [stdout]   |           ^^ not found in this scope
[INFO] [stdout] 
[INFO] [stdout] error[E0425]: cannot find value `dp` in this scope
[INFO] [stdout]  --> src/lib.rs:28:10
[INFO] [stdout]   |
[INFO] [stdout] 9 | let dma1=dp.DMA1.split();
[INFO] [stdout]   |          ^^ not found in this scope
[INFO] [stdout] 
[INFO] [stdout] error[E0433]: failed to resolve: use of undeclared type `Ws2812Pwm`
[INFO] [stdout]   --> src/lib.rs:33:12
[INFO] [stdout]    |
[INFO] [stdout] 14 | let mut ws=Ws2812Pwm::new(dp.TIM3,ws_pin,dma1.5,led_buf,&clocks);
[INFO] [stdout]    |            ^^^^^^^^^ use of undeclared type `Ws2812Pwm`
[INFO] [stdout]    |
[INFO] [stdout] help: consider importing this struct
[INFO] [stdout]    |
[INFO] [stdout] 2  + use ws2812_pwm_dma::Ws2812Pwm;
[INFO] [stdout]    |
[INFO] [stdout] 
[INFO] [stdout] error[E0425]: cannot find value `dp` in this scope
[INFO] [stdout]   --> src/lib.rs:33:27
[INFO] [stdout]    |
[INFO] [stdout] 14 | let mut ws=Ws2812Pwm::new(dp.TIM3,ws_pin,dma1.5,led_buf,&clocks);
[INFO] [stdout]    |                           ^^ not found in this scope
[INFO] [stdout] 
[INFO] [stdout] error[E0425]: cannot find value `clocks` in this scope
[INFO] [stdout]   --> src/lib.rs:33:58
[INFO] [stdout]    |
[INFO] [stdout] 14 | let mut ws=Ws2812Pwm::new(dp.TIM3,ws_pin,dma1.5,led_buf,&clocks);
[INFO] [stdout]    |                                                          ^^^^^^ not found in this scope
[INFO] [stdout] 
[INFO] [stdout] error[E0425]: cannot find value `LED_COUNT` in this scope
[INFO] [stdout]   --> src/lib.rs:35:15
[INFO] [stdout]    |
[INFO] [stdout] 16 | ws.write((0..=LED_COUNT).map(|_|RGB8::new(255,255,255)));
[INFO] [stdout]    |               ^^^^^^^^^ not found in this scope
[INFO] [stdout] 
[INFO] [stdout] error[E0433]: failed to resolve: use of undeclared type `RGB8`
[INFO] [stdout]   --> src/lib.rs:35:33
[INFO] [stdout]    |
[INFO] [stdout] 16 | ws.write((0..=LED_COUNT).map(|_|RGB8::new(255,255,255)));
[INFO] [stdout]    |                                 ^^^^ use of undeclared type `RGB8`
[INFO] [stdout]    |
[INFO] [stdout] help: consider importing this type alias
[INFO] [stdout]    |
[INFO] [stdout] 2  + use smart_leds_trait::RGB8;
[INFO] [stdout]    |
[INFO] [stdout] 
[INFO] [stdout] error: aborting due to 10 previous errors
[INFO] [stdout] 
[INFO] [stdout] Some errors have detailed explanations: E0425, E0433.
[INFO] [stdout] For more information about an error, try `rustc --explain E0425`.
[INFO] [stdout] Couldn't compile the test.
[INFO] [stdout] 
[INFO] [stdout] failures:
[INFO] [stdout]     src/lib.rs - (line 25)
[INFO] [stdout]     src/lib.rs - Ws2812Pwm (line 21)
[INFO] [stdout] 
[INFO] [stdout] test result: FAILED. 0 passed; 2 failed; 0 ignored; 0 measured; 0 filtered out; finished in 0.08s
[INFO] [stdout] 
[INFO] [stderr] error: doctest failed, to rerun pass `--doc`
[INFO] running `Command { std: "docker" "inspect" "f37f6127da099aa39160e7b64073c356f512293e191168cabf4dd07017b1c251", kill_on_drop: false }`
[INFO] running `Command { std: "docker" "rm" "-f" "f37f6127da099aa39160e7b64073c356f512293e191168cabf4dd07017b1c251", kill_on_drop: false }`
[INFO] [stdout] f37f6127da099aa39160e7b64073c356f512293e191168cabf4dd07017b1c251
