[INFO] fetching crate wrk-api-bench 0.0.9...
[INFO] testing wrk-api-bench-0.0.9 against 1.75.0 for beta-1.76-1
[INFO] extracting crate wrk-api-bench 0.0.9 into /workspace/builds/worker-0-tc1/source
[INFO] validating manifest of crates.io crate wrk-api-bench 0.0.9 on toolchain 1.75.0
[INFO] running `Command { std: CARGO_HOME="/workspace/cargo-home" RUSTUP_HOME="/workspace/rustup-home" "/workspace/cargo-home/bin/cargo" "+1.75.0" "metadata" "--manifest-path" "Cargo.toml" "--no-deps", kill_on_drop: false }`
[INFO] started tweaking crates.io crate wrk-api-bench 0.0.9
[INFO] finished tweaking crates.io crate wrk-api-bench 0.0.9
[INFO] tweaked toml for crates.io crate wrk-api-bench 0.0.9 written to /workspace/builds/worker-0-tc1/source/Cargo.toml
[INFO] running `Command { std: CARGO_HOME="/workspace/cargo-home" RUSTUP_HOME="/workspace/rustup-home" "/workspace/cargo-home/bin/cargo" "+1.75.0" "generate-lockfile" "--manifest-path" "Cargo.toml", kill_on_drop: false }`
[INFO] [stderr]     Updating crates.io index
[INFO] running `Command { std: CARGO_HOME="/workspace/cargo-home" RUSTUP_HOME="/workspace/rustup-home" "/workspace/cargo-home/bin/cargo" "+1.75.0" "fetch" "--manifest-path" "Cargo.toml", kill_on_drop: false }`
[INFO] [stderr]  Downloading crates ...
[INFO] [stderr]   Downloaded tokio-serde v0.4.0
[INFO] [stderr]   Downloaded tokio-serde-json v0.3.0
[INFO] [stderr]   Downloaded tower-http v0.2.5
[INFO] [stderr]   Downloaded axum-core v0.1.2
[INFO] [stderr]   Downloaded matchit v0.4.6
[INFO] [stderr]   Downloaded axum v0.4.8
[INFO] [stderr]   Downloaded rslua v0.2.8
[INFO] running `Command { std: "docker" "create" "-v" "/var/lib/crater-agent-workspace/builds/worker-0-tc1/target:/opt/rustwide/target:rw,Z" "-v" "/var/lib/crater-agent-workspace/builds/worker-0-tc1/source:/opt/rustwide/workdir:ro,Z" "-v" "/var/lib/crater-agent-workspace/cargo-home:/opt/rustwide/cargo-home:ro,Z" "-v" "/var/lib/crater-agent-workspace/rustup-home:/opt/rustwide/rustup-home:ro,Z" "-e" "SOURCE_DIR=/opt/rustwide/workdir" "-e" "CARGO_TARGET_DIR=/opt/rustwide/target" "-e" "CARGO_HOME=/opt/rustwide/cargo-home" "-e" "RUSTUP_HOME=/opt/rustwide/rustup-home" "-w" "/opt/rustwide/workdir" "-m" "1610612736" "--user" "0:0" "--network" "none" "ghcr.io/rust-lang/crates-build-env/linux@sha256:2788e3201cd34a07e3172128adcd8b3090168a8e3bcc40d7c032b9dda1df7d1c" "/opt/rustwide/cargo-home/bin/cargo" "+1.75.0" "metadata" "--no-deps" "--format-version=1", kill_on_drop: false }`
[INFO] [stdout] 248a5a3b6662b6bb04a58fb0c947e829b12df2502c51b490869a0bff17abb1fb
[INFO] running `Command { std: "docker" "start" "-a" "248a5a3b6662b6bb04a58fb0c947e829b12df2502c51b490869a0bff17abb1fb", kill_on_drop: false }`
[INFO] running `Command { std: "docker" "inspect" "248a5a3b6662b6bb04a58fb0c947e829b12df2502c51b490869a0bff17abb1fb", kill_on_drop: false }`
[INFO] running `Command { std: "docker" "rm" "-f" "248a5a3b6662b6bb04a58fb0c947e829b12df2502c51b490869a0bff17abb1fb", kill_on_drop: false }`
[INFO] [stdout] 248a5a3b6662b6bb04a58fb0c947e829b12df2502c51b490869a0bff17abb1fb
[INFO] running `Command { std: "docker" "create" "-v" "/var/lib/crater-agent-workspace/builds/worker-0-tc1/target:/opt/rustwide/target:rw,Z" "-v" "/var/lib/crater-agent-workspace/builds/worker-0-tc1/source:/opt/rustwide/workdir:ro,Z" "-v" "/var/lib/crater-agent-workspace/cargo-home:/opt/rustwide/cargo-home:ro,Z" "-v" "/var/lib/crater-agent-workspace/rustup-home:/opt/rustwide/rustup-home:ro,Z" "-e" "SOURCE_DIR=/opt/rustwide/workdir" "-e" "CARGO_TARGET_DIR=/opt/rustwide/target" "-e" "CARGO_INCREMENTAL=0" "-e" "RUST_BACKTRACE=full" "-e" "RUSTFLAGS=--cap-lints=warn" "-e" "RUSTDOCFLAGS=--cap-lints=warn" "-e" "CARGO_HOME=/opt/rustwide/cargo-home" "-e" "RUSTUP_HOME=/opt/rustwide/rustup-home" "-w" "/opt/rustwide/workdir" "-m" "1610612736" "--user" "0:0" "--network" "none" "ghcr.io/rust-lang/crates-build-env/linux@sha256:2788e3201cd34a07e3172128adcd8b3090168a8e3bcc40d7c032b9dda1df7d1c" "/opt/rustwide/cargo-home/bin/cargo" "+1.75.0" "build" "--frozen" "--message-format=json", kill_on_drop: false }`
[INFO] [stdout] bdd19b7d7060d9bcefa2c76f0437b5ec90d582624a18c2e25238f8eec271241d
[INFO] running `Command { std: "docker" "start" "-a" "bdd19b7d7060d9bcefa2c76f0437b5ec90d582624a18c2e25238f8eec271241d", kill_on_drop: false }`
[INFO] [stderr]    Compiling libc v0.2.151
[INFO] [stderr]    Compiling syn v1.0.109
[INFO] [stderr]    Compiling memchr v2.7.1
[INFO] [stderr]    Compiling serde v1.0.194
[INFO] [stderr]    Compiling version_check v0.9.4
[INFO] [stderr]    Compiling slab v0.4.9
[INFO] [stderr]    Compiling strsim v0.10.0
[INFO] [stderr]    Compiling ident_case v1.0.1
[INFO] [stderr]    Compiling futures-sink-preview v0.3.0-alpha.19
[INFO] [stderr]    Compiling futures-core-preview v0.3.0-alpha.19
[INFO] [stderr]    Compiling fnv v1.0.7
[INFO] [stderr]    Compiling futures-io-preview v0.3.0-alpha.19
[INFO] [stderr]    Compiling pin-utils v0.1.0
[INFO] [stderr]    Compiling rustix v0.38.28
[INFO] [stderr]    Compiling pin-project-internal v0.4.30
[INFO] [stderr]    Compiling syn v2.0.48
[INFO] [stderr]    Compiling linux-raw-sys v0.4.12
[INFO] [stderr]    Compiling tinyvec_macros v0.1.1
[INFO] [stderr]    Compiling bitflags v2.4.1
[INFO] [stderr]    Compiling parking_lot_core v0.9.9
[INFO] [stderr]    Compiling tinyvec v1.6.0
[INFO] [stderr]    Compiling futures-channel-preview v0.3.0-alpha.19
[INFO] [stderr]    Compiling lock_api v0.4.11
[INFO] [stderr]    Compiling smallvec v1.11.2
[INFO] [stderr]    Compiling predicates-core v1.0.6
[INFO] [stderr]    Compiling proc-macro-error-attr v1.0.4
[INFO] [stderr]    Compiling proc-macro-error v1.0.4
[INFO] [stderr]    Compiling byteorder v1.5.0
[INFO] [stderr]    Compiling scopeguard v1.2.0
[INFO] [stderr]    Compiling either v1.9.0
[INFO] [stderr]    Compiling doc-comment v0.3.3
[INFO] [stderr]    Compiling percent-encoding v2.3.1
[INFO] [stderr]    Compiling csv-core v0.1.11
[INFO] [stderr]    Compiling futures-util-preview v0.3.0-alpha.19
[INFO] [stderr]    Compiling itertools v0.11.0
[INFO] [stderr]    Compiling thiserror v1.0.56
[INFO] [stderr]    Compiling regex-automata v0.4.3
[INFO] [stderr]    Compiling anstyle v1.0.4
[INFO] [stderr]    Compiling termtree v0.4.1
[INFO] [stderr]    Compiling unicode-bidi v0.3.14
[INFO] [stderr]    Compiling difflib v0.4.0
[INFO] [stderr]    Compiling predicates-tree v1.0.9
[INFO] [stderr]    Compiling form_urlencoded v1.2.1
[INFO] [stderr]    Compiling pin-project-lite v0.2.13
[INFO] [stderr]    Compiling unicode-normalization v0.1.22
[INFO] [stderr]    Compiling iana-time-zone v0.1.59
[INFO] [stderr]    Compiling yansi v0.5.1
[INFO] [stderr]    Compiling unicode-width v0.1.11
[INFO] [stderr]    Compiling num_cpus v1.16.0
[INFO] [stderr]    Compiling iovec v0.1.4
[INFO] [stderr]    Compiling dirs-sys-next v0.1.2
[INFO] [stderr]    Compiling mio v0.8.10
[INFO] [stderr]    Compiling socket2 v0.5.5
[INFO] [stderr]    Compiling dirs-next v2.0.0
[INFO] [stderr]    Compiling bytes v0.4.12
[INFO] [stderr]    Compiling term v0.7.0
[INFO] [stderr]    Compiling idna v0.5.0
[INFO] [stderr]    Compiling bstr v1.9.0
[INFO] [stderr]    Compiling parking_lot v0.12.1
[INFO] [stderr]    Compiling wait-timeout v0.2.0
[INFO] [stderr]    Compiling predicates v3.0.4
[INFO] [stderr]    Compiling signal-hook-registry v1.4.1
[INFO] [stderr]    Compiling bytes v1.5.0
[INFO] [stderr]    Compiling encode_unicode v1.0.0
[INFO] [stderr]    Compiling lazy_static v1.4.0
[INFO] [stderr]    Compiling fastrand v2.0.1
[INFO] [stderr]    Compiling pretty_assertions v1.4.0
[INFO] [stderr]    Compiling rslua v0.2.8
[INFO] [stderr]    Compiling url v2.5.0
[INFO] [stderr]    Compiling log v0.4.20
[INFO] [stderr]    Compiling assert_cmd v2.0.12
[INFO] [stderr]    Compiling futures-executor-preview v0.3.0-alpha.19
[INFO] [stderr]    Compiling is-terminal v0.4.10
[INFO] [stderr]    Compiling tempfile v3.9.0
[INFO] [stderr]    Compiling futures-preview v0.3.0-alpha.19
[INFO] [stderr]    Compiling serde_derive v1.0.194
[INFO] [stderr]    Compiling tokio-macros v2.2.0
[INFO] [stderr]    Compiling thiserror-impl v1.0.56
[INFO] [stderr]    Compiling darling_core v0.12.4
[INFO] [stderr]    Compiling tokio v1.35.1
[INFO] [stderr]    Compiling getset v0.1.2
[INFO] [stderr]    Compiling darling_macro v0.12.4
[INFO] [stderr]    Compiling pin-project v0.4.30
[INFO] [stderr]    Compiling tokio-serde v0.4.0
[INFO] [stderr]    Compiling darling v0.12.4
[INFO] [stderr]    Compiling derive_builder_core v0.10.2
[INFO] [stderr]    Compiling derive_builder_macro v0.10.2
[INFO] [stderr]    Compiling derive_builder v0.10.2
[INFO] [stderr]    Compiling csv v1.3.0
[INFO] [stderr]    Compiling serde_json v1.0.111
[INFO] [stderr]    Compiling chrono v0.4.31
[INFO] [stderr]    Compiling prettytable-rs v0.10.0
[INFO] [stderr]    Compiling tokio-serde-json v0.3.0
[INFO] [stderr]    Compiling wrk-api-bench v0.0.9 (/opt/rustwide/workdir)
[INFO] [stdout] warning: unused import: `self`
[INFO] [stdout]  --> src/lua.rs:3:10
[INFO] [stdout]   |
[INFO] [stdout] 3 |     fs::{self, File},
[INFO] [stdout]   |          ^^^^
[INFO] [stdout]   |
[INFO] [stdout]   = note: `#[warn(unused_imports)]` on by default
[INFO] [stdout] 
[INFO] [stdout] 
[INFO] [stdout] warning: unused import: `assert_cmd::prelude::OutputOkExt`
[INFO] [stdout]  --> src/lua.rs:8:5
[INFO] [stdout]   |
[INFO] [stdout] 8 | use assert_cmd::prelude::OutputOkExt;
[INFO] [stdout]   |     ^^^^^^^^^^^^^^^^^^^^^^^^^^^^^^^^
[INFO] [stdout] 
[INFO] [stdout] 
[INFO] [stdout] warning: unused imports: `Getters`, `MutGetters`, `Setters`
[INFO] [stdout]  --> src/lua.rs:9:14
[INFO] [stdout]   |
[INFO] [stdout] 9 | use getset::{Getters, MutGetters, Setters};
[INFO] [stdout]   |              ^^^^^^^  ^^^^^^^^^^  ^^^^^^^
[INFO] [stdout] 
[INFO] [stdout] 
[INFO] [stdout] warning: unused import: `BenchmarkBuilder`
[INFO] [stdout]  --> src/result.rs:8:24
[INFO] [stdout]   |
[INFO] [stdout] 8 | use crate::{Benchmark, BenchmarkBuilder};
[INFO] [stdout]   |                        ^^^^^^^^^^^^^^^^
[INFO] [stdout] 
[INFO] [stdout] 
[INFO] [stdout] warning: unused import: `WrkResultBuilder`
[INFO] [stdout]   --> src/wrk.rs:20:36
[INFO] [stdout]    |
[INFO] [stdout] 20 |     result::{Deviation, WrkResult, WrkResultBuilder},
[INFO] [stdout]    |                                    ^^^^^^^^^^^^^^^^
[INFO] [stdout] 
[INFO] [stdout] 
[INFO] [stdout] warning: use of deprecated associated function `chrono::DateTime::<Tz>::from_utc`: Use TimeZone::from_utc_datetime() or DateTime::from_naive_utc_and_offset instead
[INFO] [stdout]   --> src/wrk.rs:51:40
[INFO] [stdout]    |
[INFO] [stdout] 51 |             Self::Forever => DateTime::from_utc(NaiveDateTime::from_timestamp(1, 0), Utc),
[INFO] [stdout]    |                                        ^^^^^^^^
[INFO] [stdout]    |
[INFO] [stdout]    = note: `#[warn(deprecated)]` on by default
[INFO] [stdout] 
[INFO] [stdout] 
[INFO] [stdout] warning: use of deprecated associated function `chrono::NaiveDateTime::from_timestamp`: use `from_timestamp_opt()` instead
[INFO] [stdout]   --> src/wrk.rs:51:64
[INFO] [stdout]    |
[INFO] [stdout] 51 |             Self::Forever => DateTime::from_utc(NaiveDateTime::from_timestamp(1, 0), Utc),
[INFO] [stdout]    |                                                                ^^^^^^^^^^^^^^
[INFO] [stdout] 
[INFO] [stdout] 
[INFO] [stdout] warning: unused variable: `tokens`
[INFO] [stdout]   --> src/lua.rs:95:13
[INFO] [stdout]    |
[INFO] [stdout] 95 |         let tokens = lexer.run(&buffer).map_err(|e| WrkError::Lua(format!("{:?}", e)))?;
[INFO] [stdout]    |             ^^^^^^ help: if this is intentional, prefix it with an underscore: `_tokens`
[INFO] [stdout]    |
[INFO] [stdout]    = note: `#[warn(unused_variables)]` on by default
[INFO] [stdout] 
[INFO] [stdout] 
[INFO] [stdout] warning: missing documentation for the crate
[INFO] [stdout]   --> src/lib.rs:1:1
[INFO] [stdout]    |
[INFO] [stdout] 1  | / #![warn(missing_docs, missing_debug_implementations)]
[INFO] [stdout] 2  | |
[INFO] [stdout] 3  | | #[macro_use]
[INFO] [stdout] 4  | | extern crate derive_builder;
[INFO] [stdout] ...  |
[INFO] [stdout] 21 | |
[INFO] [stdout] 22 | | pub(crate) type Result<T> = std::result::Result<T, WrkError>;
[INFO] [stdout]    | |_____________________________________________________________^
[INFO] [stdout]    |
[INFO] [stdout] note: the lint level is defined here
[INFO] [stdout]   --> src/lib.rs:1:9
[INFO] [stdout]    |
[INFO] [stdout] 1  | #![warn(missing_docs, missing_debug_implementations)]
[INFO] [stdout]    |         ^^^^^^^^^^^^
[INFO] [stdout] 
[INFO] [stdout] 
[INFO] [stdout] warning: missing documentation for a struct
[INFO] [stdout]  --> src/benchmark.rs:7:1
[INFO] [stdout]   |
[INFO] [stdout] 7 | pub struct Benchmark {
[INFO] [stdout]   | ^^^^^^^^^^^^^^^^^^^^
[INFO] [stdout] 
[INFO] [stdout] 
[INFO] [stdout] warning: missing documentation for a method
[INFO] [stdout]  --> src/benchmark.rs:6:74
[INFO] [stdout]   |
[INFO] [stdout] 6 | #[derive(Debug, Default, PartialEq, Hash, Clone, Serialize, Deserialize, Getters, Setters, MutGetters, Builder)]
[INFO] [stdout]   |                                                                          ^^^^^^^
[INFO] [stdout]   |
[INFO] [stdout]   = note: this warning originates in the derive macro `Getters` (in Nightly builds, run with -Z macro-backtrace for more info)
[INFO] [stdout] 
[INFO] [stdout] 
[INFO] [stdout] warning: missing documentation for a method
[INFO] [stdout]  --> src/benchmark.rs:6:83
[INFO] [stdout]   |
[INFO] [stdout] 6 | #[derive(Debug, Default, PartialEq, Hash, Clone, Serialize, Deserialize, Getters, Setters, MutGetters, Builder)]
[INFO] [stdout]   |                                                                                   ^^^^^^^
[INFO] [stdout]   |
[INFO] [stdout]   = note: this warning originates in the derive macro `Setters` (in Nightly builds, run with -Z macro-backtrace for more info)
[INFO] [stdout] 
[INFO] [stdout] 
[INFO] [stdout] warning: missing documentation for a method
[INFO] [stdout]  --> src/benchmark.rs:6:92
[INFO] [stdout]   |
[INFO] [stdout] 6 | #[derive(Debug, Default, PartialEq, Hash, Clone, Serialize, Deserialize, Getters, Setters, MutGetters, Builder)]
[INFO] [stdout]   |                                                                                            ^^^^^^^^^^
[INFO] [stdout]   |
[INFO] [stdout]   = note: this warning originates in the derive macro `MutGetters` (in Nightly builds, run with -Z macro-backtrace for more info)
[INFO] [stdout] 
[INFO] [stdout] 
[INFO] [stdout] warning: missing documentation for a method
[INFO] [stdout]  --> src/benchmark.rs:6:104
[INFO] [stdout]   |
[INFO] [stdout] 6 | #[derive(Debug, Default, PartialEq, Hash, Clone, Serialize, Deserialize, Getters, Setters, MutGetters, Builder)]
[INFO] [stdout]   |                                                                                                        ^^^^^^^
[INFO] [stdout]   |
[INFO] [stdout]   = note: this warning originates in the derive macro `Builder` (in Nightly builds, run with -Z macro-backtrace for more info)
[INFO] [stdout] 
[INFO] [stdout] 
[INFO] [stdout] warning: missing documentation for an associated function
[INFO] [stdout]   --> src/benchmark.rs:20:5
[INFO] [stdout]    |
[INFO] [stdout] 20 |     pub fn exponential(duration: Option<Duration>) -> Vec<Benchmark> {
[INFO] [stdout]    |     ^^^^^^^^^^^^^^^^^^^^^^^^^^^^^^^^^^^^^^^^^^^^^^^^^^^^^^^^^^^^^^^^
[INFO] [stdout] 
[INFO] [stdout] 
[INFO] [stdout] warning: missing documentation for an associated function
[INFO] [stdout]   --> src/benchmark.rs:39:5
[INFO] [stdout]    |
[INFO] [stdout] 39 |     pub fn new(threads: u16, connections: u16, duration: u64) -> Self {
[INFO] [stdout]    |     ^^^^^^^^^^^^^^^^^^^^^^^^^^^^^^^^^^^^^^^^^^^^^^^^^^^^^^^^^^^^^^^^^
[INFO] [stdout] 
[INFO] [stdout] 
[INFO] [stdout] warning: missing documentation for an enum
[INFO] [stdout]  --> src/error.rs:4:1
[INFO] [stdout]   |
[INFO] [stdout] 4 | pub enum WrkError {
[INFO] [stdout]   | ^^^^^^^^^^^^^^^^^
[INFO] [stdout] 
[INFO] [stdout] 
[INFO] [stdout] warning: missing documentation for a variant
[INFO] [stdout]  --> src/error.rs:7:5
[INFO] [stdout]   |
[INFO] [stdout] 7 |     Exec(String),
[INFO] [stdout]   |     ^^^^
[INFO] [stdout] 
[INFO] [stdout] 
[INFO] [stdout] warning: missing documentation for a variant
[INFO] [stdout]   --> src/error.rs:10:5
[INFO] [stdout]    |
[INFO] [stdout] 10 |     History(String),
[INFO] [stdout]    |     ^^^^^^^
[INFO] [stdout] 
[INFO] [stdout] 
[INFO] [stdout] warning: missing documentation for a variant
[INFO] [stdout]   --> src/error.rs:12:5
[INFO] [stdout]    |
[INFO] [stdout] 12 |     Bitmap(String),
[INFO] [stdout]    |     ^^^^^^
[INFO] [stdout] 
[INFO] [stdout] 
[INFO] [stdout] warning: missing documentation for a variant
[INFO] [stdout]   --> src/error.rs:15:5
[INFO] [stdout]    |
[INFO] [stdout] 15 |     Lua(String),
[INFO] [stdout]    |     ^^^
[INFO] [stdout] 
[INFO] [stdout] 
[INFO] [stdout] warning: missing documentation for a variant
[INFO] [stdout]   --> src/error.rs:18:5
[INFO] [stdout]    |
[INFO] [stdout] 18 |     Plot(String),
[INFO] [stdout]    |     ^^^^
[INFO] [stdout] 
[INFO] [stdout] 
[INFO] [stdout] warning: missing documentation for a variant
[INFO] [stdout]   --> src/error.rs:20:5
[INFO] [stdout]    |
[INFO] [stdout] 20 |     Stats(String),
[INFO] [stdout]    |     ^^^^^
[INFO] [stdout] 
[INFO] [stdout] 
[INFO] [stdout] warning: missing documentation for a variant
[INFO] [stdout]   --> src/error.rs:22:5
[INFO] [stdout]    |
[INFO] [stdout] 22 |     Io(#[from] std::io::Error),
[INFO] [stdout]    |     ^^
[INFO] [stdout] 
[INFO] [stdout] 
[INFO] [stdout] warning: missing documentation for a variant
[INFO] [stdout]   --> src/error.rs:24:5
[INFO] [stdout]    |
[INFO] [stdout] 24 |     Serde(#[from] serde_json::Error),
[INFO] [stdout]    |     ^^^^^
[INFO] [stdout] 
[INFO] [stdout] 
[INFO] [stdout] warning: missing documentation for a variant
[INFO] [stdout]   --> src/error.rs:26:5
[INFO] [stdout]    |
[INFO] [stdout] 26 |     Chrono(#[from] chrono::ParseError),
[INFO] [stdout]    |     ^^^^^^
[INFO] [stdout] 
[INFO] [stdout] 
[INFO] [stdout] warning: missing documentation for a variant
[INFO] [stdout]   --> src/error.rs:28:5
[INFO] [stdout]    |
[INFO] [stdout] 28 |     Url(#[from] url::ParseError),
[INFO] [stdout]    |     ^^^
[INFO] [stdout] 
[INFO] [stdout] 
[INFO] [stdout] warning: missing documentation for a variant
[INFO] [stdout]   --> src/error.rs:30:5
[INFO] [stdout]    |
[INFO] [stdout] 30 |     Tempfile(#[from] tempfile::PersistError),
[INFO] [stdout]    |     ^^^^^^^^
[INFO] [stdout] 
[INFO] [stdout] 
[INFO] [stdout] warning: missing documentation for a variant
[INFO] [stdout]   --> src/error.rs:32:5
[INFO] [stdout]    |
[INFO] [stdout] 32 |     WrkBuilder(#[from] crate::wrk::WrkBuilderError),
[INFO] [stdout]    |     ^^^^^^^^^^
[INFO] [stdout] 
[INFO] [stdout] 
[INFO] [stdout] warning: missing documentation for a variant
[INFO] [stdout]   --> src/error.rs:34:5
[INFO] [stdout]    |
[INFO] [stdout] 34 |     WrkResultBuilder(#[from] crate::result::WrkResultBuilderError),
[INFO] [stdout]    |     ^^^^^^^^^^^^^^^^
[INFO] [stdout] 
[INFO] [stdout] 
[INFO] [stdout] warning: missing documentation for a variant
[INFO] [stdout]   --> src/error.rs:36:5
[INFO] [stdout]    |
[INFO] [stdout] 36 |     BenchmarkBuilder(#[from] crate::benchmark::BenchmarkBuilderError),
[INFO] [stdout]    |     ^^^^^^^^^^^^^^^^
[INFO] [stdout] 
[INFO] [stdout] 
[INFO] [stdout] warning: missing documentation for a struct
[INFO] [stdout]   --> src/lua.rs:64:1
[INFO] [stdout]    |
[INFO] [stdout] 64 | pub struct LuaScript {}
[INFO] [stdout]    | ^^^^^^^^^^^^^^^^^^^^
[INFO] [stdout] 
[INFO] [stdout] 
[INFO] [stdout] warning: missing documentation for an associated function
[INFO] [stdout]    --> src/lua.rs:108:5
[INFO] [stdout]     |
[INFO] [stdout] 108 | /     pub fn render(
[INFO] [stdout] 109 | |         script_file: &mut NamedTempFile,
[INFO] [stdout] 110 | |         user_script: Option<&PathBuf>,
[INFO] [stdout] 111 | |         uri: &str,
[INFO] [stdout] ...   |
[INFO] [stdout] 114 | |         body: &str,
[INFO] [stdout] 115 | |     ) -> Result<()> {
[INFO] [stdout]     | |___________________^
[INFO] [stdout] 
[INFO] [stdout] 
[INFO] [stdout] warning: missing documentation for a struct
[INFO] [stdout]   --> src/plot.rs:12:1
[INFO] [stdout]    |
[INFO] [stdout] 12 | pub struct Gnuplot {
[INFO] [stdout]    | ^^^^^^^^^^^^^^^^^^
[INFO] [stdout] 
[INFO] [stdout] 
[INFO] [stdout] warning: missing documentation for an associated function
[INFO] [stdout]   --> src/plot.rs:18:5
[INFO] [stdout]    |
[INFO] [stdout] 18 |     pub fn new(title: &str, output: &Path) -> Self {
[INFO] [stdout]    |     ^^^^^^^^^^^^^^^^^^^^^^^^^^^^^^^^^^^^^^^^^^^^^^
[INFO] [stdout] 
[INFO] [stdout] 
[INFO] [stdout] warning: missing documentation for a method
[INFO] [stdout]   --> src/plot.rs:25:5
[INFO] [stdout]    |
[INFO] [stdout] 25 |     pub fn plot(&self, benchmarks: &Benchmarks) -> Result<()> {
[INFO] [stdout]    |     ^^^^^^^^^^^^^^^^^^^^^^^^^^^^^^^^^^^^^^^^^^^^^^^^^^^^^^^^^
[INFO] [stdout] 
[INFO] [stdout] 
[INFO] [stdout] warning: missing documentation for a struct
[INFO] [stdout]   --> src/result.rs:11:1
[INFO] [stdout]    |
[INFO] [stdout] 11 | pub struct WrkResult {
[INFO] [stdout]    | ^^^^^^^^^^^^^^^^^^^^
[INFO] [stdout] 
[INFO] [stdout] 
[INFO] [stdout] warning: missing documentation for a method
[INFO] [stdout]   --> src/result.rs:10:59
[INFO] [stdout]    |
[INFO] [stdout] 10 | #[derive(Serialize, Deserialize, PartialEq, Debug, Clone, Getters, Setters, MutGetters, Builder)]
[INFO] [stdout]    |                                                           ^^^^^^^
[INFO] [stdout]    |
[INFO] [stdout]    = note: this warning originates in the derive macro `Getters` (in Nightly builds, run with -Z macro-backtrace for more info)
[INFO] [stdout] 
[INFO] [stdout] 
[INFO] [stdout] warning: missing documentation for a method
[INFO] [stdout]   --> src/result.rs:10:68
[INFO] [stdout]    |
[INFO] [stdout] 10 | #[derive(Serialize, Deserialize, PartialEq, Debug, Clone, Getters, Setters, MutGetters, Builder)]
[INFO] [stdout]    |                                                                    ^^^^^^^
[INFO] [stdout]    |
[INFO] [stdout]    = note: this warning originates in the derive macro `Setters` (in Nightly builds, run with -Z macro-backtrace for more info)
[INFO] [stdout] 
[INFO] [stdout] 
[INFO] [stdout] warning: missing documentation for a method
[INFO] [stdout]   --> src/result.rs:10:77
[INFO] [stdout]    |
[INFO] [stdout] 10 | #[derive(Serialize, Deserialize, PartialEq, Debug, Clone, Getters, Setters, MutGetters, Builder)]
[INFO] [stdout]    |                                                                             ^^^^^^^^^^
[INFO] [stdout]    |
[INFO] [stdout]    = note: this warning originates in the derive macro `MutGetters` (in Nightly builds, run with -Z macro-backtrace for more info)
[INFO] [stdout] 
[INFO] [stdout] 
[INFO] [stdout] warning: missing documentation for a method
[INFO] [stdout]   --> src/result.rs:10:89
[INFO] [stdout]    |
[INFO] [stdout] 10 | #[derive(Serialize, Deserialize, PartialEq, Debug, Clone, Getters, Setters, MutGetters, Builder)]
[INFO] [stdout]    |                                                                                         ^^^^^^^
[INFO] [stdout]    |
[INFO] [stdout]    = note: this warning originates in the derive macro `Builder` (in Nightly builds, run with -Z macro-backtrace for more info)
[INFO] [stdout] 
[INFO] [stdout] 
[INFO] [stdout] warning: missing documentation for an associated function
[INFO] [stdout]   --> src/result.rs:98:5
[INFO] [stdout]    |
[INFO] [stdout] 98 |     pub fn fail(error: String) -> Self {
[INFO] [stdout]    |     ^^^^^^^^^^^^^^^^^^^^^^^^^^^^^^^^^^
[INFO] [stdout] 
[INFO] [stdout] 
[INFO] [stdout] warning: missing documentation for an enum
[INFO] [stdout]   --> src/wrk.rs:27:1
[INFO] [stdout]    |
[INFO] [stdout] 27 | pub enum HistoryPeriod {
[INFO] [stdout]    | ^^^^^^^^^^^^^^^^^^^^^^
[INFO] [stdout] 
[INFO] [stdout] 
[INFO] [stdout] warning: missing documentation for a variant
[INFO] [stdout]   --> src/wrk.rs:28:5
[INFO] [stdout]    |
[INFO] [stdout] 28 |     Last,
[INFO] [stdout]    |     ^^^^
[INFO] [stdout] 
[INFO] [stdout] 
[INFO] [stdout] warning: missing documentation for a variant
[INFO] [stdout]   --> src/wrk.rs:29:5
[INFO] [stdout]    |
[INFO] [stdout] 29 |     Hour,
[INFO] [stdout]    |     ^^^^
[INFO] [stdout] 
[INFO] [stdout] 
[INFO] [stdout] warning: missing documentation for a variant
[INFO] [stdout]   --> src/wrk.rs:30:5
[INFO] [stdout]    |
[INFO] [stdout] 30 |     Day,
[INFO] [stdout]    |     ^^^
[INFO] [stdout] 
[INFO] [stdout] 
[INFO] [stdout] warning: missing documentation for a variant
[INFO] [stdout]   --> src/wrk.rs:31:5
[INFO] [stdout]    |
[INFO] [stdout] 31 |     Week,
[INFO] [stdout]    |     ^^^^
[INFO] [stdout] 
[INFO] [stdout] 
[INFO] [stdout] warning: missing documentation for a variant
[INFO] [stdout]   --> src/wrk.rs:32:5
[INFO] [stdout]    |
[INFO] [stdout] 32 |     Month,
[INFO] [stdout]    |     ^^^^^
[INFO] [stdout] 
[INFO] [stdout] 
[INFO] [stdout] warning: missing documentation for a variant
[INFO] [stdout]   --> src/wrk.rs:33:5
[INFO] [stdout]    |
[INFO] [stdout] 33 |     Forever,
[INFO] [stdout]    |     ^^^^^^^
[INFO] [stdout] 
[INFO] [stdout] 
[INFO] [stdout] warning: missing documentation for a method
[INFO] [stdout]   --> src/wrk.rs:43:5
[INFO] [stdout]    |
[INFO] [stdout] 43 |     pub fn last_valid_datapoint(&self) -> DateTime<Utc> {
[INFO] [stdout]    |     ^^^^^^^^^^^^^^^^^^^^^^^^^^^^^^^^^^^^^^^^^^^^^^^^^^^
[INFO] [stdout] 
[INFO] [stdout] 
[INFO] [stdout] warning: missing documentation for a type alias
[INFO] [stdout]   --> src/wrk.rs:56:1
[INFO] [stdout]    |
[INFO] [stdout] 56 | pub type Benchmarks = Vec<WrkResult>;
[INFO] [stdout]    | ^^^^^^^^^^^^^^^^^^^
[INFO] [stdout] 
[INFO] [stdout] 
[INFO] [stdout] warning: missing documentation for a type alias
[INFO] [stdout]   --> src/wrk.rs:57:1
[INFO] [stdout]    |
[INFO] [stdout] 57 | pub type Headers = HashMap<String, String>;
[INFO] [stdout]    | ^^^^^^^^^^^^^^^^
[INFO] [stdout] 
[INFO] [stdout] 
[INFO] [stdout] warning: missing documentation for a method
[INFO] [stdout]    --> src/wrk.rs:150:5
[INFO] [stdout]     |
[INFO] [stdout] 150 |     pub fn bench(&mut self, benchmarks: &Vec<Benchmark>) -> Result<()> {
[INFO] [stdout]     |     ^^^^^^^^^^^^^^^^^^^^^^^^^^^^^^^^^^^^^^^^^^^^^^^^^^^^^^^^^^^^^^^^^^
[INFO] [stdout] 
[INFO] [stdout] 
[INFO] [stdout] warning: missing documentation for a method
[INFO] [stdout]    --> src/wrk.rs:206:5
[INFO] [stdout]     |
[INFO] [stdout] 206 |     pub fn bench_exponential(&mut self, duration: Option<Duration>) -> Result<()> {
[INFO] [stdout]     |     ^^^^^^^^^^^^^^^^^^^^^^^^^^^^^^^^^^^^^^^^^^^^^^^^^^^^^^^^^^^^^^^^^^^^^^^^^^^^^
[INFO] [stdout] 
[INFO] [stdout] 
[INFO] [stdout] warning: missing documentation for a method
[INFO] [stdout]    --> src/wrk.rs:298:5
[INFO] [stdout]     |
[INFO] [stdout] 298 |     pub fn all_benchmarks(&self) -> Benchmarks {
[INFO] [stdout]     |     ^^^^^^^^^^^^^^^^^^^^^^^^^^^^^^^^^^^^^^^^^^
[INFO] [stdout] 
[INFO] [stdout] 
[INFO] [stdout] warning: missing documentation for a method
[INFO] [stdout]    --> src/wrk.rs:304:5
[INFO] [stdout]     |
[INFO] [stdout] 304 |     pub fn deviation(&mut self, period: HistoryPeriod) -> Result<Deviation> {
[INFO] [stdout]     |     ^^^^^^^^^^^^^^^^^^^^^^^^^^^^^^^^^^^^^^^^^^^^^^^^^^^^^^^^^^^^^^^^^^^^^^^
[INFO] [stdout] 
[INFO] [stdout] 
[INFO] [stdout] warning: missing documentation for a method
[INFO] [stdout]    --> src/wrk.rs:311:5
[INFO] [stdout]     |
[INFO] [stdout] 311 |     pub fn plot(&self, title: &str, output: &Path, benchmarks: &Benchmarks) -> Result<()> {
[INFO] [stdout]     |     ^^^^^^^^^^^^^^^^^^^^^^^^^^^^^^^^^^^^^^^^^^^^^^^^^^^^^^^^^^^^^^^^^^^^^^^^^^^^^^^^^^^^^
[INFO] [stdout] 
[INFO] [stdout] 
[INFO] [stdout] warning: 57 warnings emitted
[INFO] [stdout] 
[INFO] [stdout] 
[INFO] [stderr]     Finished dev [unoptimized + debuginfo] target(s) in 11.86s
[INFO] running `Command { std: "docker" "inspect" "bdd19b7d7060d9bcefa2c76f0437b5ec90d582624a18c2e25238f8eec271241d", kill_on_drop: false }`
[INFO] running `Command { std: "docker" "rm" "-f" "bdd19b7d7060d9bcefa2c76f0437b5ec90d582624a18c2e25238f8eec271241d", kill_on_drop: false }`
[INFO] [stdout] bdd19b7d7060d9bcefa2c76f0437b5ec90d582624a18c2e25238f8eec271241d
[INFO] running `Command { std: "docker" "create" "-v" "/var/lib/crater-agent-workspace/builds/worker-0-tc1/target:/opt/rustwide/target:rw,Z" "-v" "/var/lib/crater-agent-workspace/builds/worker-0-tc1/source:/opt/rustwide/workdir:ro,Z" "-v" "/var/lib/crater-agent-workspace/cargo-home:/opt/rustwide/cargo-home:ro,Z" "-v" "/var/lib/crater-agent-workspace/rustup-home:/opt/rustwide/rustup-home:ro,Z" "-e" "SOURCE_DIR=/opt/rustwide/workdir" "-e" "CARGO_TARGET_DIR=/opt/rustwide/target" "-e" "CARGO_INCREMENTAL=0" "-e" "RUST_BACKTRACE=full" "-e" "RUSTFLAGS=--cap-lints=warn" "-e" "RUSTDOCFLAGS=--cap-lints=warn" "-e" "CARGO_HOME=/opt/rustwide/cargo-home" "-e" "RUSTUP_HOME=/opt/rustwide/rustup-home" "-w" "/opt/rustwide/workdir" "-m" "1610612736" "--user" "0:0" "--network" "none" "ghcr.io/rust-lang/crates-build-env/linux@sha256:2788e3201cd34a07e3172128adcd8b3090168a8e3bcc40d7c032b9dda1df7d1c" "/opt/rustwide/cargo-home/bin/cargo" "+1.75.0" "test" "--frozen" "--no-run" "--message-format=json", kill_on_drop: false }`
[INFO] [stdout] bb31aa6ae0297aaf1329f70f4bb8f6cb4e7e59bd05cb2222bafe702be781d86a
[INFO] running `Command { std: "docker" "start" "-a" "bb31aa6ae0297aaf1329f70f4bb8f6cb4e7e59bd05cb2222bafe702be781d86a", kill_on_drop: false }`
[INFO] [stderr]    Compiling fnv v1.0.7
[INFO] [stderr]    Compiling futures-core v0.3.30
[INFO] [stderr]    Compiling futures-task v0.3.30
[INFO] [stderr]    Compiling syn v2.0.48
[INFO] [stderr]    Compiling tracing-core v0.1.32
[INFO] [stderr]    Compiling serde_json v1.0.111
[INFO] [stderr]    Compiling async-trait v0.1.77
[INFO] [stderr]    Compiling httparse v1.8.0
[INFO] [stderr]    Compiling futures-sink v0.3.30
[INFO] [stderr]    Compiling tower-service v0.3.2
[INFO] [stderr]    Compiling try-lock v0.2.5
[INFO] [stderr]    Compiling tower-layer v0.3.2
[INFO] [stderr]    Compiling httpdate v1.0.3
[INFO] [stderr]    Compiling bitflags v1.3.2
[INFO] [stderr]    Compiling http-range-header v0.3.1
[INFO] [stderr]    Compiling mime v0.3.17
[INFO] [stderr]    Compiling darling_core v0.12.4
[INFO] [stderr]    Compiling http v0.2.11
[INFO] [stderr]    Compiling sync_wrapper v0.1.2
[INFO] [stderr]    Compiling want v0.3.1
[INFO] [stderr]    Compiling matchit v0.4.6
[INFO] [stderr]    Compiling futures-util v0.3.30
[INFO] [stderr]    Compiling futures-channel v0.3.30
[INFO] [stderr]    Compiling tracing v0.1.40
[INFO] [stderr]    Compiling http-body v0.4.6
[INFO] [stderr]    Compiling darling_macro v0.12.4
[INFO] [stderr]    Compiling darling v0.12.4
[INFO] [stderr]    Compiling derive_builder_core v0.10.2
[INFO] [stderr]    Compiling derive_builder_macro v0.10.2
[INFO] [stderr]    Compiling serde_derive v1.0.194
[INFO] [stderr]    Compiling tokio-macros v2.2.0
[INFO] [stderr]    Compiling pin-project-internal v1.1.3
[INFO] [stderr]    Compiling thiserror-impl v1.0.56
[INFO] [stderr]    Compiling derive_builder v0.10.2
[INFO] [stderr]    Compiling tokio v1.35.1
[INFO] [stderr]    Compiling axum-core v0.1.2
[INFO] [stderr]    Compiling pin-project v1.1.3
[INFO] [stderr]    Compiling thiserror v1.0.56
[INFO] [stderr]    Compiling serde v1.0.194
[INFO] [stderr]    Compiling tokio-util v0.7.10
[INFO] [stderr]    Compiling hyper v0.14.28
[INFO] [stderr]    Compiling tower v0.4.13
[INFO] [stderr]    Compiling tower-http v0.2.5
[INFO] [stderr]    Compiling csv v1.3.0
[INFO] [stderr]    Compiling chrono v0.4.31
[INFO] [stderr]    Compiling serde_urlencoded v0.7.1
[INFO] [stderr]    Compiling prettytable-rs v0.10.0
[INFO] [stderr]    Compiling tokio-serde-json v0.3.0
[INFO] [stderr]    Compiling wrk-api-bench v0.0.9 (/opt/rustwide/workdir)
[INFO] [stdout] warning: unused import: `self`
[INFO] [stdout]  --> src/lua.rs:3:10
[INFO] [stdout]   |
[INFO] [stdout] 3 |     fs::{self, File},
[INFO] [stdout]   |          ^^^^
[INFO] [stdout]   |
[INFO] [stdout]   = note: `#[warn(unused_imports)]` on by default
[INFO] [stdout] 
[INFO] [stdout] 
[INFO] [stdout] warning: unused import: `assert_cmd::prelude::OutputOkExt`
[INFO] [stdout]  --> src/lua.rs:8:5
[INFO] [stdout]   |
[INFO] [stdout] 8 | use assert_cmd::prelude::OutputOkExt;
[INFO] [stdout]   |     ^^^^^^^^^^^^^^^^^^^^^^^^^^^^^^^^
[INFO] [stdout] 
[INFO] [stdout] 
[INFO] [stdout] warning: unused imports: `Getters`, `MutGetters`, `Setters`
[INFO] [stdout]  --> src/lua.rs:9:14
[INFO] [stdout]   |
[INFO] [stdout] 9 | use getset::{Getters, MutGetters, Setters};
[INFO] [stdout]   |              ^^^^^^^  ^^^^^^^^^^  ^^^^^^^
[INFO] [stdout] 
[INFO] [stdout] 
[INFO] [stdout] warning: unused import: `BenchmarkBuilder`
[INFO] [stdout]  --> src/result.rs:8:24
[INFO] [stdout]   |
[INFO] [stdout] 8 | use crate::{Benchmark, BenchmarkBuilder};
[INFO] [stdout]   |                        ^^^^^^^^^^^^^^^^
[INFO] [stdout] 
[INFO] [stdout] 
[INFO] [stdout] warning: unused import: `WrkResultBuilder`
[INFO] [stdout]   --> src/wrk.rs:20:36
[INFO] [stdout]    |
[INFO] [stdout] 20 |     result::{Deviation, WrkResult, WrkResultBuilder},
[INFO] [stdout]    |                                    ^^^^^^^^^^^^^^^^
[INFO] [stdout] 
[INFO] [stdout] 
[INFO] [stdout] warning: use of deprecated associated function `chrono::DateTime::<Tz>::from_utc`: Use TimeZone::from_utc_datetime() or DateTime::from_naive_utc_and_offset instead
[INFO] [stdout]   --> src/wrk.rs:51:40
[INFO] [stdout]    |
[INFO] [stdout] 51 |             Self::Forever => DateTime::from_utc(NaiveDateTime::from_timestamp(1, 0), Utc),
[INFO] [stdout]    |                                        ^^^^^^^^
[INFO] [stdout]    |
[INFO] [stdout]    = note: `#[warn(deprecated)]` on by default
[INFO] [stdout] 
[INFO] [stdout] 
[INFO] [stdout] warning: use of deprecated associated function `chrono::NaiveDateTime::from_timestamp`: use `from_timestamp_opt()` instead
[INFO] [stdout]   --> src/wrk.rs:51:64
[INFO] [stdout]    |
[INFO] [stdout] 51 |             Self::Forever => DateTime::from_utc(NaiveDateTime::from_timestamp(1, 0), Utc),
[INFO] [stdout]    |                                                                ^^^^^^^^^^^^^^
[INFO] [stdout] 
[INFO] [stdout] 
[INFO] [stdout] warning: unused variable: `tokens`
[INFO] [stdout]   --> src/lua.rs:95:13
[INFO] [stdout]    |
[INFO] [stdout] 95 |         let tokens = lexer.run(&buffer).map_err(|e| WrkError::Lua(format!("{:?}", e)))?;
[INFO] [stdout]    |             ^^^^^^ help: if this is intentional, prefix it with an underscore: `_tokens`
[INFO] [stdout]    |
[INFO] [stdout]    = note: `#[warn(unused_variables)]` on by default
[INFO] [stdout] 
[INFO] [stdout] 
[INFO] [stdout] warning: missing documentation for the crate
[INFO] [stdout]   --> src/lib.rs:1:1
[INFO] [stdout]    |
[INFO] [stdout] 1  | / #![warn(missing_docs, missing_debug_implementations)]
[INFO] [stdout] 2  | |
[INFO] [stdout] 3  | | #[macro_use]
[INFO] [stdout] 4  | | extern crate derive_builder;
[INFO] [stdout] ...  |
[INFO] [stdout] 21 | |
[INFO] [stdout] 22 | | pub(crate) type Result<T> = std::result::Result<T, WrkError>;
[INFO] [stdout]    | |_____________________________________________________________^
[INFO] [stdout]    |
[INFO] [stdout] note: the lint level is defined here
[INFO] [stdout]   --> src/lib.rs:1:9
[INFO] [stdout]    |
[INFO] [stdout] 1  | #![warn(missing_docs, missing_debug_implementations)]
[INFO] [stdout]    |         ^^^^^^^^^^^^
[INFO] [stdout] 
[INFO] [stdout] 
[INFO] [stdout] warning: missing documentation for a struct
[INFO] [stdout]  --> src/benchmark.rs:7:1
[INFO] [stdout]   |
[INFO] [stdout] 7 | pub struct Benchmark {
[INFO] [stdout]   | ^^^^^^^^^^^^^^^^^^^^
[INFO] [stdout] 
[INFO] [stdout] 
[INFO] [stdout] warning: missing documentation for a method
[INFO] [stdout]  --> src/benchmark.rs:6:74
[INFO] [stdout]   |
[INFO] [stdout] 6 | #[derive(Debug, Default, PartialEq, Hash, Clone, Serialize, Deserialize, Getters, Setters, MutGetters, Builder)]
[INFO] [stdout]   |                                                                          ^^^^^^^
[INFO] [stdout]   |
[INFO] [stdout]   = note: this warning originates in the derive macro `Getters` (in Nightly builds, run with -Z macro-backtrace for more info)
[INFO] [stdout] 
[INFO] [stdout] 
[INFO] [stdout] warning: missing documentation for a method
[INFO] [stdout]  --> src/benchmark.rs:6:83
[INFO] [stdout]   |
[INFO] [stdout] 6 | #[derive(Debug, Default, PartialEq, Hash, Clone, Serialize, Deserialize, Getters, Setters, MutGetters, Builder)]
[INFO] [stdout]   |                                                                                   ^^^^^^^
[INFO] [stdout]   |
[INFO] [stdout]   = note: this warning originates in the derive macro `Setters` (in Nightly builds, run with -Z macro-backtrace for more info)
[INFO] [stdout] 
[INFO] [stdout] 
[INFO] [stdout] warning: missing documentation for a method
[INFO] [stdout]  --> src/benchmark.rs:6:92
[INFO] [stdout]   |
[INFO] [stdout] 6 | #[derive(Debug, Default, PartialEq, Hash, Clone, Serialize, Deserialize, Getters, Setters, MutGetters, Builder)]
[INFO] [stdout]   |                                                                                            ^^^^^^^^^^
[INFO] [stdout]   |
[INFO] [stdout]   = note: this warning originates in the derive macro `MutGetters` (in Nightly builds, run with -Z macro-backtrace for more info)
[INFO] [stdout] 
[INFO] [stdout] 
[INFO] [stdout] warning: missing documentation for a method
[INFO] [stdout]  --> src/benchmark.rs:6:104
[INFO] [stdout]   |
[INFO] [stdout] 6 | #[derive(Debug, Default, PartialEq, Hash, Clone, Serialize, Deserialize, Getters, Setters, MutGetters, Builder)]
[INFO] [stdout]   |                                                                                                        ^^^^^^^
[INFO] [stdout]   |
[INFO] [stdout]   = note: this warning originates in the derive macro `Builder` (in Nightly builds, run with -Z macro-backtrace for more info)
[INFO] [stdout] 
[INFO] [stdout] 
[INFO] [stdout] warning: missing documentation for an associated function
[INFO] [stdout]   --> src/benchmark.rs:20:5
[INFO] [stdout]    |
[INFO] [stdout] 20 |     pub fn exponential(duration: Option<Duration>) -> Vec<Benchmark> {
[INFO] [stdout]    |     ^^^^^^^^^^^^^^^^^^^^^^^^^^^^^^^^^^^^^^^^^^^^^^^^^^^^^^^^^^^^^^^^
[INFO] [stdout] 
[INFO] [stdout] 
[INFO] [stdout] warning: missing documentation for an associated function
[INFO] [stdout]   --> src/benchmark.rs:39:5
[INFO] [stdout]    |
[INFO] [stdout] 39 |     pub fn new(threads: u16, connections: u16, duration: u64) -> Self {
[INFO] [stdout]    |     ^^^^^^^^^^^^^^^^^^^^^^^^^^^^^^^^^^^^^^^^^^^^^^^^^^^^^^^^^^^^^^^^^
[INFO] [stdout] 
[INFO] [stdout] 
[INFO] [stdout] warning: missing documentation for an enum
[INFO] [stdout]  --> src/error.rs:4:1
[INFO] [stdout]   |
[INFO] [stdout] 4 | pub enum WrkError {
[INFO] [stdout]   | ^^^^^^^^^^^^^^^^^
[INFO] [stdout] 
[INFO] [stdout] 
[INFO] [stdout] warning: missing documentation for a variant
[INFO] [stdout]  --> src/error.rs:7:5
[INFO] [stdout]   |
[INFO] [stdout] 7 |     Exec(String),
[INFO] [stdout]   |     ^^^^
[INFO] [stdout] 
[INFO] [stdout] 
[INFO] [stdout] warning: missing documentation for a variant
[INFO] [stdout]   --> src/error.rs:10:5
[INFO] [stdout]    |
[INFO] [stdout] 10 |     History(String),
[INFO] [stdout]    |     ^^^^^^^
[INFO] [stdout] 
[INFO] [stdout] 
[INFO] [stdout] warning: missing documentation for a variant
[INFO] [stdout]   --> src/error.rs:12:5
[INFO] [stdout]    |
[INFO] [stdout] 12 |     Bitmap(String),
[INFO] [stdout]    |     ^^^^^^
[INFO] [stdout] 
[INFO] [stdout] 
[INFO] [stdout] warning: missing documentation for a variant
[INFO] [stdout]   --> src/error.rs:15:5
[INFO] [stdout]    |
[INFO] [stdout] 15 |     Lua(String),
[INFO] [stdout]    |     ^^^
[INFO] [stdout] 
[INFO] [stdout] 
[INFO] [stdout] warning: missing documentation for a variant
[INFO] [stdout]   --> src/error.rs:18:5
[INFO] [stdout]    |
[INFO] [stdout] 18 |     Plot(String),
[INFO] [stdout]    |     ^^^^
[INFO] [stdout] 
[INFO] [stdout] 
[INFO] [stdout] warning: missing documentation for a variant
[INFO] [stdout]   --> src/error.rs:20:5
[INFO] [stdout]    |
[INFO] [stdout] 20 |     Stats(String),
[INFO] [stdout]    |     ^^^^^
[INFO] [stdout] 
[INFO] [stdout] 
[INFO] [stdout] warning: missing documentation for a variant
[INFO] [stdout]   --> src/error.rs:22:5
[INFO] [stdout]    |
[INFO] [stdout] 22 |     Io(#[from] std::io::Error),
[INFO] [stdout]    |     ^^
[INFO] [stdout] 
[INFO] [stdout] 
[INFO] [stdout] warning: missing documentation for a variant
[INFO] [stdout]   --> src/error.rs:24:5
[INFO] [stdout]    |
[INFO] [stdout] 24 |     Serde(#[from] serde_json::Error),
[INFO] [stdout]    |     ^^^^^
[INFO] [stdout] 
[INFO] [stdout] 
[INFO] [stdout] warning: missing documentation for a variant
[INFO] [stdout]   --> src/error.rs:26:5
[INFO] [stdout]    |
[INFO] [stdout] 26 |     Chrono(#[from] chrono::ParseError),
[INFO] [stdout]    |     ^^^^^^
[INFO] [stdout] 
[INFO] [stdout] 
[INFO] [stdout] warning: missing documentation for a variant
[INFO] [stdout]   --> src/error.rs:28:5
[INFO] [stdout]    |
[INFO] [stdout] 28 |     Url(#[from] url::ParseError),
[INFO] [stdout]    |     ^^^
[INFO] [stdout] 
[INFO] [stdout] 
[INFO] [stdout] warning: missing documentation for a variant
[INFO] [stdout]   --> src/error.rs:30:5
[INFO] [stdout]    |
[INFO] [stdout] 30 |     Tempfile(#[from] tempfile::PersistError),
[INFO] [stdout]    |     ^^^^^^^^
[INFO] [stdout] 
[INFO] [stdout] 
[INFO] [stdout] warning: missing documentation for a variant
[INFO] [stdout]   --> src/error.rs:32:5
[INFO] [stdout]    |
[INFO] [stdout] 32 |     WrkBuilder(#[from] crate::wrk::WrkBuilderError),
[INFO] [stdout]    |     ^^^^^^^^^^
[INFO] [stdout] 
[INFO] [stdout] 
[INFO] [stdout] warning: missing documentation for a variant
[INFO] [stdout]   --> src/error.rs:34:5
[INFO] [stdout]    |
[INFO] [stdout] 34 |     WrkResultBuilder(#[from] crate::result::WrkResultBuilderError),
[INFO] [stdout]    |     ^^^^^^^^^^^^^^^^
[INFO] [stdout] 
[INFO] [stdout] 
[INFO] [stdout] warning: missing documentation for a variant
[INFO] [stdout]   --> src/error.rs:36:5
[INFO] [stdout]    |
[INFO] [stdout] 36 |     BenchmarkBuilder(#[from] crate::benchmark::BenchmarkBuilderError),
[INFO] [stdout]    |     ^^^^^^^^^^^^^^^^
[INFO] [stdout] 
[INFO] [stdout] 
[INFO] [stdout] warning: missing documentation for a struct
[INFO] [stdout]   --> src/lua.rs:64:1
[INFO] [stdout]    |
[INFO] [stdout] 64 | pub struct LuaScript {}
[INFO] [stdout]    | ^^^^^^^^^^^^^^^^^^^^
[INFO] [stdout] 
[INFO] [stdout] 
[INFO] [stdout] warning: missing documentation for an associated function
[INFO] [stdout]    --> src/lua.rs:108:5
[INFO] [stdout]     |
[INFO] [stdout] 108 | /     pub fn render(
[INFO] [stdout] 109 | |         script_file: &mut NamedTempFile,
[INFO] [stdout] 110 | |         user_script: Option<&PathBuf>,
[INFO] [stdout] 111 | |         uri: &str,
[INFO] [stdout] ...   |
[INFO] [stdout] 114 | |         body: &str,
[INFO] [stdout] 115 | |     ) -> Result<()> {
[INFO] [stdout]     | |___________________^
[INFO] [stdout] 
[INFO] [stdout] 
[INFO] [stdout] warning: missing documentation for a struct
[INFO] [stdout]   --> src/plot.rs:12:1
[INFO] [stdout]    |
[INFO] [stdout] 12 | pub struct Gnuplot {
[INFO] [stdout]    | ^^^^^^^^^^^^^^^^^^
[INFO] [stdout] 
[INFO] [stdout] 
[INFO] [stdout] warning: missing documentation for an associated function
[INFO] [stdout]   --> src/plot.rs:18:5
[INFO] [stdout]    |
[INFO] [stdout] 18 |     pub fn new(title: &str, output: &Path) -> Self {
[INFO] [stdout]    |     ^^^^^^^^^^^^^^^^^^^^^^^^^^^^^^^^^^^^^^^^^^^^^^
[INFO] [stdout] 
[INFO] [stdout] 
[INFO] [stdout] warning: missing documentation for a method
[INFO] [stdout]   --> src/plot.rs:25:5
[INFO] [stdout]    |
[INFO] [stdout] 25 |     pub fn plot(&self, benchmarks: &Benchmarks) -> Result<()> {
[INFO] [stdout]    |     ^^^^^^^^^^^^^^^^^^^^^^^^^^^^^^^^^^^^^^^^^^^^^^^^^^^^^^^^^
[INFO] [stdout] 
[INFO] [stdout] 
[INFO] [stdout] warning: missing documentation for a struct
[INFO] [stdout]   --> src/result.rs:11:1
[INFO] [stdout]    |
[INFO] [stdout] 11 | pub struct WrkResult {
[INFO] [stdout]    | ^^^^^^^^^^^^^^^^^^^^
[INFO] [stdout] 
[INFO] [stdout] 
[INFO] [stdout] warning: missing documentation for a method
[INFO] [stdout]   --> src/result.rs:10:59
[INFO] [stdout]    |
[INFO] [stdout] 10 | #[derive(Serialize, Deserialize, PartialEq, Debug, Clone, Getters, Setters, MutGetters, Builder)]
[INFO] [stdout]    |                                                           ^^^^^^^
[INFO] [stdout]    |
[INFO] [stdout]    = note: this warning originates in the derive macro `Getters` (in Nightly builds, run with -Z macro-backtrace for more info)
[INFO] [stdout] 
[INFO] [stdout] 
[INFO] [stdout] warning: missing documentation for a method
[INFO] [stdout]   --> src/result.rs:10:68
[INFO] [stdout]    |
[INFO] [stdout] 10 | #[derive(Serialize, Deserialize, PartialEq, Debug, Clone, Getters, Setters, MutGetters, Builder)]
[INFO] [stdout]    |                                                                    ^^^^^^^
[INFO] [stdout]    |
[INFO] [stdout]    = note: this warning originates in the derive macro `Setters` (in Nightly builds, run with -Z macro-backtrace for more info)
[INFO] [stdout] 
[INFO] [stdout] 
[INFO] [stdout] warning: missing documentation for a method
[INFO] [stdout]   --> src/result.rs:10:77
[INFO] [stdout]    |
[INFO] [stdout] 10 | #[derive(Serialize, Deserialize, PartialEq, Debug, Clone, Getters, Setters, MutGetters, Builder)]
[INFO] [stdout]    |                                                                             ^^^^^^^^^^
[INFO] [stdout]    |
[INFO] [stdout]    = note: this warning originates in the derive macro `MutGetters` (in Nightly builds, run with -Z macro-backtrace for more info)
[INFO] [stdout] 
[INFO] [stdout] 
[INFO] [stdout] warning: missing documentation for a method
[INFO] [stdout]   --> src/result.rs:10:89
[INFO] [stdout]    |
[INFO] [stdout] 10 | #[derive(Serialize, Deserialize, PartialEq, Debug, Clone, Getters, Setters, MutGetters, Builder)]
[INFO] [stdout]    |                                                                                         ^^^^^^^
[INFO] [stdout]    |
[INFO] [stdout]    = note: this warning originates in the derive macro `Builder` (in Nightly builds, run with -Z macro-backtrace for more info)
[INFO] [stdout] 
[INFO] [stdout] 
[INFO] [stdout] warning: missing documentation for an associated function
[INFO] [stdout]   --> src/result.rs:98:5
[INFO] [stdout]    |
[INFO] [stdout] 98 |     pub fn fail(error: String) -> Self {
[INFO] [stdout]    |     ^^^^^^^^^^^^^^^^^^^^^^^^^^^^^^^^^^
[INFO] [stdout] 
[INFO] [stdout] 
[INFO] [stdout] warning: missing documentation for an enum
[INFO] [stdout]   --> src/wrk.rs:27:1
[INFO] [stdout]    |
[INFO] [stdout] 27 | pub enum HistoryPeriod {
[INFO] [stdout]    | ^^^^^^^^^^^^^^^^^^^^^^
[INFO] [stdout] 
[INFO] [stdout] 
[INFO] [stdout] warning: missing documentation for a variant
[INFO] [stdout]   --> src/wrk.rs:28:5
[INFO] [stdout]    |
[INFO] [stdout] 28 |     Last,
[INFO] [stdout]    |     ^^^^
[INFO] [stdout] 
[INFO] [stdout] 
[INFO] [stdout] warning: missing documentation for a variant
[INFO] [stdout]   --> src/wrk.rs:29:5
[INFO] [stdout]    |
[INFO] [stdout] 29 |     Hour,
[INFO] [stdout]    |     ^^^^
[INFO] [stdout] 
[INFO] [stdout] 
[INFO] [stdout] warning: missing documentation for a variant
[INFO] [stdout]   --> src/wrk.rs:30:5
[INFO] [stdout]    |
[INFO] [stdout] 30 |     Day,
[INFO] [stdout]    |     ^^^
[INFO] [stdout] 
[INFO] [stdout] 
[INFO] [stdout] warning: missing documentation for a variant
[INFO] [stdout]   --> src/wrk.rs:31:5
[INFO] [stdout]    |
[INFO] [stdout] 31 |     Week,
[INFO] [stdout]    |     ^^^^
[INFO] [stdout] 
[INFO] [stdout] 
[INFO] [stdout] warning: missing documentation for a variant
[INFO] [stdout]   --> src/wrk.rs:32:5
[INFO] [stdout]    |
[INFO] [stdout] 32 |     Month,
[INFO] [stdout]    |     ^^^^^
[INFO] [stdout] 
[INFO] [stdout] 
[INFO] [stdout] warning: missing documentation for a variant
[INFO] [stdout]   --> src/wrk.rs:33:5
[INFO] [stdout]    |
[INFO] [stdout] 33 |     Forever,
[INFO] [stdout]    |     ^^^^^^^
[INFO] [stdout] 
[INFO] [stdout] 
[INFO] [stdout] warning: missing documentation for a method
[INFO] [stdout]   --> src/wrk.rs:43:5
[INFO] [stdout]    |
[INFO] [stdout] 43 |     pub fn last_valid_datapoint(&self) -> DateTime<Utc> {
[INFO] [stdout]    |     ^^^^^^^^^^^^^^^^^^^^^^^^^^^^^^^^^^^^^^^^^^^^^^^^^^^
[INFO] [stdout] 
[INFO] [stdout] 
[INFO] [stdout] warning: missing documentation for a type alias
[INFO] [stdout]   --> src/wrk.rs:56:1
[INFO] [stdout]    |
[INFO] [stdout] 56 | pub type Benchmarks = Vec<WrkResult>;
[INFO] [stdout]    | ^^^^^^^^^^^^^^^^^^^
[INFO] [stdout] 
[INFO] [stdout] 
[INFO] [stdout] warning: missing documentation for a type alias
[INFO] [stdout]   --> src/wrk.rs:57:1
[INFO] [stdout]    |
[INFO] [stdout] 57 | pub type Headers = HashMap<String, String>;
[INFO] [stdout]    | ^^^^^^^^^^^^^^^^
[INFO] [stdout] 
[INFO] [stdout] 
[INFO] [stdout] warning: missing documentation for a method
[INFO] [stdout]    --> src/wrk.rs:150:5
[INFO] [stdout]     |
[INFO] [stdout] 150 |     pub fn bench(&mut self, benchmarks: &Vec<Benchmark>) -> Result<()> {
[INFO] [stdout]     |     ^^^^^^^^^^^^^^^^^^^^^^^^^^^^^^^^^^^^^^^^^^^^^^^^^^^^^^^^^^^^^^^^^^
[INFO] [stdout] 
[INFO] [stdout] 
[INFO] [stdout] warning: missing documentation for a method
[INFO] [stdout]    --> src/wrk.rs:206:5
[INFO] [stdout]     |
[INFO] [stdout] 206 |     pub fn bench_exponential(&mut self, duration: Option<Duration>) -> Result<()> {
[INFO] [stdout]     |     ^^^^^^^^^^^^^^^^^^^^^^^^^^^^^^^^^^^^^^^^^^^^^^^^^^^^^^^^^^^^^^^^^^^^^^^^^^^^^
[INFO] [stdout] 
[INFO] [stdout] 
[INFO] [stdout] warning: missing documentation for a method
[INFO] [stdout]    --> src/wrk.rs:298:5
[INFO] [stdout]     |
[INFO] [stdout] 298 |     pub fn all_benchmarks(&self) -> Benchmarks {
[INFO] [stdout]     |     ^^^^^^^^^^^^^^^^^^^^^^^^^^^^^^^^^^^^^^^^^^
[INFO] [stdout] 
[INFO] [stdout] 
[INFO] [stdout] warning: missing documentation for a method
[INFO] [stdout]    --> src/wrk.rs:304:5
[INFO] [stdout]     |
[INFO] [stdout] 304 |     pub fn deviation(&mut self, period: HistoryPeriod) -> Result<Deviation> {
[INFO] [stdout]     |     ^^^^^^^^^^^^^^^^^^^^^^^^^^^^^^^^^^^^^^^^^^^^^^^^^^^^^^^^^^^^^^^^^^^^^^^
[INFO] [stdout] 
[INFO] [stdout] 
[INFO] [stdout] warning: missing documentation for a method
[INFO] [stdout]    --> src/wrk.rs:311:5
[INFO] [stdout]     |
[INFO] [stdout] 311 |     pub fn plot(&self, title: &str, output: &Path, benchmarks: &Benchmarks) -> Result<()> {
[INFO] [stdout]     |     ^^^^^^^^^^^^^^^^^^^^^^^^^^^^^^^^^^^^^^^^^^^^^^^^^^^^^^^^^^^^^^^^^^^^^^^^^^^^^^^^^^^^^
[INFO] [stdout] 
[INFO] [stdout] 
[INFO] [stdout] warning: 57 warnings emitted
[INFO] [stdout] 
[INFO] [stdout] 
[INFO] [stderr]    Compiling axum v0.4.8
[INFO] [stdout] warning: unused import: `self`
[INFO] [stdout]  --> src/lua.rs:3:10
[INFO] [stdout]   |
[INFO] [stdout] 3 |     fs::{self, File},
[INFO] [stdout]   |          ^^^^
[INFO] [stdout]   |
[INFO] [stdout]   = note: `#[warn(unused_imports)]` on by default
[INFO] [stdout] 
[INFO] [stdout] 
[INFO] [stdout] warning: unused import: `assert_cmd::prelude::OutputOkExt`
[INFO] [stdout]  --> src/lua.rs:8:5
[INFO] [stdout]   |
[INFO] [stdout] 8 | use assert_cmd::prelude::OutputOkExt;
[INFO] [stdout]   |     ^^^^^^^^^^^^^^^^^^^^^^^^^^^^^^^^
[INFO] [stdout] 
[INFO] [stdout] 
[INFO] [stdout] warning: unused imports: `Getters`, `MutGetters`, `Setters`
[INFO] [stdout]  --> src/lua.rs:9:14
[INFO] [stdout]   |
[INFO] [stdout] 9 | use getset::{Getters, MutGetters, Setters};
[INFO] [stdout]   |              ^^^^^^^  ^^^^^^^^^^  ^^^^^^^
[INFO] [stdout] 
[INFO] [stdout] 
[INFO] [stdout] warning: unused import: `BenchmarkBuilder`
[INFO] [stdout]  --> src/result.rs:8:24
[INFO] [stdout]   |
[INFO] [stdout] 8 | use crate::{Benchmark, BenchmarkBuilder};
[INFO] [stdout]   |                        ^^^^^^^^^^^^^^^^
[INFO] [stdout] 
[INFO] [stdout] 
[INFO] [stdout] warning: unused import: `WrkResultBuilder`
[INFO] [stdout]   --> src/wrk.rs:20:36
[INFO] [stdout]    |
[INFO] [stdout] 20 |     result::{Deviation, WrkResult, WrkResultBuilder},
[INFO] [stdout]    |                                    ^^^^^^^^^^^^^^^^
[INFO] [stdout] 
[INFO] [stdout] 
[INFO] [stdout] warning: unused import: `thread`
[INFO] [stdout]    --> src/wrk.rs:318:32
[INFO] [stdout]     |
[INFO] [stdout] 318 |     use std::{net::SocketAddr, thread, time::Duration};
[INFO] [stdout]     |                                ^^^^^^
[INFO] [stdout] 
[INFO] [stdout] 
[INFO] [stdout] warning: unused imports: `Json`, `http::StatusCode`, `post`, `response::IntoResponse`
[INFO] [stdout]    --> src/wrk.rs:323:9
[INFO] [stdout]     |
[INFO] [stdout] 323 |         http::StatusCode,
[INFO] [stdout]     |         ^^^^^^^^^^^^^^^^
[INFO] [stdout] 324 |         response::IntoResponse,
[INFO] [stdout]     |         ^^^^^^^^^^^^^^^^^^^^^^
[INFO] [stdout] 325 |         routing::{get, post},
[INFO] [stdout]     |                        ^^^^
[INFO] [stdout] 326 |         Json, Router,
[INFO] [stdout]     |         ^^^^
[INFO] [stdout] 
[INFO] [stdout] 
[INFO] [stdout] warning: use of deprecated associated function `chrono::DateTime::<Tz>::from_utc`: Use TimeZone::from_utc_datetime() or DateTime::from_naive_utc_and_offset instead
[INFO] [stdout]   --> src/wrk.rs:51:40
[INFO] [stdout]    |
[INFO] [stdout] 51 |             Self::Forever => DateTime::from_utc(NaiveDateTime::from_timestamp(1, 0), Utc),
[INFO] [stdout]    |                                        ^^^^^^^^
[INFO] [stdout]    |
[INFO] [stdout]    = note: `#[warn(deprecated)]` on by default
[INFO] [stdout] 
[INFO] [stdout] 
[INFO] [stdout] warning: use of deprecated associated function `chrono::NaiveDateTime::from_timestamp`: use `from_timestamp_opt()` instead
[INFO] [stdout]   --> src/wrk.rs:51:64
[INFO] [stdout]    |
[INFO] [stdout] 51 |             Self::Forever => DateTime::from_utc(NaiveDateTime::from_timestamp(1, 0), Utc),
[INFO] [stdout]    |                                                                ^^^^^^^^^^^^^^
[INFO] [stdout] 
[INFO] [stdout] 
[INFO] [stdout] warning: unused variable: `tokens`
[INFO] [stdout]   --> src/lua.rs:95:13
[INFO] [stdout]    |
[INFO] [stdout] 95 |         let tokens = lexer.run(&buffer).map_err(|e| WrkError::Lua(format!("{:?}", e)))?;
[INFO] [stdout]    |             ^^^^^^ help: if this is intentional, prefix it with an underscore: `_tokens`
[INFO] [stdout]    |
[INFO] [stdout]    = note: `#[warn(unused_variables)]` on by default
[INFO] [stdout] 
[INFO] [stdout] 
[INFO] [stdout] warning: unused variable: `body`
[INFO] [stdout]    --> src/wrk.rs:354:13
[INFO] [stdout]     |
[INFO] [stdout] 354 |         let body = hyper::body::to_bytes(response.into_body()).await.unwrap();
[INFO] [stdout]     |             ^^^^ help: if this is intentional, prefix it with an underscore: `_body`
[INFO] [stdout] 
[INFO] [stdout] 
[INFO] [stdout] warning: 11 warnings emitted
[INFO] [stdout] 
[INFO] [stdout] 
[INFO] [stderr]     Finished test [unoptimized + debuginfo] target(s) in 14.44s
[INFO] running `Command { std: "docker" "inspect" "bb31aa6ae0297aaf1329f70f4bb8f6cb4e7e59bd05cb2222bafe702be781d86a", kill_on_drop: false }`
[INFO] running `Command { std: "docker" "rm" "-f" "bb31aa6ae0297aaf1329f70f4bb8f6cb4e7e59bd05cb2222bafe702be781d86a", kill_on_drop: false }`
[INFO] [stdout] bb31aa6ae0297aaf1329f70f4bb8f6cb4e7e59bd05cb2222bafe702be781d86a
[INFO] running `Command { std: "docker" "create" "-v" "/var/lib/crater-agent-workspace/builds/worker-0-tc1/target:/opt/rustwide/target:rw,Z" "-v" "/var/lib/crater-agent-workspace/builds/worker-0-tc1/source:/opt/rustwide/workdir:ro,Z" "-v" "/var/lib/crater-agent-workspace/cargo-home:/opt/rustwide/cargo-home:ro,Z" "-v" "/var/lib/crater-agent-workspace/rustup-home:/opt/rustwide/rustup-home:ro,Z" "-e" "SOURCE_DIR=/opt/rustwide/workdir" "-e" "CARGO_TARGET_DIR=/opt/rustwide/target" "-e" "CARGO_INCREMENTAL=0" "-e" "RUST_BACKTRACE=full" "-e" "RUSTFLAGS=--cap-lints=warn" "-e" "RUSTDOCFLAGS=--cap-lints=warn" "-e" "CARGO_HOME=/opt/rustwide/cargo-home" "-e" "RUSTUP_HOME=/opt/rustwide/rustup-home" "-w" "/opt/rustwide/workdir" "-m" "1610612736" "--user" "0:0" "--network" "none" "ghcr.io/rust-lang/crates-build-env/linux@sha256:2788e3201cd34a07e3172128adcd8b3090168a8e3bcc40d7c032b9dda1df7d1c" "/opt/rustwide/cargo-home/bin/cargo" "+1.75.0" "test" "--frozen", kill_on_drop: false }`
[INFO] [stdout] a604be8f1e868b1e851ff04cf8cd228609f82f89221c4346e3bafa67970fdd22
[INFO] running `Command { std: "docker" "start" "-a" "a604be8f1e868b1e851ff04cf8cd228609f82f89221c4346e3bafa67970fdd22", kill_on_drop: false }`
[INFO] [stderr] warning: unused import: `self`
[INFO] [stderr]  --> src/lua.rs:3:10
[INFO] [stderr]   |
[INFO] [stderr] 3 |     fs::{self, File},
[INFO] [stderr]   |          ^^^^
[INFO] [stderr]   |
[INFO] [stderr]   = note: `#[warn(unused_imports)]` on by default
[INFO] [stderr] 
[INFO] [stderr] warning: unused import: `assert_cmd::prelude::OutputOkExt`
[INFO] [stderr]  --> src/lua.rs:8:5
[INFO] [stderr]   |
[INFO] [stderr] 8 | use assert_cmd::prelude::OutputOkExt;
[INFO] [stderr]   |     ^^^^^^^^^^^^^^^^^^^^^^^^^^^^^^^^
[INFO] [stderr] 
[INFO] [stderr] warning: unused imports: `Getters`, `MutGetters`, `Setters`
[INFO] [stderr]  --> src/lua.rs:9:14
[INFO] [stderr]   |
[INFO] [stderr] 9 | use getset::{Getters, MutGetters, Setters};
[INFO] [stderr]   |              ^^^^^^^  ^^^^^^^^^^  ^^^^^^^
[INFO] [stderr] 
[INFO] [stderr] warning: unused import: `BenchmarkBuilder`
[INFO] [stderr]  --> src/result.rs:8:24
[INFO] [stderr]   |
[INFO] [stderr] 8 | use crate::{Benchmark, BenchmarkBuilder};
[INFO] [stderr]   |                        ^^^^^^^^^^^^^^^^
[INFO] [stderr] 
[INFO] [stderr] warning: unused import: `WrkResultBuilder`
[INFO] [stderr]   --> src/wrk.rs:20:36
[INFO] [stderr]    |
[INFO] [stderr] 20 |     result::{Deviation, WrkResult, WrkResultBuilder},
[INFO] [stderr]    |                                    ^^^^^^^^^^^^^^^^
[INFO] [stderr] 
[INFO] [stderr] warning: use of deprecated associated function `chrono::DateTime::<Tz>::from_utc`: Use TimeZone::from_utc_datetime() or DateTime::from_naive_utc_and_offset instead
[INFO] [stderr]   --> src/wrk.rs:51:40
[INFO] [stderr]    |
[INFO] [stderr] 51 |             Self::Forever => DateTime::from_utc(NaiveDateTime::from_timestamp(1, 0), Utc),
[INFO] [stderr]    |                                        ^^^^^^^^
[INFO] [stderr]    |
[INFO] [stderr]    = note: `#[warn(deprecated)]` on by default
[INFO] [stderr] 
[INFO] [stderr] warning: use of deprecated associated function `chrono::NaiveDateTime::from_timestamp`: use `from_timestamp_opt()` instead
[INFO] [stderr]   --> src/wrk.rs:51:64
[INFO] [stderr]    |
[INFO] [stderr] 51 |             Self::Forever => DateTime::from_utc(NaiveDateTime::from_timestamp(1, 0), Utc),
[INFO] [stderr]    |                                                                ^^^^^^^^^^^^^^
[INFO] [stderr] 
[INFO] [stderr] warning: unused variable: `tokens`
[INFO] [stderr]   --> src/lua.rs:95:13
[INFO] [stderr]    |
[INFO] [stderr] 95 |         let tokens = lexer.run(&buffer).map_err(|e| WrkError::Lua(format!("{:?}", e)))?;
[INFO] [stderr]    |             ^^^^^^ help: if this is intentional, prefix it with an underscore: `_tokens`
[INFO] [stderr]    |
[INFO] [stderr]    = note: `#[warn(unused_variables)]` on by default
[INFO] [stderr] 
[INFO] [stderr] warning: missing documentation for the crate
[INFO] [stderr]   --> src/lib.rs:1:1
[INFO] [stderr]    |
[INFO] [stderr] 1  | / #![warn(missing_docs, missing_debug_implementations)]
[INFO] [stderr] 2  | |
[INFO] [stderr] 3  | | #[macro_use]
[INFO] [stderr] 4  | | extern crate derive_builder;
[INFO] [stderr] ...  |
[INFO] [stderr] 21 | |
[INFO] [stderr] 22 | | pub(crate) type Result<T> = std::result::Result<T, WrkError>;
[INFO] [stderr]    | |_____________________________________________________________^
[INFO] [stderr]    |
[INFO] [stderr] note: the lint level is defined here
[INFO] [stderr]   --> src/lib.rs:1:9
[INFO] [stderr]    |
[INFO] [stderr] 1  | #![warn(missing_docs, missing_debug_implementations)]
[INFO] [stderr]    |         ^^^^^^^^^^^^
[INFO] [stderr] 
[INFO] [stderr] warning: missing documentation for a struct
[INFO] [stderr]  --> src/benchmark.rs:7:1
[INFO] [stderr]   |
[INFO] [stderr] 7 | pub struct Benchmark {
[INFO] [stderr]   | ^^^^^^^^^^^^^^^^^^^^
[INFO] [stderr] 
[INFO] [stderr] warning: missing documentation for a method
[INFO] [stderr]  --> src/benchmark.rs:6:74
[INFO] [stderr]   |
[INFO] [stderr] 6 | #[derive(Debug, Default, PartialEq, Hash, Clone, Serialize, Deserialize, Getters, Setters, MutGetters, Builder)]
[INFO] [stderr]   |                                                                          ^^^^^^^
[INFO] [stderr]   |
[INFO] [stderr]   = note: this warning originates in the derive macro `Getters` (in Nightly builds, run with -Z macro-backtrace for more info)
[INFO] [stderr] 
[INFO] [stderr] warning: missing documentation for a method
[INFO] [stderr]  --> src/benchmark.rs:6:83
[INFO] [stderr]   |
[INFO] [stderr] 6 | #[derive(Debug, Default, PartialEq, Hash, Clone, Serialize, Deserialize, Getters, Setters, MutGetters, Builder)]
[INFO] [stderr]   |                                                                                   ^^^^^^^
[INFO] [stderr]   |
[INFO] [stderr]   = note: this warning originates in the derive macro `Setters` (in Nightly builds, run with -Z macro-backtrace for more info)
[INFO] [stderr] 
[INFO] [stderr] warning: missing documentation for a method
[INFO] [stderr]  --> src/benchmark.rs:6:92
[INFO] [stderr]   |
[INFO] [stderr] 6 | #[derive(Debug, Default, PartialEq, Hash, Clone, Serialize, Deserialize, Getters, Setters, MutGetters, Builder)]
[INFO] [stderr]   |                                                                                            ^^^^^^^^^^
[INFO] [stderr]   |
[INFO] [stderr]   = note: this warning originates in the derive macro `MutGetters` (in Nightly builds, run with -Z macro-backtrace for more info)
[INFO] [stderr] 
[INFO] [stderr] warning: missing documentation for a method
[INFO] [stderr]  --> src/benchmark.rs:6:104
[INFO] [stderr]   |
[INFO] [stderr] 6 | #[derive(Debug, Default, PartialEq, Hash, Clone, Serialize, Deserialize, Getters, Setters, MutGetters, Builder)]
[INFO] [stderr]   |                                                                                                        ^^^^^^^
[INFO] [stderr]   |
[INFO] [stderr]   = note: this warning originates in the derive macro `Builder` (in Nightly builds, run with -Z macro-backtrace for more info)
[INFO] [stderr] 
[INFO] [stderr] warning: missing documentation for an associated function
[INFO] [stderr]   --> src/benchmark.rs:20:5
[INFO] [stderr]    |
[INFO] [stderr] 20 |     pub fn exponential(duration: Option<Duration>) -> Vec<Benchmark> {
[INFO] [stderr]    |     ^^^^^^^^^^^^^^^^^^^^^^^^^^^^^^^^^^^^^^^^^^^^^^^^^^^^^^^^^^^^^^^^
[INFO] [stderr] 
[INFO] [stderr] warning: missing documentation for an associated function
[INFO] [stderr]   --> src/benchmark.rs:39:5
[INFO] [stderr]    |
[INFO] [stderr] 39 |     pub fn new(threads: u16, connections: u16, duration: u64) -> Self {
[INFO] [stderr]    |     ^^^^^^^^^^^^^^^^^^^^^^^^^^^^^^^^^^^^^^^^^^^^^^^^^^^^^^^^^^^^^^^^^
[INFO] [stderr] 
[INFO] [stderr] warning: missing documentation for an enum
[INFO] [stderr]  --> src/error.rs:4:1
[INFO] [stderr]   |
[INFO] [stderr] 4 | pub enum WrkError {
[INFO] [stderr]   | ^^^^^^^^^^^^^^^^^
[INFO] [stderr] 
[INFO] [stderr] warning: missing documentation for a variant
[INFO] [stderr]  --> src/error.rs:7:5
[INFO] [stderr]   |
[INFO] [stderr] 7 |     Exec(String),
[INFO] [stderr]   |     ^^^^
[INFO] [stderr] 
[INFO] [stderr] warning: missing documentation for a variant
[INFO] [stderr]   --> src/error.rs:10:5
[INFO] [stderr]    |
[INFO] [stderr] 10 |     History(String),
[INFO] [stderr]    |     ^^^^^^^
[INFO] [stderr] 
[INFO] [stderr] warning: missing documentation for a variant
[INFO] [stderr]   --> src/error.rs:12:5
[INFO] [stderr]    |
[INFO] [stderr] 12 |     Bitmap(String),
[INFO] [stderr]    |     ^^^^^^
[INFO] [stderr] 
[INFO] [stderr] warning: missing documentation for a variant
[INFO] [stderr]   --> src/error.rs:15:5
[INFO] [stderr]    |
[INFO] [stderr] 15 |     Lua(String),
[INFO] [stderr]    |     ^^^
[INFO] [stderr] 
[INFO] [stderr] warning: missing documentation for a variant
[INFO] [stderr]   --> src/error.rs:18:5
[INFO] [stderr]    |
[INFO] [stderr] 18 |     Plot(String),
[INFO] [stderr]    |     ^^^^
[INFO] [stderr] 
[INFO] [stderr] warning: missing documentation for a variant
[INFO] [stderr]   --> src/error.rs:20:5
[INFO] [stderr]    |
[INFO] [stderr] 20 |     Stats(String),
[INFO] [stderr]    |     ^^^^^
[INFO] [stderr] 
[INFO] [stderr] warning: missing documentation for a variant
[INFO] [stderr]   --> src/error.rs:22:5
[INFO] [stderr]    |
[INFO] [stderr] 22 |     Io(#[from] std::io::Error),
[INFO] [stderr]    |     ^^
[INFO] [stderr] 
[INFO] [stderr] warning: missing documentation for a variant
[INFO] [stderr]   --> src/error.rs:24:5
[INFO] [stderr]    |
[INFO] [stderr] 24 |     Serde(#[from] serde_json::Error),
[INFO] [stderr]    |     ^^^^^
[INFO] [stderr] 
[INFO] [stderr] warning: missing documentation for a variant
[INFO] [stderr]   --> src/error.rs:26:5
[INFO] [stderr]    |
[INFO] [stderr] 26 |     Chrono(#[from] chrono::ParseError),
[INFO] [stderr]    |     ^^^^^^
[INFO] [stderr] 
[INFO] [stderr] warning: missing documentation for a variant
[INFO] [stderr]   --> src/error.rs:28:5
[INFO] [stderr]    |
[INFO] [stderr] 28 |     Url(#[from] url::ParseError),
[INFO] [stderr]    |     ^^^
[INFO] [stderr] 
[INFO] [stderr] warning: missing documentation for a variant
[INFO] [stderr]   --> src/error.rs:30:5
[INFO] [stderr]    |
[INFO] [stderr] 30 |     Tempfile(#[from] tempfile::PersistError),
[INFO] [stderr]    |     ^^^^^^^^
[INFO] [stderr] 
[INFO] [stderr] warning: missing documentation for a variant
[INFO] [stderr]   --> src/error.rs:32:5
[INFO] [stderr]    |
[INFO] [stderr] 32 |     WrkBuilder(#[from] crate::wrk::WrkBuilderError),
[INFO] [stderr]    |     ^^^^^^^^^^
[INFO] [stderr] 
[INFO] [stderr] warning: missing documentation for a variant
[INFO] [stderr]   --> src/error.rs:34:5
[INFO] [stderr]    |
[INFO] [stderr] 34 |     WrkResultBuilder(#[from] crate::result::WrkResultBuilderError),
[INFO] [stderr]    |     ^^^^^^^^^^^^^^^^
[INFO] [stderr] 
[INFO] [stderr] warning: missing documentation for a variant
[INFO] [stderr]   --> src/error.rs:36:5
[INFO] [stderr]    |
[INFO] [stderr] 36 |     BenchmarkBuilder(#[from] crate::benchmark::BenchmarkBuilderError),
[INFO] [stderr]    |     ^^^^^^^^^^^^^^^^
[INFO] [stderr] 
[INFO] [stderr] warning: missing documentation for a struct
[INFO] [stderr]   --> src/lua.rs:64:1
[INFO] [stderr]    |
[INFO] [stderr] 64 | pub struct LuaScript {}
[INFO] [stderr]    | ^^^^^^^^^^^^^^^^^^^^
[INFO] [stderr] 
[INFO] [stderr] warning: missing documentation for an associated function
[INFO] [stderr]    --> src/lua.rs:108:5
[INFO] [stderr]     |
[INFO] [stderr] 108 | /     pub fn render(
[INFO] [stderr] 109 | |         script_file: &mut NamedTempFile,
[INFO] [stderr] 110 | |         user_script: Option<&PathBuf>,
[INFO] [stderr] 111 | |         uri: &str,
[INFO] [stderr] ...   |
[INFO] [stderr] 114 | |         body: &str,
[INFO] [stderr] 115 | |     ) -> Result<()> {
[INFO] [stderr]     | |___________________^
[INFO] [stderr] 
[INFO] [stderr] warning: missing documentation for a struct
[INFO] [stderr]   --> src/plot.rs:12:1
[INFO] [stderr]    |
[INFO] [stderr] 12 | pub struct Gnuplot {
[INFO] [stderr]    | ^^^^^^^^^^^^^^^^^^
[INFO] [stderr] 
[INFO] [stderr] warning: missing documentation for an associated function
[INFO] [stderr]   --> src/plot.rs:18:5
[INFO] [stderr]    |
[INFO] [stderr] 18 |     pub fn new(title: &str, output: &Path) -> Self {
[INFO] [stderr]    |     ^^^^^^^^^^^^^^^^^^^^^^^^^^^^^^^^^^^^^^^^^^^^^^
[INFO] [stderr] 
[INFO] [stderr] warning: missing documentation for a method
[INFO] [stderr]   --> src/plot.rs:25:5
[INFO] [stderr]    |
[INFO] [stderr] 25 |     pub fn plot(&self, benchmarks: &Benchmarks) -> Result<()> {
[INFO] [stderr]    |     ^^^^^^^^^^^^^^^^^^^^^^^^^^^^^^^^^^^^^^^^^^^^^^^^^^^^^^^^^
[INFO] [stderr] 
[INFO] [stderr] warning: missing documentation for a struct
[INFO] [stderr]   --> src/result.rs:11:1
[INFO] [stderr]    |
[INFO] [stderr] 11 | pub struct WrkResult {
[INFO] [stderr]    | ^^^^^^^^^^^^^^^^^^^^
[INFO] [stderr] 
[INFO] [stderr] warning: missing documentation for a method
[INFO] [stderr]   --> src/result.rs:10:59
[INFO] [stderr]    |
[INFO] [stderr] 10 | #[derive(Serialize, Deserialize, PartialEq, Debug, Clone, Getters, Setters, MutGetters, Builder)]
[INFO] [stderr]    |                                                           ^^^^^^^
[INFO] [stderr]    |
[INFO] [stderr]    = note: this warning originates in the derive macro `Getters` (in Nightly builds, run with -Z macro-backtrace for more info)
[INFO] [stderr] 
[INFO] [stderr] warning: missing documentation for a method
[INFO] [stderr]   --> src/result.rs:10:68
[INFO] [stderr]    |
[INFO] [stderr] 10 | #[derive(Serialize, Deserialize, PartialEq, Debug, Clone, Getters, Setters, MutGetters, Builder)]
[INFO] [stderr]    |                                                                    ^^^^^^^
[INFO] [stderr]    |
[INFO] [stderr]    = note: this warning originates in the derive macro `Setters` (in Nightly builds, run with -Z macro-backtrace for more info)
[INFO] [stderr] 
[INFO] [stderr] warning: missing documentation for a method
[INFO] [stderr]   --> src/result.rs:10:77
[INFO] [stderr]    |
[INFO] [stderr] 10 | #[derive(Serialize, Deserialize, PartialEq, Debug, Clone, Getters, Setters, MutGetters, Builder)]
[INFO] [stderr]    |                                                                             ^^^^^^^^^^
[INFO] [stderr]    |
[INFO] [stderr]    = note: this warning originates in the derive macro `MutGetters` (in Nightly builds, run with -Z macro-backtrace for more info)
[INFO] [stderr] 
[INFO] [stderr] warning: missing documentation for a method
[INFO] [stderr]   --> src/result.rs:10:89
[INFO] [stderr]    |
[INFO] [stderr] 10 | #[derive(Serialize, Deserialize, PartialEq, Debug, Clone, Getters, Setters, MutGetters, Builder)]
[INFO] [stderr]    |                                                                                         ^^^^^^^
[INFO] [stderr]    |
[INFO] [stderr]    = note: this warning originates in the derive macro `Builder` (in Nightly builds, run with -Z macro-backtrace for more info)
[INFO] [stderr] 
[INFO] [stderr] warning: missing documentation for an associated function
[INFO] [stderr]   --> src/result.rs:98:5
[INFO] [stderr]    |
[INFO] [stderr] 98 |     pub fn fail(error: String) -> Self {
[INFO] [stderr]    |     ^^^^^^^^^^^^^^^^^^^^^^^^^^^^^^^^^^
[INFO] [stderr] 
[INFO] [stderr] warning: missing documentation for an enum
[INFO] [stderr]   --> src/wrk.rs:27:1
[INFO] [stderr]    |
[INFO] [stderr] 27 | pub enum HistoryPeriod {
[INFO] [stderr]    | ^^^^^^^^^^^^^^^^^^^^^^
[INFO] [stderr] 
[INFO] [stderr] warning: missing documentation for a variant
[INFO] [stderr]   --> src/wrk.rs:28:5
[INFO] [stderr]    |
[INFO] [stderr] 28 |     Last,
[INFO] [stderr]    |     ^^^^
[INFO] [stderr] 
[INFO] [stderr] warning: missing documentation for a variant
[INFO] [stderr]   --> src/wrk.rs:29:5
[INFO] [stderr]    |
[INFO] [stderr] 29 |     Hour,
[INFO] [stderr]    |     ^^^^
[INFO] [stderr] 
[INFO] [stderr] warning: missing documentation for a variant
[INFO] [stderr]   --> src/wrk.rs:30:5
[INFO] [stderr]    |
[INFO] [stderr] 30 |     Day,
[INFO] [stderr]    |     ^^^
[INFO] [stderr] 
[INFO] [stderr] warning: missing documentation for a variant
[INFO] [stderr]   --> src/wrk.rs:31:5
[INFO] [stderr]    |
[INFO] [stderr] 31 |     Week,
[INFO] [stderr]    |     ^^^^
[INFO] [stderr] 
[INFO] [stderr] warning: missing documentation for a variant
[INFO] [stderr]   --> src/wrk.rs:32:5
[INFO] [stderr]    |
[INFO] [stderr] 32 |     Month,
[INFO] [stderr]    |     ^^^^^
[INFO] [stderr] 
[INFO] [stderr] warning: missing documentation for a variant
[INFO] [stderr]   --> src/wrk.rs:33:5
[INFO] [stderr]    |
[INFO] [stderr] 33 |     Forever,
[INFO] [stderr]    |     ^^^^^^^
[INFO] [stderr] 
[INFO] [stderr] warning: missing documentation for a method
[INFO] [stderr]   --> src/wrk.rs:43:5
[INFO] [stderr]    |
[INFO] [stderr] 43 |     pub fn last_valid_datapoint(&self) -> DateTime<Utc> {
[INFO] [stderr]    |     ^^^^^^^^^^^^^^^^^^^^^^^^^^^^^^^^^^^^^^^^^^^^^^^^^^^
[INFO] [stderr] 
[INFO] [stderr] warning: missing documentation for a type alias
[INFO] [stderr]   --> src/wrk.rs:56:1
[INFO] [stderr]    |
[INFO] [stderr] 56 | pub type Benchmarks = Vec<WrkResult>;
[INFO] [stderr]    | ^^^^^^^^^^^^^^^^^^^
[INFO] [stderr] 
[INFO] [stderr] warning: missing documentation for a type alias
[INFO] [stderr]   --> src/wrk.rs:57:1
[INFO] [stderr]    |
[INFO] [stderr] 57 | pub type Headers = HashMap<String, String>;
[INFO] [stderr]    | ^^^^^^^^^^^^^^^^
[INFO] [stderr] 
[INFO] [stderr] warning: missing documentation for a method
[INFO] [stderr]    --> src/wrk.rs:150:5
[INFO] [stderr]     |
[INFO] [stderr] 150 |     pub fn bench(&mut self, benchmarks: &Vec<Benchmark>) -> Result<()> {
[INFO] [stderr]     |     ^^^^^^^^^^^^^^^^^^^^^^^^^^^^^^^^^^^^^^^^^^^^^^^^^^^^^^^^^^^^^^^^^^
[INFO] [stderr] 
[INFO] [stderr] warning: missing documentation for a method
[INFO] [stderr]    --> src/wrk.rs:206:5
[INFO] [stderr]     |
[INFO] [stderr] 206 |     pub fn bench_exponential(&mut self, duration: Option<Duration>) -> Result<()> {
[INFO] [stderr]     |     ^^^^^^^^^^^^^^^^^^^^^^^^^^^^^^^^^^^^^^^^^^^^^^^^^^^^^^^^^^^^^^^^^^^^^^^^^^^^^
[INFO] [stderr] 
[INFO] [stderr] warning: missing documentation for a method
[INFO] [stderr]    --> src/wrk.rs:298:5
[INFO] [stderr]     |
[INFO] [stderr] 298 |     pub fn all_benchmarks(&self) -> Benchmarks {
[INFO] [stderr]     |     ^^^^^^^^^^^^^^^^^^^^^^^^^^^^^^^^^^^^^^^^^^
[INFO] [stderr] 
[INFO] [stderr] warning: missing documentation for a method
[INFO] [stderr]    --> src/wrk.rs:304:5
[INFO] [stderr]     |
[INFO] [stderr] 304 |     pub fn deviation(&mut self, period: HistoryPeriod) -> Result<Deviation> {
[INFO] [stderr]     |     ^^^^^^^^^^^^^^^^^^^^^^^^^^^^^^^^^^^^^^^^^^^^^^^^^^^^^^^^^^^^^^^^^^^^^^^
[INFO] [stderr] 
[INFO] [stderr] warning: missing documentation for a method
[INFO] [stderr]    --> src/wrk.rs:311:5
[INFO] [stderr]     |
[INFO] [stderr] 311 |     pub fn plot(&self, title: &str, output: &Path, benchmarks: &Benchmarks) -> Result<()> {
[INFO] [stderr]     |     ^^^^^^^^^^^^^^^^^^^^^^^^^^^^^^^^^^^^^^^^^^^^^^^^^^^^^^^^^^^^^^^^^^^^^^^^^^^^^^^^^^^^^
[INFO] [stderr] 
[INFO] [stderr] warning: `wrk-api-bench` (lib) generated 57 warnings (run `cargo fix --lib -p wrk-api-bench` to apply 6 suggestions)
[INFO] [stderr] warning: unused import: `thread`
[INFO] [stderr]    --> src/wrk.rs:318:32
[INFO] [stderr]     |
[INFO] [stderr] 318 |     use std::{net::SocketAddr, thread, time::Duration};
[INFO] [stderr]     |                                ^^^^^^
[INFO] [stderr] 
[INFO] [stderr] warning: unused imports: `Json`, `http::StatusCode`, `post`, `response::IntoResponse`
[INFO] [stderr]    --> src/wrk.rs:323:9
[INFO] [stderr]     |
[INFO] [stderr] 323 |         http::StatusCode,
[INFO] [stderr]     |         ^^^^^^^^^^^^^^^^
[INFO] [stderr] 324 |         response::IntoResponse,
[INFO] [stderr]     |         ^^^^^^^^^^^^^^^^^^^^^^
[INFO] [stderr] 325 |         routing::{get, post},
[INFO] [stderr]     |                        ^^^^
[INFO] [stderr] 326 |         Json, Router,
[INFO] [stderr]     |         ^^^^
[INFO] [stderr] 
[INFO] [stderr] warning: unused variable: `body`
[INFO] [stderr]    --> src/wrk.rs:354:13
[INFO] [stderr]     |
[INFO] [stderr] 354 |         let body = hyper::body::to_bytes(response.into_body()).await.unwrap();
[INFO] [stderr]     |             ^^^^ help: if this is intentional, prefix it with an underscore: `_body`
[INFO] [stderr] 
[INFO] [stderr] warning: `wrk-api-bench` (lib test) generated 11 warnings (8 duplicates) (run `cargo fix --lib -p wrk-api-bench --tests` to apply 3 suggestions)
[INFO] [stderr]     Finished test [unoptimized + debuginfo] target(s) in 0.08s
[INFO] [stderr]      Running unittests src/lib.rs (/opt/rustwide/target/debug/deps/wrk_api_bench-394bc4b2e48c61d2)
[INFO] [stdout] 
[INFO] [stdout] running 1 test
[INFO] [stdout] test wrk::tests::benchmark ... FAILED
[INFO] [stdout] 
[INFO] [stdout] failures:
[INFO] [stdout] 
[INFO] [stdout] ---- wrk::tests::benchmark stdout ----
[INFO] [stdout] server listening on 127.0.0.1:13734
[INFO] [stdout] thread 'wrk::tests::benchmark' panicked at src/wrk.rs:365:14:
[INFO] [stdout] called `Result::unwrap()` on an `Err` value: Io(Os { code: 2, kind: NotFound, message: "No such file or directory" })
[INFO] [stdout] stack backtrace:
[INFO] [stdout]    0:     0x56387166fcec - std::backtrace_rs::backtrace::libunwind::trace::ha637c64ce894333a
[INFO] [stdout]                                at /rustc/82e1608dfa6e0b5569232559e3d385fea5a93112/library/std/src/../../backtrace/src/backtrace/libunwind.rs:104:5
[INFO] [stdout]    1:     0x56387166fcec - std::backtrace_rs::backtrace::trace_unsynchronized::h47f62dea28e0c88d
[INFO] [stdout]                                at /rustc/82e1608dfa6e0b5569232559e3d385fea5a93112/library/std/src/../../backtrace/src/backtrace/mod.rs:66:5
[INFO] [stdout]    2:     0x56387166fcec - std::sys_common::backtrace::_print_fmt::h9eef0abe20ede486
[INFO] [stdout]                                at /rustc/82e1608dfa6e0b5569232559e3d385fea5a93112/library/std/src/sys_common/backtrace.rs:67:5
[INFO] [stdout]    3:     0x56387166fcec - <std::sys_common::backtrace::_print::DisplayBacktrace as core::fmt::Display>::fmt::hed7f999df88cc644
[INFO] [stdout]                                at /rustc/82e1608dfa6e0b5569232559e3d385fea5a93112/library/std/src/sys_common/backtrace.rs:44:22
[INFO] [stdout]    4:     0x56387169dd00 - core::fmt::rt::Argument::fmt::h1539a9308b8d058d
[INFO] [stdout]                                at /rustc/82e1608dfa6e0b5569232559e3d385fea5a93112/library/core/src/fmt/rt.rs:142:9
[INFO] [stdout]    5:     0x56387169dd00 - core::fmt::write::h3a39390d8560d9c9
[INFO] [stdout]                                at /rustc/82e1608dfa6e0b5569232559e3d385fea5a93112/library/core/src/fmt/mod.rs:1120:17
[INFO] [stdout]    6:     0x56387166cb7f - std::io::Write::write_fmt::h040b369f3a0f9cbc
[INFO] [stdout]                                at /rustc/82e1608dfa6e0b5569232559e3d385fea5a93112/library/std/src/io/mod.rs:1762:15
[INFO] [stdout]    7:     0x56387166fad4 - std::sys_common::backtrace::_print::h894006fb5c6f3d45
[INFO] [stdout]                                at /rustc/82e1608dfa6e0b5569232559e3d385fea5a93112/library/std/src/sys_common/backtrace.rs:47:5
[INFO] [stdout]    8:     0x56387166fad4 - std::sys_common::backtrace::print::h23a2d212c6fff936
[INFO] [stdout]                                at /rustc/82e1608dfa6e0b5569232559e3d385fea5a93112/library/std/src/sys_common/backtrace.rs:34:9
[INFO] [stdout]    9:     0x563871671797 - std::panicking::default_hook::{{closure}}::h8a1d2ee00185001a
[INFO] [stdout]   10:     0x563871671483 - std::panicking::default_hook::h6038f2eba384e475
[INFO] [stdout]                                at /rustc/82e1608dfa6e0b5569232559e3d385fea5a93112/library/std/src/panicking.rs:289:9
[INFO] [stdout]   11:     0x5638713d0087 - <alloc::boxed::Box<F,A> as core::ops::function::Fn<Args>>::call::h0ad024c9bdc6d768
[INFO] [stdout]                                at /rustc/82e1608dfa6e0b5569232559e3d385fea5a93112/library/alloc/src/boxed.rs:2021:9
[INFO] [stdout]   12:     0x5638713d0087 - test::test_main::{{closure}}::h7500b54257359db6
[INFO] [stdout]                                at /rustc/82e1608dfa6e0b5569232559e3d385fea5a93112/library/test/src/lib.rs:138:21
[INFO] [stdout]   13:     0x563871671da8 - <alloc::boxed::Box<F,A> as core::ops::function::Fn<Args>>::call::h1f8f335eaa9cfaee
[INFO] [stdout]                                at /rustc/82e1608dfa6e0b5569232559e3d385fea5a93112/library/alloc/src/boxed.rs:2021:9
[INFO] [stdout]   14:     0x563871671da8 - std::panicking::rust_panic_with_hook::h2b5517d590cab22e
[INFO] [stdout]                                at /rustc/82e1608dfa6e0b5569232559e3d385fea5a93112/library/std/src/panicking.rs:783:13
[INFO] [stdout]   15:     0x563871671afe - std::panicking::begin_panic_handler::{{closure}}::h233112c06e0ef43e
[INFO] [stdout]                                at /rustc/82e1608dfa6e0b5569232559e3d385fea5a93112/library/std/src/panicking.rs:657:13
[INFO] [stdout]   16:     0x5638716701b6 - std::sys_common::backtrace::__rust_end_short_backtrace::h6e893f24d7ebbff8
[INFO] [stdout]                                at /rustc/82e1608dfa6e0b5569232559e3d385fea5a93112/library/std/src/sys_common/backtrace.rs:170:18
[INFO] [stdout]   17:     0x563871671862 - rust_begin_unwind
[INFO] [stdout]                                at /rustc/82e1608dfa6e0b5569232559e3d385fea5a93112/library/std/src/panicking.rs:645:5
[INFO] [stdout]   18:     0x56387121f5f5 - core::panicking::panic_fmt::hbf0e066aabfa482c
[INFO] [stdout]                                at /rustc/82e1608dfa6e0b5569232559e3d385fea5a93112/library/core/src/panicking.rs:72:14
[INFO] [stdout]   19:     0x56387121fbe3 - core::result::unwrap_failed::hddb4fea594200c52
[INFO] [stdout]                                at /rustc/82e1608dfa6e0b5569232559e3d385fea5a93112/library/core/src/result.rs:1653:5
[INFO] [stdout]   20:     0x563871322b0a - core::result::Result<T,E>::unwrap::hc183c6f15fa38f72
[INFO] [stdout]                                at /rustc/82e1608dfa6e0b5569232559e3d385fea5a93112/library/core/src/result.rs:1077:23
[INFO] [stdout]   21:     0x563871373a4c - wrk_api_bench::wrk::tests::benchmark::{{closure}}::h0c2771715c33d263
[INFO] [stdout]                                at /opt/rustwide/workdir/src/wrk.rs:361:9
[INFO] [stdout]   22:     0x5638713289c8 - <core::pin::Pin<P> as core::future::future::Future>::poll::h17be36a0a08d2762
[INFO] [stdout]                                at /rustc/82e1608dfa6e0b5569232559e3d385fea5a93112/library/core/src/future/future.rs:125:9
[INFO] [stdout]   23:     0x563871328abb - <core::pin::Pin<P> as core::future::future::Future>::poll::h63582fe3604f29ab
[INFO] [stdout]                                at /rustc/82e1608dfa6e0b5569232559e3d385fea5a93112/library/core/src/future/future.rs:125:9
[INFO] [stdout]   24:     0x56387139b064 - tokio::runtime::scheduler::current_thread::CoreGuard::block_on::{{closure}}::{{closure}}::{{closure}}::h32054489b3f0eca6
[INFO] [stdout]                                at /opt/rustwide/cargo-home/registry/src/index.crates.io-6f17d22bba15001f/tokio-1.35.1/src/runtime/scheduler/current_thread/mod.rs:665:57
[INFO] [stdout]   25:     0x56387139af8a - tokio::runtime::coop::with_budget::hb3123df28d200b51
[INFO] [stdout]                                at /opt/rustwide/cargo-home/registry/src/index.crates.io-6f17d22bba15001f/tokio-1.35.1/src/runtime/coop.rs:107:5
[INFO] [stdout]   26:     0x56387139af8a - tokio::runtime::coop::budget::hb87317a293b08925
[INFO] [stdout]                                at /opt/rustwide/cargo-home/registry/src/index.crates.io-6f17d22bba15001f/tokio-1.35.1/src/runtime/coop.rs:73:5
[INFO] [stdout]   27:     0x56387139af8a - tokio::runtime::scheduler::current_thread::CoreGuard::block_on::{{closure}}::{{closure}}::hb48e3c99461c6188
[INFO] [stdout]                                at /opt/rustwide/cargo-home/registry/src/index.crates.io-6f17d22bba15001f/tokio-1.35.1/src/runtime/scheduler/current_thread/mod.rs:665:25
[INFO] [stdout]   28:     0x56387139991c - tokio::runtime::scheduler::current_thread::Context::enter::h02504da42a328251
[INFO] [stdout]                                at /opt/rustwide/cargo-home/registry/src/index.crates.io-6f17d22bba15001f/tokio-1.35.1/src/runtime/scheduler/current_thread/mod.rs:410:19
[INFO] [stdout]   29:     0x56387139a78e - tokio::runtime::scheduler::current_thread::CoreGuard::block_on::{{closure}}::h271352bb2fe6aad8
[INFO] [stdout]                                at /opt/rustwide/cargo-home/registry/src/index.crates.io-6f17d22bba15001f/tokio-1.35.1/src/runtime/scheduler/current_thread/mod.rs:664:36
[INFO] [stdout]   30:     0x56387139a49b - tokio::runtime::scheduler::current_thread::CoreGuard::enter::{{closure}}::h91a30b983ba2008f
[INFO] [stdout]                                at /opt/rustwide/cargo-home/registry/src/index.crates.io-6f17d22bba15001f/tokio-1.35.1/src/runtime/scheduler/current_thread/mod.rs:743:68
[INFO] [stdout]   31:     0x56387130fc6b - tokio::runtime::context::scoped::Scoped<T>::set::h1978a9108a7d2a68
[INFO] [stdout]                                at /opt/rustwide/cargo-home/registry/src/index.crates.io-6f17d22bba15001f/tokio-1.35.1/src/runtime/context/scoped.rs:40:9
[INFO] [stdout]   32:     0x56387128c059 - tokio::runtime::context::set_scheduler::{{closure}}::h301cb894a7ef63b5
[INFO] [stdout]                                at /opt/rustwide/cargo-home/registry/src/index.crates.io-6f17d22bba15001f/tokio-1.35.1/src/runtime/context.rs:176:26
[INFO] [stdout]   33:     0x563871293156 - std::thread::local::LocalKey<T>::try_with::h6a9e41ffb7f3e0f2
[INFO] [stdout]                                at /rustc/82e1608dfa6e0b5569232559e3d385fea5a93112/library/std/src/thread/local.rs:270:16
[INFO] [stdout]   34:     0x5638712922ca - std::thread::local::LocalKey<T>::with::h2769e21d40a93d78
[INFO] [stdout]                                at /rustc/82e1608dfa6e0b5569232559e3d385fea5a93112/library/std/src/thread/local.rs:246:9
[INFO] [stdout]   35:     0x56387128c00d - tokio::runtime::context::set_scheduler::h75ba50211568e89f
[INFO] [stdout]                                at /opt/rustwide/cargo-home/registry/src/index.crates.io-6f17d22bba15001f/tokio-1.35.1/src/runtime/context.rs:176:9
[INFO] [stdout]   36:     0x56387139a230 - tokio::runtime::scheduler::current_thread::CoreGuard::enter::h557899056a2144bd
[INFO] [stdout]                                at /opt/rustwide/cargo-home/registry/src/index.crates.io-6f17d22bba15001f/tokio-1.35.1/src/runtime/scheduler/current_thread/mod.rs:743:27
[INFO] [stdout]   37:     0x56387139a4cd - tokio::runtime::scheduler::current_thread::CoreGuard::block_on::h11cd76576059c3b5
[INFO] [stdout]                                at /opt/rustwide/cargo-home/registry/src/index.crates.io-6f17d22bba15001f/tokio-1.35.1/src/runtime/scheduler/current_thread/mod.rs:652:19
[INFO] [stdout]   38:     0x5638713974bd - tokio::runtime::scheduler::current_thread::CurrentThread::block_on::{{closure}}::h8498745e4fb602ef
[INFO] [stdout]                                at /opt/rustwide/cargo-home/registry/src/index.crates.io-6f17d22bba15001f/tokio-1.35.1/src/runtime/scheduler/current_thread/mod.rs:175:28
[INFO] [stdout]   39:     0x5638713536da - tokio::runtime::context::runtime::enter_runtime::h669c3c86fdf4f3df
[INFO] [stdout]                                at /opt/rustwide/cargo-home/registry/src/index.crates.io-6f17d22bba15001f/tokio-1.35.1/src/runtime/context/runtime.rs:65:16
[INFO] [stdout]   40:     0x5638713973d0 - tokio::runtime::scheduler::current_thread::CurrentThread::block_on::h8999e6366fe6b431
[INFO] [stdout]                                at /opt/rustwide/cargo-home/registry/src/index.crates.io-6f17d22bba15001f/tokio-1.35.1/src/runtime/scheduler/current_thread/mod.rs:167:9
[INFO] [stdout]   41:     0x56387139729d - tokio::runtime::runtime::Runtime::block_on::ha2c8977d96dcc9aa
[INFO] [stdout]                                at /opt/rustwide/cargo-home/registry/src/index.crates.io-6f17d22bba15001f/tokio-1.35.1/src/runtime/runtime.rs:348:47
[INFO] [stdout]   42:     0x563871373085 - wrk_api_bench::wrk::tests::benchmark::h1b7e54ca72b44eed
[INFO] [stdout]                                at /opt/rustwide/workdir/src/wrk.rs:361:9
[INFO] [stdout]   43:     0x563871372f17 - wrk_api_bench::wrk::tests::benchmark::{{closure}}::h6b3e63f2d040270f
[INFO] [stdout]                                at /opt/rustwide/workdir/src/wrk.rs:340:25
[INFO] [stdout]   44:     0x5638713394b6 - core::ops::function::FnOnce::call_once::hf6bda2722a986df1
[INFO] [stdout]                                at /rustc/82e1608dfa6e0b5569232559e3d385fea5a93112/library/core/src/ops/function.rs:250:5
[INFO] [stdout]   45:     0x5638713d56df - core::ops::function::FnOnce::call_once::h2b5d431d5046312d
[INFO] [stdout]                                at /rustc/82e1608dfa6e0b5569232559e3d385fea5a93112/library/core/src/ops/function.rs:250:5
[INFO] [stdout]   46:     0x5638713d56df - test::__rust_begin_short_backtrace::h7714669af176e207
[INFO] [stdout]                                at /rustc/82e1608dfa6e0b5569232559e3d385fea5a93112/library/test/src/lib.rs:628:18
[INFO] [stdout]   47:     0x5638713d46f5 - test::run_test_in_process::{{closure}}::h85218797dcbcec12
[INFO] [stdout]                                at /rustc/82e1608dfa6e0b5569232559e3d385fea5a93112/library/test/src/lib.rs:651:60
[INFO] [stdout]   48:     0x5638713d46f5 - <core::panic::unwind_safe::AssertUnwindSafe<F> as core::ops::function::FnOnce<()>>::call_once::h76c106ea31c14d7b
[INFO] [stdout]                                at /rustc/82e1608dfa6e0b5569232559e3d385fea5a93112/library/core/src/panic/unwind_safe.rs:272:9
[INFO] [stdout]   49:     0x5638713d46f5 - std::panicking::try::do_call::h3bd5d0f6620ee946
[INFO] [stdout]                                at /rustc/82e1608dfa6e0b5569232559e3d385fea5a93112/library/std/src/panicking.rs:552:40
[INFO] [stdout]   50:     0x5638713d46f5 - std::panicking::try::h232e535e4744fe31
[INFO] [stdout]                                at /rustc/82e1608dfa6e0b5569232559e3d385fea5a93112/library/std/src/panicking.rs:516:19
[INFO] [stdout]   51:     0x5638713d46f5 - std::panic::catch_unwind::h3ce3bd6ca8dbac68
[INFO] [stdout]                                at /rustc/82e1608dfa6e0b5569232559e3d385fea5a93112/library/std/src/panic.rs:142:14
[INFO] [stdout]   52:     0x5638713d46f5 - test::run_test_in_process::hc97b257c9621286a
[INFO] [stdout]                                at /rustc/82e1608dfa6e0b5569232559e3d385fea5a93112/library/test/src/lib.rs:651:27
[INFO] [stdout]   53:     0x5638713d46f5 - test::run_test::{{closure}}::h2aa798823a438d38
[INFO] [stdout]                                at /rustc/82e1608dfa6e0b5569232559e3d385fea5a93112/library/test/src/lib.rs:574:43
[INFO] [stdout]   54:     0x56387139c9b6 - test::run_test::{{closure}}::h87d231c78fb59832
[INFO] [stdout]                                at /rustc/82e1608dfa6e0b5569232559e3d385fea5a93112/library/test/src/lib.rs:602:41
[INFO] [stdout]   55:     0x56387139c9b6 - std::sys_common::backtrace::__rust_begin_short_backtrace::he6df152596625789
[INFO] [stdout]                                at /rustc/82e1608dfa6e0b5569232559e3d385fea5a93112/library/std/src/sys_common/backtrace.rs:154:18
[INFO] [stdout]   56:     0x5638713a1a67 - std::thread::Builder::spawn_unchecked_::{{closure}}::{{closure}}::ha94be15d1e0acf36
[INFO] [stdout]                                at /rustc/82e1608dfa6e0b5569232559e3d385fea5a93112/library/std/src/thread/mod.rs:529:17
[INFO] [stdout]   57:     0x5638713a1a67 - <core::panic::unwind_safe::AssertUnwindSafe<F> as core::ops::function::FnOnce<()>>::call_once::h9dc6bd6372f16606
[INFO] [stdout]                                at /rustc/82e1608dfa6e0b5569232559e3d385fea5a93112/library/core/src/panic/unwind_safe.rs:272:9
[INFO] [stdout]   58:     0x5638713a1a67 - std::panicking::try::do_call::h9057517f80303cd4
[INFO] [stdout]                                at /rustc/82e1608dfa6e0b5569232559e3d385fea5a93112/library/std/src/panicking.rs:552:40
[INFO] [stdout]   59:     0x5638713a1a67 - std::panicking::try::he3a30b11ee45340c
[INFO] [stdout]                                at /rustc/82e1608dfa6e0b5569232559e3d385fea5a93112/library/std/src/panicking.rs:516:19
[INFO] [stdout]   60:     0x5638713a1a67 - std::panic::catch_unwind::h410458cfd3528b8b
[INFO] [stdout]                                at /rustc/82e1608dfa6e0b5569232559e3d385fea5a93112/library/std/src/panic.rs:142:14
[INFO] [stdout]   61:     0x5638713a1a67 - std::thread::Builder::spawn_unchecked_::{{closure}}::h72ac3bdb567b737b
[INFO] [stdout]                                at /rustc/82e1608dfa6e0b5569232559e3d385fea5a93112/library/std/src/thread/mod.rs:528:30
[INFO] [stdout]   62:     0x5638713a1a67 - core::ops::function::FnOnce::call_once{{vtable.shim}}::h38f34da3654a8344
[INFO] [stdout]                                at /rustc/82e1608dfa6e0b5569232559e3d385fea5a93112/library/core/src/ops/function.rs:250:5
[INFO] [stdout]   63:     0x563871676bc5 - <alloc::boxed::Box<F,A> as core::ops::function::FnOnce<Args>>::call_once::hc7eafaff61e32df9
[INFO] [stdout]                                at /rustc/82e1608dfa6e0b5569232559e3d385fea5a93112/library/alloc/src/boxed.rs:2007:9
[INFO] [stdout]   64:     0x563871676bc5 - <alloc::boxed::Box<F,A> as core::ops::function::FnOnce<Args>>::call_once::h6ba4a5de48dd2304
[INFO] [stdout]                                at /rustc/82e1608dfa6e0b5569232559e3d385fea5a93112/library/alloc/src/boxed.rs:2007:9
[INFO] [stdout]   65:     0x563871676bc5 - std::sys::unix::thread::Thread::new::thread_start::he469335aef763e45
[INFO] [stdout]                                at /rustc/82e1608dfa6e0b5569232559e3d385fea5a93112/library/std/src/sys/unix/thread.rs:108:17
[INFO] [stdout]   66:     0x7ffa8f4ebac3 - <unknown>
[INFO] [stdout]   67:     0x7ffa8f57cbf4 - __clone
[INFO] [stdout]   68:                0x0 - <unknown>
[INFO] [stdout] 
[INFO] [stdout] 
[INFO] [stdout] failures:
[INFO] [stdout]     wrk::tests::benchmark
[INFO] [stdout] 
[INFO] [stdout] test result: FAILED. 0 passed; 1 failed; 0 ignored; 0 measured; 0 filtered out; finished in 1.04s
[INFO] [stdout] 
[INFO] [stderr] error: test failed, to rerun pass `--lib`
[INFO] running `Command { std: "docker" "inspect" "a604be8f1e868b1e851ff04cf8cd228609f82f89221c4346e3bafa67970fdd22", kill_on_drop: false }`
[INFO] running `Command { std: "docker" "rm" "-f" "a604be8f1e868b1e851ff04cf8cd228609f82f89221c4346e3bafa67970fdd22", kill_on_drop: false }`
[INFO] [stdout] a604be8f1e868b1e851ff04cf8cd228609f82f89221c4346e3bafa67970fdd22
