[INFO] fetching crate wrath-macros 0.1.0...
[INFO] testing wrath-macros-0.1.0 against 1.75.0 for beta-1.76-1
[INFO] extracting crate wrath-macros 0.1.0 into /workspace/builds/worker-7-tc1/source
[INFO] validating manifest of crates.io crate wrath-macros 0.1.0 on toolchain 1.75.0
[INFO] running `Command { std: CARGO_HOME="/workspace/cargo-home" RUSTUP_HOME="/workspace/rustup-home" "/workspace/cargo-home/bin/cargo" "+1.75.0" "metadata" "--manifest-path" "Cargo.toml" "--no-deps", kill_on_drop: false }`
[INFO] started tweaking crates.io crate wrath-macros 0.1.0
[INFO] finished tweaking crates.io crate wrath-macros 0.1.0
[INFO] tweaked toml for crates.io crate wrath-macros 0.1.0 written to /workspace/builds/worker-7-tc1/source/Cargo.toml
[INFO] running `Command { std: CARGO_HOME="/workspace/cargo-home" RUSTUP_HOME="/workspace/rustup-home" "/workspace/cargo-home/bin/cargo" "+1.75.0" "generate-lockfile" "--manifest-path" "Cargo.toml", kill_on_drop: false }`
[INFO] [stderr]     Updating crates.io index
[INFO] running `Command { std: CARGO_HOME="/workspace/cargo-home" RUSTUP_HOME="/workspace/rustup-home" "/workspace/cargo-home/bin/cargo" "+1.75.0" "fetch" "--manifest-path" "Cargo.toml", kill_on_drop: false }`
[INFO] running `Command { std: "docker" "create" "-v" "/var/lib/crater-agent-workspace/builds/worker-7-tc1/target:/opt/rustwide/target:rw,Z" "-v" "/var/lib/crater-agent-workspace/builds/worker-7-tc1/source:/opt/rustwide/workdir:ro,Z" "-v" "/var/lib/crater-agent-workspace/cargo-home:/opt/rustwide/cargo-home:ro,Z" "-v" "/var/lib/crater-agent-workspace/rustup-home:/opt/rustwide/rustup-home:ro,Z" "-e" "SOURCE_DIR=/opt/rustwide/workdir" "-e" "CARGO_TARGET_DIR=/opt/rustwide/target" "-e" "CARGO_HOME=/opt/rustwide/cargo-home" "-e" "RUSTUP_HOME=/opt/rustwide/rustup-home" "-w" "/opt/rustwide/workdir" "-m" "1610612736" "--user" "0:0" "--network" "none" "ghcr.io/rust-lang/crates-build-env/linux@sha256:2788e3201cd34a07e3172128adcd8b3090168a8e3bcc40d7c032b9dda1df7d1c" "/opt/rustwide/cargo-home/bin/cargo" "+1.75.0" "metadata" "--no-deps" "--format-version=1", kill_on_drop: false }`
[INFO] [stdout] f48850a0c97b6528a32799fbab1155b5215dc385ab683bf1f02b3ddd6a14f06b
[INFO] running `Command { std: "docker" "start" "-a" "f48850a0c97b6528a32799fbab1155b5215dc385ab683bf1f02b3ddd6a14f06b", kill_on_drop: false }`
[INFO] running `Command { std: "docker" "inspect" "f48850a0c97b6528a32799fbab1155b5215dc385ab683bf1f02b3ddd6a14f06b", kill_on_drop: false }`
[INFO] running `Command { std: "docker" "rm" "-f" "f48850a0c97b6528a32799fbab1155b5215dc385ab683bf1f02b3ddd6a14f06b", kill_on_drop: false }`
[INFO] [stdout] f48850a0c97b6528a32799fbab1155b5215dc385ab683bf1f02b3ddd6a14f06b
[INFO] running `Command { std: "docker" "create" "-v" "/var/lib/crater-agent-workspace/builds/worker-7-tc1/target:/opt/rustwide/target:rw,Z" "-v" "/var/lib/crater-agent-workspace/builds/worker-7-tc1/source:/opt/rustwide/workdir:ro,Z" "-v" "/var/lib/crater-agent-workspace/cargo-home:/opt/rustwide/cargo-home:ro,Z" "-v" "/var/lib/crater-agent-workspace/rustup-home:/opt/rustwide/rustup-home:ro,Z" "-e" "SOURCE_DIR=/opt/rustwide/workdir" "-e" "CARGO_TARGET_DIR=/opt/rustwide/target" "-e" "CARGO_INCREMENTAL=0" "-e" "RUST_BACKTRACE=full" "-e" "RUSTFLAGS=--cap-lints=warn" "-e" "RUSTDOCFLAGS=--cap-lints=warn" "-e" "CARGO_HOME=/opt/rustwide/cargo-home" "-e" "RUSTUP_HOME=/opt/rustwide/rustup-home" "-w" "/opt/rustwide/workdir" "-m" "1610612736" "--user" "0:0" "--network" "none" "ghcr.io/rust-lang/crates-build-env/linux@sha256:2788e3201cd34a07e3172128adcd8b3090168a8e3bcc40d7c032b9dda1df7d1c" "/opt/rustwide/cargo-home/bin/cargo" "+1.75.0" "build" "--frozen" "--message-format=json", kill_on_drop: false }`
[INFO] [stdout] efea9ca30e1c9acddb4dda44d8c11c29abcac900d19689e2861d4cba164f5142
[INFO] running `Command { std: "docker" "start" "-a" "efea9ca30e1c9acddb4dda44d8c11c29abcac900d19689e2861d4cba164f5142", kill_on_drop: false }`
[INFO] [stderr]    Compiling either v1.9.0
[INFO] [stderr]    Compiling wrath-macros v0.1.0 (/opt/rustwide/workdir)
[INFO] [stderr]     Finished dev [unoptimized + debuginfo] target(s) in 0.61s
[INFO] running `Command { std: "docker" "inspect" "efea9ca30e1c9acddb4dda44d8c11c29abcac900d19689e2861d4cba164f5142", kill_on_drop: false }`
[INFO] running `Command { std: "docker" "rm" "-f" "efea9ca30e1c9acddb4dda44d8c11c29abcac900d19689e2861d4cba164f5142", kill_on_drop: false }`
[INFO] [stdout] efea9ca30e1c9acddb4dda44d8c11c29abcac900d19689e2861d4cba164f5142
[INFO] running `Command { std: "docker" "create" "-v" "/var/lib/crater-agent-workspace/builds/worker-7-tc1/target:/opt/rustwide/target:rw,Z" "-v" "/var/lib/crater-agent-workspace/builds/worker-7-tc1/source:/opt/rustwide/workdir:ro,Z" "-v" "/var/lib/crater-agent-workspace/cargo-home:/opt/rustwide/cargo-home:ro,Z" "-v" "/var/lib/crater-agent-workspace/rustup-home:/opt/rustwide/rustup-home:ro,Z" "-e" "SOURCE_DIR=/opt/rustwide/workdir" "-e" "CARGO_TARGET_DIR=/opt/rustwide/target" "-e" "CARGO_INCREMENTAL=0" "-e" "RUST_BACKTRACE=full" "-e" "RUSTFLAGS=--cap-lints=warn" "-e" "RUSTDOCFLAGS=--cap-lints=warn" "-e" "CARGO_HOME=/opt/rustwide/cargo-home" "-e" "RUSTUP_HOME=/opt/rustwide/rustup-home" "-w" "/opt/rustwide/workdir" "-m" "1610612736" "--user" "0:0" "--network" "none" "ghcr.io/rust-lang/crates-build-env/linux@sha256:2788e3201cd34a07e3172128adcd8b3090168a8e3bcc40d7c032b9dda1df7d1c" "/opt/rustwide/cargo-home/bin/cargo" "+1.75.0" "test" "--frozen" "--no-run" "--message-format=json", kill_on_drop: false }`
[INFO] [stdout] 4c8b998dc9cf5f5de380f1401138768cc0a6ba2ef4fc0d46119b93848d626665
[INFO] running `Command { std: "docker" "start" "-a" "4c8b998dc9cf5f5de380f1401138768cc0a6ba2ef4fc0d46119b93848d626665", kill_on_drop: false }`
[INFO] [stderr]    Compiling wrath-macros v0.1.0 (/opt/rustwide/workdir)
[INFO] [stderr]     Finished test [unoptimized + debuginfo] target(s) in 0.41s
[INFO] running `Command { std: "docker" "inspect" "4c8b998dc9cf5f5de380f1401138768cc0a6ba2ef4fc0d46119b93848d626665", kill_on_drop: false }`
[INFO] running `Command { std: "docker" "rm" "-f" "4c8b998dc9cf5f5de380f1401138768cc0a6ba2ef4fc0d46119b93848d626665", kill_on_drop: false }`
[INFO] [stdout] 4c8b998dc9cf5f5de380f1401138768cc0a6ba2ef4fc0d46119b93848d626665
[INFO] running `Command { std: "docker" "create" "-v" "/var/lib/crater-agent-workspace/builds/worker-7-tc1/target:/opt/rustwide/target:rw,Z" "-v" "/var/lib/crater-agent-workspace/builds/worker-7-tc1/source:/opt/rustwide/workdir:ro,Z" "-v" "/var/lib/crater-agent-workspace/cargo-home:/opt/rustwide/cargo-home:ro,Z" "-v" "/var/lib/crater-agent-workspace/rustup-home:/opt/rustwide/rustup-home:ro,Z" "-e" "SOURCE_DIR=/opt/rustwide/workdir" "-e" "CARGO_TARGET_DIR=/opt/rustwide/target" "-e" "CARGO_INCREMENTAL=0" "-e" "RUST_BACKTRACE=full" "-e" "RUSTFLAGS=--cap-lints=warn" "-e" "RUSTDOCFLAGS=--cap-lints=warn" "-e" "CARGO_HOME=/opt/rustwide/cargo-home" "-e" "RUSTUP_HOME=/opt/rustwide/rustup-home" "-w" "/opt/rustwide/workdir" "-m" "1610612736" "--user" "0:0" "--network" "none" "ghcr.io/rust-lang/crates-build-env/linux@sha256:2788e3201cd34a07e3172128adcd8b3090168a8e3bcc40d7c032b9dda1df7d1c" "/opt/rustwide/cargo-home/bin/cargo" "+1.75.0" "test" "--frozen", kill_on_drop: false }`
[INFO] [stdout] eaebf8060735c4c6686b3272c8d0757020b0e653b300085dd43543471c3d87c0
[INFO] running `Command { std: "docker" "start" "-a" "eaebf8060735c4c6686b3272c8d0757020b0e653b300085dd43543471c3d87c0", kill_on_drop: false }`
[INFO] [stderr]     Finished test [unoptimized + debuginfo] target(s) in 0.00s
[INFO] [stderr]      Running unittests src/lib.rs (/opt/rustwide/target/debug/deps/wrath_macros-0e6094b0b4efdc4b)
[INFO] [stdout] 
[INFO] [stdout] running 0 tests
[INFO] [stdout] 
[INFO] [stdout] test result: ok. 0 passed; 0 failed; 0 ignored; 0 measured; 0 filtered out; finished in 0.00s
[INFO] [stdout] 
[INFO] [stderr]    Doc-tests wrath-macros
[INFO] [stdout] 
[INFO] [stdout] running 9 tests
[INFO] [stdout] test src/syn_ext.rs - syn_ext::attr_container_key_crate (line 47) ... ignored
[INFO] [stdout] test src/syn_ext.rs - syn_ext::attr_container_key_error (line 35) ... ignored
[INFO] [stdout] test src/syn_ext.rs - syn_ext::attr_name (line 23) ... ignored
[INFO] [stdout] test src/syn_ext.rs - syn_ext::AttrKeyValue::sep (line 142) ... FAILED
[INFO] [stdout] test src/syn_ext.rs - syn_ext::AttrKeyValue::key (line 132) ... FAILED
[INFO] [stdout] test src/syn_ext.rs - syn_ext::AttrKeyValue (line 118) ... FAILED
[INFO] [stdout] test src/syn_ext.rs - syn_ext::AttrKeyValue::sep (line 147) ... FAILED
[INFO] [stdout] test src/syn_ext.rs - syn_ext::AttrKeyValue (line 123) ... FAILED
[INFO] [stdout] test src/syn_ext.rs - syn_ext::AttrKeyValue::value (line 158) ... FAILED
[INFO] [stdout] 
[INFO] [stdout] failures:
[INFO] [stdout] 
[INFO] [stdout] ---- src/syn_ext.rs - syn_ext::AttrKeyValue::sep (line 142) stdout ----
[INFO] [stdout] error: expected statement after outer attribute
[INFO] [stdout]  --> src/syn_ext.rs:143:1
[INFO] [stdout]   |
[INFO] [stdout] 3 | #[wrath(foo = bar)]
[INFO] [stdout]   | ^^^^^^^^^^^^^^^^^^^
[INFO] [stdout] 
[INFO] [stdout] error: aborting due to previous error
[INFO] [stdout] 
[INFO] [stdout] Couldn't compile the test.
[INFO] [stdout] ---- src/syn_ext.rs - syn_ext::AttrKeyValue::key (line 132) stdout ----
[INFO] [stdout] error: expected statement after outer attribute
[INFO] [stdout]  --> src/syn_ext.rs:133:1
[INFO] [stdout]   |
[INFO] [stdout] 3 | #[wrath(foo = bar)]
[INFO] [stdout]   | ^^^^^^^^^^^^^^^^^^^
[INFO] [stdout] 
[INFO] [stdout] error: aborting due to previous error
[INFO] [stdout] 
[INFO] [stdout] Couldn't compile the test.
[INFO] [stdout] ---- src/syn_ext.rs - syn_ext::AttrKeyValue (line 118) stdout ----
[INFO] [stdout] error: expected statement after outer attribute
[INFO] [stdout]  --> src/syn_ext.rs:119:1
[INFO] [stdout]   |
[INFO] [stdout] 3 | #[wrath(foo = bar)]
[INFO] [stdout]   | ^^^^^^^^^^^^^^^^^^^
[INFO] [stdout] 
[INFO] [stdout] error: aborting due to previous error
[INFO] [stdout] 
[INFO] [stdout] Couldn't compile the test.
[INFO] [stdout] ---- src/syn_ext.rs - syn_ext::AttrKeyValue::sep (line 147) stdout ----
[INFO] [stdout] error: expected statement after outer attribute
[INFO] [stdout]  --> src/syn_ext.rs:148:1
[INFO] [stdout]   |
[INFO] [stdout] 3 | #[wrath(foo(bar))]
[INFO] [stdout]   | ^^^^^^^^^^^^^^^^^^
[INFO] [stdout] 
[INFO] [stdout] error: aborting due to previous error
[INFO] [stdout] 
[INFO] [stdout] Couldn't compile the test.
[INFO] [stdout] ---- src/syn_ext.rs - syn_ext::AttrKeyValue (line 123) stdout ----
[INFO] [stdout] error: expected statement after outer attribute
[INFO] [stdout]  --> src/syn_ext.rs:124:1
[INFO] [stdout]   |
[INFO] [stdout] 3 | #[wrath(foo(bar))]
[INFO] [stdout]   | ^^^^^^^^^^^^^^^^^^
[INFO] [stdout] 
[INFO] [stdout] error: aborting due to previous error
[INFO] [stdout] 
[INFO] [stdout] Couldn't compile the test.
[INFO] [stdout] ---- src/syn_ext.rs - syn_ext::AttrKeyValue::value (line 158) stdout ----
[INFO] [stdout] error: expected statement after outer attribute
[INFO] [stdout]  --> src/syn_ext.rs:159:1
[INFO] [stdout]   |
[INFO] [stdout] 3 | #[wrath(foo = bar)]
[INFO] [stdout]   | ^^^^^^^^^^^^^^^^^^^
[INFO] [stdout] 
[INFO] [stdout] error: aborting due to previous error
[INFO] [stdout] 
[INFO] [stdout] Couldn't compile the test.
[INFO] [stdout] 
[INFO] [stdout] failures:
[INFO] [stdout]     src/syn_ext.rs - syn_ext::AttrKeyValue (line 118)
[INFO] [stdout]     src/syn_ext.rs - syn_ext::AttrKeyValue (line 123)
[INFO] [stdout]     src/syn_ext.rs - syn_ext::AttrKeyValue::key (line 132)
[INFO] [stdout]     src/syn_ext.rs - syn_ext::AttrKeyValue::sep (line 142)
[INFO] [stdout]     src/syn_ext.rs - syn_ext::AttrKeyValue::sep (line 147)
[INFO] [stdout]     src/syn_ext.rs - syn_ext::AttrKeyValue::value (line 158)
[INFO] [stdout] 
[INFO] [stdout] test result: FAILED. 0 passed; 6 failed; 3 ignored; 0 measured; 0 filtered out; finished in 0.03s
[INFO] [stdout] 
[INFO] [stderr] error: doctest failed, to rerun pass `--doc`
[INFO] running `Command { std: "docker" "inspect" "eaebf8060735c4c6686b3272c8d0757020b0e653b300085dd43543471c3d87c0", kill_on_drop: false }`
[INFO] running `Command { std: "docker" "rm" "-f" "eaebf8060735c4c6686b3272c8d0757020b0e653b300085dd43543471c3d87c0", kill_on_drop: false }`
[INFO] [stdout] eaebf8060735c4c6686b3272c8d0757020b0e653b300085dd43543471c3d87c0
