[INFO] fetching crate wow_items 0.1.0...
[INFO] testing wow_items-0.1.0 against 1.75.0 for beta-1.76-1
[INFO] extracting crate wow_items 0.1.0 into /workspace/builds/worker-1-tc1/source
[INFO] validating manifest of crates.io crate wow_items 0.1.0 on toolchain 1.75.0
[INFO] running `Command { std: CARGO_HOME="/workspace/cargo-home" RUSTUP_HOME="/workspace/rustup-home" "/workspace/cargo-home/bin/cargo" "+1.75.0" "metadata" "--manifest-path" "Cargo.toml" "--no-deps", kill_on_drop: false }`
[INFO] started tweaking crates.io crate wow_items 0.1.0
[INFO] finished tweaking crates.io crate wow_items 0.1.0
[INFO] tweaked toml for crates.io crate wow_items 0.1.0 written to /workspace/builds/worker-1-tc1/source/Cargo.toml
[INFO] running `Command { std: CARGO_HOME="/workspace/cargo-home" RUSTUP_HOME="/workspace/rustup-home" "/workspace/cargo-home/bin/cargo" "+1.75.0" "generate-lockfile" "--manifest-path" "Cargo.toml", kill_on_drop: false }`
[INFO] [stderr]     Updating crates.io index
[INFO] running `Command { std: CARGO_HOME="/workspace/cargo-home" RUSTUP_HOME="/workspace/rustup-home" "/workspace/cargo-home/bin/cargo" "+1.75.0" "fetch" "--manifest-path" "Cargo.toml", kill_on_drop: false }`
[INFO] [stderr]  Downloading crates ...
[INFO] [stderr]   Downloaded wow_world_base v0.1.1
[INFO] running `Command { std: "docker" "create" "-v" "/var/lib/crater-agent-workspace/builds/worker-1-tc1/target:/opt/rustwide/target:rw,Z" "-v" "/var/lib/crater-agent-workspace/builds/worker-1-tc1/source:/opt/rustwide/workdir:ro,Z" "-v" "/var/lib/crater-agent-workspace/cargo-home:/opt/rustwide/cargo-home:ro,Z" "-v" "/var/lib/crater-agent-workspace/rustup-home:/opt/rustwide/rustup-home:ro,Z" "-e" "SOURCE_DIR=/opt/rustwide/workdir" "-e" "CARGO_TARGET_DIR=/opt/rustwide/target" "-e" "CARGO_HOME=/opt/rustwide/cargo-home" "-e" "RUSTUP_HOME=/opt/rustwide/rustup-home" "-w" "/opt/rustwide/workdir" "-m" "1610612736" "--user" "0:0" "--network" "none" "ghcr.io/rust-lang/crates-build-env/linux@sha256:2788e3201cd34a07e3172128adcd8b3090168a8e3bcc40d7c032b9dda1df7d1c" "/opt/rustwide/cargo-home/bin/cargo" "+1.75.0" "metadata" "--no-deps" "--format-version=1", kill_on_drop: false }`
[INFO] [stdout] 591202f059b02e464cb1d1a703b7d0717e78b0e8e71c585edd8d1e93bd8e68bb
[INFO] running `Command { std: "docker" "start" "-a" "591202f059b02e464cb1d1a703b7d0717e78b0e8e71c585edd8d1e93bd8e68bb", kill_on_drop: false }`
[INFO] running `Command { std: "docker" "inspect" "591202f059b02e464cb1d1a703b7d0717e78b0e8e71c585edd8d1e93bd8e68bb", kill_on_drop: false }`
[INFO] running `Command { std: "docker" "rm" "-f" "591202f059b02e464cb1d1a703b7d0717e78b0e8e71c585edd8d1e93bd8e68bb", kill_on_drop: false }`
[INFO] [stdout] 591202f059b02e464cb1d1a703b7d0717e78b0e8e71c585edd8d1e93bd8e68bb
[INFO] running `Command { std: "docker" "create" "-v" "/var/lib/crater-agent-workspace/builds/worker-1-tc1/target:/opt/rustwide/target:rw,Z" "-v" "/var/lib/crater-agent-workspace/builds/worker-1-tc1/source:/opt/rustwide/workdir:ro,Z" "-v" "/var/lib/crater-agent-workspace/cargo-home:/opt/rustwide/cargo-home:ro,Z" "-v" "/var/lib/crater-agent-workspace/rustup-home:/opt/rustwide/rustup-home:ro,Z" "-e" "SOURCE_DIR=/opt/rustwide/workdir" "-e" "CARGO_TARGET_DIR=/opt/rustwide/target" "-e" "CARGO_INCREMENTAL=0" "-e" "RUST_BACKTRACE=full" "-e" "RUSTFLAGS=--cap-lints=warn" "-e" "RUSTDOCFLAGS=--cap-lints=warn" "-e" "CARGO_HOME=/opt/rustwide/cargo-home" "-e" "RUSTUP_HOME=/opt/rustwide/rustup-home" "-w" "/opt/rustwide/workdir" "-m" "1610612736" "--user" "0:0" "--network" "none" "ghcr.io/rust-lang/crates-build-env/linux@sha256:2788e3201cd34a07e3172128adcd8b3090168a8e3bcc40d7c032b9dda1df7d1c" "/opt/rustwide/cargo-home/bin/cargo" "+1.75.0" "build" "--frozen" "--message-format=json", kill_on_drop: false }`
[INFO] [stdout] ea40cce965e1fd38e22a8a9d219dfeea6aa347a7348c340743227184a09cc15a
[INFO] running `Command { std: "docker" "start" "-a" "ea40cce965e1fd38e22a8a9d219dfeea6aa347a7348c340743227184a09cc15a", kill_on_drop: false }`
[INFO] [stderr]    Compiling wow_world_base v0.1.1
[INFO] [stderr]    Compiling wow_items v0.1.0 (/opt/rustwide/workdir)
[INFO] [stderr]     Finished dev [unoptimized + debuginfo] target(s) in 0.08s
[INFO] running `Command { std: "docker" "inspect" "ea40cce965e1fd38e22a8a9d219dfeea6aa347a7348c340743227184a09cc15a", kill_on_drop: false }`
[INFO] running `Command { std: "docker" "rm" "-f" "ea40cce965e1fd38e22a8a9d219dfeea6aa347a7348c340743227184a09cc15a", kill_on_drop: false }`
[INFO] [stdout] ea40cce965e1fd38e22a8a9d219dfeea6aa347a7348c340743227184a09cc15a
[INFO] running `Command { std: "docker" "create" "-v" "/var/lib/crater-agent-workspace/builds/worker-1-tc1/target:/opt/rustwide/target:rw,Z" "-v" "/var/lib/crater-agent-workspace/builds/worker-1-tc1/source:/opt/rustwide/workdir:ro,Z" "-v" "/var/lib/crater-agent-workspace/cargo-home:/opt/rustwide/cargo-home:ro,Z" "-v" "/var/lib/crater-agent-workspace/rustup-home:/opt/rustwide/rustup-home:ro,Z" "-e" "SOURCE_DIR=/opt/rustwide/workdir" "-e" "CARGO_TARGET_DIR=/opt/rustwide/target" "-e" "CARGO_INCREMENTAL=0" "-e" "RUST_BACKTRACE=full" "-e" "RUSTFLAGS=--cap-lints=warn" "-e" "RUSTDOCFLAGS=--cap-lints=warn" "-e" "CARGO_HOME=/opt/rustwide/cargo-home" "-e" "RUSTUP_HOME=/opt/rustwide/rustup-home" "-w" "/opt/rustwide/workdir" "-m" "1610612736" "--user" "0:0" "--network" "none" "ghcr.io/rust-lang/crates-build-env/linux@sha256:2788e3201cd34a07e3172128adcd8b3090168a8e3bcc40d7c032b9dda1df7d1c" "/opt/rustwide/cargo-home/bin/cargo" "+1.75.0" "test" "--frozen" "--no-run" "--message-format=json", kill_on_drop: false }`
[INFO] [stdout] 959fa130db3c9f4eb9b795337e46b2866639ed3b1474b31293b986f4fa56e302
[INFO] running `Command { std: "docker" "start" "-a" "959fa130db3c9f4eb9b795337e46b2866639ed3b1474b31293b986f4fa56e302", kill_on_drop: false }`
[INFO] [stderr]    Compiling wow_items v0.1.0 (/opt/rustwide/workdir)
[INFO] [stderr]     Finished test [unoptimized + debuginfo] target(s) in 0.22s
[INFO] running `Command { std: "docker" "inspect" "959fa130db3c9f4eb9b795337e46b2866639ed3b1474b31293b986f4fa56e302", kill_on_drop: false }`
[INFO] running `Command { std: "docker" "rm" "-f" "959fa130db3c9f4eb9b795337e46b2866639ed3b1474b31293b986f4fa56e302", kill_on_drop: false }`
[INFO] [stdout] 959fa130db3c9f4eb9b795337e46b2866639ed3b1474b31293b986f4fa56e302
[INFO] running `Command { std: "docker" "create" "-v" "/var/lib/crater-agent-workspace/builds/worker-1-tc1/target:/opt/rustwide/target:rw,Z" "-v" "/var/lib/crater-agent-workspace/builds/worker-1-tc1/source:/opt/rustwide/workdir:ro,Z" "-v" "/var/lib/crater-agent-workspace/cargo-home:/opt/rustwide/cargo-home:ro,Z" "-v" "/var/lib/crater-agent-workspace/rustup-home:/opt/rustwide/rustup-home:ro,Z" "-e" "SOURCE_DIR=/opt/rustwide/workdir" "-e" "CARGO_TARGET_DIR=/opt/rustwide/target" "-e" "CARGO_INCREMENTAL=0" "-e" "RUST_BACKTRACE=full" "-e" "RUSTFLAGS=--cap-lints=warn" "-e" "RUSTDOCFLAGS=--cap-lints=warn" "-e" "CARGO_HOME=/opt/rustwide/cargo-home" "-e" "RUSTUP_HOME=/opt/rustwide/rustup-home" "-w" "/opt/rustwide/workdir" "-m" "1610612736" "--user" "0:0" "--network" "none" "ghcr.io/rust-lang/crates-build-env/linux@sha256:2788e3201cd34a07e3172128adcd8b3090168a8e3bcc40d7c032b9dda1df7d1c" "/opt/rustwide/cargo-home/bin/cargo" "+1.75.0" "test" "--frozen", kill_on_drop: false }`
[INFO] [stdout] 02ef2981348e3fa5421cf1df61f4064b33535ee6a1c7b373dda1fd8f9934a6f9
[INFO] running `Command { std: "docker" "start" "-a" "02ef2981348e3fa5421cf1df61f4064b33535ee6a1c7b373dda1fd8f9934a6f9", kill_on_drop: false }`
[INFO] [stderr]     Finished test [unoptimized + debuginfo] target(s) in 0.00s
[INFO] [stderr]      Running unittests src/lib.rs (/opt/rustwide/target/debug/deps/wow_items-ebd5f10cbcf28794)
[INFO] [stdout] 
[INFO] [stdout] running 0 tests
[INFO] [stdout] 
[INFO] [stdout] test result: ok. 0 passed; 0 failed; 0 ignored; 0 measured; 0 filtered out; finished in 0.00s
[INFO] [stdout] 
[INFO] [stderr]    Doc-tests wow_items
[INFO] [stdout] 
[INFO] [stdout] running 1 test
[INFO] [stdout] test src/lib.rs - (line 17) ... FAILED
[INFO] [stdout] 
[INFO] [stdout] failures:
[INFO] [stdout] 
[INFO] [stdout] ---- src/lib.rs - (line 17) stdout ----
[INFO] [stdout] error[E0433]: failed to resolve: could not find `vanilla` in `wow_items`
[INFO] [stdout]  --> src/lib.rs:21:32
[INFO] [stdout]   |
[INFO] [stdout] 7 | if let Some(item) = wow_items::vanilla::lookup_item(item_id) {
[INFO] [stdout]   |                                ^^^^^^^ could not find `vanilla` in `wow_items`
[INFO] [stdout] 
[INFO] [stdout] error: aborting due to previous error
[INFO] [stdout] 
[INFO] [stdout] For more information about this error, try `rustc --explain E0433`.
[INFO] [stdout] Couldn't compile the test.
[INFO] [stdout] 
[INFO] [stdout] failures:
[INFO] [stdout]     src/lib.rs - (line 17)
[INFO] [stdout] 
[INFO] [stdout] test result: FAILED. 0 passed; 1 failed; 0 ignored; 0 measured; 0 filtered out; finished in 0.04s
[INFO] [stdout] 
[INFO] [stderr] error: doctest failed, to rerun pass `--doc`
[INFO] running `Command { std: "docker" "inspect" "02ef2981348e3fa5421cf1df61f4064b33535ee6a1c7b373dda1fd8f9934a6f9", kill_on_drop: false }`
[INFO] running `Command { std: "docker" "rm" "-f" "02ef2981348e3fa5421cf1df61f4064b33535ee6a1c7b373dda1fd8f9934a6f9", kill_on_drop: false }`
[INFO] [stdout] 02ef2981348e3fa5421cf1df61f4064b33535ee6a1c7b373dda1fd8f9934a6f9
