[INFO] fetching crate worker-route 0.0.3...
[INFO] testing worker-route-0.0.3 against 1.75.0 for beta-1.76-1
[INFO] extracting crate worker-route 0.0.3 into /workspace/builds/worker-2-tc1/source
[INFO] validating manifest of crates.io crate worker-route 0.0.3 on toolchain 1.75.0
[INFO] running `Command { std: CARGO_HOME="/workspace/cargo-home" RUSTUP_HOME="/workspace/rustup-home" "/workspace/cargo-home/bin/cargo" "+1.75.0" "metadata" "--manifest-path" "Cargo.toml" "--no-deps", kill_on_drop: false }`
[INFO] started tweaking crates.io crate worker-route 0.0.3
[INFO] finished tweaking crates.io crate worker-route 0.0.3
[INFO] tweaked toml for crates.io crate worker-route 0.0.3 written to /workspace/builds/worker-2-tc1/source/Cargo.toml
[INFO] running `Command { std: CARGO_HOME="/workspace/cargo-home" RUSTUP_HOME="/workspace/rustup-home" "/workspace/cargo-home/bin/cargo" "+1.75.0" "generate-lockfile" "--manifest-path" "Cargo.toml", kill_on_drop: false }`
[INFO] [stderr]     Updating crates.io index
[INFO] running `Command { std: CARGO_HOME="/workspace/cargo-home" RUSTUP_HOME="/workspace/rustup-home" "/workspace/cargo-home/bin/cargo" "+1.75.0" "fetch" "--manifest-path" "Cargo.toml", kill_on_drop: false }`
[INFO] [stderr]     Blocking waiting for file lock on package cache
[INFO] [stderr]     Blocking waiting for file lock on package cache
[INFO] [stderr]  Downloading crates ...
[INFO] [stderr]   Downloaded worker v0.0.18
[INFO] [stderr]   Downloaded worker-macros v0.0.10
[INFO] [stderr]   Downloaded worker-sys v0.0.10
[INFO] [stderr]   Downloaded worker-route-macro v0.0.3
[INFO] [stderr]   Downloaded matchit v0.4.6
[INFO] [stderr]   Downloaded worker-kv v0.6.0
[INFO] running `Command { std: "docker" "create" "-v" "/var/lib/crater-agent-workspace/builds/worker-2-tc1/target:/opt/rustwide/target:rw,Z" "-v" "/var/lib/crater-agent-workspace/builds/worker-2-tc1/source:/opt/rustwide/workdir:ro,Z" "-v" "/var/lib/crater-agent-workspace/cargo-home:/opt/rustwide/cargo-home:ro,Z" "-v" "/var/lib/crater-agent-workspace/rustup-home:/opt/rustwide/rustup-home:ro,Z" "-e" "SOURCE_DIR=/opt/rustwide/workdir" "-e" "CARGO_TARGET_DIR=/opt/rustwide/target" "-e" "CARGO_HOME=/opt/rustwide/cargo-home" "-e" "RUSTUP_HOME=/opt/rustwide/rustup-home" "-w" "/opt/rustwide/workdir" "-m" "1610612736" "--user" "0:0" "--network" "none" "ghcr.io/rust-lang/crates-build-env/linux@sha256:2788e3201cd34a07e3172128adcd8b3090168a8e3bcc40d7c032b9dda1df7d1c" "/opt/rustwide/cargo-home/bin/cargo" "+1.75.0" "metadata" "--no-deps" "--format-version=1", kill_on_drop: false }`
[INFO] [stdout] fc1b197356f0f99fb2045b77b68053f4521f6cc4799b486cb13518734bff9eef
[INFO] running `Command { std: "docker" "start" "-a" "fc1b197356f0f99fb2045b77b68053f4521f6cc4799b486cb13518734bff9eef", kill_on_drop: false }`
[INFO] running `Command { std: "docker" "inspect" "fc1b197356f0f99fb2045b77b68053f4521f6cc4799b486cb13518734bff9eef", kill_on_drop: false }`
[INFO] running `Command { std: "docker" "rm" "-f" "fc1b197356f0f99fb2045b77b68053f4521f6cc4799b486cb13518734bff9eef", kill_on_drop: false }`
[INFO] [stdout] fc1b197356f0f99fb2045b77b68053f4521f6cc4799b486cb13518734bff9eef
[INFO] running `Command { std: "docker" "create" "-v" "/var/lib/crater-agent-workspace/builds/worker-2-tc1/target:/opt/rustwide/target:rw,Z" "-v" "/var/lib/crater-agent-workspace/builds/worker-2-tc1/source:/opt/rustwide/workdir:ro,Z" "-v" "/var/lib/crater-agent-workspace/cargo-home:/opt/rustwide/cargo-home:ro,Z" "-v" "/var/lib/crater-agent-workspace/rustup-home:/opt/rustwide/rustup-home:ro,Z" "-e" "SOURCE_DIR=/opt/rustwide/workdir" "-e" "CARGO_TARGET_DIR=/opt/rustwide/target" "-e" "CARGO_INCREMENTAL=0" "-e" "RUST_BACKTRACE=full" "-e" "RUSTFLAGS=--cap-lints=warn" "-e" "RUSTDOCFLAGS=--cap-lints=warn" "-e" "CARGO_HOME=/opt/rustwide/cargo-home" "-e" "RUSTUP_HOME=/opt/rustwide/rustup-home" "-w" "/opt/rustwide/workdir" "-m" "1610612736" "--user" "0:0" "--network" "none" "ghcr.io/rust-lang/crates-build-env/linux@sha256:2788e3201cd34a07e3172128adcd8b3090168a8e3bcc40d7c032b9dda1df7d1c" "/opt/rustwide/cargo-home/bin/cargo" "+1.75.0" "build" "--frozen" "--message-format=json", kill_on_drop: false }`
[INFO] [stdout] 41b51e4f71b0bc46a1e4a30e4015ef58826476ca7f5138844a00004138213c78
[INFO] running `Command { std: "docker" "start" "-a" "41b51e4f71b0bc46a1e4a30e4015ef58826476ca7f5138844a00004138213c78", kill_on_drop: false }`
[INFO] [stderr]    Compiling wasm-bindgen-shared v0.2.86
[INFO] [stderr]    Compiling log v0.4.20
[INFO] [stderr]    Compiling once_cell v1.19.0
[INFO] [stderr]    Compiling bumpalo v3.14.0
[INFO] [stderr]    Compiling wasm-bindgen v0.2.86
[INFO] [stderr]    Compiling siphasher v0.3.11
[INFO] [stderr]    Compiling regex-syntax v0.8.2
[INFO] [stderr]    Compiling syn v2.0.48
[INFO] [stderr]    Compiling rand_core v0.6.4
[INFO] [stderr]    Compiling phf_shared v0.11.2
[INFO] [stderr]    Compiling rand v0.8.5
[INFO] [stderr]    Compiling futures-sink v0.3.30
[INFO] [stderr]    Compiling futures-core v0.3.30
[INFO] [stderr]    Compiling thiserror v1.0.56
[INFO] [stderr]    Compiling futures-io v0.3.30
[INFO] [stderr]    Compiling futures-channel v0.3.30
[INFO] [stderr]    Compiling phf v0.11.2
[INFO] [stderr]    Compiling futures-task v0.3.30
[INFO] [stderr]    Compiling async-trait v0.1.77
[INFO] [stderr]    Compiling paste v1.0.14
[INFO] [stderr]    Compiling chrono v0.4.31
[INFO] [stderr]    Compiling tokio v1.35.1
[INFO] [stderr]    Compiling phf_generator v0.11.2
[INFO] [stderr]    Compiling matchit v0.4.6
[INFO] [stderr]    Compiling phf_codegen v0.11.2
[INFO] [stderr]    Compiling regex-automata v0.4.3
[INFO] [stderr]    Compiling regex v1.10.2
[INFO] [stderr]    Compiling wasm-bindgen-backend v0.2.86
[INFO] [stderr]    Compiling parse-zoneinfo v0.3.0
[INFO] [stderr]    Compiling chrono-tz-build v0.2.1
[INFO] [stderr]    Compiling serde_derive v1.0.194
[INFO] [stderr]    Compiling futures-macro v0.3.30
[INFO] [stderr]    Compiling thiserror-impl v1.0.56
[INFO] [stderr]    Compiling pin-project-internal v1.1.3
[INFO] [stderr]    Compiling worker-route-macro v0.0.3
[INFO] [stderr]    Compiling wasm-bindgen-macro-support v0.2.86
[INFO] [stderr]    Compiling chrono-tz v0.8.5
[INFO] [stderr]    Compiling futures-util v0.3.30
[INFO] [stderr]    Compiling wasm-bindgen-macro v0.2.86
[INFO] [stderr]    Compiling pin-project v1.1.3
[INFO] [stderr]    Compiling js-sys v0.3.63
[INFO] [stderr]    Compiling serde v1.0.194
[INFO] [stderr]    Compiling futures-executor v0.3.30
[INFO] [stderr]    Compiling futures v0.3.30
[INFO] [stderr]    Compiling wasm-bindgen-futures v0.4.36
[INFO] [stderr]    Compiling web-sys v0.3.63
[INFO] [stderr]    Compiling worker-sys v0.0.10
[INFO] [stderr]    Compiling serde_json v1.0.111
[INFO] [stderr]    Compiling serde-wasm-bindgen v0.5.0
[INFO] [stderr]    Compiling serde_qs v0.12.0
[INFO] [stderr]    Compiling wasm-streams v0.3.0
[INFO] [stderr]    Compiling worker-macros v0.0.10
[INFO] [stderr]    Compiling worker-kv v0.6.0
[INFO] [stderr]    Compiling worker v0.0.18
[INFO] [stderr]    Compiling worker-route v0.0.3 (/opt/rustwide/workdir)
[INFO] [stderr]     Finished dev [unoptimized + debuginfo] target(s) in 16.00s
[INFO] running `Command { std: "docker" "inspect" "41b51e4f71b0bc46a1e4a30e4015ef58826476ca7f5138844a00004138213c78", kill_on_drop: false }`
[INFO] running `Command { std: "docker" "rm" "-f" "41b51e4f71b0bc46a1e4a30e4015ef58826476ca7f5138844a00004138213c78", kill_on_drop: false }`
[INFO] [stdout] 41b51e4f71b0bc46a1e4a30e4015ef58826476ca7f5138844a00004138213c78
[INFO] running `Command { std: "docker" "create" "-v" "/var/lib/crater-agent-workspace/builds/worker-2-tc1/target:/opt/rustwide/target:rw,Z" "-v" "/var/lib/crater-agent-workspace/builds/worker-2-tc1/source:/opt/rustwide/workdir:ro,Z" "-v" "/var/lib/crater-agent-workspace/cargo-home:/opt/rustwide/cargo-home:ro,Z" "-v" "/var/lib/crater-agent-workspace/rustup-home:/opt/rustwide/rustup-home:ro,Z" "-e" "SOURCE_DIR=/opt/rustwide/workdir" "-e" "CARGO_TARGET_DIR=/opt/rustwide/target" "-e" "CARGO_INCREMENTAL=0" "-e" "RUST_BACKTRACE=full" "-e" "RUSTFLAGS=--cap-lints=warn" "-e" "RUSTDOCFLAGS=--cap-lints=warn" "-e" "CARGO_HOME=/opt/rustwide/cargo-home" "-e" "RUSTUP_HOME=/opt/rustwide/rustup-home" "-w" "/opt/rustwide/workdir" "-m" "1610612736" "--user" "0:0" "--network" "none" "ghcr.io/rust-lang/crates-build-env/linux@sha256:2788e3201cd34a07e3172128adcd8b3090168a8e3bcc40d7c032b9dda1df7d1c" "/opt/rustwide/cargo-home/bin/cargo" "+1.75.0" "test" "--frozen" "--no-run" "--message-format=json", kill_on_drop: false }`
[INFO] [stdout] a4b03d776e5d062cc0ec1787a4f682b768426588cead6bea35e8805fb08f13b0
[INFO] running `Command { std: "docker" "start" "-a" "a4b03d776e5d062cc0ec1787a4f682b768426588cead6bea35e8805fb08f13b0", kill_on_drop: false }`
[INFO] [stderr]    Compiling worker-route v0.0.3 (/opt/rustwide/workdir)
[INFO] [stderr]     Finished test [unoptimized + debuginfo] target(s) in 1.05s
[INFO] running `Command { std: "docker" "inspect" "a4b03d776e5d062cc0ec1787a4f682b768426588cead6bea35e8805fb08f13b0", kill_on_drop: false }`
[INFO] running `Command { std: "docker" "rm" "-f" "a4b03d776e5d062cc0ec1787a4f682b768426588cead6bea35e8805fb08f13b0", kill_on_drop: false }`
[INFO] [stdout] a4b03d776e5d062cc0ec1787a4f682b768426588cead6bea35e8805fb08f13b0
[INFO] running `Command { std: "docker" "create" "-v" "/var/lib/crater-agent-workspace/builds/worker-2-tc1/target:/opt/rustwide/target:rw,Z" "-v" "/var/lib/crater-agent-workspace/builds/worker-2-tc1/source:/opt/rustwide/workdir:ro,Z" "-v" "/var/lib/crater-agent-workspace/cargo-home:/opt/rustwide/cargo-home:ro,Z" "-v" "/var/lib/crater-agent-workspace/rustup-home:/opt/rustwide/rustup-home:ro,Z" "-e" "SOURCE_DIR=/opt/rustwide/workdir" "-e" "CARGO_TARGET_DIR=/opt/rustwide/target" "-e" "CARGO_INCREMENTAL=0" "-e" "RUST_BACKTRACE=full" "-e" "RUSTFLAGS=--cap-lints=warn" "-e" "RUSTDOCFLAGS=--cap-lints=warn" "-e" "CARGO_HOME=/opt/rustwide/cargo-home" "-e" "RUSTUP_HOME=/opt/rustwide/rustup-home" "-w" "/opt/rustwide/workdir" "-m" "1610612736" "--user" "0:0" "--network" "none" "ghcr.io/rust-lang/crates-build-env/linux@sha256:2788e3201cd34a07e3172128adcd8b3090168a8e3bcc40d7c032b9dda1df7d1c" "/opt/rustwide/cargo-home/bin/cargo" "+1.75.0" "test" "--frozen", kill_on_drop: false }`
[INFO] [stdout] ea9224c07c214c7fba27fa28f46185a3ae4623c231182cc0302fbf6938da7dc4
[INFO] running `Command { std: "docker" "start" "-a" "ea9224c07c214c7fba27fa28f46185a3ae4623c231182cc0302fbf6938da7dc4", kill_on_drop: false }`
[INFO] [stderr]     Finished test [unoptimized + debuginfo] target(s) in 0.07s
[INFO] [stderr]      Running unittests src/lib.rs (/opt/rustwide/target/debug/deps/worker_route-de6864b678d93111)
[INFO] [stdout] 
[INFO] [stdout] running 22 tests
[INFO] [stdout] test http::content_type::form_url_encoded_test ... ok
[INFO] [stdout] test http::content_type::html_utf8_test ... ok
[INFO] [stdout] test http::content_type::html_test ... ok
[INFO] [stdout] test http::content_type::jpeg_test ... ok
[INFO] [stdout] test http::content_type::json_test ... ok
[INFO] [stdout] test http::content_type::octet_stream_test ... ok
[INFO] [stdout] test http::content_type::plaintext_test ... ok
[INFO] [stdout] test http::content_type::plaintext_utf8_test ... ok
[INFO] [stdout] test http::content_type::png_test ... ok
[INFO] [stdout] test http::content_type::xml_test ... ok
[INFO] [stdout] test query::test::enum_struct_err_panic ... ok
[INFO] [stdout] test query::test::many_fields_err ... ok
[INFO] [stdout] test query::test::many_fields_ok ... ok
[INFO] [stdout] test query::test::required_fields_err ... ok
[INFO] [stdout] test query::test::path_with_query ... ok
[INFO] [stdout] test query::test::strict_ordered_queries_err ... ok
[INFO] [stdout] test query::test::tuple_struct_err ... ok
[INFO] [stdout] test query::test::unit_struct_err_panic ... ok
[INFO] [stdout] test query::test::optional_fields ... ok
[INFO] [stdout] test query::test::no_missing_fields ... ok
[INFO] [stdout] test query::test::required_fields_ok ... ok
[INFO] [stdout] test query::test::strict_ordered_queries_ok ... ok
[INFO] [stdout] 
[INFO] [stdout] test result: ok. 22 passed; 0 failed; 0 ignored; 0 measured; 0 filtered out; finished in 0.00s
[INFO] [stdout] 
[INFO] [stderr]    Doc-tests worker-route
[INFO] [stdout] 
[INFO] [stdout] running 13 tests
[INFO] [stdout] test src/http/response.rs - http::response::ResponseBuilder::insert_header (line 137) ... ok
[INFO] [stdout] test src/lib.rs - (line 5) ... FAILED
[INFO] [stdout] test src/http/response.rs - http::response::ResponseBuilder::with_cors (line 236) ... ok
[INFO] [stdout] test src/query.rs - query::Query (line 20) ... FAILED
[INFO] [stdout] test src/http/response.rs - http::response::ResponseBuilder::append_header (line 174) ... ok
[INFO] [stdout] test src/middleware.rs - middleware::Wrap (line 8) ... ok
[INFO] [stdout] test src/http/responder.rs - http::responder::Responder (line 12) ... ok
[INFO] [stdout] test src/http/response.rs - http::response::ResponseBuilder (line 42) ... ok
[INFO] [stdout] test src/route.rs - route::Configure (line 28) ... FAILED
[INFO] [stdout] test src/route.rs - route::Service (line 68) ... FAILED
[INFO] [stdout] test src/query.rs - query::Query (line 58) ... ok
[INFO] [stdout] test src/query.rs - query::Query<T>::from_query_path (line 324) ... ok
[INFO] [stdout] test src/http/content_type.rs - http::content_type::ContentType::to_header_value (line 93) ... ok
[INFO] [stdout] 
[INFO] [stdout] failures:
[INFO] [stdout] 
[INFO] [stdout] ---- src/lib.rs - (line 5) stdout ----
[INFO] [stdout] error[E0601]: `main` function not found in crate `rust_out`
[INFO] [stdout]   --> src/lib.rs:67:2
[INFO] [stdout]    |
[INFO] [stdout] 64 | }
[INFO] [stdout]    |  ^ consider adding a `main` function to `src/lib.rs`
[INFO] [stdout] 
[INFO] [stdout] error: aborting due to previous error
[INFO] [stdout] 
[INFO] [stdout] For more information about this error, try `rustc --explain E0601`.
[INFO] [stdout] Couldn't compile the test.
[INFO] [stdout] ---- src/query.rs - query::Query (line 20) stdout ----
[INFO] [stdout] error[E0308]: mismatched types
[INFO] [stdout]   --> src/query.rs:31:1
[INFO] [stdout]    |
[INFO] [stdout] 14 | #[get("/foo-struct")]
[INFO] [stdout]    | ^^^^^^^^^^^^^^^^^^^^^ expected `Result<Response, Error>`, found `()`
[INFO] [stdout]    |
[INFO] [stdout]    = note:   expected enum `Result<worker::Response, worker::Error>`
[INFO] [stdout]            found unit type `()`
[INFO] [stdout]    = note: this error originates in the attribute macro `get` (in Nightly builds, run with -Z macro-backtrace for more info)
[INFO] [stdout] 
[INFO] [stdout] error[E0308]: mismatched types
[INFO] [stdout]   --> src/query.rs:41:1
[INFO] [stdout]    |
[INFO] [stdout] 24 | #[get("/foo-tuple")]
[INFO] [stdout]    | ^^^^^^^^^^^^^^^^^^^^ expected `Result<Response, Error>`, found `()`
[INFO] [stdout]    |
[INFO] [stdout]    = note:   expected enum `Result<worker::Response, worker::Error>`
[INFO] [stdout]            found unit type `()`
[INFO] [stdout]    = note: this error originates in the attribute macro `get` (in Nightly builds, run with -Z macro-backtrace for more info)
[INFO] [stdout] 
[INFO] [stdout] error: aborting due to 2 previous errors
[INFO] [stdout] 
[INFO] [stdout] For more information about this error, try `rustc --explain E0308`.
[INFO] [stdout] Couldn't compile the test.
[INFO] [stdout] ---- src/route.rs - route::Configure (line 28) stdout ----
[INFO] [stdout] error[E0601]: `main` function not found in crate `rust_out`
[INFO] [stdout]   --> src/route.rs:49:2
[INFO] [stdout]    |
[INFO] [stdout] 23 | }
[INFO] [stdout]    |  ^ consider adding a `main` function to `src/route.rs`
[INFO] [stdout] 
[INFO] [stdout] error: aborting due to previous error
[INFO] [stdout] 
[INFO] [stdout] For more information about this error, try `rustc --explain E0601`.
[INFO] [stdout] Couldn't compile the test.
[INFO] [stdout] ---- src/route.rs - route::Service (line 68) stdout ----
[INFO] [stdout] error[E0601]: `main` function not found in crate `rust_out`
[INFO] [stdout]   --> src/route.rs:118:2
[INFO] [stdout]    |
[INFO] [stdout] 52 | }
[INFO] [stdout]    |  ^ consider adding a `main` function to `src/route.rs`
[INFO] [stdout] 
[INFO] [stdout] error: aborting due to previous error
[INFO] [stdout] 
[INFO] [stdout] For more information about this error, try `rustc --explain E0601`.
[INFO] [stdout] Couldn't compile the test.
[INFO] [stdout] 
[INFO] [stdout] failures:
[INFO] [stdout]     src/lib.rs - (line 5)
[INFO] [stdout]     src/query.rs - query::Query (line 20)
[INFO] [stdout]     src/route.rs - route::Configure (line 28)
[INFO] [stdout]     src/route.rs - route::Service (line 68)
[INFO] [stdout] 
[INFO] [stdout] test result: FAILED. 9 passed; 4 failed; 0 ignored; 0 measured; 0 filtered out; finished in 0.86s
[INFO] [stdout] 
[INFO] [stderr] error: doctest failed, to rerun pass `--doc`
[INFO] running `Command { std: "docker" "inspect" "ea9224c07c214c7fba27fa28f46185a3ae4623c231182cc0302fbf6938da7dc4", kill_on_drop: false }`
[INFO] running `Command { std: "docker" "rm" "-f" "ea9224c07c214c7fba27fa28f46185a3ae4623c231182cc0302fbf6938da7dc4", kill_on_drop: false }`
[INFO] [stdout] ea9224c07c214c7fba27fa28f46185a3ae4623c231182cc0302fbf6938da7dc4
