[INFO] fetching crate worker-cf-sentry 0.1.0...
[INFO] testing worker-cf-sentry-0.1.0 against 1.75.0 for beta-1.76-1
[INFO] extracting crate worker-cf-sentry 0.1.0 into /workspace/builds/worker-6-tc1/source
[INFO] validating manifest of crates.io crate worker-cf-sentry 0.1.0 on toolchain 1.75.0
[INFO] running `Command { std: CARGO_HOME="/workspace/cargo-home" RUSTUP_HOME="/workspace/rustup-home" "/workspace/cargo-home/bin/cargo" "+1.75.0" "metadata" "--manifest-path" "Cargo.toml" "--no-deps", kill_on_drop: false }`
[INFO] started tweaking crates.io crate worker-cf-sentry 0.1.0
[INFO] finished tweaking crates.io crate worker-cf-sentry 0.1.0
[INFO] tweaked toml for crates.io crate worker-cf-sentry 0.1.0 written to /workspace/builds/worker-6-tc1/source/Cargo.toml
[INFO] running `Command { std: CARGO_HOME="/workspace/cargo-home" RUSTUP_HOME="/workspace/rustup-home" "/workspace/cargo-home/bin/cargo" "+1.75.0" "generate-lockfile" "--manifest-path" "Cargo.toml", kill_on_drop: false }`
[INFO] [stderr]     Updating crates.io index
[INFO] running `Command { std: CARGO_HOME="/workspace/cargo-home" RUSTUP_HOME="/workspace/rustup-home" "/workspace/cargo-home/bin/cargo" "+1.75.0" "fetch" "--manifest-path" "Cargo.toml", kill_on_drop: false }`
[INFO] [stderr]  Downloading crates ...
[INFO] [stderr]   Downloaded worker-kv v0.6.0
[INFO] [stderr]   Downloaded worker-macros v0.0.9
[INFO] [stderr]   Downloaded worker-sys v0.0.9
[INFO] [stderr]   Downloaded worker v0.0.17
[INFO] running `Command { std: "docker" "create" "-v" "/var/lib/crater-agent-workspace/builds/worker-6-tc1/target:/opt/rustwide/target:rw,Z" "-v" "/var/lib/crater-agent-workspace/builds/worker-6-tc1/source:/opt/rustwide/workdir:ro,Z" "-v" "/var/lib/crater-agent-workspace/cargo-home:/opt/rustwide/cargo-home:ro,Z" "-v" "/var/lib/crater-agent-workspace/rustup-home:/opt/rustwide/rustup-home:ro,Z" "-e" "SOURCE_DIR=/opt/rustwide/workdir" "-e" "CARGO_TARGET_DIR=/opt/rustwide/target" "-e" "CARGO_HOME=/opt/rustwide/cargo-home" "-e" "RUSTUP_HOME=/opt/rustwide/rustup-home" "-w" "/opt/rustwide/workdir" "-m" "1610612736" "--user" "0:0" "--network" "none" "ghcr.io/rust-lang/crates-build-env/linux@sha256:2788e3201cd34a07e3172128adcd8b3090168a8e3bcc40d7c032b9dda1df7d1c" "/opt/rustwide/cargo-home/bin/cargo" "+1.75.0" "metadata" "--no-deps" "--format-version=1", kill_on_drop: false }`
[INFO] [stdout] 66d405fa39960f9b46607d4e4cd2acfe87aebce2c672d72d05d763d566376cd5
[INFO] running `Command { std: "docker" "start" "-a" "66d405fa39960f9b46607d4e4cd2acfe87aebce2c672d72d05d763d566376cd5", kill_on_drop: false }`
[INFO] running `Command { std: "docker" "inspect" "66d405fa39960f9b46607d4e4cd2acfe87aebce2c672d72d05d763d566376cd5", kill_on_drop: false }`
[INFO] running `Command { std: "docker" "rm" "-f" "66d405fa39960f9b46607d4e4cd2acfe87aebce2c672d72d05d763d566376cd5", kill_on_drop: false }`
[INFO] [stdout] 66d405fa39960f9b46607d4e4cd2acfe87aebce2c672d72d05d763d566376cd5
[INFO] running `Command { std: "docker" "create" "-v" "/var/lib/crater-agent-workspace/builds/worker-6-tc1/target:/opt/rustwide/target:rw,Z" "-v" "/var/lib/crater-agent-workspace/builds/worker-6-tc1/source:/opt/rustwide/workdir:ro,Z" "-v" "/var/lib/crater-agent-workspace/cargo-home:/opt/rustwide/cargo-home:ro,Z" "-v" "/var/lib/crater-agent-workspace/rustup-home:/opt/rustwide/rustup-home:ro,Z" "-e" "SOURCE_DIR=/opt/rustwide/workdir" "-e" "CARGO_TARGET_DIR=/opt/rustwide/target" "-e" "CARGO_INCREMENTAL=0" "-e" "RUST_BACKTRACE=full" "-e" "RUSTFLAGS=--cap-lints=warn" "-e" "RUSTDOCFLAGS=--cap-lints=warn" "-e" "CARGO_HOME=/opt/rustwide/cargo-home" "-e" "RUSTUP_HOME=/opt/rustwide/rustup-home" "-w" "/opt/rustwide/workdir" "-m" "1610612736" "--user" "0:0" "--network" "none" "ghcr.io/rust-lang/crates-build-env/linux@sha256:2788e3201cd34a07e3172128adcd8b3090168a8e3bcc40d7c032b9dda1df7d1c" "/opt/rustwide/cargo-home/bin/cargo" "+1.75.0" "build" "--frozen" "--message-format=json", kill_on_drop: false }`
[INFO] [stdout] 609bba0011181c3ecc15b31c1562b41f9a18312244113bee775e98741edf9b90
[INFO] running `Command { std: "docker" "start" "-a" "609bba0011181c3ecc15b31c1562b41f9a18312244113bee775e98741edf9b90", kill_on_drop: false }`
[INFO] [stderr]    Compiling syn v1.0.109
[INFO] [stderr]    Compiling wasm-bindgen-shared v0.2.84
[INFO] [stderr]    Compiling bumpalo v3.14.0
[INFO] [stderr]    Compiling log v0.4.20
[INFO] [stderr]    Compiling once_cell v1.19.0
[INFO] [stderr]    Compiling version_check v0.9.4
[INFO] [stderr]    Compiling wasm-bindgen v0.2.84
[INFO] [stderr]    Compiling syn v2.0.48
[INFO] [stderr]    Compiling siphasher v0.3.11
[INFO] [stderr]    Compiling regex-syntax v0.8.2
[INFO] [stderr]    Compiling rand_core v0.6.4
[INFO] [stderr]    Compiling num-traits v0.2.17
[INFO] [stderr]    Compiling rand v0.8.5
[INFO] [stderr]    Compiling async-trait v0.1.77
[INFO] [stderr]    Compiling uncased v0.9.9
[INFO] [stderr]    Compiling futures-core v0.3.30
[INFO] [stderr]    Compiling thiserror v1.0.56
[INFO] [stderr]    Compiling futures-sink v0.3.30
[INFO] [stderr]    Compiling phf_shared v0.11.2
[INFO] [stderr]    Compiling futures-channel v0.3.30
[INFO] [stderr]    Compiling matchit v0.4.6
[INFO] [stderr]    Compiling phf_generator v0.11.2
[INFO] [stderr]    Compiling phf v0.11.2
[INFO] [stderr]    Compiling phf_codegen v0.11.2
[INFO] [stderr]    Compiling regex-automata v0.4.3
[INFO] [stderr]    Compiling chrono v0.4.31
[INFO] [stderr]    Compiling regex v1.10.2
[INFO] [stderr]    Compiling wasm-bindgen-backend v0.2.84
[INFO] [stderr]    Compiling parse-zoneinfo v0.3.0
[INFO] [stderr]    Compiling chrono-tz-build v0.0.3
[INFO] [stderr]    Compiling wasm-bindgen-macro-support v0.2.84
[INFO] [stderr]    Compiling serde_derive v1.0.194
[INFO] [stderr]    Compiling thiserror-impl v1.0.56
[INFO] [stderr]    Compiling futures-macro v0.3.30
[INFO] [stderr]    Compiling chrono-tz v0.6.3
[INFO] [stderr]    Compiling pin-project-internal v1.1.3
[INFO] [stderr]    Compiling wasm-bindgen-macro v0.2.84
[INFO] [stderr]    Compiling futures-util v0.3.30
[INFO] [stderr]    Compiling pin-project v1.1.3
[INFO] [stderr]    Compiling js-sys v0.3.61
[INFO] [stderr]    Compiling serde v1.0.194
[INFO] [stderr]    Compiling wasm-bindgen-futures v0.4.34
[INFO] [stderr]    Compiling web-sys v0.3.61
[INFO] [stderr]    Compiling serde-wasm-bindgen v0.5.0
[INFO] [stderr]    Compiling serde_json v1.0.111
[INFO] [stderr]    Compiling worker-sys v0.0.9
[INFO] [stderr]    Compiling wasm-streams v0.2.3
[INFO] [stderr]    Compiling worker-macros v0.0.9
[INFO] [stderr]    Compiling worker-kv v0.6.0
[INFO] [stderr]    Compiling worker v0.0.17
[INFO] [stderr]    Compiling worker-cf-sentry v0.1.0 (/opt/rustwide/workdir)
[INFO] [stderr]     Finished dev [unoptimized + debuginfo] target(s) in 28.35s
[INFO] running `Command { std: "docker" "inspect" "609bba0011181c3ecc15b31c1562b41f9a18312244113bee775e98741edf9b90", kill_on_drop: false }`
[INFO] running `Command { std: "docker" "rm" "-f" "609bba0011181c3ecc15b31c1562b41f9a18312244113bee775e98741edf9b90", kill_on_drop: false }`
[INFO] [stdout] 609bba0011181c3ecc15b31c1562b41f9a18312244113bee775e98741edf9b90
[INFO] running `Command { std: "docker" "create" "-v" "/var/lib/crater-agent-workspace/builds/worker-6-tc1/target:/opt/rustwide/target:rw,Z" "-v" "/var/lib/crater-agent-workspace/builds/worker-6-tc1/source:/opt/rustwide/workdir:ro,Z" "-v" "/var/lib/crater-agent-workspace/cargo-home:/opt/rustwide/cargo-home:ro,Z" "-v" "/var/lib/crater-agent-workspace/rustup-home:/opt/rustwide/rustup-home:ro,Z" "-e" "SOURCE_DIR=/opt/rustwide/workdir" "-e" "CARGO_TARGET_DIR=/opt/rustwide/target" "-e" "CARGO_INCREMENTAL=0" "-e" "RUST_BACKTRACE=full" "-e" "RUSTFLAGS=--cap-lints=warn" "-e" "RUSTDOCFLAGS=--cap-lints=warn" "-e" "CARGO_HOME=/opt/rustwide/cargo-home" "-e" "RUSTUP_HOME=/opt/rustwide/rustup-home" "-w" "/opt/rustwide/workdir" "-m" "1610612736" "--user" "0:0" "--network" "none" "ghcr.io/rust-lang/crates-build-env/linux@sha256:2788e3201cd34a07e3172128adcd8b3090168a8e3bcc40d7c032b9dda1df7d1c" "/opt/rustwide/cargo-home/bin/cargo" "+1.75.0" "test" "--frozen" "--no-run" "--message-format=json", kill_on_drop: false }`
[INFO] [stdout] 8b34753c4d6671e4a11df893871b9e65780f3372b05b96fa510aa4f71c9d4733
[INFO] running `Command { std: "docker" "start" "-a" "8b34753c4d6671e4a11df893871b9e65780f3372b05b96fa510aa4f71c9d4733", kill_on_drop: false }`
[INFO] [stderr]    Compiling worker-cf-sentry v0.1.0 (/opt/rustwide/workdir)
[INFO] [stderr]     Finished test [unoptimized + debuginfo] target(s) in 0.50s
[INFO] running `Command { std: "docker" "inspect" "8b34753c4d6671e4a11df893871b9e65780f3372b05b96fa510aa4f71c9d4733", kill_on_drop: false }`
[INFO] running `Command { std: "docker" "rm" "-f" "8b34753c4d6671e4a11df893871b9e65780f3372b05b96fa510aa4f71c9d4733", kill_on_drop: false }`
[INFO] [stdout] 8b34753c4d6671e4a11df893871b9e65780f3372b05b96fa510aa4f71c9d4733
[INFO] running `Command { std: "docker" "create" "-v" "/var/lib/crater-agent-workspace/builds/worker-6-tc1/target:/opt/rustwide/target:rw,Z" "-v" "/var/lib/crater-agent-workspace/builds/worker-6-tc1/source:/opt/rustwide/workdir:ro,Z" "-v" "/var/lib/crater-agent-workspace/cargo-home:/opt/rustwide/cargo-home:ro,Z" "-v" "/var/lib/crater-agent-workspace/rustup-home:/opt/rustwide/rustup-home:ro,Z" "-e" "SOURCE_DIR=/opt/rustwide/workdir" "-e" "CARGO_TARGET_DIR=/opt/rustwide/target" "-e" "CARGO_INCREMENTAL=0" "-e" "RUST_BACKTRACE=full" "-e" "RUSTFLAGS=--cap-lints=warn" "-e" "RUSTDOCFLAGS=--cap-lints=warn" "-e" "CARGO_HOME=/opt/rustwide/cargo-home" "-e" "RUSTUP_HOME=/opt/rustwide/rustup-home" "-w" "/opt/rustwide/workdir" "-m" "1610612736" "--user" "0:0" "--network" "none" "ghcr.io/rust-lang/crates-build-env/linux@sha256:2788e3201cd34a07e3172128adcd8b3090168a8e3bcc40d7c032b9dda1df7d1c" "/opt/rustwide/cargo-home/bin/cargo" "+1.75.0" "test" "--frozen", kill_on_drop: false }`
[INFO] [stdout] e804dfaeb3a09f2db807d4fa69a60d1b872afe3ab18f3d82be725a3a2fa6cc75
[INFO] running `Command { std: "docker" "start" "-a" "e804dfaeb3a09f2db807d4fa69a60d1b872afe3ab18f3d82be725a3a2fa6cc75", kill_on_drop: false }`
[INFO] [stderr]     Finished test [unoptimized + debuginfo] target(s) in 0.08s
[INFO] [stderr]      Running unittests src/lib.rs (/opt/rustwide/target/debug/deps/worker_cf_sentry-084030ed405a05ba)
[INFO] [stdout] 
[INFO] [stdout] running 0 tests
[INFO] [stderr]    Doc-tests worker-cf-sentry
[INFO] [stdout] 
[INFO] [stdout] test result: ok. 0 passed; 0 failed; 0 ignored; 0 measured; 0 filtered out; finished in 0.00s
[INFO] [stdout] 
[INFO] [stdout] 
[INFO] [stdout] running 3 tests
[INFO] [stdout] test src/lib.rs - (line 14) ... ignored
[INFO] [stdout] test src/lib.rs - (line 19) ... ignored
[INFO] [stdout] test src/lib.rs - (line 24) ... FAILED
[INFO] [stdout] 
[INFO] [stdout] failures:
[INFO] [stdout] 
[INFO] [stdout] ---- src/lib.rs - (line 24) stdout ----
[INFO] [stdout] error: cannot find attribute `event` in this scope
[INFO] [stdout]  --> src/lib.rs:25:3
[INFO] [stdout]   |
[INFO] [stdout] 2 | #[event(fetch)]
[INFO] [stdout]   |   ^^^^^
[INFO] [stdout]   |
[INFO] [stdout] help: consider importing this attribute macro
[INFO] [stdout]   |
[INFO] [stdout] 2 + use worker::event;
[INFO] [stdout]   |
[INFO] [stdout] 
[INFO] [stdout] error[E0412]: cannot find type `Request` in this scope
[INFO] [stdout]  --> src/lib.rs:26:24
[INFO] [stdout]   |
[INFO] [stdout] 3 | pub async fn main(req: Request, env: Env, _ctx: worker::Context) -> Result<Response> {
[INFO] [stdout]   |                        ^^^^^^^ not found in this scope
[INFO] [stdout]   |
[INFO] [stdout] help: consider importing one of these items
[INFO] [stdout]   |
[INFO] [stdout] 2 + use core::error::Request;
[INFO] [stdout]   |
[INFO] [stdout] 2 + use std::error::Request;
[INFO] [stdout]   |
[INFO] [stdout] 2 + use worker::Request;
[INFO] [stdout]   |
[INFO] [stdout] 
[INFO] [stdout] error[E0412]: cannot find type `Env` in this scope
[INFO] [stdout]  --> src/lib.rs:26:38
[INFO] [stdout]   |
[INFO] [stdout] 3 | pub async fn main(req: Request, env: Env, _ctx: worker::Context) -> Result<Response> {
[INFO] [stdout]   |                                      ^^^ not found in this scope
[INFO] [stdout]   |
[INFO] [stdout] help: consider importing this struct
[INFO] [stdout]   |
[INFO] [stdout] 2 + use worker::Env;
[INFO] [stdout]   |
[INFO] [stdout] 
[INFO] [stdout] error[E0412]: cannot find type `Response` in this scope
[INFO] [stdout]  --> src/lib.rs:26:76
[INFO] [stdout]   |
[INFO] [stdout] 3 | pub async fn main(req: Request, env: Env, _ctx: worker::Context) -> Result<Response> {
[INFO] [stdout]   |                                                                            ^^^^^^^^ not found in this scope
[INFO] [stdout]   |
[INFO] [stdout] help: consider importing this struct
[INFO] [stdout]   |
[INFO] [stdout] 2 + use worker::Response;
[INFO] [stdout]   |
[INFO] [stdout] 
[INFO] [stdout] error[E0433]: failed to resolve: use of undeclared crate or module `sentry`
[INFO] [stdout]  --> src/lib.rs:27:25
[INFO] [stdout]   |
[INFO] [stdout] 4 |     let sentry_config = sentry::SentryConfig::from_env(&env)?;
[INFO] [stdout]   |                         ^^^^^^ use of undeclared crate or module `sentry`
[INFO] [stdout]   |
[INFO] [stdout] help: consider importing this struct
[INFO] [stdout]   |
[INFO] [stdout] 2 + use worker_cf_sentry::SentryConfig;
[INFO] [stdout]   |
[INFO] [stdout] help: if you import `SentryConfig`, refer to it directly
[INFO] [stdout]   |
[INFO] [stdout] 4 -     let sentry_config = sentry::SentryConfig::from_env(&env)?;
[INFO] [stdout] 4 +     let sentry_config = SentryConfig::from_env(&env)?;
[INFO] [stdout]   |
[INFO] [stdout] 
[INFO] [stdout] error[E0433]: failed to resolve: use of undeclared crate or module `sentry`
[INFO] [stdout]  --> src/lib.rs:28:18
[INFO] [stdout]   |
[INFO] [stdout] 5 |     let sentry = sentry::SentryClient::new(sentry_config, &req, &ctx);
[INFO] [stdout]   |                  ^^^^^^ use of undeclared crate or module `sentry`
[INFO] [stdout]   |
[INFO] [stdout] help: consider importing this struct
[INFO] [stdout]   |
[INFO] [stdout] 2 + use worker_cf_sentry::SentryClient;
[INFO] [stdout]   |
[INFO] [stdout] help: if you import `SentryClient`, refer to it directly
[INFO] [stdout]   |
[INFO] [stdout] 5 -     let sentry = sentry::SentryClient::new(sentry_config, &req, &ctx);
[INFO] [stdout] 5 +     let sentry = SentryClient::new(sentry_config, &req, &ctx);
[INFO] [stdout]   |
[INFO] [stdout] 
[INFO] [stdout] error[E0425]: cannot find value `ctx` in this scope
[INFO] [stdout]  --> src/lib.rs:28:66
[INFO] [stdout]   |
[INFO] [stdout] 5 |     let sentry = sentry::SentryClient::new(sentry_config, &req, &ctx);
[INFO] [stdout]   |                                                                  ^^^
[INFO] [stdout]   |
[INFO] [stdout] help: a local variable with a similar name exists, consider changing it
[INFO] [stdout]   |
[INFO] [stdout] 3 | pub async fn main(req: Request, env: Env, ctx: worker::Context) -> Result<Response> {
[INFO] [stdout]   |                                           ~~~
[INFO] [stdout] 
[INFO] [stdout] error[E0107]: enum takes 2 generic arguments but 1 generic argument was supplied
[INFO] [stdout]  --> src/lib.rs:26:69
[INFO] [stdout]   |
[INFO] [stdout] 3 | pub async fn main(req: Request, env: Env, _ctx: worker::Context) -> Result<Response> {
[INFO] [stdout]   |                                                                     ^^^^^^ -------- supplied 1 generic argument
[INFO] [stdout]   |                                                                     |
[INFO] [stdout]   |                                                                     expected 2 generic arguments
[INFO] [stdout]   |
[INFO] [stdout] help: add missing generic argument
[INFO] [stdout]   |
[INFO] [stdout] 3 | pub async fn main(req: Request, env: Env, _ctx: worker::Context) -> Result<Response, E> {
[INFO] [stdout]   |                                                                                    +++
[INFO] [stdout] 
[INFO] [stdout] error: aborting due to 8 previous errors
[INFO] [stdout] 
[INFO] [stdout] Some errors have detailed explanations: E0107, E0412, E0425, E0433.
[INFO] [stdout] For more information about an error, try `rustc --explain E0107`.
[INFO] [stdout] Couldn't compile the test.
[INFO] [stdout] 
[INFO] [stdout] failures:
[INFO] [stdout]     src/lib.rs - (line 24)
[INFO] [stdout] 
[INFO] [stdout] test result: FAILED. 0 passed; 1 failed; 2 ignored; 0 measured; 0 filtered out; finished in 0.11s
[INFO] [stdout] 
[INFO] [stderr] error: doctest failed, to rerun pass `--doc`
[INFO] running `Command { std: "docker" "inspect" "e804dfaeb3a09f2db807d4fa69a60d1b872afe3ab18f3d82be725a3a2fa6cc75", kill_on_drop: false }`
[INFO] running `Command { std: "docker" "rm" "-f" "e804dfaeb3a09f2db807d4fa69a60d1b872afe3ab18f3d82be725a3a2fa6cc75", kill_on_drop: false }`
[INFO] [stdout] e804dfaeb3a09f2db807d4fa69a60d1b872afe3ab18f3d82be725a3a2fa6cc75
