[INFO] fetching crate woddle 0.5.0...
[INFO] testing woddle-0.5.0 against 1.75.0 for beta-1.76-1
[INFO] extracting crate woddle 0.5.0 into /workspace/builds/worker-1-tc1/source
[INFO] validating manifest of crates.io crate woddle 0.5.0 on toolchain 1.75.0
[INFO] running `Command { std: CARGO_HOME="/workspace/cargo-home" RUSTUP_HOME="/workspace/rustup-home" "/workspace/cargo-home/bin/cargo" "+1.75.0" "metadata" "--manifest-path" "Cargo.toml" "--no-deps", kill_on_drop: false }`
[INFO] started tweaking crates.io crate woddle 0.5.0
[INFO] removed 0 missing examples
[INFO] removed 0 missing tests
[INFO] finished tweaking crates.io crate woddle 0.5.0
[INFO] tweaked toml for crates.io crate woddle 0.5.0 written to /workspace/builds/worker-1-tc1/source/Cargo.toml
[INFO] crate crates.io crate woddle 0.5.0 already has a lockfile, it will not be regenerated
[INFO] running `Command { std: CARGO_HOME="/workspace/cargo-home" RUSTUP_HOME="/workspace/rustup-home" "/workspace/cargo-home/bin/cargo" "+1.75.0" "fetch" "--manifest-path" "Cargo.toml", kill_on_drop: false }`
[INFO] [stderr]     Updating crates.io index
[INFO] [stderr]     Blocking waiting for file lock on package cache
[INFO] [stderr]  Downloading crates ...
[INFO] [stderr]   Downloaded mobc v0.8.3
[INFO] [stderr]   Downloaded mobc-postgres v0.8.0
[INFO] running `Command { std: "docker" "create" "-v" "/var/lib/crater-agent-workspace/builds/worker-1-tc1/target:/opt/rustwide/target:rw,Z" "-v" "/var/lib/crater-agent-workspace/builds/worker-1-tc1/source:/opt/rustwide/workdir:ro,Z" "-v" "/var/lib/crater-agent-workspace/cargo-home:/opt/rustwide/cargo-home:ro,Z" "-v" "/var/lib/crater-agent-workspace/rustup-home:/opt/rustwide/rustup-home:ro,Z" "-e" "SOURCE_DIR=/opt/rustwide/workdir" "-e" "CARGO_TARGET_DIR=/opt/rustwide/target" "-e" "CARGO_HOME=/opt/rustwide/cargo-home" "-e" "RUSTUP_HOME=/opt/rustwide/rustup-home" "-w" "/opt/rustwide/workdir" "-m" "1610612736" "--user" "0:0" "--network" "none" "ghcr.io/rust-lang/crates-build-env/linux@sha256:2788e3201cd34a07e3172128adcd8b3090168a8e3bcc40d7c032b9dda1df7d1c" "/opt/rustwide/cargo-home/bin/cargo" "+1.75.0" "metadata" "--no-deps" "--format-version=1", kill_on_drop: false }`
[INFO] [stdout] 402d252ad3f3b2a5f5e6a6bf53220a33c46c2ec4f9c964022e32064d9da10862
[INFO] running `Command { std: "docker" "start" "-a" "402d252ad3f3b2a5f5e6a6bf53220a33c46c2ec4f9c964022e32064d9da10862", kill_on_drop: false }`
[INFO] running `Command { std: "docker" "inspect" "402d252ad3f3b2a5f5e6a6bf53220a33c46c2ec4f9c964022e32064d9da10862", kill_on_drop: false }`
[INFO] running `Command { std: "docker" "rm" "-f" "402d252ad3f3b2a5f5e6a6bf53220a33c46c2ec4f9c964022e32064d9da10862", kill_on_drop: false }`
[INFO] [stdout] 402d252ad3f3b2a5f5e6a6bf53220a33c46c2ec4f9c964022e32064d9da10862
[INFO] running `Command { std: "docker" "create" "-v" "/var/lib/crater-agent-workspace/builds/worker-1-tc1/target:/opt/rustwide/target:rw,Z" "-v" "/var/lib/crater-agent-workspace/builds/worker-1-tc1/source:/opt/rustwide/workdir:ro,Z" "-v" "/var/lib/crater-agent-workspace/cargo-home:/opt/rustwide/cargo-home:ro,Z" "-v" "/var/lib/crater-agent-workspace/rustup-home:/opt/rustwide/rustup-home:ro,Z" "-e" "SOURCE_DIR=/opt/rustwide/workdir" "-e" "CARGO_TARGET_DIR=/opt/rustwide/target" "-e" "CARGO_INCREMENTAL=0" "-e" "RUST_BACKTRACE=full" "-e" "RUSTFLAGS=--cap-lints=warn" "-e" "RUSTDOCFLAGS=--cap-lints=warn" "-e" "CARGO_HOME=/opt/rustwide/cargo-home" "-e" "RUSTUP_HOME=/opt/rustwide/rustup-home" "-w" "/opt/rustwide/workdir" "-m" "1610612736" "--user" "0:0" "--network" "none" "ghcr.io/rust-lang/crates-build-env/linux@sha256:2788e3201cd34a07e3172128adcd8b3090168a8e3bcc40d7c032b9dda1df7d1c" "/opt/rustwide/cargo-home/bin/cargo" "+1.75.0" "build" "--frozen" "--message-format=json", kill_on_drop: false }`
[INFO] [stdout] e8df24fb9285abe03cdf92b60af133bdcd0291d65d6bea10b2b55f3ce99855f4
[INFO] running `Command { std: "docker" "start" "-a" "e8df24fb9285abe03cdf92b60af133bdcd0291d65d6bea10b2b55f3ce99855f4", kill_on_drop: false }`
[INFO] [stderr]    Compiling libc v0.2.150
[INFO] [stderr]    Compiling proc-macro2 v1.0.69
[INFO] [stderr]    Compiling version_check v0.9.4
[INFO] [stderr]    Compiling typenum v1.17.0
[INFO] [stderr]    Compiling futures-core v0.3.29
[INFO] [stderr]    Compiling memchr v2.6.4
[INFO] [stderr]    Compiling subtle v2.5.0
[INFO] [stderr]    Compiling slab v0.4.9
[INFO] [stderr]    Compiling num-traits v0.2.17
[INFO] [stderr]    Compiling futures-channel v0.3.29
[INFO] [stderr]    Compiling futures-sink v0.3.29
[INFO] [stderr]    Compiling futures-task v0.3.29
[INFO] [stderr]    Compiling tinyvec_macros v0.1.1
[INFO] [stderr]    Compiling once_cell v1.18.0
[INFO] [stderr]    Compiling bytes v1.5.0
[INFO] [stderr]    Compiling ppv-lite86 v0.2.17
[INFO] [stderr]    Compiling tinyvec v1.6.0
[INFO] [stderr]    Compiling futures-util v0.3.29
[INFO] [stderr]    Compiling lock_api v0.4.11
[INFO] [stderr]    Compiling futures-io v0.3.29
[INFO] [stderr]    Compiling parking_lot_core v0.9.9
[INFO] [stderr]    Compiling cpufeatures v0.2.11
[INFO] [stderr]    Compiling generic-array v0.14.7
[INFO] [stderr]    Compiling unicode-bidi v0.3.13
[INFO] [stderr]    Compiling finl_unicode v1.2.0
[INFO] [stderr]    Compiling iana-time-zone v0.1.58
[INFO] [stderr]    Compiling tracing-core v0.1.32
[INFO] [stderr]    Compiling smallvec v1.11.2
[INFO] [stderr]    Compiling async-trait v0.1.74
[INFO] [stderr]    Compiling base64 v0.21.5
[INFO] [stderr]    Compiling siphasher v0.3.11
[INFO] [stderr]    Compiling fallible-iterator v0.2.0
[INFO] [stderr]    Compiling scopeguard v1.2.0
[INFO] [stderr]    Compiling phf_shared v0.11.2
[INFO] [stderr]    Compiling minimal-lexical v0.2.1
[INFO] [stderr]    Compiling whoami v1.4.1
[INFO] [stderr]    Compiling unicode-normalization v0.1.22
[INFO] [stderr]    Compiling percent-encoding v2.3.0
[INFO] [stderr]    Compiling phf v0.11.2
[INFO] [stderr]    Compiling log v0.4.20
[INFO] [stderr]    Compiling quote v1.0.33
[INFO] [stderr]    Compiling nom v7.1.3
[INFO] [stderr]    Compiling syn v2.0.39
[INFO] [stderr]    Compiling chrono v0.4.31
[INFO] [stderr]    Compiling stringprep v0.1.4
[INFO] [stderr]    Compiling getrandom v0.2.11
[INFO] [stderr]    Compiling socket2 v0.5.5
[INFO] [stderr]    Compiling mio v0.8.9
[INFO] [stderr]    Compiling num_cpus v1.16.0
[INFO] [stderr]    Compiling rand_core v0.6.4
[INFO] [stderr]    Compiling parking_lot v0.12.1
[INFO] [stderr]    Compiling crypto-common v0.1.6
[INFO] [stderr]    Compiling block-buffer v0.10.4
[INFO] [stderr]    Compiling rand_chacha v0.3.1
[INFO] [stderr]    Compiling digest v0.10.7
[INFO] [stderr]    Compiling md-5 v0.10.6
[INFO] [stderr]    Compiling sha2 v0.10.8
[INFO] [stderr]    Compiling hmac v0.12.1
[INFO] [stderr]    Compiling rand v0.8.5
[INFO] [stderr]    Compiling cron v0.12.0
[INFO] [stderr]    Compiling postgres-protocol v0.6.6
[INFO] [stderr]    Compiling postgres-types v0.2.6
[INFO] [stderr]    Compiling futures-macro v0.3.29
[INFO] [stderr]    Compiling tokio-macros v2.2.0
[INFO] [stderr]    Compiling tracing-attributes v0.1.27
[INFO] [stderr]    Compiling tokio v1.34.0
[INFO] [stderr]    Compiling tracing v0.1.40
[INFO] [stderr]    Compiling futures-executor v0.3.29
[INFO] [stderr]    Compiling futures v0.3.29
[INFO] [stderr]    Compiling tokio-util v0.7.10
[INFO] [stderr]    Compiling tokio-postgres v0.7.10
[INFO] [stderr]    Compiling woddle v0.5.0 (/opt/rustwide/workdir)
[INFO] [stderr]     Finished dev [unoptimized + debuginfo] target(s) in 13.95s
[INFO] running `Command { std: "docker" "inspect" "e8df24fb9285abe03cdf92b60af133bdcd0291d65d6bea10b2b55f3ce99855f4", kill_on_drop: false }`
[INFO] running `Command { std: "docker" "rm" "-f" "e8df24fb9285abe03cdf92b60af133bdcd0291d65d6bea10b2b55f3ce99855f4", kill_on_drop: false }`
[INFO] [stdout] e8df24fb9285abe03cdf92b60af133bdcd0291d65d6bea10b2b55f3ce99855f4
[INFO] running `Command { std: "docker" "create" "-v" "/var/lib/crater-agent-workspace/builds/worker-1-tc1/target:/opt/rustwide/target:rw,Z" "-v" "/var/lib/crater-agent-workspace/builds/worker-1-tc1/source:/opt/rustwide/workdir:ro,Z" "-v" "/var/lib/crater-agent-workspace/cargo-home:/opt/rustwide/cargo-home:ro,Z" "-v" "/var/lib/crater-agent-workspace/rustup-home:/opt/rustwide/rustup-home:ro,Z" "-e" "SOURCE_DIR=/opt/rustwide/workdir" "-e" "CARGO_TARGET_DIR=/opt/rustwide/target" "-e" "CARGO_INCREMENTAL=0" "-e" "RUST_BACKTRACE=full" "-e" "RUSTFLAGS=--cap-lints=warn" "-e" "RUSTDOCFLAGS=--cap-lints=warn" "-e" "CARGO_HOME=/opt/rustwide/cargo-home" "-e" "RUSTUP_HOME=/opt/rustwide/rustup-home" "-w" "/opt/rustwide/workdir" "-m" "1610612736" "--user" "0:0" "--network" "none" "ghcr.io/rust-lang/crates-build-env/linux@sha256:2788e3201cd34a07e3172128adcd8b3090168a8e3bcc40d7c032b9dda1df7d1c" "/opt/rustwide/cargo-home/bin/cargo" "+1.75.0" "test" "--frozen" "--no-run" "--message-format=json", kill_on_drop: false }`
[INFO] [stdout] fc43866a4e6db74d01748e92124f69dac766224c5c8bc080f18f055a33492cc1
[INFO] running `Command { std: "docker" "start" "-a" "fc43866a4e6db74d01748e92124f69dac766224c5c8bc080f18f055a33492cc1", kill_on_drop: false }`
[INFO] [stderr]    Compiling syn v1.0.109
[INFO] [stderr]    Compiling ahash v0.7.7
[INFO] [stderr]    Compiling rustix v0.38.24
[INFO] [stderr]    Compiling aho-corasick v1.1.2
[INFO] [stderr]    Compiling bitflags v2.4.1
[INFO] [stderr]    Compiling metrics v0.18.1
[INFO] [stderr]    Compiling overload v0.1.1
[INFO] [stderr]    Compiling regex-syntax v0.8.2
[INFO] [stderr]    Compiling linux-raw-sys v0.4.11
[INFO] [stderr]    Compiling thiserror v1.0.50
[INFO] [stderr]    Compiling sharded-slab v0.1.7
[INFO] [stderr]    Compiling thiserror-impl v1.0.50
[INFO] [stderr]    Compiling tracing-log v0.2.0
[INFO] [stderr]    Compiling thread_local v1.1.7
[INFO] [stderr]    Compiling termcolor v1.4.0
[INFO] [stderr]    Compiling futures-timer v3.0.2
[INFO] [stderr]    Compiling nu-ansi-term v0.46.0
[INFO] [stderr]    Compiling humantime v2.1.0
[INFO] [stderr]    Compiling tracing-subscriber v0.3.18
[INFO] [stderr]    Compiling regex-automata v0.4.3
[INFO] [stderr]    Compiling is-terminal v0.4.9
[INFO] [stderr]    Compiling metrics-macros v0.5.1
[INFO] [stderr]    Compiling regex v1.10.2
[INFO] [stderr]    Compiling env_logger v0.10.1
[INFO] [stderr]    Compiling mobc v0.8.3
[INFO] [stderr]    Compiling pretty_env_logger v0.5.0
[INFO] [stderr]    Compiling mobc-postgres v0.8.0
[INFO] [stderr]    Compiling woddle v0.5.0 (/opt/rustwide/workdir)
[INFO] [stdout] warning: field `name` is never read
[INFO] [stdout]  --> tests/basic.rs:9:9
[INFO] [stdout]   |
[INFO] [stdout] 8 | struct MyJobContext {
[INFO] [stdout]   |        ------------ field in this struct
[INFO] [stdout] 9 |     pub name: String,
[INFO] [stdout]   |         ^^^^
[INFO] [stdout]   |
[INFO] [stdout]   = note: `MyJobContext` has derived impls for the traits `Debug` and `Clone`, but these are intentionally ignored during dead code analysis
[INFO] [stdout]   = note: `#[warn(dead_code)]` on by default
[INFO] [stdout] 
[INFO] [stdout] 
[INFO] [stdout] warning: field `ctx` is never read
[INFO] [stdout]   --> tests/basic.rs:14:5
[INFO] [stdout]    |
[INFO] [stdout] 13 | struct MyJob {
[INFO] [stdout]    |        ----- field in this struct
[INFO] [stdout] 14 |     ctx: MyJobContext,
[INFO] [stdout]    |     ^^^
[INFO] [stdout]    |
[INFO] [stdout]    = note: `MyJob` has a derived impl for the trait `Clone`, but this is intentionally ignored during dead code analysis
[INFO] [stdout] 
[INFO] [stdout] 
[INFO] [stdout] warning: field `name` is never read
[INFO] [stdout]   --> examples/basic.rs:10:9
[INFO] [stdout]    |
[INFO] [stdout] 9  | struct MyJobContext {
[INFO] [stdout]    |        ------------ field in this struct
[INFO] [stdout] 10 |     pub name: String,
[INFO] [stdout]    |         ^^^^
[INFO] [stdout]    |
[INFO] [stdout]    = note: `MyJobContext` has derived impls for the traits `Debug` and `Clone`, but these are intentionally ignored during dead code analysis
[INFO] [stdout]    = note: `#[warn(dead_code)]` on by default
[INFO] [stdout] 
[INFO] [stdout] 
[INFO] [stdout] warning: field `name` is never read
[INFO] [stdout]   --> examples/cron.rs:10:9
[INFO] [stdout]    |
[INFO] [stdout] 9  | struct MyJobContext {
[INFO] [stdout]    |        ------------ field in this struct
[INFO] [stdout] 10 |     pub name: String,
[INFO] [stdout]    |         ^^^^
[INFO] [stdout]    |
[INFO] [stdout]    = note: `MyJobContext` has derived impls for the traits `Debug` and `Clone`, but these are intentionally ignored during dead code analysis
[INFO] [stdout]    = note: `#[warn(dead_code)]` on by default
[INFO] [stdout] 
[INFO] [stdout] 
[INFO] [stdout] warning: field `name` is never read
[INFO] [stdout]   --> examples/multiple.rs:11:9
[INFO] [stdout]    |
[INFO] [stdout] 10 | struct MyJobContext {
[INFO] [stdout]    |        ------------ field in this struct
[INFO] [stdout] 11 |     pub name: String,
[INFO] [stdout]    |         ^^^^
[INFO] [stdout]    |
[INFO] [stdout]    = note: `MyJobContext` has derived impls for the traits `Debug` and `Clone`, but these are intentionally ignored during dead code analysis
[INFO] [stdout]    = note: `#[warn(dead_code)]` on by default
[INFO] [stdout] 
[INFO] [stdout] 
[INFO] [stdout] warning: field `name` is never read
[INFO] [stdout]   --> examples/basic_vec.rs:10:9
[INFO] [stdout]    |
[INFO] [stdout] 9  | struct MyJobContext {
[INFO] [stdout]    |        ------------ field in this struct
[INFO] [stdout] 10 |     pub name: String,
[INFO] [stdout]    |         ^^^^
[INFO] [stdout]    |
[INFO] [stdout]    = note: `MyJobContext` has derived impls for the traits `Debug` and `Clone`, but these are intentionally ignored during dead code analysis
[INFO] [stdout]    = note: `#[warn(dead_code)]` on by default
[INFO] [stdout] 
[INFO] [stdout] 
[INFO] [stdout] warning: 2 warnings emitted
[INFO] [stdout] 
[INFO] [stdout] 
[INFO] [stdout] warning: 1 warning emitted
[INFO] [stdout] 
[INFO] [stdout] 
[INFO] [stdout] warning: 1 warning emitted
[INFO] [stdout] 
[INFO] [stdout] 
[INFO] [stdout] warning: 1 warning emitted
[INFO] [stdout] 
[INFO] [stdout] 
[INFO] [stdout] warning: 1 warning emitted
[INFO] [stdout] 
[INFO] [stdout] 
[INFO] [stderr]     Finished test [unoptimized + debuginfo] target(s) in 8.46s
[INFO] running `Command { std: "docker" "inspect" "fc43866a4e6db74d01748e92124f69dac766224c5c8bc080f18f055a33492cc1", kill_on_drop: false }`
[INFO] running `Command { std: "docker" "rm" "-f" "fc43866a4e6db74d01748e92124f69dac766224c5c8bc080f18f055a33492cc1", kill_on_drop: false }`
[INFO] [stdout] fc43866a4e6db74d01748e92124f69dac766224c5c8bc080f18f055a33492cc1
[INFO] running `Command { std: "docker" "create" "-v" "/var/lib/crater-agent-workspace/builds/worker-1-tc1/target:/opt/rustwide/target:rw,Z" "-v" "/var/lib/crater-agent-workspace/builds/worker-1-tc1/source:/opt/rustwide/workdir:ro,Z" "-v" "/var/lib/crater-agent-workspace/cargo-home:/opt/rustwide/cargo-home:ro,Z" "-v" "/var/lib/crater-agent-workspace/rustup-home:/opt/rustwide/rustup-home:ro,Z" "-e" "SOURCE_DIR=/opt/rustwide/workdir" "-e" "CARGO_TARGET_DIR=/opt/rustwide/target" "-e" "CARGO_INCREMENTAL=0" "-e" "RUST_BACKTRACE=full" "-e" "RUSTFLAGS=--cap-lints=warn" "-e" "RUSTDOCFLAGS=--cap-lints=warn" "-e" "CARGO_HOME=/opt/rustwide/cargo-home" "-e" "RUSTUP_HOME=/opt/rustwide/rustup-home" "-w" "/opt/rustwide/workdir" "-m" "1610612736" "--user" "0:0" "--network" "none" "ghcr.io/rust-lang/crates-build-env/linux@sha256:2788e3201cd34a07e3172128adcd8b3090168a8e3bcc40d7c032b9dda1df7d1c" "/opt/rustwide/cargo-home/bin/cargo" "+1.75.0" "test" "--frozen", kill_on_drop: false }`
[INFO] [stdout] 9d37b400935b80f24a7f427884fdbf93cab9f7ab6eec24f04b31cf783c2beb0e
[INFO] running `Command { std: "docker" "start" "-a" "9d37b400935b80f24a7f427884fdbf93cab9f7ab6eec24f04b31cf783c2beb0e", kill_on_drop: false }`
[INFO] [stderr] warning: field `name` is never read
[INFO] [stderr]  --> tests/basic.rs:9:9
[INFO] [stderr]   |
[INFO] [stderr] 8 | struct MyJobContext {
[INFO] [stderr]   |        ------------ field in this struct
[INFO] [stderr] 9 |     pub name: String,
[INFO] [stderr]   |         ^^^^
[INFO] [stderr]   |
[INFO] [stderr]   = note: `MyJobContext` has derived impls for the traits `Debug` and `Clone`, but these are intentionally ignored during dead code analysis
[INFO] [stderr]   = note: `#[warn(dead_code)]` on by default
[INFO] [stderr] 
[INFO] [stderr] warning: field `ctx` is never read
[INFO] [stderr]   --> tests/basic.rs:14:5
[INFO] [stderr]    |
[INFO] [stderr] 13 | struct MyJob {
[INFO] [stderr]    |        ----- field in this struct
[INFO] [stderr] 14 |     ctx: MyJobContext,
[INFO] [stderr]    |     ^^^
[INFO] [stderr]    |
[INFO] [stderr]    = note: `MyJob` has a derived impl for the trait `Clone`, but this is intentionally ignored during dead code analysis
[INFO] [stderr] 
[INFO] [stderr] warning: field `name` is never read
[INFO] [stderr]   --> examples/basic.rs:10:9
[INFO] [stderr]    |
[INFO] [stderr] 9  | struct MyJobContext {
[INFO] [stderr]    |        ------------ field in this struct
[INFO] [stderr] 10 |     pub name: String,
[INFO] [stderr]    |         ^^^^
[INFO] [stderr]    |
[INFO] [stderr]    = note: `MyJobContext` has derived impls for the traits `Debug` and `Clone`, but these are intentionally ignored during dead code analysis
[INFO] [stderr]    = note: `#[warn(dead_code)]` on by default
[INFO] [stderr] 
[INFO] [stderr] warning: field `name` is never read
[INFO] [stderr]   --> examples/multiple.rs:11:9
[INFO] [stderr]    |
[INFO] [stderr] 10 | struct MyJobContext {
[INFO] [stderr]    |        ------------ field in this struct
[INFO] [stderr] 11 |     pub name: String,
[INFO] [stderr]    |         ^^^^
[INFO] [stderr]    |
[INFO] [stderr]    = note: `MyJobContext` has derived impls for the traits `Debug` and `Clone`, but these are intentionally ignored during dead code analysis
[INFO] [stderr]    = note: `#[warn(dead_code)]` on by default
[INFO] [stderr] 
[INFO] [stderr] warning: field `name` is never read
[INFO] [stderr]   --> examples/basic_vec.rs:10:9
[INFO] [stderr]    |
[INFO] [stderr] 9  | struct MyJobContext {
[INFO] [stderr]    |        ------------ field in this struct
[INFO] [stderr] 10 |     pub name: String,
[INFO] [stderr]    |         ^^^^
[INFO] [stderr]    |
[INFO] [stderr]    = note: `MyJobContext` has derived impls for the traits `Debug` and `Clone`, but these are intentionally ignored during dead code analysis
[INFO] [stderr]    = note: `#[warn(dead_code)]` on by default
[INFO] [stderr] 
[INFO] [stderr] warning: field `name` is never read
[INFO] [stderr]   --> examples/cron.rs:10:9
[INFO] [stderr]    |
[INFO] [stderr] 9  | struct MyJobContext {
[INFO] [stderr]    |        ------------ field in this struct
[INFO] [stderr] 10 |     pub name: String,
[INFO] [stderr]    |         ^^^^
[INFO] [stderr]    |
[INFO] [stderr]    = note: `MyJobContext` has derived impls for the traits `Debug` and `Clone`, but these are intentionally ignored during dead code analysis
[INFO] [stderr]    = note: `#[warn(dead_code)]` on by default
[INFO] [stderr] 
[INFO] [stderr] warning: `woddle` (test "basic") generated 2 warnings
[INFO] [stderr] warning: `woddle` (example "basic") generated 1 warning
[INFO] [stderr] warning: `woddle` (example "multiple") generated 1 warning
[INFO] [stderr] warning: `woddle` (example "basic_vec") generated 1 warning
[INFO] [stderr] warning: `woddle` (example "cron") generated 1 warning
[INFO] [stderr]     Finished test [unoptimized + debuginfo] target(s) in 0.11s
[INFO] [stderr]      Running unittests src/lib.rs (/opt/rustwide/target/debug/deps/woddle-ccab1674d3552942)
[INFO] [stdout] 
[INFO] [stdout] running 6 tests
[INFO] [stdout] test db::tests::test_is_ready_to_run_interval_no_last_run ... ok
[INFO] [stdout] test db::tests::test_is_ready_to_run_cron_no_last_run ... ok
[INFO] [stdout] test db::tests::test_is_ready_to_run_cron_ready ... ok
[INFO] [stdout] test db::tests::test_is_ready_to_run_interval_not_long_enough ... ok
[INFO] [stdout] test db::tests::test_is_ready_to_run_interval_ready ... ok
[INFO] [stdout] test db::tests::test_is_ready_to_run_cron_not_yet ... ok
[INFO] [stdout] 
[INFO] [stdout] test result: ok. 6 passed; 0 failed; 0 ignored; 0 measured; 0 filtered out; finished in 0.00s
[INFO] [stdout] 
[INFO] [stderr]      Running tests/basic.rs (/opt/rustwide/target/debug/deps/basic-fc0b98fd083260a0)
[INFO] [stdout] 
[INFO] [stdout] running 1 test
[INFO] [stdout] test test_basic ... FAILED
[INFO] [stdout] 
[INFO] [stdout] failures:
[INFO] [stdout] 
[INFO] [stdout] ---- test_basic stdout ----
[INFO] [stdout] thread 'test_basic' panicked at tests/basic.rs:52:5:
[INFO] [stdout] assertion failed: COUNTER.load(SeqCst) == 2
[INFO] [stdout] stack backtrace:
[INFO] [stdout]    0:     0x560a2b990e9c - std::backtrace_rs::backtrace::libunwind::trace::ha637c64ce894333a
[INFO] [stdout]                                at /rustc/82e1608dfa6e0b5569232559e3d385fea5a93112/library/std/src/../../backtrace/src/backtrace/libunwind.rs:104:5
[INFO] [stdout]    1:     0x560a2b990e9c - std::backtrace_rs::backtrace::trace_unsynchronized::h47f62dea28e0c88d
[INFO] [stdout]                                at /rustc/82e1608dfa6e0b5569232559e3d385fea5a93112/library/std/src/../../backtrace/src/backtrace/mod.rs:66:5
[INFO] [stdout]    2:     0x560a2b990e9c - std::sys_common::backtrace::_print_fmt::h9eef0abe20ede486
[INFO] [stdout]                                at /rustc/82e1608dfa6e0b5569232559e3d385fea5a93112/library/std/src/sys_common/backtrace.rs:67:5
[INFO] [stdout]    3:     0x560a2b990e9c - <std::sys_common::backtrace::_print::DisplayBacktrace as core::fmt::Display>::fmt::hed7f999df88cc644
[INFO] [stdout]                                at /rustc/82e1608dfa6e0b5569232559e3d385fea5a93112/library/std/src/sys_common/backtrace.rs:44:22
[INFO] [stdout]    4:     0x560a2b9bd360 - core::fmt::rt::Argument::fmt::h1539a9308b8d058d
[INFO] [stdout]                                at /rustc/82e1608dfa6e0b5569232559e3d385fea5a93112/library/core/src/fmt/rt.rs:142:9
[INFO] [stdout]    5:     0x560a2b9bd360 - core::fmt::write::h3a39390d8560d9c9
[INFO] [stdout]                                at /rustc/82e1608dfa6e0b5569232559e3d385fea5a93112/library/core/src/fmt/mod.rs:1120:17
[INFO] [stdout]    6:     0x560a2b98deff - std::io::Write::write_fmt::h040b369f3a0f9cbc
[INFO] [stdout]                                at /rustc/82e1608dfa6e0b5569232559e3d385fea5a93112/library/std/src/io/mod.rs:1762:15
[INFO] [stdout]    7:     0x560a2b990c84 - std::sys_common::backtrace::_print::h894006fb5c6f3d45
[INFO] [stdout]                                at /rustc/82e1608dfa6e0b5569232559e3d385fea5a93112/library/std/src/sys_common/backtrace.rs:47:5
[INFO] [stdout]    8:     0x560a2b990c84 - std::sys_common::backtrace::print::h23a2d212c6fff936
[INFO] [stdout]                                at /rustc/82e1608dfa6e0b5569232559e3d385fea5a93112/library/std/src/sys_common/backtrace.rs:34:9
[INFO] [stdout]    9:     0x560a2b992947 - std::panicking::default_hook::{{closure}}::h8a1d2ee00185001a
[INFO] [stdout]   10:     0x560a2b992633 - std::panicking::default_hook::h6038f2eba384e475
[INFO] [stdout]                                at /rustc/82e1608dfa6e0b5569232559e3d385fea5a93112/library/std/src/panicking.rs:289:9
[INFO] [stdout]   11:     0x560a2b798ac7 - <alloc::boxed::Box<F,A> as core::ops::function::Fn<Args>>::call::h0ad024c9bdc6d768
[INFO] [stdout]                                at /rustc/82e1608dfa6e0b5569232559e3d385fea5a93112/library/alloc/src/boxed.rs:2021:9
[INFO] [stdout]   12:     0x560a2b798ac7 - test::test_main::{{closure}}::h7500b54257359db6
[INFO] [stdout]                                at /rustc/82e1608dfa6e0b5569232559e3d385fea5a93112/library/test/src/lib.rs:138:21
[INFO] [stdout]   13:     0x560a2b992f58 - <alloc::boxed::Box<F,A> as core::ops::function::Fn<Args>>::call::h1f8f335eaa9cfaee
[INFO] [stdout]                                at /rustc/82e1608dfa6e0b5569232559e3d385fea5a93112/library/alloc/src/boxed.rs:2021:9
[INFO] [stdout]   14:     0x560a2b992f58 - std::panicking::rust_panic_with_hook::h2b5517d590cab22e
[INFO] [stdout]                                at /rustc/82e1608dfa6e0b5569232559e3d385fea5a93112/library/std/src/panicking.rs:783:13
[INFO] [stdout]   15:     0x560a2b992c79 - std::panicking::begin_panic_handler::{{closure}}::h233112c06e0ef43e
[INFO] [stdout]                                at /rustc/82e1608dfa6e0b5569232559e3d385fea5a93112/library/std/src/panicking.rs:649:13
[INFO] [stdout]   16:     0x560a2b991366 - std::sys_common::backtrace::__rust_end_short_backtrace::h6e893f24d7ebbff8
[INFO] [stdout]                                at /rustc/82e1608dfa6e0b5569232559e3d385fea5a93112/library/std/src/sys_common/backtrace.rs:170:18
[INFO] [stdout]   17:     0x560a2b992a12 - rust_begin_unwind
[INFO] [stdout]                                at /rustc/82e1608dfa6e0b5569232559e3d385fea5a93112/library/std/src/panicking.rs:645:5
[INFO] [stdout]   18:     0x560a2b6ea3c5 - core::panicking::panic_fmt::hbf0e066aabfa482c
[INFO] [stdout]                                at /rustc/82e1608dfa6e0b5569232559e3d385fea5a93112/library/core/src/panicking.rs:72:14
[INFO] [stdout]   19:     0x560a2b6ea463 - core::panicking::panic::h195fc2a96298d4c3
[INFO] [stdout]                                at /rustc/82e1608dfa6e0b5569232559e3d385fea5a93112/library/core/src/panicking.rs:127:5
[INFO] [stdout]   20:     0x560a2b754cf4 - basic::test_basic::{{closure}}::h2a9e85be61db6ab4
[INFO] [stdout]                                at /opt/rustwide/workdir/tests/basic.rs:52:5
[INFO] [stdout]   21:     0x560a2b748e18 - <core::pin::Pin<P> as core::future::future::Future>::poll::h09bc4e221d6baad2
[INFO] [stdout]                                at /rustc/82e1608dfa6e0b5569232559e3d385fea5a93112/library/core/src/future/future.rs:125:9
[INFO] [stdout]   22:     0x560a2b748e6b - <core::pin::Pin<P> as core::future::future::Future>::poll::h29842ee1f219ff77
[INFO] [stdout]                                at /rustc/82e1608dfa6e0b5569232559e3d385fea5a93112/library/core/src/future/future.rs:125:9
[INFO] [stdout]   23:     0x560a2b712c24 - tokio::runtime::scheduler::current_thread::CoreGuard::block_on::{{closure}}::{{closure}}::{{closure}}::h582543d41c174b89
[INFO] [stdout]                                at /opt/rustwide/cargo-home/registry/src/index.crates.io-6f17d22bba15001f/tokio-1.34.0/src/runtime/scheduler/current_thread/mod.rs:665:57
[INFO] [stdout]   24:     0x560a2b712b5a - tokio::runtime::coop::with_budget::h282bfa3b24dcc47a
[INFO] [stdout]                                at /opt/rustwide/cargo-home/registry/src/index.crates.io-6f17d22bba15001f/tokio-1.34.0/src/runtime/coop.rs:107:5
[INFO] [stdout]   25:     0x560a2b712b5a - tokio::runtime::coop::budget::hf0189de71dff5db9
[INFO] [stdout]                                at /opt/rustwide/cargo-home/registry/src/index.crates.io-6f17d22bba15001f/tokio-1.34.0/src/runtime/coop.rs:73:5
[INFO] [stdout]   26:     0x560a2b712b5a - tokio::runtime::scheduler::current_thread::CoreGuard::block_on::{{closure}}::{{closure}}::ha74d265e957dec07
[INFO] [stdout]                                at /opt/rustwide/cargo-home/registry/src/index.crates.io-6f17d22bba15001f/tokio-1.34.0/src/runtime/scheduler/current_thread/mod.rs:665:25
[INFO] [stdout]   27:     0x560a2b7114fc - tokio::runtime::scheduler::current_thread::Context::enter::hcf7e06c4948d25e8
[INFO] [stdout]                                at /opt/rustwide/cargo-home/registry/src/index.crates.io-6f17d22bba15001f/tokio-1.34.0/src/runtime/scheduler/current_thread/mod.rs:410:19
[INFO] [stdout]   28:     0x560a2b71235b - tokio::runtime::scheduler::current_thread::CoreGuard::block_on::{{closure}}::h15e2ee13f51321cc
[INFO] [stdout]                                at /opt/rustwide/cargo-home/registry/src/index.crates.io-6f17d22bba15001f/tokio-1.34.0/src/runtime/scheduler/current_thread/mod.rs:664:36
[INFO] [stdout]   29:     0x560a2b71206b - tokio::runtime::scheduler::current_thread::CoreGuard::enter::{{closure}}::h8a4d035267636ee3
[INFO] [stdout]                                at /opt/rustwide/cargo-home/registry/src/index.crates.io-6f17d22bba15001f/tokio-1.34.0/src/runtime/scheduler/current_thread/mod.rs:743:68
[INFO] [stdout]   30:     0x560a2b73dc8b - tokio::runtime::context::scoped::Scoped<T>::set::h41bbdab18f6a41de
[INFO] [stdout]                                at /opt/rustwide/cargo-home/registry/src/index.crates.io-6f17d22bba15001f/tokio-1.34.0/src/runtime/context/scoped.rs:40:9
[INFO] [stdout]   31:     0x560a2b739969 - tokio::runtime::context::set_scheduler::{{closure}}::h317ea4bfb0ebef8b
[INFO] [stdout]                                at /opt/rustwide/cargo-home/registry/src/index.crates.io-6f17d22bba15001f/tokio-1.34.0/src/runtime/context.rs:176:26
[INFO] [stdout]   32:     0x560a2b73b516 - std::thread::local::LocalKey<T>::try_with::hc179eeb87ba24566
[INFO] [stdout]                                at /rustc/82e1608dfa6e0b5569232559e3d385fea5a93112/library/std/src/thread/local.rs:270:16
[INFO] [stdout]   33:     0x560a2b73a04a - std::thread::local::LocalKey<T>::with::ha359a259f84484c8
[INFO] [stdout]                                at /rustc/82e1608dfa6e0b5569232559e3d385fea5a93112/library/std/src/thread/local.rs:246:9
[INFO] [stdout]   34:     0x560a2b73991d - tokio::runtime::context::set_scheduler::hec992f99305809fd
[INFO] [stdout]                                at /opt/rustwide/cargo-home/registry/src/index.crates.io-6f17d22bba15001f/tokio-1.34.0/src/runtime/context.rs:176:9
[INFO] [stdout]   35:     0x560a2b711e00 - tokio::runtime::scheduler::current_thread::CoreGuard::enter::h7a6884847f28e4ad
[INFO] [stdout]                                at /opt/rustwide/cargo-home/registry/src/index.crates.io-6f17d22bba15001f/tokio-1.34.0/src/runtime/scheduler/current_thread/mod.rs:743:27
[INFO] [stdout]   36:     0x560a2b71209d - tokio::runtime::scheduler::current_thread::CoreGuard::block_on::hecf1275bd4671e57
[INFO] [stdout]                                at /opt/rustwide/cargo-home/registry/src/index.crates.io-6f17d22bba15001f/tokio-1.34.0/src/runtime/scheduler/current_thread/mod.rs:652:19
[INFO] [stdout]   37:     0x560a2b71008d - tokio::runtime::scheduler::current_thread::CurrentThread::block_on::{{closure}}::h6a94c2d5a04f5e9a
[INFO] [stdout]                                at /opt/rustwide/cargo-home/registry/src/index.crates.io-6f17d22bba15001f/tokio-1.34.0/src/runtime/scheduler/current_thread/mod.rs:175:28
[INFO] [stdout]   38:     0x560a2b726a2a - tokio::runtime::context::runtime::enter_runtime::h3c11f523a742234f
[INFO] [stdout]                                at /opt/rustwide/cargo-home/registry/src/index.crates.io-6f17d22bba15001f/tokio-1.34.0/src/runtime/context/runtime.rs:65:16
[INFO] [stdout]   39:     0x560a2b70ffa0 - tokio::runtime::scheduler::current_thread::CurrentThread::block_on::hdaf504cda3dc35bc
[INFO] [stdout]                                at /opt/rustwide/cargo-home/registry/src/index.crates.io-6f17d22bba15001f/tokio-1.34.0/src/runtime/scheduler/current_thread/mod.rs:167:9
[INFO] [stdout]   40:     0x560a2b7564bd - tokio::runtime::runtime::Runtime::block_on::h6c2563246b6c7f9f
[INFO] [stdout]                                at /opt/rustwide/cargo-home/registry/src/index.crates.io-6f17d22bba15001f/tokio-1.34.0/src/runtime/runtime.rs:348:47
[INFO] [stdout]   41:     0x560a2b7545f8 - basic::test_basic::h49a0d529ac5df88a
[INFO] [stdout]                                at /opt/rustwide/workdir/tests/basic.rs:52:5
[INFO] [stdout]   42:     0x560a2b754487 - basic::test_basic::{{closure}}::h0fd35a6fe6681e6c
[INFO] [stdout]                                at /opt/rustwide/workdir/tests/basic.rs:31:22
[INFO] [stdout]   43:     0x560a2b6eb2d6 - core::ops::function::FnOnce::call_once::h53b7a538381386ef
[INFO] [stdout]                                at /rustc/82e1608dfa6e0b5569232559e3d385fea5a93112/library/core/src/ops/function.rs:250:5
[INFO] [stdout]   44:     0x560a2b79e11f - core::ops::function::FnOnce::call_once::h2b5d431d5046312d
[INFO] [stdout]                                at /rustc/82e1608dfa6e0b5569232559e3d385fea5a93112/library/core/src/ops/function.rs:250:5
[INFO] [stdout]   45:     0x560a2b79e11f - test::__rust_begin_short_backtrace::h7714669af176e207
[INFO] [stdout]                                at /rustc/82e1608dfa6e0b5569232559e3d385fea5a93112/library/test/src/lib.rs:628:18
[INFO] [stdout]   46:     0x560a2b79d135 - test::run_test_in_process::{{closure}}::h85218797dcbcec12
[INFO] [stdout]                                at /rustc/82e1608dfa6e0b5569232559e3d385fea5a93112/library/test/src/lib.rs:651:60
[INFO] [stdout]   47:     0x560a2b79d135 - <core::panic::unwind_safe::AssertUnwindSafe<F> as core::ops::function::FnOnce<()>>::call_once::h76c106ea31c14d7b
[INFO] [stdout]                                at /rustc/82e1608dfa6e0b5569232559e3d385fea5a93112/library/core/src/panic/unwind_safe.rs:272:9
[INFO] [stdout]   48:     0x560a2b79d135 - std::panicking::try::do_call::h3bd5d0f6620ee946
[INFO] [stdout]                                at /rustc/82e1608dfa6e0b5569232559e3d385fea5a93112/library/std/src/panicking.rs:552:40
[INFO] [stdout]   49:     0x560a2b79d135 - std::panicking::try::h232e535e4744fe31
[INFO] [stdout]                                at /rustc/82e1608dfa6e0b5569232559e3d385fea5a93112/library/std/src/panicking.rs:516:19
[INFO] [stdout]   50:     0x560a2b79d135 - std::panic::catch_unwind::h3ce3bd6ca8dbac68
[INFO] [stdout]                                at /rustc/82e1608dfa6e0b5569232559e3d385fea5a93112/library/std/src/panic.rs:142:14
[INFO] [stdout]   51:     0x560a2b79d135 - test::run_test_in_process::hc97b257c9621286a
[INFO] [stdout]                                at /rustc/82e1608dfa6e0b5569232559e3d385fea5a93112/library/test/src/lib.rs:651:27
[INFO] [stdout]   52:     0x560a2b79d135 - test::run_test::{{closure}}::h2aa798823a438d38
[INFO] [stdout]                                at /rustc/82e1608dfa6e0b5569232559e3d385fea5a93112/library/test/src/lib.rs:574:43
[INFO] [stdout]   53:     0x560a2b7653f6 - test::run_test::{{closure}}::h87d231c78fb59832
[INFO] [stdout]                                at /rustc/82e1608dfa6e0b5569232559e3d385fea5a93112/library/test/src/lib.rs:602:41
[INFO] [stdout]   54:     0x560a2b7653f6 - std::sys_common::backtrace::__rust_begin_short_backtrace::he6df152596625789
[INFO] [stdout]                                at /rustc/82e1608dfa6e0b5569232559e3d385fea5a93112/library/std/src/sys_common/backtrace.rs:154:18
[INFO] [stdout]   55:     0x560a2b76a4a7 - std::thread::Builder::spawn_unchecked_::{{closure}}::{{closure}}::ha94be15d1e0acf36
[INFO] [stdout]                                at /rustc/82e1608dfa6e0b5569232559e3d385fea5a93112/library/std/src/thread/mod.rs:529:17
[INFO] [stdout]   56:     0x560a2b76a4a7 - <core::panic::unwind_safe::AssertUnwindSafe<F> as core::ops::function::FnOnce<()>>::call_once::h9dc6bd6372f16606
[INFO] [stdout]                                at /rustc/82e1608dfa6e0b5569232559e3d385fea5a93112/library/core/src/panic/unwind_safe.rs:272:9
[INFO] [stdout]   57:     0x560a2b76a4a7 - std::panicking::try::do_call::h9057517f80303cd4
[INFO] [stdout]                                at /rustc/82e1608dfa6e0b5569232559e3d385fea5a93112/library/std/src/panicking.rs:552:40
[INFO] [stdout]   58:     0x560a2b76a4a7 - std::panicking::try::he3a30b11ee45340c
[INFO] [stdout]                                at /rustc/82e1608dfa6e0b5569232559e3d385fea5a93112/library/std/src/panicking.rs:516:19
[INFO] [stdout]   59:     0x560a2b76a4a7 - std::panic::catch_unwind::h410458cfd3528b8b
[INFO] [stdout]                                at /rustc/82e1608dfa6e0b5569232559e3d385fea5a93112/library/std/src/panic.rs:142:14
[INFO] [stdout]   60:     0x560a2b76a4a7 - std::thread::Builder::spawn_unchecked_::{{closure}}::h72ac3bdb567b737b
[INFO] [stdout]                                at /rustc/82e1608dfa6e0b5569232559e3d385fea5a93112/library/std/src/thread/mod.rs:528:30
[INFO] [stdout]   61:     0x560a2b76a4a7 - core::ops::function::FnOnce::call_once{{vtable.shim}}::h38f34da3654a8344
[INFO] [stdout]                                at /rustc/82e1608dfa6e0b5569232559e3d385fea5a93112/library/core/src/ops/function.rs:250:5
[INFO] [stdout]   62:     0x560a2b997c75 - <alloc::boxed::Box<F,A> as core::ops::function::FnOnce<Args>>::call_once::hc7eafaff61e32df9
[INFO] [stdout]                                at /rustc/82e1608dfa6e0b5569232559e3d385fea5a93112/library/alloc/src/boxed.rs:2007:9
[INFO] [stdout]   63:     0x560a2b997c75 - <alloc::boxed::Box<F,A> as core::ops::function::FnOnce<Args>>::call_once::h6ba4a5de48dd2304
[INFO] [stdout]                                at /rustc/82e1608dfa6e0b5569232559e3d385fea5a93112/library/alloc/src/boxed.rs:2007:9
[INFO] [stdout]   64:     0x560a2b997c75 - std::sys::unix::thread::Thread::new::thread_start::he469335aef763e45
[INFO] [stdout]                                at /rustc/82e1608dfa6e0b5569232559e3d385fea5a93112/library/std/src/sys/unix/thread.rs:108:17
[INFO] [stdout]   65:     0x7f0d35711ac3 - <unknown>
[INFO] [stdout]   66:     0x7f0d357a2bf4 - __clone
[INFO] [stdout]   67:                0x0 - <unknown>
[INFO] [stdout] 
[INFO] [stdout] 
[INFO] [stdout] failures:
[INFO] [stdout]     test_basic
[INFO] [stdout] 
[INFO] [stdout] test result: FAILED. 0 passed; 1 failed; 0 ignored; 0 measured; 0 filtered out; finished in 1.13s
[INFO] [stdout] 
[INFO] [stderr] error: test failed, to rerun pass `--test basic`
[INFO] running `Command { std: "docker" "inspect" "9d37b400935b80f24a7f427884fdbf93cab9f7ab6eec24f04b31cf783c2beb0e", kill_on_drop: false }`
[INFO] running `Command { std: "docker" "rm" "-f" "9d37b400935b80f24a7f427884fdbf93cab9f7ab6eec24f04b31cf783c2beb0e", kill_on_drop: false }`
[INFO] [stdout] 9d37b400935b80f24a7f427884fdbf93cab9f7ab6eec24f04b31cf783c2beb0e
