[INFO] fetching crate winres-edit 0.2.0...
[INFO] testing winres-edit-0.2.0 against 1.75.0 for beta-1.76-1
[INFO] extracting crate winres-edit 0.2.0 into /workspace/builds/worker-6-tc1/source
[INFO] validating manifest of crates.io crate winres-edit 0.2.0 on toolchain 1.75.0
[INFO] running `Command { std: CARGO_HOME="/workspace/cargo-home" RUSTUP_HOME="/workspace/rustup-home" "/workspace/cargo-home/bin/cargo" "+1.75.0" "metadata" "--manifest-path" "Cargo.toml" "--no-deps", kill_on_drop: false }`
[INFO] started tweaking crates.io crate winres-edit 0.2.0
[INFO] finished tweaking crates.io crate winres-edit 0.2.0
[INFO] tweaked toml for crates.io crate winres-edit 0.2.0 written to /workspace/builds/worker-6-tc1/source/Cargo.toml
[INFO] running `Command { std: CARGO_HOME="/workspace/cargo-home" RUSTUP_HOME="/workspace/rustup-home" "/workspace/cargo-home/bin/cargo" "+1.75.0" "generate-lockfile" "--manifest-path" "Cargo.toml", kill_on_drop: false }`
[INFO] [stderr]     Updating crates.io index
[INFO] running `Command { std: CARGO_HOME="/workspace/cargo-home" RUSTUP_HOME="/workspace/rustup-home" "/workspace/cargo-home/bin/cargo" "+1.75.0" "fetch" "--manifest-path" "Cargo.toml", kill_on_drop: false }`
[INFO] [stderr]  Downloading crates ...
[INFO] [stderr]   Downloaded manual-serializer v0.1.0
[INFO] running `Command { std: "docker" "create" "-v" "/var/lib/crater-agent-workspace/builds/worker-6-tc1/target:/opt/rustwide/target:rw,Z" "-v" "/var/lib/crater-agent-workspace/builds/worker-6-tc1/source:/opt/rustwide/workdir:ro,Z" "-v" "/var/lib/crater-agent-workspace/cargo-home:/opt/rustwide/cargo-home:ro,Z" "-v" "/var/lib/crater-agent-workspace/rustup-home:/opt/rustwide/rustup-home:ro,Z" "-e" "SOURCE_DIR=/opt/rustwide/workdir" "-e" "CARGO_TARGET_DIR=/opt/rustwide/target" "-e" "CARGO_HOME=/opt/rustwide/cargo-home" "-e" "RUSTUP_HOME=/opt/rustwide/rustup-home" "-w" "/opt/rustwide/workdir" "-m" "1610612736" "--user" "0:0" "--network" "none" "ghcr.io/rust-lang/crates-build-env/linux@sha256:2788e3201cd34a07e3172128adcd8b3090168a8e3bcc40d7c032b9dda1df7d1c" "/opt/rustwide/cargo-home/bin/cargo" "+1.75.0" "metadata" "--no-deps" "--format-version=1", kill_on_drop: false }`
[INFO] [stdout] 1a8551a774c659ae6e9576afd8dddd914d46132b74747427aec5886ced5d093c
[INFO] running `Command { std: "docker" "start" "-a" "1a8551a774c659ae6e9576afd8dddd914d46132b74747427aec5886ced5d093c", kill_on_drop: false }`
[INFO] running `Command { std: "docker" "inspect" "1a8551a774c659ae6e9576afd8dddd914d46132b74747427aec5886ced5d093c", kill_on_drop: false }`
[INFO] running `Command { std: "docker" "rm" "-f" "1a8551a774c659ae6e9576afd8dddd914d46132b74747427aec5886ced5d093c", kill_on_drop: false }`
[INFO] [stdout] 1a8551a774c659ae6e9576afd8dddd914d46132b74747427aec5886ced5d093c
[INFO] running `Command { std: "docker" "create" "-v" "/var/lib/crater-agent-workspace/builds/worker-6-tc1/target:/opt/rustwide/target:rw,Z" "-v" "/var/lib/crater-agent-workspace/builds/worker-6-tc1/source:/opt/rustwide/workdir:ro,Z" "-v" "/var/lib/crater-agent-workspace/cargo-home:/opt/rustwide/cargo-home:ro,Z" "-v" "/var/lib/crater-agent-workspace/rustup-home:/opt/rustwide/rustup-home:ro,Z" "-e" "SOURCE_DIR=/opt/rustwide/workdir" "-e" "CARGO_TARGET_DIR=/opt/rustwide/target" "-e" "CARGO_INCREMENTAL=0" "-e" "RUST_BACKTRACE=full" "-e" "RUSTFLAGS=--cap-lints=warn" "-e" "RUSTDOCFLAGS=--cap-lints=warn" "-e" "CARGO_HOME=/opt/rustwide/cargo-home" "-e" "RUSTUP_HOME=/opt/rustwide/rustup-home" "-w" "/opt/rustwide/workdir" "-m" "1610612736" "--user" "0:0" "--network" "none" "ghcr.io/rust-lang/crates-build-env/linux@sha256:2788e3201cd34a07e3172128adcd8b3090168a8e3bcc40d7c032b9dda1df7d1c" "/opt/rustwide/cargo-home/bin/cargo" "+1.75.0" "build" "--frozen" "--message-format=json", kill_on_drop: false }`
[INFO] [stdout] 2448812fa33ba466d6de6a8368ae3f6eb3f27534a1ff5db29e3d9fda3be5d6b4
[INFO] running `Command { std: "docker" "start" "-a" "2448812fa33ba466d6de6a8368ae3f6eb3f27534a1ff5db29e3d9fda3be5d6b4", kill_on_drop: false }`
[INFO] [stderr]    Compiling proc-macro2 v1.0.75
[INFO] [stderr]    Compiling syn v1.0.109
[INFO] [stderr]    Compiling thiserror v1.0.56
[INFO] [stderr]    Compiling windows v0.43.0
[INFO] [stderr]    Compiling quote v1.0.35
[INFO] [stderr]    Compiling syn v2.0.48
[INFO] [stderr]    Compiling thiserror-impl v1.0.56
[INFO] [stderr]    Compiling derivative v2.2.0
[INFO] [stderr]    Compiling manual-serializer v0.1.0
[INFO] [stderr]    Compiling winres-edit v0.2.0 (/opt/rustwide/workdir)
[INFO] [stderr]     Finished dev [unoptimized + debuginfo] target(s) in 9.41s
[INFO] running `Command { std: "docker" "inspect" "2448812fa33ba466d6de6a8368ae3f6eb3f27534a1ff5db29e3d9fda3be5d6b4", kill_on_drop: false }`
[INFO] running `Command { std: "docker" "rm" "-f" "2448812fa33ba466d6de6a8368ae3f6eb3f27534a1ff5db29e3d9fda3be5d6b4", kill_on_drop: false }`
[INFO] [stdout] 2448812fa33ba466d6de6a8368ae3f6eb3f27534a1ff5db29e3d9fda3be5d6b4
[INFO] running `Command { std: "docker" "create" "-v" "/var/lib/crater-agent-workspace/builds/worker-6-tc1/target:/opt/rustwide/target:rw,Z" "-v" "/var/lib/crater-agent-workspace/builds/worker-6-tc1/source:/opt/rustwide/workdir:ro,Z" "-v" "/var/lib/crater-agent-workspace/cargo-home:/opt/rustwide/cargo-home:ro,Z" "-v" "/var/lib/crater-agent-workspace/rustup-home:/opt/rustwide/rustup-home:ro,Z" "-e" "SOURCE_DIR=/opt/rustwide/workdir" "-e" "CARGO_TARGET_DIR=/opt/rustwide/target" "-e" "CARGO_INCREMENTAL=0" "-e" "RUST_BACKTRACE=full" "-e" "RUSTFLAGS=--cap-lints=warn" "-e" "RUSTDOCFLAGS=--cap-lints=warn" "-e" "CARGO_HOME=/opt/rustwide/cargo-home" "-e" "RUSTUP_HOME=/opt/rustwide/rustup-home" "-w" "/opt/rustwide/workdir" "-m" "1610612736" "--user" "0:0" "--network" "none" "ghcr.io/rust-lang/crates-build-env/linux@sha256:2788e3201cd34a07e3172128adcd8b3090168a8e3bcc40d7c032b9dda1df7d1c" "/opt/rustwide/cargo-home/bin/cargo" "+1.75.0" "test" "--frozen" "--no-run" "--message-format=json", kill_on_drop: false }`
[INFO] [stdout] 5cb321862473e7d2450cd06a1895bfbe06d4e6b45ea0d6f503c7e99137eb960c
[INFO] running `Command { std: "docker" "start" "-a" "5cb321862473e7d2450cd06a1895bfbe06d4e6b45ea0d6f503c7e99137eb960c", kill_on_drop: false }`
[INFO] [stderr]    Compiling winres-edit v0.2.0 (/opt/rustwide/workdir)
[INFO] [stderr]     Finished test [unoptimized + debuginfo] target(s) in 0.35s
[INFO] running `Command { std: "docker" "inspect" "5cb321862473e7d2450cd06a1895bfbe06d4e6b45ea0d6f503c7e99137eb960c", kill_on_drop: false }`
[INFO] running `Command { std: "docker" "rm" "-f" "5cb321862473e7d2450cd06a1895bfbe06d4e6b45ea0d6f503c7e99137eb960c", kill_on_drop: false }`
[INFO] [stdout] 5cb321862473e7d2450cd06a1895bfbe06d4e6b45ea0d6f503c7e99137eb960c
[INFO] running `Command { std: "docker" "create" "-v" "/var/lib/crater-agent-workspace/builds/worker-6-tc1/target:/opt/rustwide/target:rw,Z" "-v" "/var/lib/crater-agent-workspace/builds/worker-6-tc1/source:/opt/rustwide/workdir:ro,Z" "-v" "/var/lib/crater-agent-workspace/cargo-home:/opt/rustwide/cargo-home:ro,Z" "-v" "/var/lib/crater-agent-workspace/rustup-home:/opt/rustwide/rustup-home:ro,Z" "-e" "SOURCE_DIR=/opt/rustwide/workdir" "-e" "CARGO_TARGET_DIR=/opt/rustwide/target" "-e" "CARGO_INCREMENTAL=0" "-e" "RUST_BACKTRACE=full" "-e" "RUSTFLAGS=--cap-lints=warn" "-e" "RUSTDOCFLAGS=--cap-lints=warn" "-e" "CARGO_HOME=/opt/rustwide/cargo-home" "-e" "RUSTUP_HOME=/opt/rustwide/rustup-home" "-w" "/opt/rustwide/workdir" "-m" "1610612736" "--user" "0:0" "--network" "none" "ghcr.io/rust-lang/crates-build-env/linux@sha256:2788e3201cd34a07e3172128adcd8b3090168a8e3bcc40d7c032b9dda1df7d1c" "/opt/rustwide/cargo-home/bin/cargo" "+1.75.0" "test" "--frozen", kill_on_drop: false }`
[INFO] [stdout] 9428071c1b5a59b9b4700eb8e5d37c7d42fe2e47648ce02f60ffeb03eae295d8
[INFO] running `Command { std: "docker" "start" "-a" "9428071c1b5a59b9b4700eb8e5d37c7d42fe2e47648ce02f60ffeb03eae295d8", kill_on_drop: false }`
[INFO] [stderr]     Finished test [unoptimized + debuginfo] target(s) in 0.01s
[INFO] [stderr]      Running unittests src/lib.rs (/opt/rustwide/target/debug/deps/winres_edit-fa3e4bbfc8b7adbe)
[INFO] [stdout] 
[INFO] [stdout] running 0 tests
[INFO] [stdout] 
[INFO] [stdout] test result: ok. 0 passed; 0 failed; 0 ignored; 0 measured; 0 filtered out; finished in 0.00s
[INFO] [stdout] 
[INFO] [stderr]    Doc-tests winres-edit
[INFO] [stdout] 
[INFO] [stdout] running 2 tests
[INFO] [stdout] test src/lib.rs - (line 46) ... FAILED
[INFO] [stdout] test src/lib.rs - (line 18) ... FAILED
[INFO] [stdout] 
[INFO] [stdout] failures:
[INFO] [stdout] 
[INFO] [stdout] ---- src/lib.rs - (line 46) stdout ----
[INFO] [stdout] error[E0433]: failed to resolve: use of undeclared type `Resource`
[INFO] [stdout]  --> src/lib.rs:47:11
[INFO] [stdout]   |
[INFO] [stdout] 3 | let res = Resource::new(
[INFO] [stdout]   |           ^^^^^^^^ use of undeclared type `Resource`
[INFO] [stdout]   |
[INFO] [stdout] help: consider importing this struct
[INFO] [stdout]   |
[INFO] [stdout] 2 + use winres_edit::Resource;
[INFO] [stdout]   |
[INFO] [stdout] 
[INFO] [stdout] error[E0425]: cannot find value `resources` in this scope
[INFO] [stdout]  --> src/lib.rs:48:6
[INFO] [stdout]   |
[INFO] [stdout] 4 |     &resources,
[INFO] [stdout]   |      ^^^^^^^^^ not found in this scope
[INFO] [stdout] 
[INFO] [stdout] error[E0433]: failed to resolve: use of undeclared crate or module `resource_type`
[INFO] [stdout]  --> src/lib.rs:49:5
[INFO] [stdout]   |
[INFO] [stdout] 5 |     resource_type::ICON.into(),
[INFO] [stdout]   |     ^^^^^^^^^^^^^ use of undeclared crate or module `resource_type`
[INFO] [stdout]   |
[INFO] [stdout] help: consider importing this module
[INFO] [stdout]   |
[INFO] [stdout] 2 + use winres_edit::resource_type;
[INFO] [stdout]   |
[INFO] [stdout] 
[INFO] [stdout] error[E0433]: failed to resolve: use of undeclared type `Id`
[INFO] [stdout]  --> src/lib.rs:50:5
[INFO] [stdout]   |
[INFO] [stdout] 6 |     Id::Integer(14).into(),
[INFO] [stdout]   |     ^^ use of undeclared type `Id`
[INFO] [stdout]   |
[INFO] [stdout] help: consider importing this enum
[INFO] [stdout]   |
[INFO] [stdout] 2 + use winres_edit::Id;
[INFO] [stdout]   |
[INFO] [stdout] 
[INFO] [stdout] error[E0425]: cannot find value `target_icon` in this scope
[INFO] [stdout]  --> src/lib.rs:52:5
[INFO] [stdout]   |
[INFO] [stdout] 8 |     target_icon.data(),
[INFO] [stdout]   |     ^^^^^^^^^^^ not found in this scope
[INFO] [stdout] 
[INFO] [stdout] error: aborting due to 5 previous errors
[INFO] [stdout] 
[INFO] [stdout] Some errors have detailed explanations: E0425, E0433.
[INFO] [stdout] For more information about an error, try `rustc --explain E0425`.
[INFO] [stdout] Couldn't compile the test.
[INFO] [stdout] ---- src/lib.rs - (line 18) stdout ----
[INFO] [stdout] error[E0433]: failed to resolve: use of undeclared type `Resources`
[INFO] [stdout]  --> src/lib.rs:19:21
[INFO] [stdout]   |
[INFO] [stdout] 3 | let mut resources = Resources::new(&Path::new("myfile.exe"));
[INFO] [stdout]   |                     ^^^^^^^^^ use of undeclared type `Resources`
[INFO] [stdout]   |
[INFO] [stdout] help: consider importing this struct
[INFO] [stdout]   |
[INFO] [stdout] 2 + use winres_edit::Resources;
[INFO] [stdout]   |
[INFO] [stdout] 
[INFO] [stdout] error[E0433]: failed to resolve: use of undeclared type `Path`
[INFO] [stdout]  --> src/lib.rs:19:37
[INFO] [stdout]   |
[INFO] [stdout] 3 | let mut resources = Resources::new(&Path::new("myfile.exe"));
[INFO] [stdout]   |                                     ^^^^ use of undeclared type `Path`
[INFO] [stdout]   |
[INFO] [stdout] help: consider importing this struct
[INFO] [stdout]   |
[INFO] [stdout] 2 + use std::path::Path;
[INFO] [stdout]   |
[INFO] [stdout] 
[INFO] [stdout] error[E0433]: failed to resolve: use of undeclared crate or module `resource_type`
[INFO] [stdout]  --> src/lib.rs:23:16
[INFO] [stdout]   |
[INFO] [stdout] 7 | resources.find(resource_type::ICON,Id::Integer(1))
[INFO] [stdout]   |                ^^^^^^^^^^^^^ use of undeclared crate or module `resource_type`
[INFO] [stdout]   |
[INFO] [stdout] help: consider importing this module
[INFO] [stdout]   |
[INFO] [stdout] 2 + use winres_edit::resource_type;
[INFO] [stdout]   |
[INFO] [stdout] 
[INFO] [stdout] error[E0433]: failed to resolve: use of undeclared type `Id`
[INFO] [stdout]  --> src/lib.rs:23:36
[INFO] [stdout]   |
[INFO] [stdout] 7 | resources.find(resource_type::ICON,Id::Integer(1))
[INFO] [stdout]   |                                    ^^ use of undeclared type `Id`
[INFO] [stdout]   |
[INFO] [stdout] help: consider importing this enum
[INFO] [stdout]   |
[INFO] [stdout] 2 + use winres_edit::Id;
[INFO] [stdout]   |
[INFO] [stdout] 
[INFO] [stdout] error[E0425]: cannot find value `icon_data` in this scope
[INFO] [stdout]  --> src/lib.rs:25:14
[INFO] [stdout]   |
[INFO] [stdout] 9 |     .replace(icon_data)?
[INFO] [stdout]   |              ^^^^^^^^^ not found in this scope
[INFO] [stdout] 
[INFO] [stdout] error[E0618]: expected function, found `(&'static str, &'static str)`
[INFO] [stdout]   --> src/lib.rs:34:13
[INFO] [stdout]    |
[INFO] [stdout] 18 |             ("ProductName","My Product")
[INFO] [stdout]    |             ^^^^^^^^^^^^^^^^^^^^^^^^^^^^- help: consider separating array elements with a comma: `,`
[INFO] [stdout] 
[INFO] [stdout] error: aborting due to 6 previous errors
[INFO] [stdout] 
[INFO] [stdout] Some errors have detailed explanations: E0425, E0433, E0618.
[INFO] [stdout] For more information about an error, try `rustc --explain E0425`.
[INFO] [stdout] Couldn't compile the test.
[INFO] [stdout] 
[INFO] [stdout] failures:
[INFO] [stdout]     src/lib.rs - (line 18)
[INFO] [stdout]     src/lib.rs - (line 46)
[INFO] [stdout] 
[INFO] [stdout] test result: FAILED. 0 passed; 2 failed; 0 ignored; 0 measured; 0 filtered out; finished in 0.06s
[INFO] [stdout] 
[INFO] [stderr] error: doctest failed, to rerun pass `--doc`
[INFO] running `Command { std: "docker" "inspect" "9428071c1b5a59b9b4700eb8e5d37c7d42fe2e47648ce02f60ffeb03eae295d8", kill_on_drop: false }`
[INFO] running `Command { std: "docker" "rm" "-f" "9428071c1b5a59b9b4700eb8e5d37c7d42fe2e47648ce02f60ffeb03eae295d8", kill_on_drop: false }`
[INFO] [stdout] 9428071c1b5a59b9b4700eb8e5d37c7d42fe2e47648ce02f60ffeb03eae295d8
