[INFO] fetching crate windows-service 0.6.0...
[INFO] testing windows-service-0.6.0 against 1.75.0 for beta-1.76-1
[INFO] extracting crate windows-service 0.6.0 into /workspace/builds/worker-3-tc1/source
[INFO] validating manifest of crates.io crate windows-service 0.6.0 on toolchain 1.75.0
[INFO] running `Command { std: CARGO_HOME="/workspace/cargo-home" RUSTUP_HOME="/workspace/rustup-home" "/workspace/cargo-home/bin/cargo" "+1.75.0" "metadata" "--manifest-path" "Cargo.toml" "--no-deps", kill_on_drop: false }`
[INFO] started tweaking crates.io crate windows-service 0.6.0
[INFO] finished tweaking crates.io crate windows-service 0.6.0
[INFO] tweaked toml for crates.io crate windows-service 0.6.0 written to /workspace/builds/worker-3-tc1/source/Cargo.toml
[INFO] crate crates.io crate windows-service 0.6.0 already has a lockfile, it will not be regenerated
[INFO] running `Command { std: CARGO_HOME="/workspace/cargo-home" RUSTUP_HOME="/workspace/rustup-home" "/workspace/cargo-home/bin/cargo" "+1.75.0" "fetch" "--manifest-path" "Cargo.toml", kill_on_drop: false }`
[INFO] running `Command { std: "docker" "create" "-v" "/var/lib/crater-agent-workspace/builds/worker-3-tc1/target:/opt/rustwide/target:rw,Z" "-v" "/var/lib/crater-agent-workspace/builds/worker-3-tc1/source:/opt/rustwide/workdir:ro,Z" "-v" "/var/lib/crater-agent-workspace/cargo-home:/opt/rustwide/cargo-home:ro,Z" "-v" "/var/lib/crater-agent-workspace/rustup-home:/opt/rustwide/rustup-home:ro,Z" "-e" "SOURCE_DIR=/opt/rustwide/workdir" "-e" "CARGO_TARGET_DIR=/opt/rustwide/target" "-e" "CARGO_HOME=/opt/rustwide/cargo-home" "-e" "RUSTUP_HOME=/opt/rustwide/rustup-home" "-w" "/opt/rustwide/workdir" "-m" "1610612736" "--user" "0:0" "--network" "none" "ghcr.io/rust-lang/crates-build-env/linux@sha256:2788e3201cd34a07e3172128adcd8b3090168a8e3bcc40d7c032b9dda1df7d1c" "/opt/rustwide/cargo-home/bin/cargo" "+1.75.0" "metadata" "--no-deps" "--format-version=1", kill_on_drop: false }`
[INFO] [stdout] 826a85ef4ae81818af47312f0dc3568e8eef1be62a79bc1a9ac3f326ccf90f93
[INFO] running `Command { std: "docker" "start" "-a" "826a85ef4ae81818af47312f0dc3568e8eef1be62a79bc1a9ac3f326ccf90f93", kill_on_drop: false }`
[INFO] running `Command { std: "docker" "inspect" "826a85ef4ae81818af47312f0dc3568e8eef1be62a79bc1a9ac3f326ccf90f93", kill_on_drop: false }`
[INFO] running `Command { std: "docker" "rm" "-f" "826a85ef4ae81818af47312f0dc3568e8eef1be62a79bc1a9ac3f326ccf90f93", kill_on_drop: false }`
[INFO] [stdout] 826a85ef4ae81818af47312f0dc3568e8eef1be62a79bc1a9ac3f326ccf90f93
[INFO] running `Command { std: "docker" "create" "-v" "/var/lib/crater-agent-workspace/builds/worker-3-tc1/target:/opt/rustwide/target:rw,Z" "-v" "/var/lib/crater-agent-workspace/builds/worker-3-tc1/source:/opt/rustwide/workdir:ro,Z" "-v" "/var/lib/crater-agent-workspace/cargo-home:/opt/rustwide/cargo-home:ro,Z" "-v" "/var/lib/crater-agent-workspace/rustup-home:/opt/rustwide/rustup-home:ro,Z" "-e" "SOURCE_DIR=/opt/rustwide/workdir" "-e" "CARGO_TARGET_DIR=/opt/rustwide/target" "-e" "CARGO_INCREMENTAL=0" "-e" "RUST_BACKTRACE=full" "-e" "RUSTFLAGS=--cap-lints=warn" "-e" "RUSTDOCFLAGS=--cap-lints=warn" "-e" "CARGO_HOME=/opt/rustwide/cargo-home" "-e" "RUSTUP_HOME=/opt/rustwide/rustup-home" "-w" "/opt/rustwide/workdir" "-m" "1610612736" "--user" "0:0" "--network" "none" "ghcr.io/rust-lang/crates-build-env/linux@sha256:2788e3201cd34a07e3172128adcd8b3090168a8e3bcc40d7c032b9dda1df7d1c" "/opt/rustwide/cargo-home/bin/cargo" "+1.75.0" "build" "--frozen" "--message-format=json", kill_on_drop: false }`
[INFO] [stdout] af8be376d824bffc66d0f2eebb66da7dc62f68037d31716acd6e3ddd42b6d849
[INFO] running `Command { std: "docker" "start" "-a" "af8be376d824bffc66d0f2eebb66da7dc62f68037d31716acd6e3ddd42b6d849", kill_on_drop: false }`
[INFO] [stderr]    Compiling windows-service v0.6.0 (/opt/rustwide/workdir)
[INFO] [stderr]     Finished dev [unoptimized + debuginfo] target(s) in 0.03s
[INFO] running `Command { std: "docker" "inspect" "af8be376d824bffc66d0f2eebb66da7dc62f68037d31716acd6e3ddd42b6d849", kill_on_drop: false }`
[INFO] running `Command { std: "docker" "rm" "-f" "af8be376d824bffc66d0f2eebb66da7dc62f68037d31716acd6e3ddd42b6d849", kill_on_drop: false }`
[INFO] [stdout] af8be376d824bffc66d0f2eebb66da7dc62f68037d31716acd6e3ddd42b6d849
[INFO] running `Command { std: "docker" "create" "-v" "/var/lib/crater-agent-workspace/builds/worker-3-tc1/target:/opt/rustwide/target:rw,Z" "-v" "/var/lib/crater-agent-workspace/builds/worker-3-tc1/source:/opt/rustwide/workdir:ro,Z" "-v" "/var/lib/crater-agent-workspace/cargo-home:/opt/rustwide/cargo-home:ro,Z" "-v" "/var/lib/crater-agent-workspace/rustup-home:/opt/rustwide/rustup-home:ro,Z" "-e" "SOURCE_DIR=/opt/rustwide/workdir" "-e" "CARGO_TARGET_DIR=/opt/rustwide/target" "-e" "CARGO_INCREMENTAL=0" "-e" "RUST_BACKTRACE=full" "-e" "RUSTFLAGS=--cap-lints=warn" "-e" "RUSTDOCFLAGS=--cap-lints=warn" "-e" "CARGO_HOME=/opt/rustwide/cargo-home" "-e" "RUSTUP_HOME=/opt/rustwide/rustup-home" "-w" "/opt/rustwide/workdir" "-m" "1610612736" "--user" "0:0" "--network" "none" "ghcr.io/rust-lang/crates-build-env/linux@sha256:2788e3201cd34a07e3172128adcd8b3090168a8e3bcc40d7c032b9dda1df7d1c" "/opt/rustwide/cargo-home/bin/cargo" "+1.75.0" "test" "--frozen" "--no-run" "--message-format=json", kill_on_drop: false }`
[INFO] [stdout] b536760b8c3421e21c0afb0822eeea581d79707c1cf873cd3c0ab9456dee9331
[INFO] running `Command { std: "docker" "start" "-a" "b536760b8c3421e21c0afb0822eeea581d79707c1cf873cd3c0ab9456dee9331", kill_on_drop: false }`
[INFO] [stderr]    Compiling windows-service v0.6.0 (/opt/rustwide/workdir)
[INFO] [stderr]     Finished test [unoptimized + debuginfo] target(s) in 0.23s
[INFO] running `Command { std: "docker" "inspect" "b536760b8c3421e21c0afb0822eeea581d79707c1cf873cd3c0ab9456dee9331", kill_on_drop: false }`
[INFO] running `Command { std: "docker" "rm" "-f" "b536760b8c3421e21c0afb0822eeea581d79707c1cf873cd3c0ab9456dee9331", kill_on_drop: false }`
[INFO] [stdout] b536760b8c3421e21c0afb0822eeea581d79707c1cf873cd3c0ab9456dee9331
[INFO] running `Command { std: "docker" "create" "-v" "/var/lib/crater-agent-workspace/builds/worker-3-tc1/target:/opt/rustwide/target:rw,Z" "-v" "/var/lib/crater-agent-workspace/builds/worker-3-tc1/source:/opt/rustwide/workdir:ro,Z" "-v" "/var/lib/crater-agent-workspace/cargo-home:/opt/rustwide/cargo-home:ro,Z" "-v" "/var/lib/crater-agent-workspace/rustup-home:/opt/rustwide/rustup-home:ro,Z" "-e" "SOURCE_DIR=/opt/rustwide/workdir" "-e" "CARGO_TARGET_DIR=/opt/rustwide/target" "-e" "CARGO_INCREMENTAL=0" "-e" "RUST_BACKTRACE=full" "-e" "RUSTFLAGS=--cap-lints=warn" "-e" "RUSTDOCFLAGS=--cap-lints=warn" "-e" "CARGO_HOME=/opt/rustwide/cargo-home" "-e" "RUSTUP_HOME=/opt/rustwide/rustup-home" "-w" "/opt/rustwide/workdir" "-m" "1610612736" "--user" "0:0" "--network" "none" "ghcr.io/rust-lang/crates-build-env/linux@sha256:2788e3201cd34a07e3172128adcd8b3090168a8e3bcc40d7c032b9dda1df7d1c" "/opt/rustwide/cargo-home/bin/cargo" "+1.75.0" "test" "--frozen", kill_on_drop: false }`
[INFO] [stdout] 1d783f144732c9652e31d3a5763f30b0f60da0a2c1bfae451093516a8a893c67
[INFO] running `Command { std: "docker" "start" "-a" "1d783f144732c9652e31d3a5763f30b0f60da0a2c1bfae451093516a8a893c67", kill_on_drop: false }`
[INFO] [stderr]     Finished test [unoptimized + debuginfo] target(s) in 0.00s
[INFO] [stderr]      Running unittests src/lib.rs (/opt/rustwide/target/debug/deps/windows_service-f2f855147af341a6)
[INFO] [stdout] 
[INFO] [stdout] running 0 tests
[INFO] [stdout] 
[INFO] [stdout] test result: ok. 0 passed; 0 failed; 0 ignored; 0 measured; 0 filtered out; finished in 0.00s
[INFO] [stdout] 
[INFO] [stderr]    Doc-tests windows-service
[INFO] [stdout] 
[INFO] [stdout] running 3 tests
[INFO] [stdout] test src/lib.rs - (line 55) - compile ... FAILED
[INFO] [stdout] test src/lib.rs - (line 112) - compile ... FAILED
[INFO] [stdout] test src/lib.rs - (line 28) - compile ... FAILED
[INFO] [stdout] 
[INFO] [stdout] failures:
[INFO] [stdout] 
[INFO] [stdout] ---- src/lib.rs - (line 55) stdout ----
[INFO] [stdout] error[E0432]: unresolved import `windows_service::service`
[INFO] [stdout]  --> src/lib.rs:59:22
[INFO] [stdout]   |
[INFO] [stdout] 6 | use windows_service::service::ServiceControl;
[INFO] [stdout]   |                      ^^^^^^^ could not find `service` in `windows_service`
[INFO] [stdout] 
[INFO] [stdout] error[E0432]: unresolved imports `windows_service::service_control_handler`, `windows_service::service_control_handler`
[INFO] [stdout]  --> src/lib.rs:60:22
[INFO] [stdout]   |
[INFO] [stdout] 7 | use windows_service::service_control_handler::{self, ServiceControlHandlerResult};
[INFO] [stdout]   |                      ^^^^^^^^^^^^^^^^^^^^^^^   ^^^^ no `service_control_handler` in the root
[INFO] [stdout]   |                      |
[INFO] [stdout]   |                      could not find `service_control_handler` in `windows_service`
[INFO] [stdout] 
[INFO] [stdout] error[E0432]: unresolved import `windows_service::Result`
[INFO] [stdout]  --> src/lib.rs:61:5
[INFO] [stdout]   |
[INFO] [stdout] 8 | use windows_service::Result;
[INFO] [stdout]   |     ^^^^^^^^^^^^^^^^^^^^^^^ no `Result` in the root
[INFO] [stdout]   |
[INFO] [stdout] help: consider importing one of these items instead
[INFO] [stdout]   |
[INFO] [stdout] 8 | use core::fmt::Result;
[INFO] [stdout]   |     ~~~~~~~~~~~~~~~~~
[INFO] [stdout] 8 | use core::result::Result;
[INFO] [stdout]   |     ~~~~~~~~~~~~~~~~~~~~
[INFO] [stdout] 8 | use std::fmt::Result;
[INFO] [stdout]   |     ~~~~~~~~~~~~~~~~
[INFO] [stdout] 8 | use std::io::Result;
[INFO] [stdout]   |     ~~~~~~~~~~~~~~~
[INFO] [stdout]     and 2 other candidates
[INFO] [stdout] 
[INFO] [stdout] error: aborting due to 3 previous errors
[INFO] [stdout] 
[INFO] [stdout] For more information about this error, try `rustc --explain E0432`.
[INFO] [stdout] Couldn't compile the test.
[INFO] [stdout] ---- src/lib.rs - (line 112) stdout ----
[INFO] [stdout] error[E0432]: unresolved import `windows_service::service`
[INFO] [stdout]  --> src/lib.rs:117:22
[INFO] [stdout]   |
[INFO] [stdout] 7 | use windows_service::service::{
[INFO] [stdout]   |                      ^^^^^^^ could not find `service` in `windows_service`
[INFO] [stdout] 
[INFO] [stdout] error[E0432]: unresolved imports `windows_service::service_control_handler`, `windows_service::service_control_handler`
[INFO] [stdout]   --> src/lib.rs:121:22
[INFO] [stdout]    |
[INFO] [stdout] 11 | use windows_service::service_control_handler::{self, ServiceControlHandlerResult};
[INFO] [stdout]    |                      ^^^^^^^^^^^^^^^^^^^^^^^   ^^^^ no `service_control_handler` in the root
[INFO] [stdout]    |                      |
[INFO] [stdout]    |                      could not find `service_control_handler` in `windows_service`
[INFO] [stdout] 
[INFO] [stdout] error[E0412]: cannot find type `Result` in crate `windows_service`
[INFO] [stdout]   --> src/lib.rs:129:62
[INFO] [stdout]    |
[INFO] [stdout] 19 | fn run_service(arguments: Vec<OsString>) -> windows_service::Result<()> {
[INFO] [stdout]    |                                                              ^^^^^^ not found in `windows_service`
[INFO] [stdout]    |
[INFO] [stdout] help: consider importing one of these items
[INFO] [stdout]    |
[INFO] [stdout] 2  + use core::fmt::Result;
[INFO] [stdout]    |
[INFO] [stdout] 2  + use core::result::Result;
[INFO] [stdout]    |
[INFO] [stdout] 2  + use std::fmt::Result;
[INFO] [stdout]    |
[INFO] [stdout] 2  + use std::io::Result;
[INFO] [stdout]    |
[INFO] [stdout]      and 2 other candidates
[INFO] [stdout] help: if you import `Result`, refer to it directly
[INFO] [stdout]    |
[INFO] [stdout] 19 - fn run_service(arguments: Vec<OsString>) -> windows_service::Result<()> {
[INFO] [stdout] 19 + fn run_service(arguments: Vec<OsString>) -> Result<()> {
[INFO] [stdout]    |
[INFO] [stdout] 
[INFO] [stdout] error: aborting due to 3 previous errors
[INFO] [stdout] 
[INFO] [stdout] Some errors have detailed explanations: E0412, E0432.
[INFO] [stdout] For more information about an error, try `rustc --explain E0412`.
[INFO] [stdout] Couldn't compile the test.
[INFO] [stdout] ---- src/lib.rs - (line 28) stdout ----
[INFO] [stdout] error[E0432]: unresolved imports `windows_service::Result`, `windows_service::service_dispatcher`
[INFO] [stdout]  --> src/lib.rs:33:23
[INFO] [stdout]   |
[INFO] [stdout] 6 | use windows_service::{Result, service_dispatcher};
[INFO] [stdout]   |                       ^^^^^^  ^^^^^^^^^^^^^^^^^^ no `service_dispatcher` in the root
[INFO] [stdout]   |                       |
[INFO] [stdout]   |                       no `Result` in the root
[INFO] [stdout]   |
[INFO] [stdout]   = help: consider importing one of these items instead:
[INFO] [stdout]           std::fmt::Result
[INFO] [stdout]           std::io::Result
[INFO] [stdout]           std::result::Result
[INFO] [stdout]           std::thread::Result
[INFO] [stdout]           core::fmt::Result
[INFO] [stdout]           core::result::Result
[INFO] [stdout] 
[INFO] [stdout] error: cannot find macro `define_windows_service` in this scope
[INFO] [stdout]  --> src/lib.rs:35:1
[INFO] [stdout]   |
[INFO] [stdout] 8 | define_windows_service!(ffi_service_main, my_service_main);
[INFO] [stdout]   | ^^^^^^^^^^^^^^^^^^^^^^
[INFO] [stdout] 
[INFO] [stdout] error[E0425]: cannot find value `ffi_service_main` in this scope
[INFO] [stdout]   --> src/lib.rs:45:44
[INFO] [stdout]    |
[INFO] [stdout] 10 | fn my_service_main(arguments: Vec<OsString>) {
[INFO] [stdout]    | -------------------------------------------- similarly named function `my_service_main` defined here
[INFO] [stdout] ...
[INFO] [stdout] 18 |     service_dispatcher::start("myservice", ffi_service_main)?;
[INFO] [stdout]    |                                            ^^^^^^^^^^^^^^^^ help: a function with a similar name exists: `my_service_main`
[INFO] [stdout] 
[INFO] [stdout] error: aborting due to 3 previous errors
[INFO] [stdout] 
[INFO] [stdout] Some errors have detailed explanations: E0425, E0432.
[INFO] [stdout] For more information about an error, try `rustc --explain E0425`.
[INFO] [stdout] Couldn't compile the test.
[INFO] [stdout] 
[INFO] [stdout] failures:
[INFO] [stdout]     src/lib.rs - (line 112)
[INFO] [stdout]     src/lib.rs - (line 28)
[INFO] [stdout]     src/lib.rs - (line 55)
[INFO] [stdout] 
[INFO] [stdout] test result: FAILED. 0 passed; 3 failed; 0 ignored; 0 measured; 0 filtered out; finished in 0.05s
[INFO] [stdout] 
[INFO] [stderr] error: doctest failed, to rerun pass `--doc`
[INFO] running `Command { std: "docker" "inspect" "1d783f144732c9652e31d3a5763f30b0f60da0a2c1bfae451093516a8a893c67", kill_on_drop: false }`
[INFO] running `Command { std: "docker" "rm" "-f" "1d783f144732c9652e31d3a5763f30b0f60da0a2c1bfae451093516a8a893c67", kill_on_drop: false }`
[INFO] [stdout] 1d783f144732c9652e31d3a5763f30b0f60da0a2c1bfae451093516a8a893c67
[INFO] testing windows-service-0.6.0 against beta-2023-12-22 for beta-1.76-1
[INFO] extracting crate windows-service 0.6.0 into /workspace/builds/worker-3-tc2/source
[INFO] validating manifest of crates.io crate windows-service 0.6.0 on toolchain beta-2023-12-22
[INFO] running `Command { std: CARGO_HOME="/workspace/cargo-home" RUSTUP_HOME="/workspace/rustup-home" "/workspace/cargo-home/bin/cargo" "+beta-2023-12-22" "metadata" "--manifest-path" "Cargo.toml" "--no-deps", kill_on_drop: false }`
[INFO] started tweaking crates.io crate windows-service 0.6.0
[INFO] finished tweaking crates.io crate windows-service 0.6.0
[INFO] tweaked toml for crates.io crate windows-service 0.6.0 written to /workspace/builds/worker-3-tc2/source/Cargo.toml
[INFO] crate crates.io crate windows-service 0.6.0 already has a lockfile, it will not be regenerated
[INFO] running `Command { std: CARGO_HOME="/workspace/cargo-home" RUSTUP_HOME="/workspace/rustup-home" "/workspace/cargo-home/bin/cargo" "+beta-2023-12-22" "fetch" "--manifest-path" "Cargo.toml", kill_on_drop: false }`
[INFO] running `Command { std: "docker" "create" "-v" "/var/lib/crater-agent-workspace/builds/worker-3-tc2/target:/opt/rustwide/target:rw,Z" "-v" "/var/lib/crater-agent-workspace/builds/worker-3-tc2/source:/opt/rustwide/workdir:ro,Z" "-v" "/var/lib/crater-agent-workspace/cargo-home:/opt/rustwide/cargo-home:ro,Z" "-v" "/var/lib/crater-agent-workspace/rustup-home:/opt/rustwide/rustup-home:ro,Z" "-e" "SOURCE_DIR=/opt/rustwide/workdir" "-e" "CARGO_TARGET_DIR=/opt/rustwide/target" "-e" "CARGO_HOME=/opt/rustwide/cargo-home" "-e" "RUSTUP_HOME=/opt/rustwide/rustup-home" "-w" "/opt/rustwide/workdir" "-m" "1610612736" "--user" "0:0" "--network" "none" "ghcr.io/rust-lang/crates-build-env/linux@sha256:2788e3201cd34a07e3172128adcd8b3090168a8e3bcc40d7c032b9dda1df7d1c" "/opt/rustwide/cargo-home/bin/cargo" "+beta-2023-12-22" "metadata" "--no-deps" "--format-version=1", kill_on_drop: false }`
[INFO] [stdout] a6f7821ee9ef95046aa808c2a48471e69e1d3ed79a24e43f74ca051885ada14a
[INFO] running `Command { std: "docker" "start" "-a" "a6f7821ee9ef95046aa808c2a48471e69e1d3ed79a24e43f74ca051885ada14a", kill_on_drop: false }`
[INFO] running `Command { std: "docker" "inspect" "a6f7821ee9ef95046aa808c2a48471e69e1d3ed79a24e43f74ca051885ada14a", kill_on_drop: false }`
[INFO] running `Command { std: "docker" "rm" "-f" "a6f7821ee9ef95046aa808c2a48471e69e1d3ed79a24e43f74ca051885ada14a", kill_on_drop: false }`
[INFO] [stdout] a6f7821ee9ef95046aa808c2a48471e69e1d3ed79a24e43f74ca051885ada14a
[INFO] running `Command { std: "docker" "create" "-v" "/var/lib/crater-agent-workspace/builds/worker-3-tc2/target:/opt/rustwide/target:rw,Z" "-v" "/var/lib/crater-agent-workspace/builds/worker-3-tc2/source:/opt/rustwide/workdir:ro,Z" "-v" "/var/lib/crater-agent-workspace/cargo-home:/opt/rustwide/cargo-home:ro,Z" "-v" "/var/lib/crater-agent-workspace/rustup-home:/opt/rustwide/rustup-home:ro,Z" "-e" "SOURCE_DIR=/opt/rustwide/workdir" "-e" "CARGO_TARGET_DIR=/opt/rustwide/target" "-e" "CARGO_INCREMENTAL=0" "-e" "RUST_BACKTRACE=full" "-e" "RUSTFLAGS=--cap-lints=warn" "-e" "RUSTDOCFLAGS=--cap-lints=warn" "-e" "CARGO_HOME=/opt/rustwide/cargo-home" "-e" "RUSTUP_HOME=/opt/rustwide/rustup-home" "-w" "/opt/rustwide/workdir" "-m" "1610612736" "--user" "0:0" "--network" "none" "ghcr.io/rust-lang/crates-build-env/linux@sha256:2788e3201cd34a07e3172128adcd8b3090168a8e3bcc40d7c032b9dda1df7d1c" "/opt/rustwide/cargo-home/bin/cargo" "+beta-2023-12-22" "build" "--frozen" "--message-format=json", kill_on_drop: false }`
[INFO] [stdout] a7997077fe4089c358485f5334a191acf38f4d8e6de0b3848947a8d8f47296f1
[INFO] running `Command { std: "docker" "start" "-a" "a7997077fe4089c358485f5334a191acf38f4d8e6de0b3848947a8d8f47296f1", kill_on_drop: false }`
[INFO] [stderr]    Compiling windows-service v0.6.0 (/opt/rustwide/workdir)
[INFO] [stderr]     Finished dev [unoptimized + debuginfo] target(s) in 0.03s
[INFO] running `Command { std: "docker" "inspect" "a7997077fe4089c358485f5334a191acf38f4d8e6de0b3848947a8d8f47296f1", kill_on_drop: false }`
[INFO] running `Command { std: "docker" "rm" "-f" "a7997077fe4089c358485f5334a191acf38f4d8e6de0b3848947a8d8f47296f1", kill_on_drop: false }`
[INFO] [stdout] a7997077fe4089c358485f5334a191acf38f4d8e6de0b3848947a8d8f47296f1
[INFO] running `Command { std: "docker" "create" "-v" "/var/lib/crater-agent-workspace/builds/worker-3-tc2/target:/opt/rustwide/target:rw,Z" "-v" "/var/lib/crater-agent-workspace/builds/worker-3-tc2/source:/opt/rustwide/workdir:ro,Z" "-v" "/var/lib/crater-agent-workspace/cargo-home:/opt/rustwide/cargo-home:ro,Z" "-v" "/var/lib/crater-agent-workspace/rustup-home:/opt/rustwide/rustup-home:ro,Z" "-e" "SOURCE_DIR=/opt/rustwide/workdir" "-e" "CARGO_TARGET_DIR=/opt/rustwide/target" "-e" "CARGO_INCREMENTAL=0" "-e" "RUST_BACKTRACE=full" "-e" "RUSTFLAGS=--cap-lints=warn" "-e" "RUSTDOCFLAGS=--cap-lints=warn" "-e" "CARGO_HOME=/opt/rustwide/cargo-home" "-e" "RUSTUP_HOME=/opt/rustwide/rustup-home" "-w" "/opt/rustwide/workdir" "-m" "1610612736" "--user" "0:0" "--network" "none" "ghcr.io/rust-lang/crates-build-env/linux@sha256:2788e3201cd34a07e3172128adcd8b3090168a8e3bcc40d7c032b9dda1df7d1c" "/opt/rustwide/cargo-home/bin/cargo" "+beta-2023-12-22" "test" "--frozen" "--no-run" "--message-format=json", kill_on_drop: false }`
[INFO] [stdout] 9330fdce000dfc06ecf4eb189130963be082900df30d8cfdb6745c75cf3ae38e
[INFO] running `Command { std: "docker" "start" "-a" "9330fdce000dfc06ecf4eb189130963be082900df30d8cfdb6745c75cf3ae38e", kill_on_drop: false }`
[INFO] [stderr]    Compiling windows-service v0.6.0 (/opt/rustwide/workdir)
[INFO] [stderr]     Finished test [unoptimized + debuginfo] target(s) in 0.21s
[INFO] running `Command { std: "docker" "inspect" "9330fdce000dfc06ecf4eb189130963be082900df30d8cfdb6745c75cf3ae38e", kill_on_drop: false }`
[INFO] running `Command { std: "docker" "rm" "-f" "9330fdce000dfc06ecf4eb189130963be082900df30d8cfdb6745c75cf3ae38e", kill_on_drop: false }`
[INFO] [stdout] 9330fdce000dfc06ecf4eb189130963be082900df30d8cfdb6745c75cf3ae38e
[INFO] running `Command { std: "docker" "create" "-v" "/var/lib/crater-agent-workspace/builds/worker-3-tc2/target:/opt/rustwide/target:rw,Z" "-v" "/var/lib/crater-agent-workspace/builds/worker-3-tc2/source:/opt/rustwide/workdir:ro,Z" "-v" "/var/lib/crater-agent-workspace/cargo-home:/opt/rustwide/cargo-home:ro,Z" "-v" "/var/lib/crater-agent-workspace/rustup-home:/opt/rustwide/rustup-home:ro,Z" "-e" "SOURCE_DIR=/opt/rustwide/workdir" "-e" "CARGO_TARGET_DIR=/opt/rustwide/target" "-e" "CARGO_INCREMENTAL=0" "-e" "RUST_BACKTRACE=full" "-e" "RUSTFLAGS=--cap-lints=warn" "-e" "RUSTDOCFLAGS=--cap-lints=warn" "-e" "CARGO_HOME=/opt/rustwide/cargo-home" "-e" "RUSTUP_HOME=/opt/rustwide/rustup-home" "-w" "/opt/rustwide/workdir" "-m" "1610612736" "--user" "0:0" "--network" "none" "ghcr.io/rust-lang/crates-build-env/linux@sha256:2788e3201cd34a07e3172128adcd8b3090168a8e3bcc40d7c032b9dda1df7d1c" "/opt/rustwide/cargo-home/bin/cargo" "+beta-2023-12-22" "test" "--frozen", kill_on_drop: false }`
[INFO] [stdout] 8c9a4e877a43032ba796e111541b272cc09eb4c2a84cf30b8821b0978aebb126
[INFO] running `Command { std: "docker" "start" "-a" "8c9a4e877a43032ba796e111541b272cc09eb4c2a84cf30b8821b0978aebb126", kill_on_drop: false }`
[INFO] [stderr]     Finished test [unoptimized + debuginfo] target(s) in 0.00s
[INFO] [stderr]      Running unittests src/lib.rs (/opt/rustwide/target/debug/deps/windows_service-4dea6f9138b20e7b)
[INFO] [stdout] 
[INFO] [stdout] running 0 tests
[INFO] [stdout] 
[INFO] [stdout] test result: ok. 0 passed; 0 failed; 0 ignored; 0 measured; 0 filtered out; finished in 0.00s
[INFO] [stdout] 
[INFO] [stderr]    Doc-tests windows-service
[INFO] [stdout] 
[INFO] [stdout] running 3 tests
[INFO] [stdout] test src/lib.rs - (line 55) - compile ... FAILED
[INFO] [stdout] test src/lib.rs - (line 112) - compile ... FAILED
[INFO] [stdout] test src/lib.rs - (line 28) - compile ... FAILED
[INFO] [stdout] 
[INFO] [stdout] failures:
[INFO] [stdout] 
[INFO] [stdout] ---- src/lib.rs - (line 55) stdout ----
[INFO] [stdout] error[E0432]: unresolved import `windows_service::service`
[INFO] [stdout]  --> src/lib.rs:59:22
[INFO] [stdout]   |
[INFO] [stdout] 6 | use windows_service::service::ServiceControl;
[INFO] [stdout]   |                      ^^^^^^^ could not find `service` in `windows_service`
[INFO] [stdout] 
[INFO] [stdout] error[E0432]: unresolved imports `windows_service::service_control_handler`, `windows_service::service_control_handler`
[INFO] [stdout]  --> src/lib.rs:60:22
[INFO] [stdout]   |
[INFO] [stdout] 7 | use windows_service::service_control_handler::{self, ServiceControlHandlerResult};
[INFO] [stdout]   |                      ^^^^^^^^^^^^^^^^^^^^^^^   ^^^^ no `service_control_handler` in the root
[INFO] [stdout]   |                      |
[INFO] [stdout]   |                      could not find `service_control_handler` in `windows_service`
[INFO] [stdout] 
[INFO] [stdout] error[E0432]: unresolved import `windows_service::Result`
[INFO] [stdout]  --> src/lib.rs:61:5
[INFO] [stdout]   |
[INFO] [stdout] 8 | use windows_service::Result;
[INFO] [stdout]   |     ^^^^^^^^^^^^^^^^^^^^^^^ no `Result` in the root
[INFO] [stdout]   |
[INFO] [stdout] help: consider importing one of these items instead
[INFO] [stdout]   |
[INFO] [stdout] 8 | use core::fmt::Result;
[INFO] [stdout]   |     ~~~~~~~~~~~~~~~~~
[INFO] [stdout] 8 | use core::result::Result;
[INFO] [stdout]   |     ~~~~~~~~~~~~~~~~~~~~
[INFO] [stdout] 8 | use std::fmt::Result;
[INFO] [stdout]   |     ~~~~~~~~~~~~~~~~
[INFO] [stdout] 8 | use std::io::Result;
[INFO] [stdout]   |     ~~~~~~~~~~~~~~~
[INFO] [stdout]     and 2 other candidates
[INFO] [stdout] 
[INFO] [stdout] error: aborting due to 3 previous errors
[INFO] [stdout] 
[INFO] [stdout] For more information about this error, try `rustc --explain E0432`.
[INFO] [stdout] Couldn't compile the test.
[INFO] [stdout] ---- src/lib.rs - (line 112) stdout ----
[INFO] [stdout] error[E0432]: unresolved import `windows_service::service`
[INFO] [stdout]  --> src/lib.rs:117:22
[INFO] [stdout]   |
[INFO] [stdout] 7 | use windows_service::service::{
[INFO] [stdout]   |                      ^^^^^^^ could not find `service` in `windows_service`
[INFO] [stdout] 
[INFO] [stdout] error[E0432]: unresolved imports `windows_service::service_control_handler`, `windows_service::service_control_handler`
[INFO] [stdout]   --> src/lib.rs:121:22
[INFO] [stdout]    |
[INFO] [stdout] 11 | use windows_service::service_control_handler::{self, ServiceControlHandlerResult};
[INFO] [stdout]    |                      ^^^^^^^^^^^^^^^^^^^^^^^   ^^^^ no `service_control_handler` in the root
[INFO] [stdout]    |                      |
[INFO] [stdout]    |                      could not find `service_control_handler` in `windows_service`
[INFO] [stdout] 
[INFO] [stdout] error[E0412]: cannot find type `Result` in crate `windows_service`
[INFO] [stdout]   --> src/lib.rs:129:62
[INFO] [stdout]    |
[INFO] [stdout] 19 | fn run_service(arguments: Vec<OsString>) -> windows_service::Result<()> {
[INFO] [stdout]    |                                                              ^^^^^^ not found in `windows_service`
[INFO] [stdout]    |
[INFO] [stdout] help: consider importing one of these items
[INFO] [stdout]    |
[INFO] [stdout] 2  + use core::fmt::Result;
[INFO] [stdout]    |
[INFO] [stdout] 2  + use core::result::Result;
[INFO] [stdout]    |
[INFO] [stdout] 2  + use std::fmt::Result;
[INFO] [stdout]    |
[INFO] [stdout] 2  + use std::io::Result;
[INFO] [stdout]    |
[INFO] [stdout]      and 2 other candidates
[INFO] [stdout] help: if you import `Result`, refer to it directly
[INFO] [stdout]    |
[INFO] [stdout] 19 - fn run_service(arguments: Vec<OsString>) -> windows_service::Result<()> {
[INFO] [stdout] 19 + fn run_service(arguments: Vec<OsString>) -> Result<()> {
[INFO] [stdout]    |
[INFO] [stdout] 
[INFO] [stdout] error: aborting due to 3 previous errors
[INFO] [stdout] 
[INFO] [stdout] Some errors have detailed explanations: E0412, E0432.
[INFO] [stdout] For more information about an error, try `rustc --explain E0412`.
[INFO] [stdout] Couldn't compile the test.
[INFO] [stdout] ---- src/lib.rs - (line 28) stdout ----
[INFO] [stdout] error[E0432]: unresolved imports `windows_service::Result`, `windows_service::service_dispatcher`
[INFO] [stdout]  --> src/lib.rs:33:23
[INFO] [stdout]   |
[INFO] [stdout] 6 | use windows_service::{Result, service_dispatcher};
[INFO] [stdout]   |                       ^^^^^^  ^^^^^^^^^^^^^^^^^^ no `service_dispatcher` in the root
[INFO] [stdout]   |                       |
[INFO] [stdout]   |                       no `Result` in the root
[INFO] [stdout]   |
[INFO] [stdout]   = help: consider importing one of these items instead:
[INFO] [stdout]           core::fmt::Result
[INFO] [stdout]           core::result::Result
[INFO] [stdout]           std::fmt::Result
[INFO] [stdout]           std::io::Result
[INFO] [stdout]           std::result::Result
[INFO] [stdout]           std::thread::Result
[INFO] [stdout] 
[INFO] [stdout] error: cannot find macro `define_windows_service` in this scope
[INFO] [stdout]  --> src/lib.rs:35:1
[INFO] [stdout]   |
[INFO] [stdout] 8 | define_windows_service!(ffi_service_main, my_service_main);
[INFO] [stdout]   | ^^^^^^^^^^^^^^^^^^^^^^
[INFO] [stdout] 
[INFO] [stdout] error[E0425]: cannot find value `ffi_service_main` in this scope
[INFO] [stdout]   --> src/lib.rs:45:44
[INFO] [stdout]    |
[INFO] [stdout] 10 | fn my_service_main(arguments: Vec<OsString>) {
[INFO] [stdout]    | -------------------------------------------- similarly named function `my_service_main` defined here
[INFO] [stdout] ...
[INFO] [stdout] 18 |     service_dispatcher::start("myservice", ffi_service_main)?;
[INFO] [stdout]    |                                            ^^^^^^^^^^^^^^^^ help: a function with a similar name exists: `my_service_main`
[INFO] [stdout] 
[INFO] [stdout] error: aborting due to 3 previous errors
[INFO] [stdout] 
[INFO] [stdout] Some errors have detailed explanations: E0425, E0432.
[INFO] [stdout] For more information about an error, try `rustc --explain E0425`.
[INFO] [stdout] Couldn't compile the test.
[INFO] [stdout] 
[INFO] [stdout] failures:
[INFO] [stdout]     src/lib.rs - (line 112)
[INFO] [stdout]     src/lib.rs - (line 28)
[INFO] [stdout]     src/lib.rs - (line 55)
[INFO] [stdout] 
[INFO] [stdout] test result: FAILED. 0 passed; 3 failed; 0 ignored; 0 measured; 0 filtered out; finished in 0.04s
[INFO] [stdout] 
[INFO] [stderr] error: doctest failed, to rerun pass `--doc`
[INFO] running `Command { std: "docker" "inspect" "8c9a4e877a43032ba796e111541b272cc09eb4c2a84cf30b8821b0978aebb126", kill_on_drop: false }`
[INFO] running `Command { std: "docker" "rm" "-f" "8c9a4e877a43032ba796e111541b272cc09eb4c2a84cf30b8821b0978aebb126", kill_on_drop: false }`
[INFO] [stdout] 8c9a4e877a43032ba796e111541b272cc09eb4c2a84cf30b8821b0978aebb126
