[INFO] fetching crate wildescape 0.1.0...
[INFO] testing wildescape-0.1.0 against 1.75.0 for beta-1.76-1
[INFO] extracting crate wildescape 0.1.0 into /workspace/builds/worker-5-tc1/source
[INFO] validating manifest of crates.io crate wildescape 0.1.0 on toolchain 1.75.0
[INFO] running `Command { std: CARGO_HOME="/workspace/cargo-home" RUSTUP_HOME="/workspace/rustup-home" "/workspace/cargo-home/bin/cargo" "+1.75.0" "metadata" "--manifest-path" "Cargo.toml" "--no-deps", kill_on_drop: false }`
[INFO] started tweaking crates.io crate wildescape 0.1.0
[INFO] finished tweaking crates.io crate wildescape 0.1.0
[INFO] tweaked toml for crates.io crate wildescape 0.1.0 written to /workspace/builds/worker-5-tc1/source/Cargo.toml
[INFO] running `Command { std: CARGO_HOME="/workspace/cargo-home" RUSTUP_HOME="/workspace/rustup-home" "/workspace/cargo-home/bin/cargo" "+1.75.0" "generate-lockfile" "--manifest-path" "Cargo.toml", kill_on_drop: false }`
[INFO] [stderr]     Updating crates.io index
[INFO] running `Command { std: CARGO_HOME="/workspace/cargo-home" RUSTUP_HOME="/workspace/rustup-home" "/workspace/cargo-home/bin/cargo" "+1.75.0" "fetch" "--manifest-path" "Cargo.toml", kill_on_drop: false }`
[INFO] [stderr]  Downloading crates ...
[INFO] [stderr]   Downloaded ntest_test_cases v0.7.5
[INFO] [stderr]   Downloaded ntest_timeout v0.7.5
[INFO] [stderr]   Downloaded ntest v0.7.5
[INFO] [stderr]   Downloaded ntest_proc_macro_helper v0.7.5
[INFO] running `Command { std: "docker" "create" "-v" "/var/lib/crater-agent-workspace/builds/worker-5-tc1/target:/opt/rustwide/target:rw,Z" "-v" "/var/lib/crater-agent-workspace/builds/worker-5-tc1/source:/opt/rustwide/workdir:ro,Z" "-v" "/var/lib/crater-agent-workspace/cargo-home:/opt/rustwide/cargo-home:ro,Z" "-v" "/var/lib/crater-agent-workspace/rustup-home:/opt/rustwide/rustup-home:ro,Z" "-e" "SOURCE_DIR=/opt/rustwide/workdir" "-e" "CARGO_TARGET_DIR=/opt/rustwide/target" "-e" "CARGO_HOME=/opt/rustwide/cargo-home" "-e" "RUSTUP_HOME=/opt/rustwide/rustup-home" "-w" "/opt/rustwide/workdir" "-m" "1610612736" "--user" "0:0" "--network" "none" "ghcr.io/rust-lang/crates-build-env/linux@sha256:2788e3201cd34a07e3172128adcd8b3090168a8e3bcc40d7c032b9dda1df7d1c" "/opt/rustwide/cargo-home/bin/cargo" "+1.75.0" "metadata" "--no-deps" "--format-version=1", kill_on_drop: false }`
[INFO] [stdout] 34a57b081776f756b4986eab2e854b7477f10c756b422845b0333afd695e8c64
[INFO] running `Command { std: "docker" "start" "-a" "34a57b081776f756b4986eab2e854b7477f10c756b422845b0333afd695e8c64", kill_on_drop: false }`
[INFO] running `Command { std: "docker" "inspect" "34a57b081776f756b4986eab2e854b7477f10c756b422845b0333afd695e8c64", kill_on_drop: false }`
[INFO] running `Command { std: "docker" "rm" "-f" "34a57b081776f756b4986eab2e854b7477f10c756b422845b0333afd695e8c64", kill_on_drop: false }`
[INFO] [stdout] 34a57b081776f756b4986eab2e854b7477f10c756b422845b0333afd695e8c64
[INFO] running `Command { std: "docker" "create" "-v" "/var/lib/crater-agent-workspace/builds/worker-5-tc1/target:/opt/rustwide/target:rw,Z" "-v" "/var/lib/crater-agent-workspace/builds/worker-5-tc1/source:/opt/rustwide/workdir:ro,Z" "-v" "/var/lib/crater-agent-workspace/cargo-home:/opt/rustwide/cargo-home:ro,Z" "-v" "/var/lib/crater-agent-workspace/rustup-home:/opt/rustwide/rustup-home:ro,Z" "-e" "SOURCE_DIR=/opt/rustwide/workdir" "-e" "CARGO_TARGET_DIR=/opt/rustwide/target" "-e" "CARGO_INCREMENTAL=0" "-e" "RUST_BACKTRACE=full" "-e" "RUSTFLAGS=--cap-lints=warn" "-e" "RUSTDOCFLAGS=--cap-lints=warn" "-e" "CARGO_HOME=/opt/rustwide/cargo-home" "-e" "RUSTUP_HOME=/opt/rustwide/rustup-home" "-w" "/opt/rustwide/workdir" "-m" "1610612736" "--user" "0:0" "--network" "none" "ghcr.io/rust-lang/crates-build-env/linux@sha256:2788e3201cd34a07e3172128adcd8b3090168a8e3bcc40d7c032b9dda1df7d1c" "/opt/rustwide/cargo-home/bin/cargo" "+1.75.0" "build" "--frozen" "--message-format=json", kill_on_drop: false }`
[INFO] [stdout] ab3083da24b45de81b463592e42fc69dab1e5646de5729ebc370431def3c3f47
[INFO] running `Command { std: "docker" "start" "-a" "ab3083da24b45de81b463592e42fc69dab1e5646de5729ebc370431def3c3f47", kill_on_drop: false }`
[INFO] [stderr]    Compiling wildescape v0.1.0 (/opt/rustwide/workdir)
[INFO] [stderr]     Finished dev [unoptimized + debuginfo] target(s) in 0.13s
[INFO] running `Command { std: "docker" "inspect" "ab3083da24b45de81b463592e42fc69dab1e5646de5729ebc370431def3c3f47", kill_on_drop: false }`
[INFO] running `Command { std: "docker" "rm" "-f" "ab3083da24b45de81b463592e42fc69dab1e5646de5729ebc370431def3c3f47", kill_on_drop: false }`
[INFO] [stdout] ab3083da24b45de81b463592e42fc69dab1e5646de5729ebc370431def3c3f47
[INFO] running `Command { std: "docker" "create" "-v" "/var/lib/crater-agent-workspace/builds/worker-5-tc1/target:/opt/rustwide/target:rw,Z" "-v" "/var/lib/crater-agent-workspace/builds/worker-5-tc1/source:/opt/rustwide/workdir:ro,Z" "-v" "/var/lib/crater-agent-workspace/cargo-home:/opt/rustwide/cargo-home:ro,Z" "-v" "/var/lib/crater-agent-workspace/rustup-home:/opt/rustwide/rustup-home:ro,Z" "-e" "SOURCE_DIR=/opt/rustwide/workdir" "-e" "CARGO_TARGET_DIR=/opt/rustwide/target" "-e" "CARGO_INCREMENTAL=0" "-e" "RUST_BACKTRACE=full" "-e" "RUSTFLAGS=--cap-lints=warn" "-e" "RUSTDOCFLAGS=--cap-lints=warn" "-e" "CARGO_HOME=/opt/rustwide/cargo-home" "-e" "RUSTUP_HOME=/opt/rustwide/rustup-home" "-w" "/opt/rustwide/workdir" "-m" "1610612736" "--user" "0:0" "--network" "none" "ghcr.io/rust-lang/crates-build-env/linux@sha256:2788e3201cd34a07e3172128adcd8b3090168a8e3bcc40d7c032b9dda1df7d1c" "/opt/rustwide/cargo-home/bin/cargo" "+1.75.0" "test" "--frozen" "--no-run" "--message-format=json", kill_on_drop: false }`
[INFO] [stdout] 1722bcf79ac791fac05630cc405f1b19ad0d74adbc9dd63ed6cd69a212595bff
[INFO] running `Command { std: "docker" "start" "-a" "1722bcf79ac791fac05630cc405f1b19ad0d74adbc9dd63ed6cd69a212595bff", kill_on_drop: false }`
[INFO] [stderr]    Compiling proc-macro2 v1.0.75
[INFO] [stderr]    Compiling unicode-ident v1.0.12
[INFO] [stderr]    Compiling serde v1.0.194
[INFO] [stderr]    Compiling crossbeam-utils v0.8.18
[INFO] [stderr]    Compiling memchr v2.7.1
[INFO] [stderr]    Compiling syn v1.0.109
[INFO] [stderr]    Compiling equivalent v1.0.1
[INFO] [stderr]    Compiling hashbrown v0.14.3
[INFO] [stderr]    Compiling num-traits v0.2.17
[INFO] [stderr]    Compiling winnow v0.5.32
[INFO] [stderr]    Compiling rayon-core v1.12.0
[INFO] [stderr]    Compiling toml_datetime v0.6.5
[INFO] [stderr]    Compiling indexmap v2.1.0
[INFO] [stderr]    Compiling serde_json v1.0.111
[INFO] [stderr]    Compiling quote v1.0.35
[INFO] [stderr]    Compiling libc v0.2.151
[INFO] [stderr]    Compiling crossbeam-epoch v0.9.17
[INFO] [stderr]    Compiling ryu v1.0.16
[INFO] [stderr]    Compiling itoa v1.0.10
[INFO] [stderr]    Compiling either v1.9.0
[INFO] [stderr]    Compiling aho-corasick v1.1.2
[INFO] [stderr]    Compiling plotters-backend v0.3.5
[INFO] [stderr]    Compiling crossbeam-deque v0.8.4
[INFO] [stderr]    Compiling unicode-width v0.1.11
[INFO] [stderr]    Compiling once_cell v1.19.0
[INFO] [stderr]    Compiling regex-syntax v0.8.2
[INFO] [stderr]    Compiling textwrap v0.11.0
[INFO] [stderr]    Compiling plotters-svg v0.3.5
[INFO] [stderr]    Compiling itertools v0.10.5
[INFO] [stderr]    Compiling toml_edit v0.19.15
[INFO] [stderr]    Compiling syn v2.0.48
[INFO] [stderr]    Compiling csv-core v0.1.11
[INFO] [stderr]    Compiling half v1.8.2
[INFO] [stderr]    Compiling proc-macro-crate v1.3.1
[INFO] [stderr]    Compiling regex-automata v0.4.3
[INFO] [stderr]    Compiling same-file v1.0.6
[INFO] [stderr]    Compiling cast v0.3.0
[INFO] [stderr]    Compiling ntest_proc_macro_helper v0.7.5
[INFO] [stderr]    Compiling criterion-plot v0.4.5
[INFO] [stderr]    Compiling tinytemplate v1.2.1
[INFO] [stderr]    Compiling walkdir v2.4.0
[INFO] [stderr]    Compiling clap v2.34.0
[INFO] [stderr]    Compiling serde_cbor v0.11.2
[INFO] [stderr]    Compiling csv v1.3.0
[INFO] [stderr]    Compiling atty v0.2.14
[INFO] [stderr]    Compiling plotters v0.3.5
[INFO] [stderr]    Compiling rayon v1.8.0
[INFO] [stderr]    Compiling ntest_test_cases v0.7.5
[INFO] [stderr]    Compiling ntest_timeout v0.7.5
[INFO] [stderr]    Compiling regex v1.10.2
[INFO] [stderr]    Compiling oorandom v11.1.3
[INFO] [stderr]    Compiling glob v0.3.1
[INFO] [stderr]    Compiling ntest v0.7.5
[INFO] [stderr]    Compiling serde_derive v1.0.194
[INFO] [stderr]    Compiling criterion v0.3.6
[INFO] [stderr]    Compiling wildescape v0.1.0 (/opt/rustwide/workdir)
[INFO] [stderr]     Finished test [unoptimized + debuginfo] target(s) in 16.78s
[INFO] running `Command { std: "docker" "inspect" "1722bcf79ac791fac05630cc405f1b19ad0d74adbc9dd63ed6cd69a212595bff", kill_on_drop: false }`
[INFO] running `Command { std: "docker" "rm" "-f" "1722bcf79ac791fac05630cc405f1b19ad0d74adbc9dd63ed6cd69a212595bff", kill_on_drop: false }`
[INFO] [stdout] 1722bcf79ac791fac05630cc405f1b19ad0d74adbc9dd63ed6cd69a212595bff
[INFO] running `Command { std: "docker" "create" "-v" "/var/lib/crater-agent-workspace/builds/worker-5-tc1/target:/opt/rustwide/target:rw,Z" "-v" "/var/lib/crater-agent-workspace/builds/worker-5-tc1/source:/opt/rustwide/workdir:ro,Z" "-v" "/var/lib/crater-agent-workspace/cargo-home:/opt/rustwide/cargo-home:ro,Z" "-v" "/var/lib/crater-agent-workspace/rustup-home:/opt/rustwide/rustup-home:ro,Z" "-e" "SOURCE_DIR=/opt/rustwide/workdir" "-e" "CARGO_TARGET_DIR=/opt/rustwide/target" "-e" "CARGO_INCREMENTAL=0" "-e" "RUST_BACKTRACE=full" "-e" "RUSTFLAGS=--cap-lints=warn" "-e" "RUSTDOCFLAGS=--cap-lints=warn" "-e" "CARGO_HOME=/opt/rustwide/cargo-home" "-e" "RUSTUP_HOME=/opt/rustwide/rustup-home" "-w" "/opt/rustwide/workdir" "-m" "1610612736" "--user" "0:0" "--network" "none" "ghcr.io/rust-lang/crates-build-env/linux@sha256:2788e3201cd34a07e3172128adcd8b3090168a8e3bcc40d7c032b9dda1df7d1c" "/opt/rustwide/cargo-home/bin/cargo" "+1.75.0" "test" "--frozen", kill_on_drop: false }`
[INFO] [stdout] 5a341091290050c8502e34b58045a8a53d6baaa0303c2a4f86377dc1e3227e1b
[INFO] running `Command { std: "docker" "start" "-a" "5a341091290050c8502e34b58045a8a53d6baaa0303c2a4f86377dc1e3227e1b", kill_on_drop: false }`
[INFO] [stderr]     Finished test [unoptimized + debuginfo] target(s) in 0.05s
[INFO] [stderr]      Running unittests src/lib.rs (/opt/rustwide/target/debug/deps/wildescape-261d9a32594692df)
[INFO] [stdout] 
[INFO] [stdout] running 79 tests
[INFO] [stdout] test tests::compare_default ... ok
[INFO] [stdout] test tests::compare_empty ... ok
[INFO] [stdout] test tests::complex_pattern ... ok
[INFO] [stdout] test tests::compare_wild_match ... ok
[INFO] [stdout] test tests::is_match__asterisk ... ok
[INFO] [stdout] test tests::compare_via_equal ... ok
[INFO] [stdout] test tests::is_match__asterisk_asterisk ... ok
[INFO] [stdout] test tests::is_match__questionmark_questionmark_questionmark ... ok
[INFO] [stdout] test tests::is_match__asteriskcat ... ok
[INFO] [stdout] test tests::is_match_c_questionmark_asterisk ... ok
[INFO] [stdout] test tests::is_match_c_asterisk ... ok
[INFO] [stdout] test tests::match_escape__questionmark_tilde_tilde_questionmark_a_tildeb ... ok
[INFO] [stdout] test tests::match_escape__tilde_asterisk__asterisk ... ok
[INFO] [stdout] test tests::match_escape__tilde_questionmark__questionmark ... ok
[INFO] [stdout] test tests::match_escape__tilde_tilde__tilde ... ok
[INFO] [stdout] test tests::match_long_33_asterisk_333 ... ok
[INFO] [stdout] test tests::match_long__asterisk32_3232 ... ok
[INFO] [stdout] test tests::is_match_cat ... ok
[INFO] [stdout] test tests::is_match_c_questionmarkt ... ok
[INFO] [stdout] test tests::is_match__asterisk_questionmark_asterisk ... ok
[INFO] [stdout] test tests::is_match_cat_asterisk ... ok
[INFO] [stdout] test tests::match_long____ ... ok
[INFO] [stdout] test tests::match_long__asterisk32_32 ... ok
[INFO] [stdout] test tests::match_long__asterisk332_332 ... ok
[INFO] [stdout] test tests::match_long__asterisk_questionmark2_332 ... ok
[INFO] [stdout] test tests::match_long__asterisk__questionmark ... ok
[INFO] [stdout] test tests::match_long__asterisk32_3232332 ... ok
[INFO] [stdout] test tests::match_long__asterisk____ ... ok
[INFO] [stdout] test tests::match_long__asterisk32_432 ... ok
[INFO] [stdout] test tests::match_long__asterisk32_332 ... ok
[INFO] [stdout] test tests::match_long__asterisk__asterisk ... ok
[INFO] [stdout] test tests::match_long__asterisk_questionmark2_3332 ... ok
[INFO] [stdout] test tests::match_long__asterisk_questionmark_asterisk_d_ampercand_left_paranthesis_asteriskog_cat_dog ... ok
[INFO] [stdout] test tests::match_long__asteriska_asterisk_d_ampercand_left_paranthesis_asteriskog_cat_dog ... ok
[INFO] [stdout] test tests::match_long__asteriskat_dog_cat_dog ... ok
[INFO] [stdout] test tests::match_long__asterisko_questionmark_cat_dog ... ok
[INFO] [stdout] test tests::match_long__asterisko_questionmarka_asterisk_foobar ... ok
[INFO] [stdout] test tests::match_long__asterisk_questionmark_questionmark_questionmarka_bbbbbba ... ok
[INFO] [stdout] test tests::match_long__asterisko_questionmarka_asteriskr_foobar ... ok
[INFO] [stdout] test tests::match_long__asterisk_questionmark_questionmark_questionmarka_bbbba ... ok
[INFO] [stdout] test tests::match_long__asterisk_questionmark_xx ... ok
[INFO] [stdout] test tests::match_long__asteriskooo_questionmarkar_foooobar ... ok
[INFO] [stdout] test tests::match_long__questionmark__questionmark ... ok
[INFO] [stdout] test tests::match_long__asterisk_questionmark_questionmark_questionmarka_bbbbba ... ok
[INFO] [stdout] test tests::match_long__asteriskcat_asterisk_d_ampercand_left_paranthesis_asteriskog_cat_dog ... ok
[INFO] [stdout] test tests::match_long__asterisko_questionmark_hog_cat_dog ... ok
[INFO] [stdout] test tests::match_long_da_asteriskda_asteriskda_asterisk_daaadabadmanda ... ok
[INFO] [stdout] test tests::match_long_wild_asteriskcats_wild_questionmarkcats ... ok
[INFO] [stdout] test tests::no_match__asteriskd ... ok
[INFO] [stdout] test tests::match_long_wi_asteriskca_asterisks_wildcats ... ok
[INFO] [stdout] test tests::no_match__asteriskd_asterisk ... ok
[INFO] [stdout] test tests::no_match__questionmark ... ok
[INFO] [stdout] test tests::no_match_cacat ... ok
[INFO] [stdout] test tests::no_match_cat_asteriskdog ... ok
[INFO] [stdout] test tests::no_match_cat_questionmark ... ok
[INFO] [stdout] test tests::no_match_cats ... ok
[INFO] [stdout] test tests::no_match_d_asterisk ... ok
[INFO] [stdout] test tests::match_long_wildcats_wildcats ... ok
[INFO] [stdout] test tests::match_long_wi_asteriskca_questionmarks_wildcats ... ok
[INFO] [stdout] test tests::no_match__asterisk_questionmark_questionmark_questionmark_questionmark ... ok
[INFO] [stdout] test tests::no_match__questionmark_questionmark ... ok
[INFO] [stdout] test tests::no_match__questionmark_questionmark_questionmark_questionmark_questionmark ... ok
[INFO] [stdout] test tests::no_match__questionmark_questionmark_questionmark_questionmark ... ok
[INFO] [stdout] test tests::no_match__asteriskc ... ok
[INFO] [stdout] test tests::no_match_long____ ... ok
[INFO] [stdout] test tests::no_match_long___wildcats ... ok
[INFO] [stdout] test tests::no_match_long__asteriska_wildcats ... ok
[INFO] [stdout] test tests::no_match_long__wildcats ... ok
[INFO] [stdout] test tests::no_match_long__asteriskx_asterisk_wildcats ... ok
[INFO] [stdout] test tests::print_string ... ok
[INFO] [stdout] test tests::to_string_empty ... ok
[INFO] [stdout] test tests::to_string_with_question_sign ... ok
[INFO] [stdout] test tests::to_string_with_star ... ok
[INFO] [stdout] test tests::no_match_long_cat_questionmark_wildcats ... ok
[INFO] [stdout] test tests::no_match_long__questionmark_questionmark_questionmark_wildcats ... ok
[INFO] [stdout] test tests::special_chars ... ok
[INFO] [stdout] test tests::whitespaceMismatch ... ok
[INFO] [stdout] test tests::no_match_long_cat_asterisk_wildcats ... ok
[INFO] [stdout] test tests::to_string_f ... ok
[INFO] [stdout] 
[INFO] [stdout] test result: ok. 79 passed; 0 failed; 0 ignored; 0 measured; 0 filtered out; finished in 0.03s
[INFO] [stdout] 
[INFO] [stderr]    Doc-tests wildescape
[INFO] [stdout] 
[INFO] [stdout] running 2 tests
[INFO] [stdout] test src/lib.rs - (line 20) ... FAILED
[INFO] [stdout] test src/lib.rs - (line 12) ... FAILED
[INFO] [stdout] 
[INFO] [stdout] failures:
[INFO] [stdout] 
[INFO] [stdout] ---- src/lib.rs - (line 20) stdout ----
[INFO] [stdout] error[E0463]: can't find crate for `wildmatch`
[INFO] [stdout]  --> src/lib.rs:20:1
[INFO] [stdout]   |
[INFO] [stdout] 2 | extern crate wildmatch; use wildmatch::WildMatch;
[INFO] [stdout]   | ^^^^^^^^^^^^^^^^^^^^^^^ can't find crate
[INFO] [stdout] 
[INFO] [stdout] error: aborting due to previous error
[INFO] [stdout] 
[INFO] [stdout] For more information about this error, try `rustc --explain E0463`.
[INFO] [stdout] Couldn't compile the test.
[INFO] [stdout] ---- src/lib.rs - (line 12) stdout ----
[INFO] [stdout] error[E0463]: can't find crate for `wildmatch`
[INFO] [stdout]  --> src/lib.rs:12:1
[INFO] [stdout]   |
[INFO] [stdout] 2 | extern crate wildmatch; use wildmatch::WildMatch;
[INFO] [stdout]   | ^^^^^^^^^^^^^^^^^^^^^^^ can't find crate
[INFO] [stdout] 
[INFO] [stdout] error: aborting due to previous error
[INFO] [stdout] 
[INFO] [stdout] For more information about this error, try `rustc --explain E0463`.
[INFO] [stdout] Couldn't compile the test.
[INFO] [stdout] 
[INFO] [stdout] failures:
[INFO] [stdout]     src/lib.rs - (line 12)
[INFO] [stdout]     src/lib.rs - (line 20)
[INFO] [stdout] 
[INFO] [stdout] test result: FAILED. 0 passed; 2 failed; 0 ignored; 0 measured; 0 filtered out; finished in 0.03s
[INFO] [stdout] 
[INFO] [stderr] error: doctest failed, to rerun pass `--doc`
[INFO] running `Command { std: "docker" "inspect" "5a341091290050c8502e34b58045a8a53d6baaa0303c2a4f86377dc1e3227e1b", kill_on_drop: false }`
[INFO] running `Command { std: "docker" "rm" "-f" "5a341091290050c8502e34b58045a8a53d6baaa0303c2a4f86377dc1e3227e1b", kill_on_drop: false }`
[INFO] [stdout] 5a341091290050c8502e34b58045a8a53d6baaa0303c2a4f86377dc1e3227e1b
[INFO] testing wildescape-0.1.0 against beta-2023-12-22 for beta-1.76-1
[INFO] extracting crate wildescape 0.1.0 into /workspace/builds/worker-5-tc2/source
[INFO] validating manifest of crates.io crate wildescape 0.1.0 on toolchain beta-2023-12-22
[INFO] running `Command { std: CARGO_HOME="/workspace/cargo-home" RUSTUP_HOME="/workspace/rustup-home" "/workspace/cargo-home/bin/cargo" "+beta-2023-12-22" "metadata" "--manifest-path" "Cargo.toml" "--no-deps", kill_on_drop: false }`
[INFO] started tweaking crates.io crate wildescape 0.1.0
[INFO] finished tweaking crates.io crate wildescape 0.1.0
[INFO] tweaked toml for crates.io crate wildescape 0.1.0 written to /workspace/builds/worker-5-tc2/source/Cargo.toml
[INFO] running `Command { std: CARGO_HOME="/workspace/cargo-home" RUSTUP_HOME="/workspace/rustup-home" "/workspace/cargo-home/bin/cargo" "+beta-2023-12-22" "generate-lockfile" "--manifest-path" "Cargo.toml", kill_on_drop: false }`
[INFO] [stderr]     Updating crates.io index
[INFO] running `Command { std: CARGO_HOME="/workspace/cargo-home" RUSTUP_HOME="/workspace/rustup-home" "/workspace/cargo-home/bin/cargo" "+beta-2023-12-22" "fetch" "--manifest-path" "Cargo.toml", kill_on_drop: false }`
[INFO] running `Command { std: "docker" "create" "-v" "/var/lib/crater-agent-workspace/builds/worker-5-tc2/target:/opt/rustwide/target:rw,Z" "-v" "/var/lib/crater-agent-workspace/builds/worker-5-tc2/source:/opt/rustwide/workdir:ro,Z" "-v" "/var/lib/crater-agent-workspace/cargo-home:/opt/rustwide/cargo-home:ro,Z" "-v" "/var/lib/crater-agent-workspace/rustup-home:/opt/rustwide/rustup-home:ro,Z" "-e" "SOURCE_DIR=/opt/rustwide/workdir" "-e" "CARGO_TARGET_DIR=/opt/rustwide/target" "-e" "CARGO_HOME=/opt/rustwide/cargo-home" "-e" "RUSTUP_HOME=/opt/rustwide/rustup-home" "-w" "/opt/rustwide/workdir" "-m" "1610612736" "--user" "0:0" "--network" "none" "ghcr.io/rust-lang/crates-build-env/linux@sha256:2788e3201cd34a07e3172128adcd8b3090168a8e3bcc40d7c032b9dda1df7d1c" "/opt/rustwide/cargo-home/bin/cargo" "+beta-2023-12-22" "metadata" "--no-deps" "--format-version=1", kill_on_drop: false }`
[INFO] [stdout] e2c0241c0a58163f25c710787a50266ecd1aa91f5357499d5bc69d7e321baa4c
[INFO] running `Command { std: "docker" "start" "-a" "e2c0241c0a58163f25c710787a50266ecd1aa91f5357499d5bc69d7e321baa4c", kill_on_drop: false }`
[INFO] running `Command { std: "docker" "inspect" "e2c0241c0a58163f25c710787a50266ecd1aa91f5357499d5bc69d7e321baa4c", kill_on_drop: false }`
[INFO] running `Command { std: "docker" "rm" "-f" "e2c0241c0a58163f25c710787a50266ecd1aa91f5357499d5bc69d7e321baa4c", kill_on_drop: false }`
[INFO] [stdout] e2c0241c0a58163f25c710787a50266ecd1aa91f5357499d5bc69d7e321baa4c
[INFO] running `Command { std: "docker" "create" "-v" "/var/lib/crater-agent-workspace/builds/worker-5-tc2/target:/opt/rustwide/target:rw,Z" "-v" "/var/lib/crater-agent-workspace/builds/worker-5-tc2/source:/opt/rustwide/workdir:ro,Z" "-v" "/var/lib/crater-agent-workspace/cargo-home:/opt/rustwide/cargo-home:ro,Z" "-v" "/var/lib/crater-agent-workspace/rustup-home:/opt/rustwide/rustup-home:ro,Z" "-e" "SOURCE_DIR=/opt/rustwide/workdir" "-e" "CARGO_TARGET_DIR=/opt/rustwide/target" "-e" "CARGO_INCREMENTAL=0" "-e" "RUST_BACKTRACE=full" "-e" "RUSTFLAGS=--cap-lints=warn" "-e" "RUSTDOCFLAGS=--cap-lints=warn" "-e" "CARGO_HOME=/opt/rustwide/cargo-home" "-e" "RUSTUP_HOME=/opt/rustwide/rustup-home" "-w" "/opt/rustwide/workdir" "-m" "1610612736" "--user" "0:0" "--network" "none" "ghcr.io/rust-lang/crates-build-env/linux@sha256:2788e3201cd34a07e3172128adcd8b3090168a8e3bcc40d7c032b9dda1df7d1c" "/opt/rustwide/cargo-home/bin/cargo" "+beta-2023-12-22" "build" "--frozen" "--message-format=json", kill_on_drop: false }`
[INFO] [stdout] 522fcb35ca4ae9b348af118f9a10967b9a7bac356a551122b47fa19ea229d352
[INFO] running `Command { std: "docker" "start" "-a" "522fcb35ca4ae9b348af118f9a10967b9a7bac356a551122b47fa19ea229d352", kill_on_drop: false }`
[INFO] [stderr]    Compiling wildescape v0.1.0 (/opt/rustwide/workdir)
[INFO] [stderr]     Finished dev [unoptimized + debuginfo] target(s) in 0.15s
[INFO] running `Command { std: "docker" "inspect" "522fcb35ca4ae9b348af118f9a10967b9a7bac356a551122b47fa19ea229d352", kill_on_drop: false }`
[INFO] running `Command { std: "docker" "rm" "-f" "522fcb35ca4ae9b348af118f9a10967b9a7bac356a551122b47fa19ea229d352", kill_on_drop: false }`
[INFO] [stdout] 522fcb35ca4ae9b348af118f9a10967b9a7bac356a551122b47fa19ea229d352
[INFO] running `Command { std: "docker" "create" "-v" "/var/lib/crater-agent-workspace/builds/worker-5-tc2/target:/opt/rustwide/target:rw,Z" "-v" "/var/lib/crater-agent-workspace/builds/worker-5-tc2/source:/opt/rustwide/workdir:ro,Z" "-v" "/var/lib/crater-agent-workspace/cargo-home:/opt/rustwide/cargo-home:ro,Z" "-v" "/var/lib/crater-agent-workspace/rustup-home:/opt/rustwide/rustup-home:ro,Z" "-e" "SOURCE_DIR=/opt/rustwide/workdir" "-e" "CARGO_TARGET_DIR=/opt/rustwide/target" "-e" "CARGO_INCREMENTAL=0" "-e" "RUST_BACKTRACE=full" "-e" "RUSTFLAGS=--cap-lints=warn" "-e" "RUSTDOCFLAGS=--cap-lints=warn" "-e" "CARGO_HOME=/opt/rustwide/cargo-home" "-e" "RUSTUP_HOME=/opt/rustwide/rustup-home" "-w" "/opt/rustwide/workdir" "-m" "1610612736" "--user" "0:0" "--network" "none" "ghcr.io/rust-lang/crates-build-env/linux@sha256:2788e3201cd34a07e3172128adcd8b3090168a8e3bcc40d7c032b9dda1df7d1c" "/opt/rustwide/cargo-home/bin/cargo" "+beta-2023-12-22" "test" "--frozen" "--no-run" "--message-format=json", kill_on_drop: false }`
[INFO] [stdout] d9f5c5145ceffef03a81bd4aa8256027181015726dac51927cf9aba2c77fa3f9
[INFO] running `Command { std: "docker" "start" "-a" "d9f5c5145ceffef03a81bd4aa8256027181015726dac51927cf9aba2c77fa3f9", kill_on_drop: false }`
[INFO] [stderr]    Compiling proc-macro2 v1.0.75
[INFO] [stderr]    Compiling unicode-ident v1.0.12
[INFO] [stderr]    Compiling serde v1.0.194
[INFO] [stderr]    Compiling crossbeam-utils v0.8.18
[INFO] [stderr]    Compiling memchr v2.7.1
[INFO] [stderr]    Compiling hashbrown v0.14.3
[INFO] [stderr]    Compiling equivalent v1.0.1
[INFO] [stderr]    Compiling syn v1.0.109
[INFO] [stderr]    Compiling num-traits v0.2.17
[INFO] [stderr]    Compiling either v1.9.0
[INFO] [stderr]    Compiling toml_datetime v0.6.5
[INFO] [stderr]    Compiling serde_json v1.0.111
[INFO] [stderr]    Compiling itoa v1.0.10
[INFO] [stderr]    Compiling rayon-core v1.12.0
[INFO] [stderr]    Compiling ryu v1.0.16
[INFO] [stderr]    Compiling libc v0.2.151
[INFO] [stderr]    Compiling indexmap v2.1.0
[INFO] [stderr]    Compiling quote v1.0.35
[INFO] [stderr]    Compiling winnow v0.5.32
[INFO] [stderr]    Compiling crossbeam-epoch v0.9.17
[INFO] [stderr]    Compiling aho-corasick v1.1.2
[INFO] [stderr]    Compiling plotters-backend v0.3.5
[INFO] [stderr]    Compiling crossbeam-deque v0.8.4
[INFO] [stderr]    Compiling regex-syntax v0.8.2
[INFO] [stderr]    Compiling unicode-width v0.1.11
[INFO] [stderr]    Compiling once_cell v1.19.0
[INFO] [stderr]    Compiling textwrap v0.11.0
[INFO] [stderr]    Compiling plotters-svg v0.3.5
[INFO] [stderr]    Compiling syn v2.0.48
[INFO] [stderr]    Compiling csv-core v0.1.11
[INFO] [stderr]    Compiling itertools v0.10.5
[INFO] [stderr]    Compiling toml_edit v0.19.15
[INFO] [stderr]    Compiling half v1.8.2
[INFO] [stderr]    Compiling same-file v1.0.6
[INFO] [stderr]    Compiling ntest_proc_macro_helper v0.7.5
[INFO] [stderr]    Compiling regex-automata v0.4.3
[INFO] [stderr]    Compiling proc-macro-crate v1.3.1
[INFO] [stderr]    Compiling cast v0.3.0
[INFO] [stderr]    Compiling criterion-plot v0.4.5
[INFO] [stderr]    Compiling tinytemplate v1.2.1
[INFO] [stderr]    Compiling walkdir v2.4.0
[INFO] [stderr]    Compiling clap v2.34.0
[INFO] [stderr]    Compiling serde_cbor v0.11.2
[INFO] [stderr]    Compiling csv v1.3.0
[INFO] [stderr]    Compiling plotters v0.3.5
[INFO] [stderr]    Compiling ntest_test_cases v0.7.5
[INFO] [stderr]    Compiling regex v1.10.2
[INFO] [stderr]    Compiling ntest_timeout v0.7.5
[INFO] [stderr]    Compiling atty v0.2.14
[INFO] [stderr]    Compiling rayon v1.8.0
[INFO] [stderr]    Compiling oorandom v11.1.3
[INFO] [stderr]    Compiling glob v0.3.1
[INFO] [stderr]    Compiling ntest v0.7.5
[INFO] [stderr]    Compiling serde_derive v1.0.194
[INFO] [stderr]    Compiling criterion v0.3.6
[INFO] [stderr]    Compiling wildescape v0.1.0 (/opt/rustwide/workdir)
[INFO] [stderr]     Finished test [unoptimized + debuginfo] target(s) in 17.92s
[INFO] running `Command { std: "docker" "inspect" "d9f5c5145ceffef03a81bd4aa8256027181015726dac51927cf9aba2c77fa3f9", kill_on_drop: false }`
[INFO] running `Command { std: "docker" "rm" "-f" "d9f5c5145ceffef03a81bd4aa8256027181015726dac51927cf9aba2c77fa3f9", kill_on_drop: false }`
[INFO] [stdout] d9f5c5145ceffef03a81bd4aa8256027181015726dac51927cf9aba2c77fa3f9
[INFO] running `Command { std: "docker" "create" "-v" "/var/lib/crater-agent-workspace/builds/worker-5-tc2/target:/opt/rustwide/target:rw,Z" "-v" "/var/lib/crater-agent-workspace/builds/worker-5-tc2/source:/opt/rustwide/workdir:ro,Z" "-v" "/var/lib/crater-agent-workspace/cargo-home:/opt/rustwide/cargo-home:ro,Z" "-v" "/var/lib/crater-agent-workspace/rustup-home:/opt/rustwide/rustup-home:ro,Z" "-e" "SOURCE_DIR=/opt/rustwide/workdir" "-e" "CARGO_TARGET_DIR=/opt/rustwide/target" "-e" "CARGO_INCREMENTAL=0" "-e" "RUST_BACKTRACE=full" "-e" "RUSTFLAGS=--cap-lints=warn" "-e" "RUSTDOCFLAGS=--cap-lints=warn" "-e" "CARGO_HOME=/opt/rustwide/cargo-home" "-e" "RUSTUP_HOME=/opt/rustwide/rustup-home" "-w" "/opt/rustwide/workdir" "-m" "1610612736" "--user" "0:0" "--network" "none" "ghcr.io/rust-lang/crates-build-env/linux@sha256:2788e3201cd34a07e3172128adcd8b3090168a8e3bcc40d7c032b9dda1df7d1c" "/opt/rustwide/cargo-home/bin/cargo" "+beta-2023-12-22" "test" "--frozen", kill_on_drop: false }`
[INFO] [stdout] 58534782efa25fbf53b8931220f0b8947009bb3d37b86cafb50139c143fa8ec9
[INFO] running `Command { std: "docker" "start" "-a" "58534782efa25fbf53b8931220f0b8947009bb3d37b86cafb50139c143fa8ec9", kill_on_drop: false }`
[INFO] [stderr]     Finished test [unoptimized + debuginfo] target(s) in 0.04s
[INFO] [stderr]      Running unittests src/lib.rs (/opt/rustwide/target/debug/deps/wildescape-4d050cc320970e54)
[INFO] [stdout] 
[INFO] [stdout] running 79 tests
[INFO] [stdout] test tests::compare_default ... ok
[INFO] [stdout] test tests::compare_empty ... ok
[INFO] [stdout] test tests::compare_wild_match ... ok
[INFO] [stdout] test tests::compare_via_equal ... ok
[INFO] [stdout] test tests::complex_pattern ... ok
[INFO] [stdout] test tests::is_match__asterisk_asterisk ... ok
[INFO] [stdout] test tests::is_match__asterisk ... ok
[INFO] [stdout] test tests::is_match__asterisk_questionmark_asterisk ... ok
[INFO] [stdout] test tests::is_match__asteriskcat ... ok
[INFO] [stdout] test tests::is_match__questionmark_questionmark_questionmark ... ok
[INFO] [stdout] test tests::is_match_c_asterisk ... ok
[INFO] [stdout] test tests::is_match_c_questionmark_asterisk ... ok
[INFO] [stdout] test tests::is_match_c_questionmarkt ... ok
[INFO] [stdout] test tests::is_match_cat_asterisk ... ok
[INFO] [stdout] test tests::is_match_cat ... ok
[INFO] [stdout] test tests::match_escape__tilde_tilde__tilde ... ok
[INFO] [stdout] test tests::match_escape__tilde_asterisk__asterisk ... ok
[INFO] [stdout] test tests::match_long____ ... ok
[INFO] [stdout] test tests::match_long__asterisk32_3232332 ... ok
[INFO] [stdout] test tests::match_escape__tilde_questionmark__questionmark ... ok
[INFO] [stdout] test tests::match_escape__questionmark_tilde_tilde_questionmark_a_tildeb ... ok
[INFO] [stdout] test tests::match_long_33_asterisk_333 ... ok
[INFO] [stdout] test tests::match_long__asterisk32_3232 ... ok
[INFO] [stdout] test tests::match_long__asterisk32_432 ... ok
[INFO] [stdout] test tests::match_long__asterisk____ ... ok
[INFO] [stdout] test tests::match_long__asterisk32_332 ... ok
[INFO] [stdout] test tests::match_long__asterisk332_332 ... ok
[INFO] [stdout] test tests::match_long__asterisk_questionmark2_332 ... ok
[INFO] [stdout] test tests::match_long__asterisk__questionmark ... ok
[INFO] [stdout] test tests::match_long__asterisk__asterisk ... ok
[INFO] [stdout] test tests::match_long__asterisk_questionmark_questionmark_questionmarka_bbbbbba ... ok
[INFO] [stdout] test tests::match_long__asterisk32_32 ... ok
[INFO] [stdout] test tests::match_long__asterisk_questionmark_questionmark_questionmarka_bbbbba ... ok
[INFO] [stdout] test tests::match_long__asteriska_asterisk_d_ampercand_left_paranthesis_asteriskog_cat_dog ... ok
[INFO] [stdout] test tests::match_long__asterisk_questionmark2_3332 ... ok
[INFO] [stdout] test tests::match_long__asterisk_questionmark_asterisk_d_ampercand_left_paranthesis_asteriskog_cat_dog ... ok
[INFO] [stdout] test tests::match_long__asterisk_questionmark_xx ... ok
[INFO] [stdout] test tests::match_long__asterisk_questionmark_questionmark_questionmarka_bbbba ... ok
[INFO] [stdout] test tests::match_long__asteriskat_dog_cat_dog ... ok
[INFO] [stdout] test tests::match_long__asteriskcat_asterisk_d_ampercand_left_paranthesis_asteriskog_cat_dog ... ok
[INFO] [stdout] test tests::match_long__asterisko_questionmark_cat_dog ... ok
[INFO] [stdout] test tests::match_long__asterisko_questionmark_hog_cat_dog ... ok
[INFO] [stdout] test tests::match_long__asterisko_questionmarka_asterisk_foobar ... ok
[INFO] [stdout] test tests::match_long_da_asteriskda_asteriskda_asterisk_daaadabadmanda ... ok
[INFO] [stdout] test tests::match_long_wi_asteriskca_asterisks_wildcats ... ok
[INFO] [stdout] test tests::match_long__asterisko_questionmarka_asteriskr_foobar ... ok
[INFO] [stdout] test tests::match_long__asteriskooo_questionmarkar_foooobar ... ok
[INFO] [stdout] test tests::match_long__questionmark__questionmark ... ok
[INFO] [stdout] test tests::match_long_wildcats_wildcats ... ok
[INFO] [stdout] test tests::no_match__asteriskd ... ok
[INFO] [stdout] test tests::no_match__asteriskc ... ok
[INFO] [stdout] test tests::no_match__asteriskd_asterisk ... ok
[INFO] [stdout] test tests::no_match__questionmark_questionmark_questionmark_questionmark ... ok
[INFO] [stdout] test tests::no_match__questionmark ... ok
[INFO] [stdout] test tests::no_match__questionmark_questionmark ... ok
[INFO] [stdout] test tests::no_match__asterisk_questionmark_questionmark_questionmark_questionmark ... ok
[INFO] [stdout] test tests::match_long_wild_asteriskcats_wild_questionmarkcats ... ok
[INFO] [stdout] test tests::no_match__questionmark_questionmark_questionmark_questionmark_questionmark ... ok
[INFO] [stdout] test tests::match_long_wi_asteriskca_questionmarks_wildcats ... ok
[INFO] [stdout] test tests::no_match_cacat ... ok
[INFO] [stdout] test tests::no_match_cat_asteriskdog ... ok
[INFO] [stdout] test tests::no_match_cat_questionmark ... ok
[INFO] [stdout] test tests::no_match_cats ... ok
[INFO] [stdout] test tests::no_match_long___wildcats ... ok
[INFO] [stdout] test tests::no_match_long__asteriskx_asterisk_wildcats ... ok
[INFO] [stdout] test tests::no_match_long__asteriska_wildcats ... ok
[INFO] [stdout] test tests::no_match_long__wildcats ... ok
[INFO] [stdout] test tests::print_string ... ok
[INFO] [stdout] test tests::no_match_long_cat_asterisk_wildcats ... ok
[INFO] [stdout] test tests::no_match_long__questionmark_questionmark_questionmark_wildcats ... ok
[INFO] [stdout] test tests::no_match_long_cat_questionmark_wildcats ... ok
[INFO] [stdout] test tests::no_match_d_asterisk ... ok
[INFO] [stdout] test tests::no_match_long____ ... ok
[INFO] [stdout] test tests::special_chars ... ok
[INFO] [stdout] test tests::to_string_empty ... ok
[INFO] [stdout] test tests::to_string_f ... ok
[INFO] [stdout] test tests::to_string_with_question_sign ... ok
[INFO] [stdout] test tests::whitespaceMismatch ... ok
[INFO] [stdout] test tests::to_string_with_star ... ok
[INFO] [stdout] 
[INFO] [stdout] test result: ok. 79 passed; 0 failed; 0 ignored; 0 measured; 0 filtered out; finished in 0.01s
[INFO] [stdout] 
[INFO] [stderr]    Doc-tests wildescape
[INFO] [stdout] 
[INFO] [stdout] running 2 tests
[INFO] [stdout] test src/lib.rs - (line 20) ... FAILED
[INFO] [stdout] test src/lib.rs - (line 12) ... FAILED
[INFO] [stdout] 
[INFO] [stdout] failures:
[INFO] [stdout] 
[INFO] [stdout] ---- src/lib.rs - (line 20) stdout ----
[INFO] [stdout] error[E0463]: can't find crate for `wildmatch`
[INFO] [stdout]  --> src/lib.rs:20:1
[INFO] [stdout]   |
[INFO] [stdout] 2 | extern crate wildmatch; use wildmatch::WildMatch;
[INFO] [stdout]   | ^^^^^^^^^^^^^^^^^^^^^^^ can't find crate
[INFO] [stdout] 
[INFO] [stdout] error: aborting due to 1 previous error
[INFO] [stdout] 
[INFO] [stdout] For more information about this error, try `rustc --explain E0463`.
[INFO] [stdout] Couldn't compile the test.
[INFO] [stdout] ---- src/lib.rs - (line 12) stdout ----
[INFO] [stdout] error[E0463]: can't find crate for `wildmatch`
[INFO] [stdout]  --> src/lib.rs:12:1
[INFO] [stdout]   |
[INFO] [stdout] 2 | extern crate wildmatch; use wildmatch::WildMatch;
[INFO] [stdout]   | ^^^^^^^^^^^^^^^^^^^^^^^ can't find crate
[INFO] [stdout] 
[INFO] [stdout] error: aborting due to 1 previous error
[INFO] [stdout] 
[INFO] [stdout] For more information about this error, try `rustc --explain E0463`.
[INFO] [stdout] Couldn't compile the test.
[INFO] [stdout] 
[INFO] [stdout] failures:
[INFO] [stdout]     src/lib.rs - (line 12)
[INFO] [stdout]     src/lib.rs - (line 20)
[INFO] [stdout] 
[INFO] [stdout] test result: FAILED. 0 passed; 2 failed; 0 ignored; 0 measured; 0 filtered out; finished in 0.03s
[INFO] [stdout] 
[INFO] [stderr] error: doctest failed, to rerun pass `--doc`
[INFO] running `Command { std: "docker" "inspect" "58534782efa25fbf53b8931220f0b8947009bb3d37b86cafb50139c143fa8ec9", kill_on_drop: false }`
[INFO] running `Command { std: "docker" "rm" "-f" "58534782efa25fbf53b8931220f0b8947009bb3d37b86cafb50139c143fa8ec9", kill_on_drop: false }`
[INFO] [stdout] 58534782efa25fbf53b8931220f0b8947009bb3d37b86cafb50139c143fa8ec9
