[INFO] fetching crate wgpu-tilemap 0.1.1...
[INFO] testing wgpu-tilemap-0.1.1 against 1.75.0 for beta-1.76-1
[INFO] extracting crate wgpu-tilemap 0.1.1 into /workspace/builds/worker-0-tc1/source
[INFO] validating manifest of crates.io crate wgpu-tilemap 0.1.1 on toolchain 1.75.0
[INFO] running `Command { std: CARGO_HOME="/workspace/cargo-home" RUSTUP_HOME="/workspace/rustup-home" "/workspace/cargo-home/bin/cargo" "+1.75.0" "metadata" "--manifest-path" "Cargo.toml" "--no-deps", kill_on_drop: false }`
[INFO] started tweaking crates.io crate wgpu-tilemap 0.1.1
[INFO] finished tweaking crates.io crate wgpu-tilemap 0.1.1
[INFO] tweaked toml for crates.io crate wgpu-tilemap 0.1.1 written to /workspace/builds/worker-0-tc1/source/Cargo.toml
[INFO] running `Command { std: CARGO_HOME="/workspace/cargo-home" RUSTUP_HOME="/workspace/rustup-home" "/workspace/cargo-home/bin/cargo" "+1.75.0" "generate-lockfile" "--manifest-path" "Cargo.toml", kill_on_drop: false }`
[INFO] [stderr]     Updating crates.io index
[INFO] running `Command { std: CARGO_HOME="/workspace/cargo-home" RUSTUP_HOME="/workspace/rustup-home" "/workspace/cargo-home/bin/cargo" "+1.75.0" "fetch" "--manifest-path" "Cargo.toml", kill_on_drop: false }`
[INFO] [stderr]  Downloading crates ...
[INFO] [stderr]   Downloaded vek v0.15.10
[INFO] [stderr]   Downloaded wgpu-profiler v0.14.2
[INFO] running `Command { std: "docker" "create" "-v" "/var/lib/crater-agent-workspace/builds/worker-0-tc1/target:/opt/rustwide/target:rw,Z" "-v" "/var/lib/crater-agent-workspace/builds/worker-0-tc1/source:/opt/rustwide/workdir:ro,Z" "-v" "/var/lib/crater-agent-workspace/cargo-home:/opt/rustwide/cargo-home:ro,Z" "-v" "/var/lib/crater-agent-workspace/rustup-home:/opt/rustwide/rustup-home:ro,Z" "-e" "SOURCE_DIR=/opt/rustwide/workdir" "-e" "CARGO_TARGET_DIR=/opt/rustwide/target" "-e" "CARGO_HOME=/opt/rustwide/cargo-home" "-e" "RUSTUP_HOME=/opt/rustwide/rustup-home" "-w" "/opt/rustwide/workdir" "-m" "1610612736" "--user" "0:0" "--network" "none" "ghcr.io/rust-lang/crates-build-env/linux@sha256:2788e3201cd34a07e3172128adcd8b3090168a8e3bcc40d7c032b9dda1df7d1c" "/opt/rustwide/cargo-home/bin/cargo" "+1.75.0" "metadata" "--no-deps" "--format-version=1", kill_on_drop: false }`
[INFO] [stdout] 68d935516e6d397edd569b34241b01218dd86e20b0c65b488bf89a11efa9e0cd
[INFO] running `Command { std: "docker" "start" "-a" "68d935516e6d397edd569b34241b01218dd86e20b0c65b488bf89a11efa9e0cd", kill_on_drop: false }`
[INFO] running `Command { std: "docker" "inspect" "68d935516e6d397edd569b34241b01218dd86e20b0c65b488bf89a11efa9e0cd", kill_on_drop: false }`
[INFO] running `Command { std: "docker" "rm" "-f" "68d935516e6d397edd569b34241b01218dd86e20b0c65b488bf89a11efa9e0cd", kill_on_drop: false }`
[INFO] [stdout] 68d935516e6d397edd569b34241b01218dd86e20b0c65b488bf89a11efa9e0cd
[INFO] running `Command { std: "docker" "create" "-v" "/var/lib/crater-agent-workspace/builds/worker-0-tc1/target:/opt/rustwide/target:rw,Z" "-v" "/var/lib/crater-agent-workspace/builds/worker-0-tc1/source:/opt/rustwide/workdir:ro,Z" "-v" "/var/lib/crater-agent-workspace/cargo-home:/opt/rustwide/cargo-home:ro,Z" "-v" "/var/lib/crater-agent-workspace/rustup-home:/opt/rustwide/rustup-home:ro,Z" "-e" "SOURCE_DIR=/opt/rustwide/workdir" "-e" "CARGO_TARGET_DIR=/opt/rustwide/target" "-e" "CARGO_INCREMENTAL=0" "-e" "RUST_BACKTRACE=full" "-e" "RUSTFLAGS=--cap-lints=warn" "-e" "RUSTDOCFLAGS=--cap-lints=warn" "-e" "CARGO_HOME=/opt/rustwide/cargo-home" "-e" "RUSTUP_HOME=/opt/rustwide/rustup-home" "-w" "/opt/rustwide/workdir" "-m" "1610612736" "--user" "0:0" "--network" "none" "ghcr.io/rust-lang/crates-build-env/linux@sha256:2788e3201cd34a07e3172128adcd8b3090168a8e3bcc40d7c032b9dda1df7d1c" "/opt/rustwide/cargo-home/bin/cargo" "+1.75.0" "build" "--frozen" "--message-format=json", kill_on_drop: false }`
[INFO] [stdout] 24f8cb7e65c17df7dec9851f4db41a343a72d89f97c3309765d4ebd02c27aad3
[INFO] running `Command { std: "docker" "start" "-a" "24f8cb7e65c17df7dec9851f4db41a343a72d89f97c3309765d4ebd02c27aad3", kill_on_drop: false }`
[INFO] [stderr]    Compiling num-traits v0.2.17
[INFO] [stderr]    Compiling bitflags v2.4.1
[INFO] [stderr]    Compiling libc v0.2.151
[INFO] [stderr]    Compiling version_check v0.9.4
[INFO] [stderr]    Compiling lock_api v0.4.11
[INFO] [stderr]    Compiling indexmap v1.9.3
[INFO] [stderr]    Compiling once_cell v1.19.0
[INFO] [stderr]    Compiling parking_lot_core v0.9.9
[INFO] [stderr]    Compiling thiserror v1.0.56
[INFO] [stderr]    Compiling zerocopy v0.7.32
[INFO] [stderr]    Compiling semver v1.0.21
[INFO] [stderr]    Compiling termcolor v1.4.0
[INFO] [stderr]    Compiling khronos-egl v4.1.0
[INFO] [stderr]    Compiling libloading v0.7.4
[INFO] [stderr]    Compiling scopeguard v1.2.0
[INFO] [stderr]    Compiling syn v2.0.48
[INFO] [stderr]    Compiling smallvec v1.11.2
[INFO] [stderr]    Compiling bit-vec v0.6.3
[INFO] [stderr]    Compiling ash v0.37.3+1.3.251
[INFO] [stderr]    Compiling unicode-width v0.1.11
[INFO] [stderr]    Compiling allocator-api2 v0.2.16
[INFO] [stderr]    Compiling bit-set v0.5.3
[INFO] [stderr]    Compiling codespan-reporting v0.11.1
[INFO] [stderr]    Compiling gpu-descriptor-types v0.1.2
[INFO] [stderr]    Compiling gpu-alloc-types v0.3.0
[INFO] [stderr]    Compiling ahash v0.8.7
[INFO] [stderr]    Compiling rustc-hash v1.1.0
[INFO] [stderr]    Compiling unicode-xid v0.2.4
[INFO] [stderr]    Compiling log v0.4.20
[INFO] [stderr]    Compiling hexf-parse v0.2.1
[INFO] [stderr]    Compiling wgpu-types v0.17.0
[INFO] [stderr]    Compiling gpu-alloc v0.6.0
[INFO] [stderr]    Compiling libloading v0.8.1
[INFO] [stderr]    Compiling num-integer v0.1.45
[INFO] [stderr]    Compiling profiling v1.0.13
[INFO] [stderr]    Compiling renderdoc-sys v1.0.0
[INFO] [stderr]    Compiling rustc_version v0.4.0
[INFO] [stderr]    Compiling arrayvec v0.7.4
[INFO] [stderr]    Compiling raw-window-handle v0.5.2
[INFO] [stderr]    Compiling glow v0.12.3
[INFO] [stderr]    Compiling serde v1.0.194
[INFO] [stderr]    Compiling static_assertions v1.1.0
[INFO] [stderr]    Compiling hashbrown v0.14.3
[INFO] [stderr]    Compiling vek v0.15.10
[INFO] [stderr]    Compiling parking_lot v0.12.1
[INFO] [stderr]    Compiling gpu-descriptor v0.2.4
[INFO] [stderr]    Compiling spirv v0.2.0+1.5.4
[INFO] [stderr]    Compiling approx v0.5.1
[INFO] [stderr]    Compiling thiserror-impl v1.0.56
[INFO] [stderr]    Compiling serde_derive v1.0.194
[INFO] [stderr]    Compiling bytemuck_derive v1.5.0
[INFO] [stderr]    Compiling bytemuck v1.14.0
[INFO] [stderr]    Compiling naga v0.13.0
[INFO] [stderr]    Compiling wgpu-hal v0.17.2
[INFO] [stderr]    Compiling wgpu-core v0.17.1
[INFO] [stderr]    Compiling wgpu v0.17.2
[INFO] [stderr]    Compiling wgpu-tilemap v0.1.1 (/opt/rustwide/workdir)
[INFO] [stderr]     Finished dev [unoptimized + debuginfo] target(s) in 15.99s
[INFO] running `Command { std: "docker" "inspect" "24f8cb7e65c17df7dec9851f4db41a343a72d89f97c3309765d4ebd02c27aad3", kill_on_drop: false }`
[INFO] running `Command { std: "docker" "rm" "-f" "24f8cb7e65c17df7dec9851f4db41a343a72d89f97c3309765d4ebd02c27aad3", kill_on_drop: false }`
[INFO] [stdout] 24f8cb7e65c17df7dec9851f4db41a343a72d89f97c3309765d4ebd02c27aad3
[INFO] running `Command { std: "docker" "create" "-v" "/var/lib/crater-agent-workspace/builds/worker-0-tc1/target:/opt/rustwide/target:rw,Z" "-v" "/var/lib/crater-agent-workspace/builds/worker-0-tc1/source:/opt/rustwide/workdir:ro,Z" "-v" "/var/lib/crater-agent-workspace/cargo-home:/opt/rustwide/cargo-home:ro,Z" "-v" "/var/lib/crater-agent-workspace/rustup-home:/opt/rustwide/rustup-home:ro,Z" "-e" "SOURCE_DIR=/opt/rustwide/workdir" "-e" "CARGO_TARGET_DIR=/opt/rustwide/target" "-e" "CARGO_INCREMENTAL=0" "-e" "RUST_BACKTRACE=full" "-e" "RUSTFLAGS=--cap-lints=warn" "-e" "RUSTDOCFLAGS=--cap-lints=warn" "-e" "CARGO_HOME=/opt/rustwide/cargo-home" "-e" "RUSTUP_HOME=/opt/rustwide/rustup-home" "-w" "/opt/rustwide/workdir" "-m" "1610612736" "--user" "0:0" "--network" "none" "ghcr.io/rust-lang/crates-build-env/linux@sha256:2788e3201cd34a07e3172128adcd8b3090168a8e3bcc40d7c032b9dda1df7d1c" "/opt/rustwide/cargo-home/bin/cargo" "+1.75.0" "test" "--frozen" "--no-run" "--message-format=json", kill_on_drop: false }`
[INFO] [stdout] 6877e08834ff6c7ac2750d987231d800cc8a0754cb9a0a5d2da225bdf85845f6
[INFO] running `Command { std: "docker" "start" "-a" "6877e08834ff6c7ac2750d987231d800cc8a0754cb9a0a5d2da225bdf85845f6", kill_on_drop: false }`
[INFO] [stderr]    Compiling wgpu-tilemap v0.1.1 (/opt/rustwide/workdir)
[INFO] [stderr]     Finished test [unoptimized + debuginfo] target(s) in 1.24s
[INFO] running `Command { std: "docker" "inspect" "6877e08834ff6c7ac2750d987231d800cc8a0754cb9a0a5d2da225bdf85845f6", kill_on_drop: false }`
[INFO] running `Command { std: "docker" "rm" "-f" "6877e08834ff6c7ac2750d987231d800cc8a0754cb9a0a5d2da225bdf85845f6", kill_on_drop: false }`
[INFO] [stdout] 6877e08834ff6c7ac2750d987231d800cc8a0754cb9a0a5d2da225bdf85845f6
[INFO] running `Command { std: "docker" "create" "-v" "/var/lib/crater-agent-workspace/builds/worker-0-tc1/target:/opt/rustwide/target:rw,Z" "-v" "/var/lib/crater-agent-workspace/builds/worker-0-tc1/source:/opt/rustwide/workdir:ro,Z" "-v" "/var/lib/crater-agent-workspace/cargo-home:/opt/rustwide/cargo-home:ro,Z" "-v" "/var/lib/crater-agent-workspace/rustup-home:/opt/rustwide/rustup-home:ro,Z" "-e" "SOURCE_DIR=/opt/rustwide/workdir" "-e" "CARGO_TARGET_DIR=/opt/rustwide/target" "-e" "CARGO_INCREMENTAL=0" "-e" "RUST_BACKTRACE=full" "-e" "RUSTFLAGS=--cap-lints=warn" "-e" "RUSTDOCFLAGS=--cap-lints=warn" "-e" "CARGO_HOME=/opt/rustwide/cargo-home" "-e" "RUSTUP_HOME=/opt/rustwide/rustup-home" "-w" "/opt/rustwide/workdir" "-m" "1610612736" "--user" "0:0" "--network" "none" "ghcr.io/rust-lang/crates-build-env/linux@sha256:2788e3201cd34a07e3172128adcd8b3090168a8e3bcc40d7c032b9dda1df7d1c" "/opt/rustwide/cargo-home/bin/cargo" "+1.75.0" "test" "--frozen", kill_on_drop: false }`
[INFO] [stdout] 57151bbc3709f633a0510ee58e64d25d7c47a4a8a63df648a0309e8ba257e996
[INFO] running `Command { std: "docker" "start" "-a" "57151bbc3709f633a0510ee58e64d25d7c47a4a8a63df648a0309e8ba257e996", kill_on_drop: false }`
[INFO] [stderr]     Finished test [unoptimized + debuginfo] target(s) in 0.06s
[INFO] [stderr]      Running unittests src/lib.rs (/opt/rustwide/target/debug/deps/wgpu_tilemap-a13453d9200ab5bf)
[INFO] [stdout] 
[INFO] [stdout] running 0 tests
[INFO] [stdout] 
[INFO] [stdout] test result: ok. 0 passed; 0 failed; 0 ignored; 0 measured; 0 filtered out; finished in 0.00s
[INFO] [stdout] 
[INFO] [stderr]    Doc-tests wgpu-tilemap
[INFO] [stdout] 
[INFO] [stdout] running 1 test
[INFO] [stdout] test src/lib.rs - (line 26) ... FAILED
[INFO] [stdout] 
[INFO] [stdout] failures:
[INFO] [stdout] 
[INFO] [stdout] ---- src/lib.rs - (line 26) stdout ----
[INFO] [stdout] error[E0433]: failed to resolve: use of undeclared crate or module `image`
[INFO] [stdout]   --> src/lib.rs:34:5
[INFO] [stdout]    |
[INFO] [stdout] 10 | use image::io::Reader as ImageReader;
[INFO] [stdout]    |     ^^^^^ use of undeclared crate or module `image`
[INFO] [stdout] 
[INFO] [stdout] error[E0433]: failed to resolve: use of undeclared type `TilemapPipeline`
[INFO] [stdout]  --> src/lib.rs:28:28
[INFO] [stdout]   |
[INFO] [stdout] 4 | let mut tilemap_pipeline = TilemapPipeline::new(device, surface_config.format, None);
[INFO] [stdout]   |                            ^^^^^^^^^^^^^^^ use of undeclared type `TilemapPipeline`
[INFO] [stdout]   |
[INFO] [stdout] help: consider importing this struct
[INFO] [stdout]   |
[INFO] [stdout] 3 + use wgpu_tilemap::TilemapPipeline;
[INFO] [stdout]   |
[INFO] [stdout] 
[INFO] [stdout] error[E0425]: cannot find value `device` in this scope
[INFO] [stdout]  --> src/lib.rs:28:49
[INFO] [stdout]   |
[INFO] [stdout] 4 | let mut tilemap_pipeline = TilemapPipeline::new(device, surface_config.format, None);
[INFO] [stdout]   |                                                 ^^^^^^ not found in this scope
[INFO] [stdout] 
[INFO] [stdout] error[E0425]: cannot find value `surface_config` in this scope
[INFO] [stdout]  --> src/lib.rs:28:57
[INFO] [stdout]   |
[INFO] [stdout] 4 | let mut tilemap_pipeline = TilemapPipeline::new(device, surface_config.format, None);
[INFO] [stdout]   |                                                         ^^^^^^^^^^^^^^ not found in this scope
[INFO] [stdout] 
[INFO] [stdout] error[E0425]: cannot find value `queue` in this scope
[INFO] [stdout]  --> src/lib.rs:31:29
[INFO] [stdout]   |
[INFO] [stdout] 7 | tilemap_pipeline.set_camera(queue, FULLSCREEN_QUAD_CAMERA);
[INFO] [stdout]   |                             ^^^^^ not found in this scope
[INFO] [stdout] 
[INFO] [stdout] error[E0425]: cannot find value `FULLSCREEN_QUAD_CAMERA` in this scope
[INFO] [stdout]  --> src/lib.rs:31:36
[INFO] [stdout]   |
[INFO] [stdout] 7 | tilemap_pipeline.set_camera(queue, FULLSCREEN_QUAD_CAMERA);
[INFO] [stdout]   |                                    ^^^^^^^^^^^^^^^^^^^^^^ not found in this scope
[INFO] [stdout]   |
[INFO] [stdout] help: consider importing this constant
[INFO] [stdout]   |
[INFO] [stdout] 3 + use wgpu_tilemap::FULLSCREEN_QUAD_CAMERA;
[INFO] [stdout]   |
[INFO] [stdout] 
[INFO] [stdout] error[E0433]: failed to resolve: use of undeclared type `TilesetRef`
[INFO] [stdout]   --> src/lib.rs:36:15
[INFO] [stdout]    |
[INFO] [stdout] 12 | let tileset = TilesetRef::from_image(&tileset_image, Vec2::new(32, 32));
[INFO] [stdout]    |               ^^^^^^^^^^ use of undeclared type `TilesetRef`
[INFO] [stdout]    |
[INFO] [stdout] help: consider importing this struct
[INFO] [stdout]    |
[INFO] [stdout] 3  + use wgpu_tilemap::TilesetRef;
[INFO] [stdout]    |
[INFO] [stdout] 
[INFO] [stdout] error[E0433]: failed to resolve: use of undeclared type `Vec2`
[INFO] [stdout]   --> src/lib.rs:36:54
[INFO] [stdout]    |
[INFO] [stdout] 12 | let tileset = TilesetRef::from_image(&tileset_image, Vec2::new(32, 32));
[INFO] [stdout]    |                                                      ^^^^ use of undeclared type `Vec2`
[INFO] [stdout]    |
[INFO] [stdout] help: a struct with a similar name exists
[INFO] [stdout]    |
[INFO] [stdout] 12 | let tileset = TilesetRef::from_image(&tileset_image, Vec::new(32, 32));
[INFO] [stdout]    |                                                      ~~~
[INFO] [stdout] help: consider importing this struct
[INFO] [stdout]    |
[INFO] [stdout] 3  + use vek::Vec2;
[INFO] [stdout]    |
[INFO] [stdout] 
[INFO] [stdout] error[E0425]: cannot find value `device` in this scope
[INFO] [stdout]   --> src/lib.rs:39:34
[INFO] [stdout]    |
[INFO] [stdout] 15 | tilemap_pipeline.upload_tilesets(device, queue, &[tileset]);
[INFO] [stdout]    |                                  ^^^^^^ not found in this scope
[INFO] [stdout] 
[INFO] [stdout] error[E0425]: cannot find value `queue` in this scope
[INFO] [stdout]   --> src/lib.rs:39:42
[INFO] [stdout]    |
[INFO] [stdout] 15 | tilemap_pipeline.upload_tilesets(device, queue, &[tileset]);
[INFO] [stdout]    |                                          ^^^^^ not found in this scope
[INFO] [stdout] 
[INFO] [stdout] error[E0433]: failed to resolve: use of undeclared type `TilemapRef`
[INFO] [stdout]   --> src/lib.rs:42:20
[INFO] [stdout]    |
[INFO] [stdout] 18 | let some_tilemap = TilemapRef::zeroed(Vec2::broadcast(size));
[INFO] [stdout]    |                    ^^^^^^^^^^ use of undeclared type `TilemapRef`
[INFO] [stdout]    |
[INFO] [stdout] help: consider importing this struct
[INFO] [stdout]    |
[INFO] [stdout] 3  + use wgpu_tilemap::TilemapRef;
[INFO] [stdout]    |
[INFO] [stdout] 
[INFO] [stdout] error[E0433]: failed to resolve: use of undeclared type `Vec2`
[INFO] [stdout]   --> src/lib.rs:42:39
[INFO] [stdout]    |
[INFO] [stdout] 18 | let some_tilemap = TilemapRef::zeroed(Vec2::broadcast(size));
[INFO] [stdout]    |                                       ^^^^ use of undeclared type `Vec2`
[INFO] [stdout]    |
[INFO] [stdout] help: a struct with a similar name exists
[INFO] [stdout]    |
[INFO] [stdout] 18 | let some_tilemap = TilemapRef::zeroed(Vec::broadcast(size));
[INFO] [stdout]    |                                       ~~~
[INFO] [stdout] help: consider importing this struct
[INFO] [stdout]    |
[INFO] [stdout] 3  + use vek::Vec2;
[INFO] [stdout]    |
[INFO] [stdout] 
[INFO] [stdout] error[E0425]: cannot find value `size` in this scope
[INFO] [stdout]   --> src/lib.rs:42:55
[INFO] [stdout]    |
[INFO] [stdout] 18 | let some_tilemap = TilemapRef::zeroed(Vec2::broadcast(size));
[INFO] [stdout]    |                                                       ^^^^ not found in this scope
[INFO] [stdout] 
[INFO] [stdout] error[E0424]: expected value, found module `self`
[INFO] [stdout]   --> src/lib.rs:45:1
[INFO] [stdout]    |
[INFO] [stdout] 3  | fn main() { #[allow(non_snake_case)] fn _doctest_main_src_lib_rs_26_0() {
[INFO] [stdout]    |                                         ----------------------------- this function can't have a `self` parameter
[INFO] [stdout] ...
[INFO] [stdout] 21 | self.tilemap_pipeline.upload_tilemaps(
[INFO] [stdout]    | ^^^^ `self` value is a keyword only available in methods with a `self` parameter
[INFO] [stdout] 
[INFO] [stdout] error[E0425]: cannot find value `device` in this scope
[INFO] [stdout]   --> src/lib.rs:46:2
[INFO] [stdout]    |
[INFO] [stdout] 22 |     device,
[INFO] [stdout]    |     ^^^^^^ not found in this scope
[INFO] [stdout] 
[INFO] [stdout] error[E0425]: cannot find value `queue` in this scope
[INFO] [stdout]   --> src/lib.rs:47:2
[INFO] [stdout]    |
[INFO] [stdout] 23 |     queue,
[INFO] [stdout]    |     ^^^^^ not found in this scope
[INFO] [stdout] 
[INFO] [stdout] error[E0422]: cannot find struct, variant or union type `TilemapDrawData` in this scope
[INFO] [stdout]   --> src/lib.rs:48:4
[INFO] [stdout]    |
[INFO] [stdout] 24 |     &[TilemapDrawData {
[INFO] [stdout]    |       ^^^^^^^^^^^^^^^ not found in this scope
[INFO] [stdout]    |
[INFO] [stdout] help: consider importing this struct
[INFO] [stdout]    |
[INFO] [stdout] 3  + use wgpu_tilemap::TilemapDrawData;
[INFO] [stdout]    |
[INFO] [stdout] 
[INFO] [stdout] error[E0433]: failed to resolve: use of undeclared type `Mat4`
[INFO] [stdout]   --> src/lib.rs:49:14
[INFO] [stdout]    |
[INFO] [stdout] 25 |         transform: Mat4::identity(),
[INFO] [stdout]    |                    ^^^^ use of undeclared type `Mat4`
[INFO] [stdout]    |
[INFO] [stdout] help: consider importing one of these items
[INFO] [stdout]    |
[INFO] [stdout] 3  + use vek::Mat4;
[INFO] [stdout]    |
[INFO] [stdout] 3  + use vek::row_major::Mat4;
[INFO] [stdout]    |
[INFO] [stdout] 
[INFO] [stdout] error[E0433]: failed to resolve: use of undeclared type `Cow`
[INFO] [stdout]   --> src/lib.rs:50:12
[INFO] [stdout]    |
[INFO] [stdout] 26 |         tilemap: Cow::Borrowed(&some_tilemap),
[INFO] [stdout]    |                  ^^^ use of undeclared type `Cow`
[INFO] [stdout]    |
[INFO] [stdout] help: consider importing this enum
[INFO] [stdout]    |
[INFO] [stdout] 3  + use std::borrow::Cow;
[INFO] [stdout]    |
[INFO] [stdout] 
[INFO] [stdout] error[E0433]: failed to resolve: use of undeclared type `TilemapNoise`
[INFO] [stdout]   --> src/lib.rs:52:10
[INFO] [stdout]    |
[INFO] [stdout] 28 |         noise: TilemapNoise::default(),
[INFO] [stdout]    |                ^^^^^^^^^^^^ use of undeclared type `TilemapNoise`
[INFO] [stdout]    |
[INFO] [stdout] help: consider importing this struct
[INFO] [stdout]    |
[INFO] [stdout] 3  + use wgpu_tilemap::TilemapNoise;
[INFO] [stdout]    |
[INFO] [stdout] 
[INFO] [stdout] error[E0425]: cannot find value `device` in this scope
[INFO] [stdout]   --> src/lib.rs:57:26
[INFO] [stdout]    |
[INFO] [stdout] 33 | tilemap_pipeline.render(&device, &mut rpass);
[INFO] [stdout]    |                          ^^^^^^ not found in this scope
[INFO] [stdout] 
[INFO] [stdout] error[E0425]: cannot find value `rpass` in this scope
[INFO] [stdout]   --> src/lib.rs:57:39
[INFO] [stdout]    |
[INFO] [stdout] 33 | tilemap_pipeline.render(&device, &mut rpass);
[INFO] [stdout]    |                                       ^^^^^ not found in this scope
[INFO] [stdout] 
[INFO] [stdout] error: aborting due to 22 previous errors
[INFO] [stdout] 
[INFO] [stdout] Some errors have detailed explanations: E0422, E0424, E0425, E0433.
[INFO] [stdout] For more information about an error, try `rustc --explain E0422`.
[INFO] [stdout] Couldn't compile the test.
[INFO] [stdout] 
[INFO] [stdout] failures:
[INFO] [stdout]     src/lib.rs - (line 26)
[INFO] [stdout] 
[INFO] [stdout] test result: FAILED. 0 passed; 1 failed; 0 ignored; 0 measured; 0 filtered out; finished in 0.07s
[INFO] [stdout] 
[INFO] [stderr] error: doctest failed, to rerun pass `--doc`
[INFO] running `Command { std: "docker" "inspect" "57151bbc3709f633a0510ee58e64d25d7c47a4a8a63df648a0309e8ba257e996", kill_on_drop: false }`
[INFO] running `Command { std: "docker" "rm" "-f" "57151bbc3709f633a0510ee58e64d25d7c47a4a8a63df648a0309e8ba257e996", kill_on_drop: false }`
[INFO] [stdout] 57151bbc3709f633a0510ee58e64d25d7c47a4a8a63df648a0309e8ba257e996
