[INFO] fetching crate weighted-rs-1 0.1.4...
[INFO] testing weighted-rs-1-0.1.4 against 1.75.0 for beta-1.76-1
[INFO] extracting crate weighted-rs-1 0.1.4 into /workspace/builds/worker-6-tc1/source
[INFO] validating manifest of crates.io crate weighted-rs-1 0.1.4 on toolchain 1.75.0
[INFO] running `Command { std: CARGO_HOME="/workspace/cargo-home" RUSTUP_HOME="/workspace/rustup-home" "/workspace/cargo-home/bin/cargo" "+1.75.0" "metadata" "--manifest-path" "Cargo.toml" "--no-deps", kill_on_drop: false }`
[INFO] started tweaking crates.io crate weighted-rs-1 0.1.4
[INFO] finished tweaking crates.io crate weighted-rs-1 0.1.4
[INFO] tweaked toml for crates.io crate weighted-rs-1 0.1.4 written to /workspace/builds/worker-6-tc1/source/Cargo.toml
[INFO] running `Command { std: CARGO_HOME="/workspace/cargo-home" RUSTUP_HOME="/workspace/rustup-home" "/workspace/cargo-home/bin/cargo" "+1.75.0" "generate-lockfile" "--manifest-path" "Cargo.toml", kill_on_drop: false }`
[INFO] running `Command { std: CARGO_HOME="/workspace/cargo-home" RUSTUP_HOME="/workspace/rustup-home" "/workspace/cargo-home/bin/cargo" "+1.75.0" "fetch" "--manifest-path" "Cargo.toml", kill_on_drop: false }`
[INFO] running `Command { std: "docker" "create" "-v" "/var/lib/crater-agent-workspace/builds/worker-6-tc1/target:/opt/rustwide/target:rw,Z" "-v" "/var/lib/crater-agent-workspace/builds/worker-6-tc1/source:/opt/rustwide/workdir:ro,Z" "-v" "/var/lib/crater-agent-workspace/cargo-home:/opt/rustwide/cargo-home:ro,Z" "-v" "/var/lib/crater-agent-workspace/rustup-home:/opt/rustwide/rustup-home:ro,Z" "-e" "SOURCE_DIR=/opt/rustwide/workdir" "-e" "CARGO_TARGET_DIR=/opt/rustwide/target" "-e" "CARGO_HOME=/opt/rustwide/cargo-home" "-e" "RUSTUP_HOME=/opt/rustwide/rustup-home" "-w" "/opt/rustwide/workdir" "-m" "1610612736" "--user" "0:0" "--network" "none" "ghcr.io/rust-lang/crates-build-env/linux@sha256:2788e3201cd34a07e3172128adcd8b3090168a8e3bcc40d7c032b9dda1df7d1c" "/opt/rustwide/cargo-home/bin/cargo" "+1.75.0" "metadata" "--no-deps" "--format-version=1", kill_on_drop: false }`
[INFO] [stdout] a9937d93854ae4102da97c4bbf244df0c3a6286b2e9ebfbdbcbcd31ab10260a4
[INFO] running `Command { std: "docker" "start" "-a" "a9937d93854ae4102da97c4bbf244df0c3a6286b2e9ebfbdbcbcd31ab10260a4", kill_on_drop: false }`
[INFO] running `Command { std: "docker" "inspect" "a9937d93854ae4102da97c4bbf244df0c3a6286b2e9ebfbdbcbcd31ab10260a4", kill_on_drop: false }`
[INFO] running `Command { std: "docker" "rm" "-f" "a9937d93854ae4102da97c4bbf244df0c3a6286b2e9ebfbdbcbcd31ab10260a4", kill_on_drop: false }`
[INFO] [stdout] a9937d93854ae4102da97c4bbf244df0c3a6286b2e9ebfbdbcbcd31ab10260a4
[INFO] running `Command { std: "docker" "create" "-v" "/var/lib/crater-agent-workspace/builds/worker-6-tc1/target:/opt/rustwide/target:rw,Z" "-v" "/var/lib/crater-agent-workspace/builds/worker-6-tc1/source:/opt/rustwide/workdir:ro,Z" "-v" "/var/lib/crater-agent-workspace/cargo-home:/opt/rustwide/cargo-home:ro,Z" "-v" "/var/lib/crater-agent-workspace/rustup-home:/opt/rustwide/rustup-home:ro,Z" "-e" "SOURCE_DIR=/opt/rustwide/workdir" "-e" "CARGO_TARGET_DIR=/opt/rustwide/target" "-e" "CARGO_INCREMENTAL=0" "-e" "RUST_BACKTRACE=full" "-e" "RUSTFLAGS=--cap-lints=warn" "-e" "RUSTDOCFLAGS=--cap-lints=warn" "-e" "CARGO_HOME=/opt/rustwide/cargo-home" "-e" "RUSTUP_HOME=/opt/rustwide/rustup-home" "-w" "/opt/rustwide/workdir" "-m" "1610612736" "--user" "0:0" "--network" "none" "ghcr.io/rust-lang/crates-build-env/linux@sha256:2788e3201cd34a07e3172128adcd8b3090168a8e3bcc40d7c032b9dda1df7d1c" "/opt/rustwide/cargo-home/bin/cargo" "+1.75.0" "build" "--frozen" "--message-format=json", kill_on_drop: false }`
[INFO] [stdout] bd1c3a6c637f53ab6bac10928b119a4e3036e7b0a9a079df62886e70f33c3744
[INFO] running `Command { std: "docker" "start" "-a" "bd1c3a6c637f53ab6bac10928b119a4e3036e7b0a9a079df62886e70f33c3744", kill_on_drop: false }`
[INFO] [stderr]    Compiling weighted-rs-1 v0.1.4 (/opt/rustwide/workdir)
[INFO] [stderr]     Finished dev [unoptimized + debuginfo] target(s) in 0.06s
[INFO] running `Command { std: "docker" "inspect" "bd1c3a6c637f53ab6bac10928b119a4e3036e7b0a9a079df62886e70f33c3744", kill_on_drop: false }`
[INFO] running `Command { std: "docker" "rm" "-f" "bd1c3a6c637f53ab6bac10928b119a4e3036e7b0a9a079df62886e70f33c3744", kill_on_drop: false }`
[INFO] [stdout] bd1c3a6c637f53ab6bac10928b119a4e3036e7b0a9a079df62886e70f33c3744
[INFO] running `Command { std: "docker" "create" "-v" "/var/lib/crater-agent-workspace/builds/worker-6-tc1/target:/opt/rustwide/target:rw,Z" "-v" "/var/lib/crater-agent-workspace/builds/worker-6-tc1/source:/opt/rustwide/workdir:ro,Z" "-v" "/var/lib/crater-agent-workspace/cargo-home:/opt/rustwide/cargo-home:ro,Z" "-v" "/var/lib/crater-agent-workspace/rustup-home:/opt/rustwide/rustup-home:ro,Z" "-e" "SOURCE_DIR=/opt/rustwide/workdir" "-e" "CARGO_TARGET_DIR=/opt/rustwide/target" "-e" "CARGO_INCREMENTAL=0" "-e" "RUST_BACKTRACE=full" "-e" "RUSTFLAGS=--cap-lints=warn" "-e" "RUSTDOCFLAGS=--cap-lints=warn" "-e" "CARGO_HOME=/opt/rustwide/cargo-home" "-e" "RUSTUP_HOME=/opt/rustwide/rustup-home" "-w" "/opt/rustwide/workdir" "-m" "1610612736" "--user" "0:0" "--network" "none" "ghcr.io/rust-lang/crates-build-env/linux@sha256:2788e3201cd34a07e3172128adcd8b3090168a8e3bcc40d7c032b9dda1df7d1c" "/opt/rustwide/cargo-home/bin/cargo" "+1.75.0" "test" "--frozen" "--no-run" "--message-format=json", kill_on_drop: false }`
[INFO] [stdout] 6d0eda36b4b71336dff9f25fb583eab3658ac975acaf7d5cc77104e4374e2804
[INFO] running `Command { std: "docker" "start" "-a" "6d0eda36b4b71336dff9f25fb583eab3658ac975acaf7d5cc77104e4374e2804", kill_on_drop: false }`
[INFO] [stderr]    Compiling weighted-rs-1 v0.1.4 (/opt/rustwide/workdir)
[INFO] [stderr]     Finished test [unoptimized + debuginfo] target(s) in 0.46s
[INFO] running `Command { std: "docker" "inspect" "6d0eda36b4b71336dff9f25fb583eab3658ac975acaf7d5cc77104e4374e2804", kill_on_drop: false }`
[INFO] running `Command { std: "docker" "rm" "-f" "6d0eda36b4b71336dff9f25fb583eab3658ac975acaf7d5cc77104e4374e2804", kill_on_drop: false }`
[INFO] [stdout] 6d0eda36b4b71336dff9f25fb583eab3658ac975acaf7d5cc77104e4374e2804
[INFO] running `Command { std: "docker" "create" "-v" "/var/lib/crater-agent-workspace/builds/worker-6-tc1/target:/opt/rustwide/target:rw,Z" "-v" "/var/lib/crater-agent-workspace/builds/worker-6-tc1/source:/opt/rustwide/workdir:ro,Z" "-v" "/var/lib/crater-agent-workspace/cargo-home:/opt/rustwide/cargo-home:ro,Z" "-v" "/var/lib/crater-agent-workspace/rustup-home:/opt/rustwide/rustup-home:ro,Z" "-e" "SOURCE_DIR=/opt/rustwide/workdir" "-e" "CARGO_TARGET_DIR=/opt/rustwide/target" "-e" "CARGO_INCREMENTAL=0" "-e" "RUST_BACKTRACE=full" "-e" "RUSTFLAGS=--cap-lints=warn" "-e" "RUSTDOCFLAGS=--cap-lints=warn" "-e" "CARGO_HOME=/opt/rustwide/cargo-home" "-e" "RUSTUP_HOME=/opt/rustwide/rustup-home" "-w" "/opt/rustwide/workdir" "-m" "1610612736" "--user" "0:0" "--network" "none" "ghcr.io/rust-lang/crates-build-env/linux@sha256:2788e3201cd34a07e3172128adcd8b3090168a8e3bcc40d7c032b9dda1df7d1c" "/opt/rustwide/cargo-home/bin/cargo" "+1.75.0" "test" "--frozen", kill_on_drop: false }`
[INFO] [stdout] e405c1cbd59b0a4885a8a4edc45e49a6ac672180d416d8e44e4ce2fe85bc805c
[INFO] running `Command { std: "docker" "start" "-a" "e405c1cbd59b0a4885a8a4edc45e49a6ac672180d416d8e44e4ce2fe85bc805c", kill_on_drop: false }`
[INFO] [stderr]     Finished test [unoptimized + debuginfo] target(s) in 0.00s
[INFO] [stderr]      Running unittests src/lib.rs (/opt/rustwide/target/debug/deps/weighted_rs_1-08a7e255ea3cf34a)
[INFO] [stdout] 
[INFO] [stdout] running 2 tests
[INFO] [stdout] test roundrobin_weight::tests::test_rr_weight ... ok
[INFO] [stdout] test smooth_weight::tests::test_smooth_weight ... ok
[INFO] [stdout] 
[INFO] [stdout] test result: ok. 2 passed; 0 failed; 0 ignored; 0 measured; 0 filtered out; finished in 0.00s
[INFO] [stdout] 
[INFO] [stderr]    Doc-tests weighted-rs-1
[INFO] [stdout] 
[INFO] [stdout] running 1 test
[INFO] [stdout] test src/lib.rs - (line 11) ... FAILED
[INFO] [stdout] 
[INFO] [stdout] failures:
[INFO] [stdout] 
[INFO] [stdout] ---- src/lib.rs - (line 11) stdout ----
[INFO] [stdout] error[E0432]: unresolved import `weighted_rs_wasm`
[INFO] [stdout]  --> src/lib.rs:12:5
[INFO] [stdout]   |
[INFO] [stdout] 3 | use weighted_rs_wasm::{SmoothWeight, Weight};
[INFO] [stdout]   |     ^^^^^^^^^^^^^^^^ use of undeclared crate or module `weighted_rs_wasm`
[INFO] [stdout]   |
[INFO] [stdout] help: there is a crate or module with a similar name
[INFO] [stdout]   |
[INFO] [stdout] 3 | use weighted_rs_1::{SmoothWeight, Weight};
[INFO] [stdout]   |     ~~~~~~~~~~~~~
[INFO] [stdout] 
[INFO] [stdout] error: aborting due to previous error
[INFO] [stdout] 
[INFO] [stdout] For more information about this error, try `rustc --explain E0432`.
[INFO] [stdout] Couldn't compile the test.
[INFO] [stdout] 
[INFO] [stdout] failures:
[INFO] [stdout]     src/lib.rs - (line 11)
[INFO] [stdout] 
[INFO] [stdout] test result: FAILED. 0 passed; 1 failed; 0 ignored; 0 measured; 0 filtered out; finished in 0.04s
[INFO] [stdout] 
[INFO] [stderr] error: doctest failed, to rerun pass `--doc`
[INFO] running `Command { std: "docker" "inspect" "e405c1cbd59b0a4885a8a4edc45e49a6ac672180d416d8e44e4ce2fe85bc805c", kill_on_drop: false }`
[INFO] running `Command { std: "docker" "rm" "-f" "e405c1cbd59b0a4885a8a4edc45e49a6ac672180d416d8e44e4ce2fe85bc805c", kill_on_drop: false }`
[INFO] [stdout] e405c1cbd59b0a4885a8a4edc45e49a6ac672180d416d8e44e4ce2fe85bc805c
[INFO] testing weighted-rs-1-0.1.4 against beta-2023-12-22 for beta-1.76-1
[INFO] extracting crate weighted-rs-1 0.1.4 into /workspace/builds/worker-6-tc2/source
[INFO] validating manifest of crates.io crate weighted-rs-1 0.1.4 on toolchain beta-2023-12-22
[INFO] running `Command { std: CARGO_HOME="/workspace/cargo-home" RUSTUP_HOME="/workspace/rustup-home" "/workspace/cargo-home/bin/cargo" "+beta-2023-12-22" "metadata" "--manifest-path" "Cargo.toml" "--no-deps", kill_on_drop: false }`
[INFO] started tweaking crates.io crate weighted-rs-1 0.1.4
[INFO] finished tweaking crates.io crate weighted-rs-1 0.1.4
[INFO] tweaked toml for crates.io crate weighted-rs-1 0.1.4 written to /workspace/builds/worker-6-tc2/source/Cargo.toml
[INFO] running `Command { std: CARGO_HOME="/workspace/cargo-home" RUSTUP_HOME="/workspace/rustup-home" "/workspace/cargo-home/bin/cargo" "+beta-2023-12-22" "generate-lockfile" "--manifest-path" "Cargo.toml", kill_on_drop: false }`
[INFO] running `Command { std: CARGO_HOME="/workspace/cargo-home" RUSTUP_HOME="/workspace/rustup-home" "/workspace/cargo-home/bin/cargo" "+beta-2023-12-22" "fetch" "--manifest-path" "Cargo.toml", kill_on_drop: false }`
[INFO] running `Command { std: "docker" "create" "-v" "/var/lib/crater-agent-workspace/builds/worker-6-tc2/target:/opt/rustwide/target:rw,Z" "-v" "/var/lib/crater-agent-workspace/builds/worker-6-tc2/source:/opt/rustwide/workdir:ro,Z" "-v" "/var/lib/crater-agent-workspace/cargo-home:/opt/rustwide/cargo-home:ro,Z" "-v" "/var/lib/crater-agent-workspace/rustup-home:/opt/rustwide/rustup-home:ro,Z" "-e" "SOURCE_DIR=/opt/rustwide/workdir" "-e" "CARGO_TARGET_DIR=/opt/rustwide/target" "-e" "CARGO_HOME=/opt/rustwide/cargo-home" "-e" "RUSTUP_HOME=/opt/rustwide/rustup-home" "-w" "/opt/rustwide/workdir" "-m" "1610612736" "--user" "0:0" "--network" "none" "ghcr.io/rust-lang/crates-build-env/linux@sha256:2788e3201cd34a07e3172128adcd8b3090168a8e3bcc40d7c032b9dda1df7d1c" "/opt/rustwide/cargo-home/bin/cargo" "+beta-2023-12-22" "metadata" "--no-deps" "--format-version=1", kill_on_drop: false }`
[INFO] [stdout] 406e12c0e15db884f41f23e000da0f1f3617b0fbb7860d37896e83a1bd6ca859
[INFO] running `Command { std: "docker" "start" "-a" "406e12c0e15db884f41f23e000da0f1f3617b0fbb7860d37896e83a1bd6ca859", kill_on_drop: false }`
[INFO] running `Command { std: "docker" "inspect" "406e12c0e15db884f41f23e000da0f1f3617b0fbb7860d37896e83a1bd6ca859", kill_on_drop: false }`
[INFO] running `Command { std: "docker" "rm" "-f" "406e12c0e15db884f41f23e000da0f1f3617b0fbb7860d37896e83a1bd6ca859", kill_on_drop: false }`
[INFO] [stdout] 406e12c0e15db884f41f23e000da0f1f3617b0fbb7860d37896e83a1bd6ca859
[INFO] running `Command { std: "docker" "create" "-v" "/var/lib/crater-agent-workspace/builds/worker-6-tc2/target:/opt/rustwide/target:rw,Z" "-v" "/var/lib/crater-agent-workspace/builds/worker-6-tc2/source:/opt/rustwide/workdir:ro,Z" "-v" "/var/lib/crater-agent-workspace/cargo-home:/opt/rustwide/cargo-home:ro,Z" "-v" "/var/lib/crater-agent-workspace/rustup-home:/opt/rustwide/rustup-home:ro,Z" "-e" "SOURCE_DIR=/opt/rustwide/workdir" "-e" "CARGO_TARGET_DIR=/opt/rustwide/target" "-e" "CARGO_INCREMENTAL=0" "-e" "RUST_BACKTRACE=full" "-e" "RUSTFLAGS=--cap-lints=warn" "-e" "RUSTDOCFLAGS=--cap-lints=warn" "-e" "CARGO_HOME=/opt/rustwide/cargo-home" "-e" "RUSTUP_HOME=/opt/rustwide/rustup-home" "-w" "/opt/rustwide/workdir" "-m" "1610612736" "--user" "0:0" "--network" "none" "ghcr.io/rust-lang/crates-build-env/linux@sha256:2788e3201cd34a07e3172128adcd8b3090168a8e3bcc40d7c032b9dda1df7d1c" "/opt/rustwide/cargo-home/bin/cargo" "+beta-2023-12-22" "build" "--frozen" "--message-format=json", kill_on_drop: false }`
[INFO] [stdout] 685ca74dbc3e1735fccc428967ef8cbeb7d859f317e7dd3acd16dd8165d28245
[INFO] running `Command { std: "docker" "start" "-a" "685ca74dbc3e1735fccc428967ef8cbeb7d859f317e7dd3acd16dd8165d28245", kill_on_drop: false }`
[INFO] [stderr]    Compiling weighted-rs-1 v0.1.4 (/opt/rustwide/workdir)
[INFO] [stderr]     Finished dev [unoptimized + debuginfo] target(s) in 0.06s
[INFO] running `Command { std: "docker" "inspect" "685ca74dbc3e1735fccc428967ef8cbeb7d859f317e7dd3acd16dd8165d28245", kill_on_drop: false }`
[INFO] running `Command { std: "docker" "rm" "-f" "685ca74dbc3e1735fccc428967ef8cbeb7d859f317e7dd3acd16dd8165d28245", kill_on_drop: false }`
[INFO] [stdout] 685ca74dbc3e1735fccc428967ef8cbeb7d859f317e7dd3acd16dd8165d28245
[INFO] running `Command { std: "docker" "create" "-v" "/var/lib/crater-agent-workspace/builds/worker-6-tc2/target:/opt/rustwide/target:rw,Z" "-v" "/var/lib/crater-agent-workspace/builds/worker-6-tc2/source:/opt/rustwide/workdir:ro,Z" "-v" "/var/lib/crater-agent-workspace/cargo-home:/opt/rustwide/cargo-home:ro,Z" "-v" "/var/lib/crater-agent-workspace/rustup-home:/opt/rustwide/rustup-home:ro,Z" "-e" "SOURCE_DIR=/opt/rustwide/workdir" "-e" "CARGO_TARGET_DIR=/opt/rustwide/target" "-e" "CARGO_INCREMENTAL=0" "-e" "RUST_BACKTRACE=full" "-e" "RUSTFLAGS=--cap-lints=warn" "-e" "RUSTDOCFLAGS=--cap-lints=warn" "-e" "CARGO_HOME=/opt/rustwide/cargo-home" "-e" "RUSTUP_HOME=/opt/rustwide/rustup-home" "-w" "/opt/rustwide/workdir" "-m" "1610612736" "--user" "0:0" "--network" "none" "ghcr.io/rust-lang/crates-build-env/linux@sha256:2788e3201cd34a07e3172128adcd8b3090168a8e3bcc40d7c032b9dda1df7d1c" "/opt/rustwide/cargo-home/bin/cargo" "+beta-2023-12-22" "test" "--frozen" "--no-run" "--message-format=json", kill_on_drop: false }`
[INFO] [stdout] c71c83f3136d996969413e5e622a1b465ac38fa3c29da08c63f693754f7b1bda
[INFO] running `Command { std: "docker" "start" "-a" "c71c83f3136d996969413e5e622a1b465ac38fa3c29da08c63f693754f7b1bda", kill_on_drop: false }`
[INFO] [stderr]    Compiling weighted-rs-1 v0.1.4 (/opt/rustwide/workdir)
[INFO] [stderr]     Finished test [unoptimized + debuginfo] target(s) in 0.40s
[INFO] running `Command { std: "docker" "inspect" "c71c83f3136d996969413e5e622a1b465ac38fa3c29da08c63f693754f7b1bda", kill_on_drop: false }`
[INFO] running `Command { std: "docker" "rm" "-f" "c71c83f3136d996969413e5e622a1b465ac38fa3c29da08c63f693754f7b1bda", kill_on_drop: false }`
[INFO] [stdout] c71c83f3136d996969413e5e622a1b465ac38fa3c29da08c63f693754f7b1bda
[INFO] running `Command { std: "docker" "create" "-v" "/var/lib/crater-agent-workspace/builds/worker-6-tc2/target:/opt/rustwide/target:rw,Z" "-v" "/var/lib/crater-agent-workspace/builds/worker-6-tc2/source:/opt/rustwide/workdir:ro,Z" "-v" "/var/lib/crater-agent-workspace/cargo-home:/opt/rustwide/cargo-home:ro,Z" "-v" "/var/lib/crater-agent-workspace/rustup-home:/opt/rustwide/rustup-home:ro,Z" "-e" "SOURCE_DIR=/opt/rustwide/workdir" "-e" "CARGO_TARGET_DIR=/opt/rustwide/target" "-e" "CARGO_INCREMENTAL=0" "-e" "RUST_BACKTRACE=full" "-e" "RUSTFLAGS=--cap-lints=warn" "-e" "RUSTDOCFLAGS=--cap-lints=warn" "-e" "CARGO_HOME=/opt/rustwide/cargo-home" "-e" "RUSTUP_HOME=/opt/rustwide/rustup-home" "-w" "/opt/rustwide/workdir" "-m" "1610612736" "--user" "0:0" "--network" "none" "ghcr.io/rust-lang/crates-build-env/linux@sha256:2788e3201cd34a07e3172128adcd8b3090168a8e3bcc40d7c032b9dda1df7d1c" "/opt/rustwide/cargo-home/bin/cargo" "+beta-2023-12-22" "test" "--frozen", kill_on_drop: false }`
[INFO] [stdout] 73a16406f5feccfbee51190578b57031ce1c28a4a1f413ab3951e9359271593f
[INFO] running `Command { std: "docker" "start" "-a" "73a16406f5feccfbee51190578b57031ce1c28a4a1f413ab3951e9359271593f", kill_on_drop: false }`
[INFO] [stderr]     Finished test [unoptimized + debuginfo] target(s) in 0.00s
[INFO] [stderr]      Running unittests src/lib.rs (/opt/rustwide/target/debug/deps/weighted_rs_1-9200840ee8ba967d)
[INFO] [stdout] 
[INFO] [stdout] running 2 tests
[INFO] [stdout] test roundrobin_weight::tests::test_rr_weight ... ok
[INFO] [stdout] test smooth_weight::tests::test_smooth_weight ... ok
[INFO] [stdout] 
[INFO] [stdout] test result: ok. 2 passed; 0 failed; 0 ignored; 0 measured; 0 filtered out; finished in 0.00s
[INFO] [stdout] 
[INFO] [stderr]    Doc-tests weighted-rs-1
[INFO] [stdout] 
[INFO] [stdout] running 1 test
[INFO] [stdout] test src/lib.rs - (line 11) ... FAILED
[INFO] [stdout] 
[INFO] [stdout] failures:
[INFO] [stdout] 
[INFO] [stdout] ---- src/lib.rs - (line 11) stdout ----
[INFO] [stdout] error[E0432]: unresolved import `weighted_rs_wasm`
[INFO] [stdout]  --> src/lib.rs:12:5
[INFO] [stdout]   |
[INFO] [stdout] 3 | use weighted_rs_wasm::{SmoothWeight, Weight};
[INFO] [stdout]   |     ^^^^^^^^^^^^^^^^ use of undeclared crate or module `weighted_rs_wasm`
[INFO] [stdout]   |
[INFO] [stdout] help: there is a crate or module with a similar name
[INFO] [stdout]   |
[INFO] [stdout] 3 | use weighted_rs_1::{SmoothWeight, Weight};
[INFO] [stdout]   |     ~~~~~~~~~~~~~
[INFO] [stdout] 
[INFO] [stdout] error: aborting due to 1 previous error
[INFO] [stdout] 
[INFO] [stdout] For more information about this error, try `rustc --explain E0432`.
[INFO] [stdout] Couldn't compile the test.
[INFO] [stdout] 
[INFO] [stdout] failures:
[INFO] [stdout]     src/lib.rs - (line 11)
[INFO] [stdout] 
[INFO] [stdout] test result: FAILED. 0 passed; 1 failed; 0 ignored; 0 measured; 0 filtered out; finished in 0.03s
[INFO] [stdout] 
[INFO] [stderr] error: doctest failed, to rerun pass `--doc`
[INFO] running `Command { std: "docker" "inspect" "73a16406f5feccfbee51190578b57031ce1c28a4a1f413ab3951e9359271593f", kill_on_drop: false }`
[INFO] running `Command { std: "docker" "rm" "-f" "73a16406f5feccfbee51190578b57031ce1c28a4a1f413ab3951e9359271593f", kill_on_drop: false }`
[INFO] [stdout] 73a16406f5feccfbee51190578b57031ce1c28a4a1f413ab3951e9359271593f
