[INFO] fetching crate webtonic-client 0.1.1...
[INFO] testing webtonic-client-0.1.1 against 1.75.0 for beta-1.76-1
[INFO] extracting crate webtonic-client 0.1.1 into /workspace/builds/worker-6-tc1/source
[INFO] validating manifest of crates.io crate webtonic-client 0.1.1 on toolchain 1.75.0
[INFO] running `Command { std: CARGO_HOME="/workspace/cargo-home" RUSTUP_HOME="/workspace/rustup-home" "/workspace/cargo-home/bin/cargo" "+1.75.0" "metadata" "--manifest-path" "Cargo.toml" "--no-deps", kill_on_drop: false }`
[INFO] started tweaking crates.io crate webtonic-client 0.1.1
[INFO] finished tweaking crates.io crate webtonic-client 0.1.1
[INFO] tweaked toml for crates.io crate webtonic-client 0.1.1 written to /workspace/builds/worker-6-tc1/source/Cargo.toml
[INFO] running `Command { std: CARGO_HOME="/workspace/cargo-home" RUSTUP_HOME="/workspace/rustup-home" "/workspace/cargo-home/bin/cargo" "+1.75.0" "generate-lockfile" "--manifest-path" "Cargo.toml", kill_on_drop: false }`
[INFO] [stderr]     Updating crates.io index
[INFO] running `Command { std: CARGO_HOME="/workspace/cargo-home" RUSTUP_HOME="/workspace/rustup-home" "/workspace/cargo-home/bin/cargo" "+1.75.0" "fetch" "--manifest-path" "Cargo.toml", kill_on_drop: false }`
[INFO] [stderr]  Downloading crates ...
[INFO] [stderr]   Downloaded webtonic-proto v0.1.1
[INFO] running `Command { std: "docker" "create" "-v" "/var/lib/crater-agent-workspace/builds/worker-6-tc1/target:/opt/rustwide/target:rw,Z" "-v" "/var/lib/crater-agent-workspace/builds/worker-6-tc1/source:/opt/rustwide/workdir:ro,Z" "-v" "/var/lib/crater-agent-workspace/cargo-home:/opt/rustwide/cargo-home:ro,Z" "-v" "/var/lib/crater-agent-workspace/rustup-home:/opt/rustwide/rustup-home:ro,Z" "-e" "SOURCE_DIR=/opt/rustwide/workdir" "-e" "CARGO_TARGET_DIR=/opt/rustwide/target" "-e" "CARGO_HOME=/opt/rustwide/cargo-home" "-e" "RUSTUP_HOME=/opt/rustwide/rustup-home" "-w" "/opt/rustwide/workdir" "-m" "1610612736" "--user" "0:0" "--network" "none" "ghcr.io/rust-lang/crates-build-env/linux@sha256:2788e3201cd34a07e3172128adcd8b3090168a8e3bcc40d7c032b9dda1df7d1c" "/opt/rustwide/cargo-home/bin/cargo" "+1.75.0" "metadata" "--no-deps" "--format-version=1", kill_on_drop: false }`
[INFO] [stdout] 2deed2f78ccc1dbe56bd297012be738ba635f1d95cfa334995f13219cea2a967
[INFO] running `Command { std: "docker" "start" "-a" "2deed2f78ccc1dbe56bd297012be738ba635f1d95cfa334995f13219cea2a967", kill_on_drop: false }`
[INFO] running `Command { std: "docker" "inspect" "2deed2f78ccc1dbe56bd297012be738ba635f1d95cfa334995f13219cea2a967", kill_on_drop: false }`
[INFO] running `Command { std: "docker" "rm" "-f" "2deed2f78ccc1dbe56bd297012be738ba635f1d95cfa334995f13219cea2a967", kill_on_drop: false }`
[INFO] [stdout] 2deed2f78ccc1dbe56bd297012be738ba635f1d95cfa334995f13219cea2a967
[INFO] running `Command { std: "docker" "create" "-v" "/var/lib/crater-agent-workspace/builds/worker-6-tc1/target:/opt/rustwide/target:rw,Z" "-v" "/var/lib/crater-agent-workspace/builds/worker-6-tc1/source:/opt/rustwide/workdir:ro,Z" "-v" "/var/lib/crater-agent-workspace/cargo-home:/opt/rustwide/cargo-home:ro,Z" "-v" "/var/lib/crater-agent-workspace/rustup-home:/opt/rustwide/rustup-home:ro,Z" "-e" "SOURCE_DIR=/opt/rustwide/workdir" "-e" "CARGO_TARGET_DIR=/opt/rustwide/target" "-e" "CARGO_INCREMENTAL=0" "-e" "RUST_BACKTRACE=full" "-e" "RUSTFLAGS=--cap-lints=warn" "-e" "RUSTDOCFLAGS=--cap-lints=warn" "-e" "CARGO_HOME=/opt/rustwide/cargo-home" "-e" "RUSTUP_HOME=/opt/rustwide/rustup-home" "-w" "/opt/rustwide/workdir" "-m" "1610612736" "--user" "0:0" "--network" "none" "ghcr.io/rust-lang/crates-build-env/linux@sha256:2788e3201cd34a07e3172128adcd8b3090168a8e3bcc40d7c032b9dda1df7d1c" "/opt/rustwide/cargo-home/bin/cargo" "+1.75.0" "build" "--frozen" "--message-format=json", kill_on_drop: false }`
[INFO] [stdout] 8806328d40fd4b3530b2accf8dcee0eecfb26d0a83f1a148162dbaf897edc123
[INFO] running `Command { std: "docker" "start" "-a" "8806328d40fd4b3530b2accf8dcee0eecfb26d0a83f1a148162dbaf897edc123", kill_on_drop: false }`
[INFO] [stderr]    Compiling once_cell v1.19.0
[INFO] [stderr]    Compiling pin-project-lite v0.2.13
[INFO] [stderr]    Compiling futures-core v0.3.30
[INFO] [stderr]    Compiling futures-sink v0.3.30
[INFO] [stderr]    Compiling bytes v1.5.0
[INFO] [stderr]    Compiling syn v1.0.109
[INFO] [stderr]    Compiling futures-task v0.3.30
[INFO] [stderr]    Compiling anyhow v1.0.79
[INFO] [stderr]    Compiling either v1.9.0
[INFO] [stderr]    Compiling fnv v1.0.7
[INFO] [stderr]    Compiling syn v2.0.48
[INFO] [stderr]    Compiling pin-utils v0.1.0
[INFO] [stderr]    Compiling tower-service v0.3.2
[INFO] [stderr]    Compiling percent-encoding v2.3.1
[INFO] [stderr]    Compiling futures-io v0.3.30
[INFO] [stderr]    Compiling tokio v1.35.1
[INFO] [stderr]    Compiling futures-channel v0.3.30
[INFO] [stderr]    Compiling futures-util v0.3.30
[INFO] [stderr]    Compiling itertools v0.9.0
[INFO] [stderr]    Compiling tracing-core v0.1.32
[INFO] [stderr]    Compiling http v0.2.11
[INFO] [stderr]    Compiling tokio-util v0.6.10
[INFO] [stderr]    Compiling tokio-stream v0.1.14
[INFO] [stderr]    Compiling http-body v0.4.6
[INFO] [stderr]    Compiling futures v0.3.30
[INFO] [stderr]    Compiling prost-derive v0.7.0
[INFO] [stderr]    Compiling wasm-bindgen-backend v0.2.89
[INFO] [stderr]    Compiling prost v0.7.0
[INFO] [stderr]    Compiling tracing-attributes v0.1.27
[INFO] [stderr]    Compiling pin-project-internal v1.1.3
[INFO] [stderr]    Compiling async-stream-impl v0.3.5
[INFO] [stderr]    Compiling wasm-bindgen-macro-support v0.2.89
[INFO] [stderr]    Compiling async-stream v0.3.5
[INFO] [stderr]    Compiling wasm-bindgen-macro v0.2.89
[INFO] [stderr]    Compiling pin-project v1.1.3
[INFO] [stderr]    Compiling tracing v0.1.40
[INFO] [stderr]    Compiling tonic v0.4.3
[INFO] [stderr]    Compiling wasm-bindgen v0.2.89
[INFO] [stderr]    Compiling webtonic-proto v0.1.1
[INFO] [stderr]    Compiling js-sys v0.3.66
[INFO] [stderr]    Compiling wasm-bindgen-futures v0.4.39
[INFO] [stderr]    Compiling web-sys v0.3.66
[INFO] [stderr]    Compiling webtonic-client v0.1.1 (/opt/rustwide/workdir)
[INFO] [stderr]     Finished dev [unoptimized + debuginfo] target(s) in 10.10s
[INFO] running `Command { std: "docker" "inspect" "8806328d40fd4b3530b2accf8dcee0eecfb26d0a83f1a148162dbaf897edc123", kill_on_drop: false }`
[INFO] running `Command { std: "docker" "rm" "-f" "8806328d40fd4b3530b2accf8dcee0eecfb26d0a83f1a148162dbaf897edc123", kill_on_drop: false }`
[INFO] [stdout] 8806328d40fd4b3530b2accf8dcee0eecfb26d0a83f1a148162dbaf897edc123
[INFO] running `Command { std: "docker" "create" "-v" "/var/lib/crater-agent-workspace/builds/worker-6-tc1/target:/opt/rustwide/target:rw,Z" "-v" "/var/lib/crater-agent-workspace/builds/worker-6-tc1/source:/opt/rustwide/workdir:ro,Z" "-v" "/var/lib/crater-agent-workspace/cargo-home:/opt/rustwide/cargo-home:ro,Z" "-v" "/var/lib/crater-agent-workspace/rustup-home:/opt/rustwide/rustup-home:ro,Z" "-e" "SOURCE_DIR=/opt/rustwide/workdir" "-e" "CARGO_TARGET_DIR=/opt/rustwide/target" "-e" "CARGO_INCREMENTAL=0" "-e" "RUST_BACKTRACE=full" "-e" "RUSTFLAGS=--cap-lints=warn" "-e" "RUSTDOCFLAGS=--cap-lints=warn" "-e" "CARGO_HOME=/opt/rustwide/cargo-home" "-e" "RUSTUP_HOME=/opt/rustwide/rustup-home" "-w" "/opt/rustwide/workdir" "-m" "1610612736" "--user" "0:0" "--network" "none" "ghcr.io/rust-lang/crates-build-env/linux@sha256:2788e3201cd34a07e3172128adcd8b3090168a8e3bcc40d7c032b9dda1df7d1c" "/opt/rustwide/cargo-home/bin/cargo" "+1.75.0" "test" "--frozen" "--no-run" "--message-format=json", kill_on_drop: false }`
[INFO] [stdout] 7afb81140aa4287b78fd0e1dcf7d2404e5270793caf493aad48e0ada3a847a5f
[INFO] running `Command { std: "docker" "start" "-a" "7afb81140aa4287b78fd0e1dcf7d2404e5270793caf493aad48e0ada3a847a5f", kill_on_drop: false }`
[INFO] [stderr]    Compiling webtonic-client v0.1.1 (/opt/rustwide/workdir)
[INFO] [stderr]     Finished test [unoptimized + debuginfo] target(s) in 0.44s
[INFO] running `Command { std: "docker" "inspect" "7afb81140aa4287b78fd0e1dcf7d2404e5270793caf493aad48e0ada3a847a5f", kill_on_drop: false }`
[INFO] running `Command { std: "docker" "rm" "-f" "7afb81140aa4287b78fd0e1dcf7d2404e5270793caf493aad48e0ada3a847a5f", kill_on_drop: false }`
[INFO] [stdout] 7afb81140aa4287b78fd0e1dcf7d2404e5270793caf493aad48e0ada3a847a5f
[INFO] running `Command { std: "docker" "create" "-v" "/var/lib/crater-agent-workspace/builds/worker-6-tc1/target:/opt/rustwide/target:rw,Z" "-v" "/var/lib/crater-agent-workspace/builds/worker-6-tc1/source:/opt/rustwide/workdir:ro,Z" "-v" "/var/lib/crater-agent-workspace/cargo-home:/opt/rustwide/cargo-home:ro,Z" "-v" "/var/lib/crater-agent-workspace/rustup-home:/opt/rustwide/rustup-home:ro,Z" "-e" "SOURCE_DIR=/opt/rustwide/workdir" "-e" "CARGO_TARGET_DIR=/opt/rustwide/target" "-e" "CARGO_INCREMENTAL=0" "-e" "RUST_BACKTRACE=full" "-e" "RUSTFLAGS=--cap-lints=warn" "-e" "RUSTDOCFLAGS=--cap-lints=warn" "-e" "CARGO_HOME=/opt/rustwide/cargo-home" "-e" "RUSTUP_HOME=/opt/rustwide/rustup-home" "-w" "/opt/rustwide/workdir" "-m" "1610612736" "--user" "0:0" "--network" "none" "ghcr.io/rust-lang/crates-build-env/linux@sha256:2788e3201cd34a07e3172128adcd8b3090168a8e3bcc40d7c032b9dda1df7d1c" "/opt/rustwide/cargo-home/bin/cargo" "+1.75.0" "test" "--frozen", kill_on_drop: false }`
[INFO] [stdout] 212570a115b7751b5188ec192e1cf47d4497e0bf91e1aa4e81c5e15533d9dbef
[INFO] running `Command { std: "docker" "start" "-a" "212570a115b7751b5188ec192e1cf47d4497e0bf91e1aa4e81c5e15533d9dbef", kill_on_drop: false }`
[INFO] [stderr]     Finished test [unoptimized + debuginfo] target(s) in 0.06s
[INFO] [stderr]      Running unittests src/lib.rs (/opt/rustwide/target/debug/deps/webtonic_client-386d0d5d01f919b0)
[INFO] [stdout] 
[INFO] [stdout] running 0 tests
[INFO] [stdout] 
[INFO] [stdout] test result: ok. 0 passed; 0 failed; 0 ignored; 0 measured; 0 filtered out; finished in 0.00s
[INFO] [stdout] 
[INFO] [stderr]    Doc-tests webtonic-client
[INFO] [stdout] 
[INFO] [stdout] running 2 tests
[INFO] [stdout] test src/lib.rs - Client<'static>::connect (line 74) ... FAILED
[INFO] [stdout] test src/lib.rs - Client (line 44) ... FAILED
[INFO] [stdout] 
[INFO] [stdout] failures:
[INFO] [stdout] 
[INFO] [stdout] ---- src/lib.rs - Client<'static>::connect (line 74) stdout ----
[INFO] [stdout] error[E0433]: failed to resolve: use of undeclared type `Client`
[INFO] [stdout]  --> src/lib.rs:75:14
[INFO] [stdout]   |
[INFO] [stdout] 3 | let client = Client::connect("ws://localhost:1337").await.unwrap();
[INFO] [stdout]   |              ^^^^^^ use of undeclared type `Client`
[INFO] [stdout]   |
[INFO] [stdout] help: consider importing this struct
[INFO] [stdout]   |
[INFO] [stdout] 2 + use webtonic_client::Client;
[INFO] [stdout]   |
[INFO] [stdout] 
[INFO] [stdout] error[E0728]: `await` is only allowed inside `async` functions and blocks
[INFO] [stdout]  --> src/lib.rs:75:53
[INFO] [stdout]   |
[INFO] [stdout] 2 | fn main() { #[allow(non_snake_case)] fn _doctest_main_src_lib_rs_74_0() {
[INFO] [stdout]   |                                         ----------------------------- this is not `async`
[INFO] [stdout] 3 | let client = Client::connect("ws://localhost:1337").await.unwrap();
[INFO] [stdout]   |                                                     ^^^^^ only allowed inside `async` functions and blocks
[INFO] [stdout] 
[INFO] [stdout] error: aborting due to 2 previous errors
[INFO] [stdout] 
[INFO] [stdout] Some errors have detailed explanations: E0433, E0728.
[INFO] [stdout] For more information about an error, try `rustc --explain E0433`.
[INFO] [stdout] Couldn't compile the test.
[INFO] [stdout] ---- src/lib.rs - Client (line 44) stdout ----
[INFO] [stdout] error[E0433]: failed to resolve: use of undeclared crate or module `greeter_client`
[INFO] [stdout]  --> src/lib.rs:46:18
[INFO] [stdout]   |
[INFO] [stdout] 4 | let mut client = greeter_client::GreeterClient::new(client);
[INFO] [stdout]   |                  ^^^^^^^^^^^^^^ use of undeclared crate or module `greeter_client`
[INFO] [stdout] 
[INFO] [stdout] error[E0433]: failed to resolve: use of undeclared type `Client`
[INFO] [stdout]  --> src/lib.rs:45:14
[INFO] [stdout]   |
[INFO] [stdout] 3 | let client = Client::connect("ws://localhost:8080").await.unwrap();
[INFO] [stdout]   |              ^^^^^^ use of undeclared type `Client`
[INFO] [stdout]   |
[INFO] [stdout] help: consider importing this struct
[INFO] [stdout]   |
[INFO] [stdout] 2 + use webtonic_client::Client;
[INFO] [stdout]   |
[INFO] [stdout] 
[INFO] [stdout] error[E0422]: cannot find struct, variant or union type `HelloRequest` in this scope
[INFO] [stdout]  --> src/lib.rs:48:35
[INFO] [stdout]   |
[INFO] [stdout] 6 | let request = tonic::Request::new(HelloRequest {
[INFO] [stdout]   |                                   ^^^^^^^^^^^^ not found in this scope
[INFO] [stdout] 
[INFO] [stdout] error[E0728]: `await` is only allowed inside `async` functions and blocks
[INFO] [stdout]  --> src/lib.rs:45:53
[INFO] [stdout]   |
[INFO] [stdout] 2 | fn main() { #[allow(non_snake_case)] fn _doctest_main_src_lib_rs_44_0() {
[INFO] [stdout]   |                                         ----------------------------- this is not `async`
[INFO] [stdout] 3 | let client = Client::connect("ws://localhost:8080").await.unwrap();
[INFO] [stdout]   |                                                     ^^^^^ only allowed inside `async` functions and blocks
[INFO] [stdout] 
[INFO] [stdout] error[E0728]: `await` is only allowed inside `async` functions and blocks
[INFO] [stdout]   --> src/lib.rs:52:42
[INFO] [stdout]    |
[INFO] [stdout] 2  | fn main() { #[allow(non_snake_case)] fn _doctest_main_src_lib_rs_44_0() {
[INFO] [stdout]    |                                         ----------------------------- this is not `async`
[INFO] [stdout] ...
[INFO] [stdout] 10 | let response = client.say_hello(request).await.unwrap().into_inner();
[INFO] [stdout]    |                                          ^^^^^ only allowed inside `async` functions and blocks
[INFO] [stdout] 
[INFO] [stdout] error: aborting due to 5 previous errors
[INFO] [stdout] 
[INFO] [stdout] Some errors have detailed explanations: E0422, E0433, E0728.
[INFO] [stdout] For more information about an error, try `rustc --explain E0422`.
[INFO] [stdout] Couldn't compile the test.
[INFO] [stdout] 
[INFO] [stdout] failures:
[INFO] [stdout]     src/lib.rs - Client (line 44)
[INFO] [stdout]     src/lib.rs - Client<'static>::connect (line 74)
[INFO] [stdout] 
[INFO] [stdout] test result: FAILED. 0 passed; 2 failed; 0 ignored; 0 measured; 0 filtered out; finished in 0.12s
[INFO] [stdout] 
[INFO] [stderr] error: doctest failed, to rerun pass `--doc`
[INFO] running `Command { std: "docker" "inspect" "212570a115b7751b5188ec192e1cf47d4497e0bf91e1aa4e81c5e15533d9dbef", kill_on_drop: false }`
[INFO] running `Command { std: "docker" "rm" "-f" "212570a115b7751b5188ec192e1cf47d4497e0bf91e1aa4e81c5e15533d9dbef", kill_on_drop: false }`
[INFO] [stdout] 212570a115b7751b5188ec192e1cf47d4497e0bf91e1aa4e81c5e15533d9dbef
