[INFO] fetching crate website_crawler 0.8.12...
[INFO] testing website_crawler-0.8.12 against 1.75.0 for beta-1.76-1
[INFO] extracting crate website_crawler 0.8.12 into /workspace/builds/worker-1-tc1/source
[INFO] validating manifest of crates.io crate website_crawler 0.8.12 on toolchain 1.75.0
[INFO] running `Command { std: CARGO_HOME="/workspace/cargo-home" RUSTUP_HOME="/workspace/rustup-home" "/workspace/cargo-home/bin/cargo" "+1.75.0" "metadata" "--manifest-path" "Cargo.toml" "--no-deps", kill_on_drop: false }`
[INFO] started tweaking crates.io crate website_crawler 0.8.12
[INFO] finished tweaking crates.io crate website_crawler 0.8.12
[INFO] tweaked toml for crates.io crate website_crawler 0.8.12 written to /workspace/builds/worker-1-tc1/source/Cargo.toml
[INFO] crate crates.io crate website_crawler 0.8.12 already has a lockfile, it will not be regenerated
[INFO] running `Command { std: CARGO_HOME="/workspace/cargo-home" RUSTUP_HOME="/workspace/rustup-home" "/workspace/cargo-home/bin/cargo" "+1.75.0" "fetch" "--manifest-path" "Cargo.toml", kill_on_drop: false }`
[INFO] [stderr]     Updating crates.io index
[INFO] [stderr]  Downloading crates ...
[INFO] [stderr]   Downloaded dtoa v1.0.8
[INFO] [stderr]   Downloaded chrono_utils v0.1.3
[INFO] [stderr]   Downloaded sitemap v0.4.1
[INFO] [stderr]   Downloaded fast_html5ever v0.26.1
[INFO] [stderr]   Downloaded fast_markup5ever v0.11.0
[INFO] [stderr]   Downloaded rustls v0.21.3
[INFO] [stderr]   Downloaded jemalloc-sys v0.5.3+5.3.0-patched
[INFO] [stderr]   Downloaded case_insensitive_string v0.1.6
[INFO] [stderr]   Downloaded string_concat v0.0.1
[INFO] [stderr]   Downloaded ua_generator v0.3.5
[INFO] running `Command { std: "docker" "create" "-v" "/var/lib/crater-agent-workspace/builds/worker-1-tc1/target:/opt/rustwide/target:rw,Z" "-v" "/var/lib/crater-agent-workspace/builds/worker-1-tc1/source:/opt/rustwide/workdir:ro,Z" "-v" "/var/lib/crater-agent-workspace/cargo-home:/opt/rustwide/cargo-home:ro,Z" "-v" "/var/lib/crater-agent-workspace/rustup-home:/opt/rustwide/rustup-home:ro,Z" "-e" "SOURCE_DIR=/opt/rustwide/workdir" "-e" "CARGO_TARGET_DIR=/opt/rustwide/target" "-e" "CARGO_HOME=/opt/rustwide/cargo-home" "-e" "RUSTUP_HOME=/opt/rustwide/rustup-home" "-w" "/opt/rustwide/workdir" "-m" "1610612736" "--user" "0:0" "--network" "none" "ghcr.io/rust-lang/crates-build-env/linux@sha256:2788e3201cd34a07e3172128adcd8b3090168a8e3bcc40d7c032b9dda1df7d1c" "/opt/rustwide/cargo-home/bin/cargo" "+1.75.0" "metadata" "--no-deps" "--format-version=1", kill_on_drop: false }`
[INFO] [stdout] 71a5ea17e0b63089be2be17c0c7f68f44bafc40d58729cc609360f320e1bc8c7
[INFO] running `Command { std: "docker" "start" "-a" "71a5ea17e0b63089be2be17c0c7f68f44bafc40d58729cc609360f320e1bc8c7", kill_on_drop: false }`
[INFO] running `Command { std: "docker" "inspect" "71a5ea17e0b63089be2be17c0c7f68f44bafc40d58729cc609360f320e1bc8c7", kill_on_drop: false }`
[INFO] running `Command { std: "docker" "rm" "-f" "71a5ea17e0b63089be2be17c0c7f68f44bafc40d58729cc609360f320e1bc8c7", kill_on_drop: false }`
[INFO] [stdout] 71a5ea17e0b63089be2be17c0c7f68f44bafc40d58729cc609360f320e1bc8c7
[INFO] running `Command { std: "docker" "create" "-v" "/var/lib/crater-agent-workspace/builds/worker-1-tc1/target:/opt/rustwide/target:rw,Z" "-v" "/var/lib/crater-agent-workspace/builds/worker-1-tc1/source:/opt/rustwide/workdir:ro,Z" "-v" "/var/lib/crater-agent-workspace/cargo-home:/opt/rustwide/cargo-home:ro,Z" "-v" "/var/lib/crater-agent-workspace/rustup-home:/opt/rustwide/rustup-home:ro,Z" "-e" "SOURCE_DIR=/opt/rustwide/workdir" "-e" "CARGO_TARGET_DIR=/opt/rustwide/target" "-e" "CARGO_INCREMENTAL=0" "-e" "RUST_BACKTRACE=full" "-e" "RUSTFLAGS=--cap-lints=warn" "-e" "RUSTDOCFLAGS=--cap-lints=warn" "-e" "CARGO_HOME=/opt/rustwide/cargo-home" "-e" "RUSTUP_HOME=/opt/rustwide/rustup-home" "-w" "/opt/rustwide/workdir" "-m" "1610612736" "--user" "0:0" "--network" "none" "ghcr.io/rust-lang/crates-build-env/linux@sha256:2788e3201cd34a07e3172128adcd8b3090168a8e3bcc40d7c032b9dda1df7d1c" "/opt/rustwide/cargo-home/bin/cargo" "+1.75.0" "build" "--frozen" "--message-format=json", kill_on_drop: false }`
[INFO] [stdout] 8d63bc800b14ca54f1e9951300f99c447f324e73c5b9a7e750f97498072d10e6
[INFO] running `Command { std: "docker" "start" "-a" "8d63bc800b14ca54f1e9951300f99c447f324e73c5b9a7e750f97498072d10e6", kill_on_drop: false }`
[INFO] [stderr]    Compiling proc-macro2 v1.0.63
[INFO] [stderr]    Compiling quote v1.0.29
[INFO] [stderr]    Compiling unicode-ident v1.0.10
[INFO] [stderr]    Compiling libc v0.2.147
[INFO] [stderr]    Compiling syn v1.0.109
[INFO] [stderr]    Compiling ppv-lite86 v0.2.17
[INFO] [stderr]    Compiling siphasher v0.3.10
[INFO] [stderr]    Compiling smallvec v1.11.0
[INFO] [stderr]    Compiling parking_lot_core v0.9.8
[INFO] [stderr]    Compiling bytes v1.4.0
[INFO] [stderr]    Compiling pin-project-lite v0.2.13
[INFO] [stderr]    Compiling once_cell v1.18.0
[INFO] [stderr]    Compiling lock_api v0.4.10
[INFO] [stderr]    Compiling futures-core v0.3.28
[INFO] [stderr]    Compiling indexmap v1.9.3
[INFO] [stderr]    Compiling itoa v1.0.8
[INFO] [stderr]    Compiling hashbrown v0.12.3
[INFO] [stderr]    Compiling either v1.8.1
[INFO] [stderr]    Compiling futures-task v0.3.28
[INFO] [stderr]    Compiling serde v1.0.166
[INFO] [stderr]    Compiling futures-util v0.3.28
[INFO] [stderr]    Compiling rustversion v1.0.13
[INFO] [stderr]    Compiling cc v1.0.79
[INFO] [stderr]    Compiling anyhow v1.0.71
[INFO] [stderr]    Compiling phf_shared v0.10.0
[INFO] [stderr]    Compiling getrandom v0.1.16
[INFO] [stderr]    Compiling itertools v0.10.5
[INFO] [stderr]    Compiling tracing-core v0.1.31
[INFO] [stderr]    Compiling slab v0.4.8
[INFO] [stderr]    Compiling memchr v2.5.0
[INFO] [stderr]    Compiling http v0.2.9
[INFO] [stderr]    Compiling futures-sink v0.3.28
[INFO] [stderr]    Compiling tower-service v0.3.2
[INFO] [stderr]    Compiling httparse v1.8.0
[INFO] [stderr]    Compiling log v0.4.19
[INFO] [stderr]    Compiling syn v2.0.23
[INFO] [stderr]    Compiling io-lifetimes v1.0.11
[INFO] [stderr]    Compiling futures-channel v0.3.28
[INFO] [stderr]    Compiling num_cpus v1.16.0
[INFO] [stderr]    Compiling mio v0.8.8
[INFO] [stderr]    Compiling socket2 v0.5.4
[INFO] [stderr]    Compiling getrandom v0.2.10
[INFO] [stderr]    Compiling rustix v0.37.23
[INFO] [stderr]    Compiling parking_lot v0.12.1
[INFO] [stderr]    Compiling http-body v0.4.5
[INFO] [stderr]    Compiling percent-encoding v2.3.0
[INFO] [stderr]    Compiling openssl-sys v0.9.90
[INFO] [stderr]    Compiling try-lock v0.2.4
[INFO] [stderr]    Compiling want v0.3.1
[INFO] [stderr]    Compiling rand_core v0.6.4
[INFO] [stderr]    Compiling rand_core v0.5.1
[INFO] [stderr]    Compiling socket2 v0.4.9
[INFO] [stderr]    Compiling phf_shared v0.8.0
[INFO] [stderr]    Compiling phf_shared v0.11.2
[INFO] [stderr]    Compiling tempfile v3.6.0
[INFO] [stderr]    Compiling rand_chacha v0.3.1
[INFO] [stderr]    Compiling openssl v0.10.55
[INFO] [stderr]    Compiling rand_pcg v0.2.1
[INFO] [stderr]    Compiling rand_chacha v0.2.2
[INFO] [stderr]    Compiling linux-raw-sys v0.3.8
[INFO] [stderr]    Compiling proc-macro-hack v0.5.20+deprecated
[INFO] [stderr]    Compiling tinyvec_macros v0.1.1
[INFO] [stderr]    Compiling prettyplease v0.1.25
[INFO] [stderr]    Compiling regex-syntax v0.7.3
[INFO] [stderr]    Compiling rand v0.8.5
[INFO] [stderr]    Compiling tinyvec v1.6.0
[INFO] [stderr]    Compiling rand v0.7.3
[INFO] [stderr]    Compiling num-traits v0.2.15
[INFO] [stderr]    Compiling new_debug_unreachable v1.0.4
[INFO] [stderr]    Compiling async-trait v0.1.71
[INFO] [stderr]    Compiling alloc-no-stdlib v2.0.4
[INFO] [stderr]    Compiling semver v1.0.17
[INFO] [stderr]    Compiling fastrand v1.9.0
[INFO] [stderr]    Compiling fixedbitset v0.4.2
[INFO] [stderr]    Compiling native-tls v0.2.11
[INFO] [stderr]    Compiling petgraph v0.6.3
[INFO] [stderr]    Compiling alloc-stdlib v0.2.2
[INFO] [stderr]    Compiling form_urlencoded v1.2.0
[INFO] [stderr]    Compiling which v4.4.0
[INFO] [stderr]    Compiling phf_generator v0.10.0
[INFO] [stderr]    Compiling phf_generator v0.11.2
[INFO] [stderr]    Compiling string_cache_codegen v0.5.2
[INFO] [stderr]    Compiling phf_codegen v0.11.2
[INFO] [stderr]    Compiling axum-core v0.3.4
[INFO] [stderr]    Compiling unicode-normalization v0.1.22
[INFO] [stderr]    Compiling phf_generator v0.8.0
[INFO] [stderr]    Compiling multimap v0.8.3
[INFO] [stderr]    Compiling openssl-probe v0.1.5
[INFO] [stderr]    Compiling unicode-xid v0.2.4
[INFO] [stderr]    Compiling mac v0.1.1
[INFO] [stderr]    Compiling ryu v1.0.14
[INFO] [stderr]    Compiling heck v0.4.1
[INFO] [stderr]    Compiling tower-layer v0.3.2
[INFO] [stderr]    Compiling unicode-bidi v0.3.13
[INFO] [stderr]    Compiling precomputed-hash v0.1.1
[INFO] [stderr]    Compiling mime v0.3.17
[INFO] [stderr]    Compiling thiserror v1.0.41
[INFO] [stderr]    Compiling failure_derive v0.1.8
[INFO] [stderr]    Compiling futf v0.1.5
[INFO] [stderr]    Compiling regex-automata v0.3.0
[INFO] [stderr]    Compiling phf_codegen v0.8.0
[INFO] [stderr]    Compiling fast_markup5ever v0.11.0
[INFO] [stderr]    Compiling ahash v0.8.3
[INFO] [stderr]    Compiling brotli-decompressor v2.3.4
[INFO] [stderr]    Compiling idna v0.4.0
[INFO] [stderr]    Compiling axum v0.6.18
[INFO] [stderr]    Compiling aho-corasick v1.0.2
[INFO] [stderr]    Compiling time v0.1.45
[INFO] [stderr]    Compiling dtoa v1.0.8
[INFO] [stderr]    Compiling iana-time-zone v0.1.57
[INFO] [stderr]    Compiling tendril v0.4.3
[INFO] [stderr]    Compiling chrono v0.4.26
[INFO] [stderr]    Compiling dtoa-short v0.3.4
[INFO] [stderr]    Compiling url v2.4.0
[INFO] [stderr]    Compiling phf v0.11.2
[INFO] [stderr]    Compiling rustc_version v0.4.0
[INFO] [stderr]    Compiling flate2 v1.0.26
[INFO] [stderr]    Compiling selectors v0.24.0
[INFO] [stderr]    Compiling brotli v3.3.4
[INFO] [stderr]    Compiling castaway v0.2.2
[INFO] [stderr]    Compiling base64 v0.21.2
[INFO] [stderr]    Compiling synstructure v0.12.6
[INFO] [stderr]    Compiling matches v0.1.10
[INFO] [stderr]    Compiling sync_wrapper v0.1.2
[INFO] [stderr]    Compiling stable_deref_trait v1.2.0
[INFO] [stderr]    Compiling static_assertions v1.1.0
[INFO] [stderr]    Compiling fs_extra v1.3.0
[INFO] [stderr]    Compiling matchit v0.7.0
[INFO] [stderr]    Compiling nodrop v0.1.14
[INFO] [stderr]    Compiling regex v1.9.0
[INFO] [stderr]    Compiling convert_case v0.4.0
[INFO] [stderr]    Compiling servo_arc v0.2.0
[INFO] [stderr]    Compiling chrono_utils v0.1.3
[INFO] [stderr]    Compiling compact_str v0.7.1
[INFO] [stderr]    Compiling fxhash v0.2.1
[INFO] [stderr]    Compiling phf v0.8.0
[INFO] [stderr]    Compiling atty v0.2.14
[INFO] [stderr]    Compiling encoding_rs v0.8.32
[INFO] [stderr]    Compiling ipnet v2.8.0
[INFO] [stderr]    Compiling termcolor v1.2.0
[INFO] [stderr]    Compiling xml-rs v0.8.15
[INFO] [stderr]    Compiling ego-tree v0.6.2
[INFO] [stderr]    Compiling string_concat v0.0.1
[INFO] [stderr]    Compiling hashbrown v0.13.2
[INFO] [stderr]    Compiling sitemap v0.4.1
[INFO] [stderr]    Compiling tokio-macros v2.1.0
[INFO] [stderr]    Compiling serde_derive v1.0.166
[INFO] [stderr]    Compiling tracing-attributes v0.1.26
[INFO] [stderr]    Compiling openssl-macros v0.1.1
[INFO] [stderr]    Compiling pin-project-internal v1.1.2
[INFO] [stderr]    Compiling thiserror-impl v1.0.41
[INFO] [stderr]    Compiling cssparser-macros v0.6.1
[INFO] [stderr]    Compiling prost-derive v0.11.9
[INFO] [stderr]    Compiling cssparser v0.29.6
[INFO] [stderr]    Compiling tokio v1.33.0
[INFO] [stderr]    Compiling phf_macros v0.10.0
[INFO] [stderr]    Compiling fast_html5ever v0.26.1
[INFO] [stderr]    Compiling pin-project v1.1.2
[INFO] [stderr]    Compiling tracing v0.1.37
[INFO] [stderr]    Compiling derive_more v0.99.17
[INFO] [stderr]    Compiling env_logger v0.9.3
[INFO] [stderr]    Compiling phf v0.10.1
[INFO] [stderr]    Compiling prost v0.11.9
[INFO] [stderr]    Compiling prost-types v0.11.9
[INFO] [stderr]    Compiling prost-build v0.11.9
[INFO] [stderr]    Compiling tonic-build v0.9.2
[INFO] [stderr]    Compiling tokio-util v0.7.8
[INFO] [stderr]    Compiling tokio-io-timeout v1.2.0
[INFO] [stderr]    Compiling tokio-native-tls v0.3.1
[INFO] [stderr]    Compiling async-compression v0.4.0
[INFO] [stderr]    Compiling tokio-stream v0.1.14
[INFO] [stderr]    Compiling tokio-socks v0.5.1
[INFO] [stderr]    Compiling h2 v0.3.20
[INFO] [stderr]    Compiling tower v0.4.13
[INFO] [stderr]    Compiling string_cache v0.8.7
[INFO] [stderr]    Compiling os_info v3.7.0
[INFO] [stderr]    Compiling serde_urlencoded v0.7.1
[INFO] [stderr]    Compiling case_insensitive_string v0.1.6
[INFO] [stderr]    Compiling website_crawler v0.8.12 (/opt/rustwide/workdir)
[INFO] [stderr]    Compiling hyper v0.14.27
[INFO] [stderr]    Compiling hyper-tls v0.5.0
[INFO] [stderr]    Compiling hyper-timeout v0.4.1
[INFO] [stderr]    Compiling reqwest v0.11.18
[INFO] [stderr]    Compiling tonic v0.9.2
[INFO] [stderr]     Finished dev [unoptimized + debuginfo] target(s) in 41.45s
[INFO] running `Command { std: "docker" "inspect" "8d63bc800b14ca54f1e9951300f99c447f324e73c5b9a7e750f97498072d10e6", kill_on_drop: false }`
[INFO] running `Command { std: "docker" "rm" "-f" "8d63bc800b14ca54f1e9951300f99c447f324e73c5b9a7e750f97498072d10e6", kill_on_drop: false }`
[INFO] [stdout] 8d63bc800b14ca54f1e9951300f99c447f324e73c5b9a7e750f97498072d10e6
[INFO] running `Command { std: "docker" "create" "-v" "/var/lib/crater-agent-workspace/builds/worker-1-tc1/target:/opt/rustwide/target:rw,Z" "-v" "/var/lib/crater-agent-workspace/builds/worker-1-tc1/source:/opt/rustwide/workdir:ro,Z" "-v" "/var/lib/crater-agent-workspace/cargo-home:/opt/rustwide/cargo-home:ro,Z" "-v" "/var/lib/crater-agent-workspace/rustup-home:/opt/rustwide/rustup-home:ro,Z" "-e" "SOURCE_DIR=/opt/rustwide/workdir" "-e" "CARGO_TARGET_DIR=/opt/rustwide/target" "-e" "CARGO_INCREMENTAL=0" "-e" "RUST_BACKTRACE=full" "-e" "RUSTFLAGS=--cap-lints=warn" "-e" "RUSTDOCFLAGS=--cap-lints=warn" "-e" "CARGO_HOME=/opt/rustwide/cargo-home" "-e" "RUSTUP_HOME=/opt/rustwide/rustup-home" "-w" "/opt/rustwide/workdir" "-m" "1610612736" "--user" "0:0" "--network" "none" "ghcr.io/rust-lang/crates-build-env/linux@sha256:2788e3201cd34a07e3172128adcd8b3090168a8e3bcc40d7c032b9dda1df7d1c" "/opt/rustwide/cargo-home/bin/cargo" "+1.75.0" "test" "--frozen" "--no-run" "--message-format=json", kill_on_drop: false }`
[INFO] [stdout] b1e9d2bba938a2924a1a1059970868b6490aa8fbd2605afec3361b92c87fb5ae
[INFO] running `Command { std: "docker" "start" "-a" "b1e9d2bba938a2924a1a1059970868b6490aa8fbd2605afec3361b92c87fb5ae", kill_on_drop: false }`
[INFO] [stderr]    Compiling website_crawler v0.8.12 (/opt/rustwide/workdir)
[INFO] [stderr]     Finished test [unoptimized + debuginfo] target(s) in 6.75s
[INFO] running `Command { std: "docker" "inspect" "b1e9d2bba938a2924a1a1059970868b6490aa8fbd2605afec3361b92c87fb5ae", kill_on_drop: false }`
[INFO] running `Command { std: "docker" "rm" "-f" "b1e9d2bba938a2924a1a1059970868b6490aa8fbd2605afec3361b92c87fb5ae", kill_on_drop: false }`
[INFO] [stdout] b1e9d2bba938a2924a1a1059970868b6490aa8fbd2605afec3361b92c87fb5ae
[INFO] running `Command { std: "docker" "create" "-v" "/var/lib/crater-agent-workspace/builds/worker-1-tc1/target:/opt/rustwide/target:rw,Z" "-v" "/var/lib/crater-agent-workspace/builds/worker-1-tc1/source:/opt/rustwide/workdir:ro,Z" "-v" "/var/lib/crater-agent-workspace/cargo-home:/opt/rustwide/cargo-home:ro,Z" "-v" "/var/lib/crater-agent-workspace/rustup-home:/opt/rustwide/rustup-home:ro,Z" "-e" "SOURCE_DIR=/opt/rustwide/workdir" "-e" "CARGO_TARGET_DIR=/opt/rustwide/target" "-e" "CARGO_INCREMENTAL=0" "-e" "RUST_BACKTRACE=full" "-e" "RUSTFLAGS=--cap-lints=warn" "-e" "RUSTDOCFLAGS=--cap-lints=warn" "-e" "CARGO_HOME=/opt/rustwide/cargo-home" "-e" "RUSTUP_HOME=/opt/rustwide/rustup-home" "-w" "/opt/rustwide/workdir" "-m" "1610612736" "--user" "0:0" "--network" "none" "ghcr.io/rust-lang/crates-build-env/linux@sha256:2788e3201cd34a07e3172128adcd8b3090168a8e3bcc40d7c032b9dda1df7d1c" "/opt/rustwide/cargo-home/bin/cargo" "+1.75.0" "test" "--frozen", kill_on_drop: false }`
[INFO] [stdout] 268b4a676dcfed15313793d6c59c1fca6d02e3b51b2d0b7e6e6cd3bfc237d9ff
[INFO] running `Command { std: "docker" "start" "-a" "268b4a676dcfed15313793d6c59c1fca6d02e3b51b2d0b7e6e6cd3bfc237d9ff", kill_on_drop: false }`
[INFO] [stderr]     Finished test [unoptimized + debuginfo] target(s) in 0.56s
[INFO] [stderr]      Running unittests src/lib.rs (/opt/rustwide/target/debug/deps/website_crawler-5da2208f84a90c85)
[INFO] [stdout] 
[INFO] [stdout] running 15 tests
[INFO] [stdout] test packages::scraper::element_ref::tests::test_scope ... ok
[INFO] [stdout] test packages::scraper::html::tests::root_element_document_comment ... ok
[INFO] [stdout] test packages::scraper::element_ref::element::tests::test_is_link ... ok
[INFO] [stdout] test packages::scraper::html::serializable::tests::test_serialize ... ok
[INFO] [stdout] test packages::scraper::html::tests::root_element_document_doctype ... ok
[INFO] [stdout] test packages::scraper::html::tests::root_element_fragment ... ok
[INFO] [stdout] test packages::scraper::html::tests::select_is_reversible ... ok
[INFO] [stdout] test packages::scraper::element_ref::element::tests::test_has_id ... ok
[INFO] [stdout] test packages::scraper::element_ref::element::tests::test_has_class ... ok
[INFO] [stdout] test packages::scraper::selector::tests::selector_conversions ... ok
[INFO] [stdout] test packages::scraper::test::tag_with_newline ... ok
[INFO] [stdout] test packages::scraper::selector::tests::invalid_selector_conversions - should panic ... ok
[INFO] [stdout] test packages::spider::page::test_abs_path ... ok
[INFO] [stdout] test packages::spider::website::test_respect_robots_txt ... FAILED
[INFO] [stdout] test packages::spider::page::parse_links ... FAILED
[INFO] [stdout] 
[INFO] [stdout] failures:
[INFO] [stdout] 
[INFO] [stdout] ---- packages::spider::website::test_respect_robots_txt stdout ----
[INFO] [stdout] thread 'packages::spider::website::test_respect_robots_txt' panicked at src/packages/spider/website.rs:611:5:
[INFO] [stdout] assertion failed: !&website.is_allowed(&"https://stackoverflow.com/posts/".into())
[INFO] [stdout] stack backtrace:
[INFO] [stdout]    0:     0x55dd2b1e8c3c - std::backtrace_rs::backtrace::libunwind::trace::ha637c64ce894333a
[INFO] [stdout]                                at /rustc/82e1608dfa6e0b5569232559e3d385fea5a93112/library/std/src/../../backtrace/src/backtrace/libunwind.rs:104:5
[INFO] [stdout]    1:     0x55dd2b1e8c3c - std::backtrace_rs::backtrace::trace_unsynchronized::h47f62dea28e0c88d
[INFO] [stdout]                                at /rustc/82e1608dfa6e0b5569232559e3d385fea5a93112/library/std/src/../../backtrace/src/backtrace/mod.rs:66:5
[INFO] [stdout]    2:     0x55dd2b1e8c3c - std::sys_common::backtrace::_print_fmt::h9eef0abe20ede486
[INFO] [stdout]                                at /rustc/82e1608dfa6e0b5569232559e3d385fea5a93112/library/std/src/sys_common/backtrace.rs:67:5
[INFO] [stdout]    3:     0x55dd2b1e8c3c - <std::sys_common::backtrace::_print::DisplayBacktrace as core::fmt::Display>::fmt::hed7f999df88cc644
[INFO] [stdout]                                at /rustc/82e1608dfa6e0b5569232559e3d385fea5a93112/library/std/src/sys_common/backtrace.rs:44:22
[INFO] [stdout]    4:     0x55dd2b217890 - core::fmt::rt::Argument::fmt::h1539a9308b8d058d
[INFO] [stdout]                                at /rustc/82e1608dfa6e0b5569232559e3d385fea5a93112/library/core/src/fmt/rt.rs:142:9
[INFO] [stdout]    5:     0x55dd2b217890 - core::fmt::write::h3a39390d8560d9c9
[INFO] [stdout]                                at /rustc/82e1608dfa6e0b5569232559e3d385fea5a93112/library/core/src/fmt/mod.rs:1120:17
[INFO] [stdout]    6:     0x55dd2b1e5c0f - std::io::Write::write_fmt::h040b369f3a0f9cbc
[INFO] [stdout]                                at /rustc/82e1608dfa6e0b5569232559e3d385fea5a93112/library/std/src/io/mod.rs:1762:15
[INFO] [stdout]    7:     0x55dd2b1e8a24 - std::sys_common::backtrace::_print::h894006fb5c6f3d45
[INFO] [stdout]                                at /rustc/82e1608dfa6e0b5569232559e3d385fea5a93112/library/std/src/sys_common/backtrace.rs:47:5
[INFO] [stdout]    8:     0x55dd2b1e8a24 - std::sys_common::backtrace::print::h23a2d212c6fff936
[INFO] [stdout]                                at /rustc/82e1608dfa6e0b5569232559e3d385fea5a93112/library/std/src/sys_common/backtrace.rs:34:9
[INFO] [stdout]    9:     0x55dd2b1ea6e7 - std::panicking::default_hook::{{closure}}::h8a1d2ee00185001a
[INFO] [stdout]   10:     0x55dd2b1ea3d3 - std::panicking::default_hook::h6038f2eba384e475
[INFO] [stdout]                                at /rustc/82e1608dfa6e0b5569232559e3d385fea5a93112/library/std/src/panicking.rs:289:9
[INFO] [stdout]   11:     0x55dd2acd5867 - <alloc::boxed::Box<F,A> as core::ops::function::Fn<Args>>::call::h0ad024c9bdc6d768
[INFO] [stdout]                                at /rustc/82e1608dfa6e0b5569232559e3d385fea5a93112/library/alloc/src/boxed.rs:2021:9
[INFO] [stdout]   12:     0x55dd2acd5867 - test::test_main::{{closure}}::h7500b54257359db6
[INFO] [stdout]                                at /rustc/82e1608dfa6e0b5569232559e3d385fea5a93112/library/test/src/lib.rs:138:21
[INFO] [stdout]   13:     0x55dd2b1eacf8 - <alloc::boxed::Box<F,A> as core::ops::function::Fn<Args>>::call::h1f8f335eaa9cfaee
[INFO] [stdout]                                at /rustc/82e1608dfa6e0b5569232559e3d385fea5a93112/library/alloc/src/boxed.rs:2021:9
[INFO] [stdout]   14:     0x55dd2b1eacf8 - std::panicking::rust_panic_with_hook::h2b5517d590cab22e
[INFO] [stdout]                                at /rustc/82e1608dfa6e0b5569232559e3d385fea5a93112/library/std/src/panicking.rs:783:13
[INFO] [stdout]   15:     0x55dd2b1eaa19 - std::panicking::begin_panic_handler::{{closure}}::h233112c06e0ef43e
[INFO] [stdout]                                at /rustc/82e1608dfa6e0b5569232559e3d385fea5a93112/library/std/src/panicking.rs:649:13
[INFO] [stdout]   16:     0x55dd2b1e9106 - std::sys_common::backtrace::__rust_end_short_backtrace::h6e893f24d7ebbff8
[INFO] [stdout]                                at /rustc/82e1608dfa6e0b5569232559e3d385fea5a93112/library/std/src/sys_common/backtrace.rs:170:18
[INFO] [stdout]   17:     0x55dd2b1ea7b2 - rust_begin_unwind
[INFO] [stdout]                                at /rustc/82e1608dfa6e0b5569232559e3d385fea5a93112/library/std/src/panicking.rs:645:5
[INFO] [stdout]   18:     0x55dd2abd4685 - core::panicking::panic_fmt::hbf0e066aabfa482c
[INFO] [stdout]                                at /rustc/82e1608dfa6e0b5569232559e3d385fea5a93112/library/core/src/panicking.rs:72:14
[INFO] [stdout]   19:     0x55dd2abd4723 - core::panicking::panic::h195fc2a96298d4c3
[INFO] [stdout]                                at /rustc/82e1608dfa6e0b5569232559e3d385fea5a93112/library/core/src/panicking.rs:127:5
[INFO] [stdout]   20:     0x55dd2ac47bd1 - website_crawler::packages::spider::website::test_respect_robots_txt::{{closure}}::h6b05e51470094276
[INFO] [stdout]                                at /opt/rustwide/workdir/src/packages/spider/website.rs:611:5
[INFO] [stdout]   21:     0x55dd2ac26a28 - <core::pin::Pin<P> as core::future::future::Future>::poll::h90e8889cac1d6114
[INFO] [stdout]                                at /rustc/82e1608dfa6e0b5569232559e3d385fea5a93112/library/core/src/future/future.rs:125:9
[INFO] [stdout]   22:     0x55dd2ac269cb - <core::pin::Pin<P> as core::future::future::Future>::poll::h900df4f4c8fb72ed
[INFO] [stdout]                                at /rustc/82e1608dfa6e0b5569232559e3d385fea5a93112/library/core/src/future/future.rs:125:9
[INFO] [stdout]   23:     0x55dd2ac31d64 - tokio::runtime::scheduler::current_thread::CoreGuard::block_on::{{closure}}::{{closure}}::{{closure}}::h969c6e7385e72265
[INFO] [stdout]                                at /opt/rustwide/cargo-home/registry/src/index.crates.io-6f17d22bba15001f/tokio-1.33.0/src/runtime/scheduler/current_thread/mod.rs:665:57
[INFO] [stdout]   24:     0x55dd2ac31c8a - tokio::runtime::coop::with_budget::h662c1af7f987f815
[INFO] [stdout]                                at /opt/rustwide/cargo-home/registry/src/index.crates.io-6f17d22bba15001f/tokio-1.33.0/src/runtime/coop.rs:107:5
[INFO] [stdout]   25:     0x55dd2ac31c8a - tokio::runtime::coop::budget::h96ff9db2909ff8c6
[INFO] [stdout]                                at /opt/rustwide/cargo-home/registry/src/index.crates.io-6f17d22bba15001f/tokio-1.33.0/src/runtime/coop.rs:73:5
[INFO] [stdout]   26:     0x55dd2ac31c8a - tokio::runtime::scheduler::current_thread::CoreGuard::block_on::{{closure}}::{{closure}}::hf23cbdc3f739481b
[INFO] [stdout]                                at /opt/rustwide/cargo-home/registry/src/index.crates.io-6f17d22bba15001f/tokio-1.33.0/src/runtime/scheduler/current_thread/mod.rs:665:25
[INFO] [stdout]   27:     0x55dd2ac3063c - tokio::runtime::scheduler::current_thread::Context::enter::h201b626794a86ddf
[INFO] [stdout]                                at /opt/rustwide/cargo-home/registry/src/index.crates.io-6f17d22bba15001f/tokio-1.33.0/src/runtime/scheduler/current_thread/mod.rs:410:19
[INFO] [stdout]   28:     0x55dd2ac3149b - tokio::runtime::scheduler::current_thread::CoreGuard::block_on::{{closure}}::h06c1f8a2f49f3be8
[INFO] [stdout]                                at /opt/rustwide/cargo-home/registry/src/index.crates.io-6f17d22bba15001f/tokio-1.33.0/src/runtime/scheduler/current_thread/mod.rs:664:36
[INFO] [stdout]   29:     0x55dd2ac311ab - tokio::runtime::scheduler::current_thread::CoreGuard::enter::{{closure}}::hd899799d9bfa65e3
[INFO] [stdout]                                at /opt/rustwide/cargo-home/registry/src/index.crates.io-6f17d22bba15001f/tokio-1.33.0/src/runtime/scheduler/current_thread/mod.rs:743:68
[INFO] [stdout]   30:     0x55dd2ac4b09b - tokio::runtime::context::scoped::Scoped<T>::set::h5ebcc2378639bbe8
[INFO] [stdout]                                at /opt/rustwide/cargo-home/registry/src/index.crates.io-6f17d22bba15001f/tokio-1.33.0/src/runtime/context/scoped.rs:40:9
[INFO] [stdout]   31:     0x55dd2ac9c399 - tokio::runtime::context::set_scheduler::{{closure}}::hc9317026cb7d8361
[INFO] [stdout]                                at /opt/rustwide/cargo-home/registry/src/index.crates.io-6f17d22bba15001f/tokio-1.33.0/src/runtime/context.rs:176:26
[INFO] [stdout]   32:     0x55dd2ac74026 - std::thread::local::LocalKey<T>::try_with::h92de43b1844630fa
[INFO] [stdout]                                at /rustc/82e1608dfa6e0b5569232559e3d385fea5a93112/library/std/src/thread/local.rs:270:16
[INFO] [stdout]   33:     0x55dd2ac7382a - std::thread::local::LocalKey<T>::with::h111ba2bf9a8bfedc
[INFO] [stdout]                                at /rustc/82e1608dfa6e0b5569232559e3d385fea5a93112/library/std/src/thread/local.rs:246:9
[INFO] [stdout]   34:     0x55dd2ac9c34d - tokio::runtime::context::set_scheduler::h0210ffc1784b92eb
[INFO] [stdout]                                at /opt/rustwide/cargo-home/registry/src/index.crates.io-6f17d22bba15001f/tokio-1.33.0/src/runtime/context.rs:176:9
[INFO] [stdout]   35:     0x55dd2ac30f40 - tokio::runtime::scheduler::current_thread::CoreGuard::enter::h47ede6a9b89b1e2c
[INFO] [stdout]                                at /opt/rustwide/cargo-home/registry/src/index.crates.io-6f17d22bba15001f/tokio-1.33.0/src/runtime/scheduler/current_thread/mod.rs:743:27
[INFO] [stdout]   36:     0x55dd2ac311dd - tokio::runtime::scheduler::current_thread::CoreGuard::block_on::hbff3883569c9a1ca
[INFO] [stdout]                                at /opt/rustwide/cargo-home/registry/src/index.crates.io-6f17d22bba15001f/tokio-1.33.0/src/runtime/scheduler/current_thread/mod.rs:652:19
[INFO] [stdout]   37:     0x55dd2ac3011d - tokio::runtime::scheduler::current_thread::CurrentThread::block_on::{{closure}}::h9a299cc8d424b81f
[INFO] [stdout]                                at /opt/rustwide/cargo-home/registry/src/index.crates.io-6f17d22bba15001f/tokio-1.33.0/src/runtime/scheduler/current_thread/mod.rs:175:28
[INFO] [stdout]   38:     0x55dd2ac9c91a - tokio::runtime::context::runtime::enter_runtime::he7f66a8afdfb8426
[INFO] [stdout]                                at /opt/rustwide/cargo-home/registry/src/index.crates.io-6f17d22bba15001f/tokio-1.33.0/src/runtime/context/runtime.rs:65:16
[INFO] [stdout]   39:     0x55dd2ac30030 - tokio::runtime::scheduler::current_thread::CurrentThread::block_on::h23fc1df8901e49b5
[INFO] [stdout]                                at /opt/rustwide/cargo-home/registry/src/index.crates.io-6f17d22bba15001f/tokio-1.33.0/src/runtime/scheduler/current_thread/mod.rs:167:9
[INFO] [stdout]   40:     0x55dd2ac2a24d - tokio::runtime::runtime::Runtime::block_on::hac78fee5b20fddae
[INFO] [stdout]                                at /opt/rustwide/cargo-home/registry/src/index.crates.io-6f17d22bba15001f/tokio-1.33.0/src/runtime/runtime.rs:348:47
[INFO] [stdout]   41:     0x55dd2ac472e7 - website_crawler::packages::spider::website::test_respect_robots_txt::h5e9ec3c526dfbbd7
[INFO] [stdout]                                at /opt/rustwide/workdir/src/packages/spider/website.rs:630:5
[INFO] [stdout]   42:     0x55dd2ac47167 - website_crawler::packages::spider::website::test_respect_robots_txt::{{closure}}::h6bd2891ff871f6b6
[INFO] [stdout]                                at /opt/rustwide/workdir/src/packages/spider/website.rs:600:35
[INFO] [stdout]   43:     0x55dd2ac74946 - core::ops::function::FnOnce::call_once::h0148f3b0ff356202
[INFO] [stdout]                                at /rustc/82e1608dfa6e0b5569232559e3d385fea5a93112/library/core/src/ops/function.rs:250:5
[INFO] [stdout]   44:     0x55dd2acdaebf - core::ops::function::FnOnce::call_once::h2b5d431d5046312d
[INFO] [stdout]                                at /rustc/82e1608dfa6e0b5569232559e3d385fea5a93112/library/core/src/ops/function.rs:250:5
[INFO] [stdout]   45:     0x55dd2acdaebf - test::__rust_begin_short_backtrace::h7714669af176e207
[INFO] [stdout]                                at /rustc/82e1608dfa6e0b5569232559e3d385fea5a93112/library/test/src/lib.rs:628:18
[INFO] [stdout]   46:     0x55dd2acd9ed5 - test::run_test_in_process::{{closure}}::h85218797dcbcec12
[INFO] [stdout]                                at /rustc/82e1608dfa6e0b5569232559e3d385fea5a93112/library/test/src/lib.rs:651:60
[INFO] [stdout]   47:     0x55dd2acd9ed5 - <core::panic::unwind_safe::AssertUnwindSafe<F> as core::ops::function::FnOnce<()>>::call_once::h76c106ea31c14d7b
[INFO] [stdout]                                at /rustc/82e1608dfa6e0b5569232559e3d385fea5a93112/library/core/src/panic/unwind_safe.rs:272:9
[INFO] [stdout]   48:     0x55dd2acd9ed5 - std::panicking::try::do_call::h3bd5d0f6620ee946
[INFO] [stdout]                                at /rustc/82e1608dfa6e0b5569232559e3d385fea5a93112/library/std/src/panicking.rs:552:40
[INFO] [stdout]   49:     0x55dd2acd9ed5 - std::panicking::try::h232e535e4744fe31
[INFO] [stdout]                                at /rustc/82e1608dfa6e0b5569232559e3d385fea5a93112/library/std/src/panicking.rs:516:19
[INFO] [stdout]   50:     0x55dd2acd9ed5 - std::panic::catch_unwind::h3ce3bd6ca8dbac68
[INFO] [stdout]                                at /rustc/82e1608dfa6e0b5569232559e3d385fea5a93112/library/std/src/panic.rs:142:14
[INFO] [stdout]   51:     0x55dd2acd9ed5 - test::run_test_in_process::hc97b257c9621286a
[INFO] [stdout]                                at /rustc/82e1608dfa6e0b5569232559e3d385fea5a93112/library/test/src/lib.rs:651:27
[INFO] [stdout]   52:     0x55dd2acd9ed5 - test::run_test::{{closure}}::h2aa798823a438d38
[INFO] [stdout]                                at /rustc/82e1608dfa6e0b5569232559e3d385fea5a93112/library/test/src/lib.rs:574:43
[INFO] [stdout]   53:     0x55dd2aca2196 - test::run_test::{{closure}}::h87d231c78fb59832
[INFO] [stdout]                                at /rustc/82e1608dfa6e0b5569232559e3d385fea5a93112/library/test/src/lib.rs:602:41
[INFO] [stdout]   54:     0x55dd2aca2196 - std::sys_common::backtrace::__rust_begin_short_backtrace::he6df152596625789
[INFO] [stdout]                                at /rustc/82e1608dfa6e0b5569232559e3d385fea5a93112/library/std/src/sys_common/backtrace.rs:154:18
[INFO] [stdout]   55:     0x55dd2aca7247 - std::thread::Builder::spawn_unchecked_::{{closure}}::{{closure}}::ha94be15d1e0acf36
[INFO] [stdout]                                at /rustc/82e1608dfa6e0b5569232559e3d385fea5a93112/library/std/src/thread/mod.rs:529:17
[INFO] [stdout]   56:     0x55dd2aca7247 - <core::panic::unwind_safe::AssertUnwindSafe<F> as core::ops::function::FnOnce<()>>::call_once::h9dc6bd6372f16606
[INFO] [stdout]                                at /rustc/82e1608dfa6e0b5569232559e3d385fea5a93112/library/core/src/panic/unwind_safe.rs:272:9
[INFO] [stdout]   57:     0x55dd2aca7247 - std::panicking::try::do_call::h9057517f80303cd4
[INFO] [stdout]                                at /rustc/82e1608dfa6e0b5569232559e3d385fea5a93112/library/std/src/panicking.rs:552:40
[INFO] [stdout]   58:     0x55dd2aca7247 - std::panicking::try::he3a30b11ee45340c
[INFO] [stdout]                                at /rustc/82e1608dfa6e0b5569232559e3d385fea5a93112/library/std/src/panicking.rs:516:19
[INFO] [stdout]   59:     0x55dd2aca7247 - std::panic::catch_unwind::h410458cfd3528b8b
[INFO] [stdout]                                at /rustc/82e1608dfa6e0b5569232559e3d385fea5a93112/library/std/src/panic.rs:142:14
[INFO] [stdout]   60:     0x55dd2aca7247 - std::thread::Builder::spawn_unchecked_::{{closure}}::h72ac3bdb567b737b
[INFO] [stdout]                                at /rustc/82e1608dfa6e0b5569232559e3d385fea5a93112/library/std/src/thread/mod.rs:528:30
[INFO] [stdout]   61:     0x55dd2aca7247 - core::ops::function::FnOnce::call_once{{vtable.shim}}::h38f34da3654a8344
[INFO] [stdout]                                at /rustc/82e1608dfa6e0b5569232559e3d385fea5a93112/library/core/src/ops/function.rs:250:5
[INFO] [stdout]   62:     0x55dd2b1efa15 - <alloc::boxed::Box<F,A> as core::ops::function::FnOnce<Args>>::call_once::hc7eafaff61e32df9
[INFO] [stdout]                                at /rustc/82e1608dfa6e0b5569232559e3d385fea5a93112/library/alloc/src/boxed.rs:2007:9
[INFO] [stdout]   63:     0x55dd2b1efa15 - <alloc::boxed::Box<F,A> as core::ops::function::FnOnce<Args>>::call_once::h6ba4a5de48dd2304
[INFO] [stdout]                                at /rustc/82e1608dfa6e0b5569232559e3d385fea5a93112/library/alloc/src/boxed.rs:2007:9
[INFO] [stdout]   64:     0x55dd2b1efa15 - std::sys::unix::thread::Thread::new::thread_start::he469335aef763e45
[INFO] [stdout]                                at /rustc/82e1608dfa6e0b5569232559e3d385fea5a93112/library/std/src/sys/unix/thread.rs:108:17
[INFO] [stdout]   65:     0x7fac8d7a1ac3 - <unknown>
[INFO] [stdout]   66:     0x7fac8d832bf4 - __clone
[INFO] [stdout]   67:                0x0 - <unknown>
[INFO] [stdout] 
[INFO] [stdout] ---- packages::spider::page::parse_links stdout ----
[INFO] [stdout] thread 'packages::spider::page::parse_links' panicked at src/packages/spider/page.rs:216:5:
[INFO] [stdout] Could not find https://choosealicense.com/. Theses URLs was found {}
[INFO] [stdout] stack backtrace:
[INFO] [stdout]    0:     0x55dd2b1e8c3c - std::backtrace_rs::backtrace::libunwind::trace::ha637c64ce894333a
[INFO] [stdout]                                at /rustc/82e1608dfa6e0b5569232559e3d385fea5a93112/library/std/src/../../backtrace/src/backtrace/libunwind.rs:104:5
[INFO] [stdout]    1:     0x55dd2b1e8c3c - std::backtrace_rs::backtrace::trace_unsynchronized::h47f62dea28e0c88d
[INFO] [stdout]                                at /rustc/82e1608dfa6e0b5569232559e3d385fea5a93112/library/std/src/../../backtrace/src/backtrace/mod.rs:66:5
[INFO] [stdout]    2:     0x55dd2b1e8c3c - std::sys_common::backtrace::_print_fmt::h9eef0abe20ede486
[INFO] [stdout]                                at /rustc/82e1608dfa6e0b5569232559e3d385fea5a93112/library/std/src/sys_common/backtrace.rs:67:5
[INFO] [stdout]    3:     0x55dd2b1e8c3c - <std::sys_common::backtrace::_print::DisplayBacktrace as core::fmt::Display>::fmt::hed7f999df88cc644
[INFO] [stdout]                                at /rustc/82e1608dfa6e0b5569232559e3d385fea5a93112/library/std/src/sys_common/backtrace.rs:44:22
[INFO] [stdout]    4:     0x55dd2b217890 - core::fmt::rt::Argument::fmt::h1539a9308b8d058d
[INFO] [stdout]                                at /rustc/82e1608dfa6e0b5569232559e3d385fea5a93112/library/core/src/fmt/rt.rs:142:9
[INFO] [stdout]    5:     0x55dd2b217890 - core::fmt::write::h3a39390d8560d9c9
[INFO] [stdout]                                at /rustc/82e1608dfa6e0b5569232559e3d385fea5a93112/library/core/src/fmt/mod.rs:1120:17
[INFO] [stdout]    6:     0x55dd2b1e5c0f - std::io::Write::write_fmt::h040b369f3a0f9cbc
[INFO] [stdout]                                at /rustc/82e1608dfa6e0b5569232559e3d385fea5a93112/library/std/src/io/mod.rs:1762:15
[INFO] [stdout]    7:     0x55dd2b1e8a24 - std::sys_common::backtrace::_print::h894006fb5c6f3d45
[INFO] [stdout]                                at /rustc/82e1608dfa6e0b5569232559e3d385fea5a93112/library/std/src/sys_common/backtrace.rs:47:5
[INFO] [stdout]    8:     0x55dd2b1e8a24 - std::sys_common::backtrace::print::h23a2d212c6fff936
[INFO] [stdout]                                at /rustc/82e1608dfa6e0b5569232559e3d385fea5a93112/library/std/src/sys_common/backtrace.rs:34:9
[INFO] [stdout]    9:     0x55dd2b1ea6e7 - std::panicking::default_hook::{{closure}}::h8a1d2ee00185001a
[INFO] [stdout]   10:     0x55dd2b1ea3d3 - std::panicking::default_hook::h6038f2eba384e475
[INFO] [stdout]                                at /rustc/82e1608dfa6e0b5569232559e3d385fea5a93112/library/std/src/panicking.rs:289:9
[INFO] [stdout]   11:     0x55dd2acd5867 - <alloc::boxed::Box<F,A> as core::ops::function::Fn<Args>>::call::h0ad024c9bdc6d768
[INFO] [stdout]                                at /rustc/82e1608dfa6e0b5569232559e3d385fea5a93112/library/alloc/src/boxed.rs:2021:9
[INFO] [stdout]   12:     0x55dd2acd5867 - test::test_main::{{closure}}::h7500b54257359db6
[INFO] [stdout]                                at /rustc/82e1608dfa6e0b5569232559e3d385fea5a93112/library/test/src/lib.rs:138:21
[INFO] [stdout]   13:     0x55dd2b1eacf8 - <alloc::boxed::Box<F,A> as core::ops::function::Fn<Args>>::call::h1f8f335eaa9cfaee
[INFO] [stdout]                                at /rustc/82e1608dfa6e0b5569232559e3d385fea5a93112/library/alloc/src/boxed.rs:2021:9
[INFO] [stdout]   14:     0x55dd2b1eacf8 - std::panicking::rust_panic_with_hook::h2b5517d590cab22e
[INFO] [stdout]                                at /rustc/82e1608dfa6e0b5569232559e3d385fea5a93112/library/std/src/panicking.rs:783:13
[INFO] [stdout]   15:     0x55dd2b1eaa4e - std::panicking::begin_panic_handler::{{closure}}::h233112c06e0ef43e
[INFO] [stdout]                                at /rustc/82e1608dfa6e0b5569232559e3d385fea5a93112/library/std/src/panicking.rs:657:13
[INFO] [stdout]   16:     0x55dd2b1e9106 - std::sys_common::backtrace::__rust_end_short_backtrace::h6e893f24d7ebbff8
[INFO] [stdout]                                at /rustc/82e1608dfa6e0b5569232559e3d385fea5a93112/library/std/src/sys_common/backtrace.rs:170:18
[INFO] [stdout]   17:     0x55dd2b1ea7b2 - rust_begin_unwind
[INFO] [stdout]                                at /rustc/82e1608dfa6e0b5569232559e3d385fea5a93112/library/std/src/panicking.rs:645:5
[INFO] [stdout]   18:     0x55dd2abd4685 - core::panicking::panic_fmt::hbf0e066aabfa482c
[INFO] [stdout]                                at /rustc/82e1608dfa6e0b5569232559e3d385fea5a93112/library/core/src/panicking.rs:72:14
[INFO] [stdout]   19:     0x55dd2ac460d0 - website_crawler::packages::spider::page::parse_links::{{closure}}::hd0c4259194416d7e
[INFO] [stdout]                                at /opt/rustwide/workdir/src/packages/spider/page.rs:216:5
[INFO] [stdout]   20:     0x55dd2ac26a28 - <core::pin::Pin<P> as core::future::future::Future>::poll::h90e8889cac1d6114
[INFO] [stdout]                                at /rustc/82e1608dfa6e0b5569232559e3d385fea5a93112/library/core/src/future/future.rs:125:9
[INFO] [stdout]   21:     0x55dd2ac269cb - <core::pin::Pin<P> as core::future::future::Future>::poll::h900df4f4c8fb72ed
[INFO] [stdout]                                at /rustc/82e1608dfa6e0b5569232559e3d385fea5a93112/library/core/src/future/future.rs:125:9
[INFO] [stdout]   22:     0x55dd2ac31d64 - tokio::runtime::scheduler::current_thread::CoreGuard::block_on::{{closure}}::{{closure}}::{{closure}}::h969c6e7385e72265
[INFO] [stdout]                                at /opt/rustwide/cargo-home/registry/src/index.crates.io-6f17d22bba15001f/tokio-1.33.0/src/runtime/scheduler/current_thread/mod.rs:665:57
[INFO] [stdout]   23:     0x55dd2ac31c8a - tokio::runtime::coop::with_budget::h662c1af7f987f815
[INFO] [stdout]                                at /opt/rustwide/cargo-home/registry/src/index.crates.io-6f17d22bba15001f/tokio-1.33.0/src/runtime/coop.rs:107:5
[INFO] [stdout]   24:     0x55dd2ac31c8a - tokio::runtime::coop::budget::h96ff9db2909ff8c6
[INFO] [stdout]                                at /opt/rustwide/cargo-home/registry/src/index.crates.io-6f17d22bba15001f/tokio-1.33.0/src/runtime/coop.rs:73:5
[INFO] [stdout]   25:     0x55dd2ac31c8a - tokio::runtime::scheduler::current_thread::CoreGuard::block_on::{{closure}}::{{closure}}::hf23cbdc3f739481b
[INFO] [stdout]                                at /opt/rustwide/cargo-home/registry/src/index.crates.io-6f17d22bba15001f/tokio-1.33.0/src/runtime/scheduler/current_thread/mod.rs:665:25
[INFO] [stdout]   26:     0x55dd2ac3063c - tokio::runtime::scheduler::current_thread::Context::enter::h201b626794a86ddf
[INFO] [stdout]                                at /opt/rustwide/cargo-home/registry/src/index.crates.io-6f17d22bba15001f/tokio-1.33.0/src/runtime/scheduler/current_thread/mod.rs:410:19
[INFO] [stdout]   27:     0x55dd2ac3149b - tokio::runtime::scheduler::current_thread::CoreGuard::block_on::{{closure}}::h06c1f8a2f49f3be8
[INFO] [stdout]                                at /opt/rustwide/cargo-home/registry/src/index.crates.io-6f17d22bba15001f/tokio-1.33.0/src/runtime/scheduler/current_thread/mod.rs:664:36
[INFO] [stdout]   28:     0x55dd2ac311ab - tokio::runtime::scheduler::current_thread::CoreGuard::enter::{{closure}}::hd899799d9bfa65e3
[INFO] [stdout]                                at /opt/rustwide/cargo-home/registry/src/index.crates.io-6f17d22bba15001f/tokio-1.33.0/src/runtime/scheduler/current_thread/mod.rs:743:68
[INFO] [stdout]   29:     0x55dd2ac4b09b - tokio::runtime::context::scoped::Scoped<T>::set::h5ebcc2378639bbe8
[INFO] [stdout]                                at /opt/rustwide/cargo-home/registry/src/index.crates.io-6f17d22bba15001f/tokio-1.33.0/src/runtime/context/scoped.rs:40:9
[INFO] [stdout]   30:     0x55dd2ac9c399 - tokio::runtime::context::set_scheduler::{{closure}}::hc9317026cb7d8361
[INFO] [stdout]                                at /opt/rustwide/cargo-home/registry/src/index.crates.io-6f17d22bba15001f/tokio-1.33.0/src/runtime/context.rs:176:26
[INFO] [stdout]   31:     0x55dd2ac74026 - std::thread::local::LocalKey<T>::try_with::h92de43b1844630fa
[INFO] [stdout]                                at /rustc/82e1608dfa6e0b5569232559e3d385fea5a93112/library/std/src/thread/local.rs:270:16
[INFO] [stdout]   32:     0x55dd2ac7382a - std::thread::local::LocalKey<T>::with::h111ba2bf9a8bfedc
[INFO] [stdout]                                at /rustc/82e1608dfa6e0b5569232559e3d385fea5a93112/library/std/src/thread/local.rs:246:9
[INFO] [stdout]   33:     0x55dd2ac9c34d - tokio::runtime::context::set_scheduler::h0210ffc1784b92eb
[INFO] [stdout]                                at /opt/rustwide/cargo-home/registry/src/index.crates.io-6f17d22bba15001f/tokio-1.33.0/src/runtime/context.rs:176:9
[INFO] [stdout]   34:     0x55dd2ac30f40 - tokio::runtime::scheduler::current_thread::CoreGuard::enter::h47ede6a9b89b1e2c
[INFO] [stdout]                                at /opt/rustwide/cargo-home/registry/src/index.crates.io-6f17d22bba15001f/tokio-1.33.0/src/runtime/scheduler/current_thread/mod.rs:743:27
[INFO] [stdout]   35:     0x55dd2ac311dd - tokio::runtime::scheduler::current_thread::CoreGuard::block_on::hbff3883569c9a1ca
[INFO] [stdout]                                at /opt/rustwide/cargo-home/registry/src/index.crates.io-6f17d22bba15001f/tokio-1.33.0/src/runtime/scheduler/current_thread/mod.rs:652:19
[INFO] [stdout]   36:     0x55dd2ac3011d - tokio::runtime::scheduler::current_thread::CurrentThread::block_on::{{closure}}::h9a299cc8d424b81f
[INFO] [stdout]                                at /opt/rustwide/cargo-home/registry/src/index.crates.io-6f17d22bba15001f/tokio-1.33.0/src/runtime/scheduler/current_thread/mod.rs:175:28
[INFO] [stdout]   37:     0x55dd2ac9c91a - tokio::runtime::context::runtime::enter_runtime::he7f66a8afdfb8426
[INFO] [stdout]                                at /opt/rustwide/cargo-home/registry/src/index.crates.io-6f17d22bba15001f/tokio-1.33.0/src/runtime/context/runtime.rs:65:16
[INFO] [stdout]   38:     0x55dd2ac30030 - tokio::runtime::scheduler::current_thread::CurrentThread::block_on::h23fc1df8901e49b5
[INFO] [stdout]                                at /opt/rustwide/cargo-home/registry/src/index.crates.io-6f17d22bba15001f/tokio-1.33.0/src/runtime/scheduler/current_thread/mod.rs:167:9
[INFO] [stdout]   39:     0x55dd2ac2a24d - tokio::runtime::runtime::Runtime::block_on::hac78fee5b20fddae
[INFO] [stdout]                                at /opt/rustwide/cargo-home/registry/src/index.crates.io-6f17d22bba15001f/tokio-1.33.0/src/runtime/runtime.rs:348:47
[INFO] [stdout]   40:     0x55dd2ac456d8 - website_crawler::packages::spider::page::parse_links::h7b4ae4a61e8a84f1
[INFO] [stdout]                                at /opt/rustwide/workdir/src/packages/spider/page.rs:216:5
[INFO] [stdout]   41:     0x55dd2ac45567 - website_crawler::packages::spider::page::parse_links::{{closure}}::h7495b2d3713f5848
[INFO] [stdout]                                at /opt/rustwide/workdir/src/packages/spider/page.rs:204:23
[INFO] [stdout]   42:     0x55dd2ac755a6 - core::ops::function::FnOnce::call_once::he6ec4ab63e480419
[INFO] [stdout]                                at /rustc/82e1608dfa6e0b5569232559e3d385fea5a93112/library/core/src/ops/function.rs:250:5
[INFO] [stdout]   43:     0x55dd2acdaebf - core::ops::function::FnOnce::call_once::h2b5d431d5046312d
[INFO] [stdout]                                at /rustc/82e1608dfa6e0b5569232559e3d385fea5a93112/library/core/src/ops/function.rs:250:5
[INFO] [stdout]   44:     0x55dd2acdaebf - test::__rust_begin_short_backtrace::h7714669af176e207
[INFO] [stdout]                                at /rustc/82e1608dfa6e0b5569232559e3d385fea5a93112/library/test/src/lib.rs:628:18
[INFO] [stdout]   45:     0x55dd2acd9ed5 - test::run_test_in_process::{{closure}}::h85218797dcbcec12
[INFO] [stdout]                                at /rustc/82e1608dfa6e0b5569232559e3d385fea5a93112/library/test/src/lib.rs:651:60
[INFO] [stdout]   46:     0x55dd2acd9ed5 - <core::panic::unwind_safe::AssertUnwindSafe<F> as core::ops::function::FnOnce<()>>::call_once::h76c106ea31c14d7b
[INFO] [stdout]                                at /rustc/82e1608dfa6e0b5569232559e3d385fea5a93112/library/core/src/panic/unwind_safe.rs:272:9
[INFO] [stdout]   47:     0x55dd2acd9ed5 - std::panicking::try::do_call::h3bd5d0f6620ee946
[INFO] [stdout]                                at /rustc/82e1608dfa6e0b5569232559e3d385fea5a93112/library/std/src/panicking.rs:552:40
[INFO] [stdout]   48:     0x55dd2acd9ed5 - std::panicking::try::h232e535e4744fe31
[INFO] [stdout]                                at /rustc/82e1608dfa6e0b5569232559e3d385fea5a93112/library/std/src/panicking.rs:516:19
[INFO] [stdout]   49:     0x55dd2acd9ed5 - std::panic::catch_unwind::h3ce3bd6ca8dbac68
[INFO] [stdout]                                at /rustc/82e1608dfa6e0b5569232559e3d385fea5a93112/library/std/src/panic.rs:142:14
[INFO] [stdout]   50:     0x55dd2acd9ed5 - test::run_test_in_process::hc97b257c9621286a
[INFO] [stdout]                                at /rustc/82e1608dfa6e0b5569232559e3d385fea5a93112/library/test/src/lib.rs:651:27
[INFO] [stdout]   51:     0x55dd2acd9ed5 - test::run_test::{{closure}}::h2aa798823a438d38
[INFO] [stdout]                                at /rustc/82e1608dfa6e0b5569232559e3d385fea5a93112/library/test/src/lib.rs:574:43
[INFO] [stdout]   52:     0x55dd2aca2196 - test::run_test::{{closure}}::h87d231c78fb59832
[INFO] [stdout]                                at /rustc/82e1608dfa6e0b5569232559e3d385fea5a93112/library/test/src/lib.rs:602:41
[INFO] [stdout]   53:     0x55dd2aca2196 - std::sys_common::backtrace::__rust_begin_short_backtrace::he6df152596625789
[INFO] [stdout]                                at /rustc/82e1608dfa6e0b5569232559e3d385fea5a93112/library/std/src/sys_common/backtrace.rs:154:18
[INFO] [stdout]   54:     0x55dd2aca7247 - std::thread::Builder::spawn_unchecked_::{{closure}}::{{closure}}::ha94be15d1e0acf36
[INFO] [stdout]                                at /rustc/82e1608dfa6e0b5569232559e3d385fea5a93112/library/std/src/thread/mod.rs:529:17
[INFO] [stdout]   55:     0x55dd2aca7247 - <core::panic::unwind_safe::AssertUnwindSafe<F> as core::ops::function::FnOnce<()>>::call_once::h9dc6bd6372f16606
[INFO] [stdout]                                at /rustc/82e1608dfa6e0b5569232559e3d385fea5a93112/library/core/src/panic/unwind_safe.rs:272:9
[INFO] [stdout]   56:     0x55dd2aca7247 - std::panicking::try::do_call::h9057517f80303cd4
[INFO] [stdout]                                at /rustc/82e1608dfa6e0b5569232559e3d385fea5a93112/library/std/src/panicking.rs:552:40
[INFO] [stdout]   57:     0x55dd2aca7247 - std::panicking::try::he3a30b11ee45340c
[INFO] [stdout]                                at /rustc/82e1608dfa6e0b5569232559e3d385fea5a93112/library/std/src/panicking.rs:516:19
[INFO] [stdout]   58:     0x55dd2aca7247 - std::panic::catch_unwind::h410458cfd3528b8b
[INFO] [stdout]                                at /rustc/82e1608dfa6e0b5569232559e3d385fea5a93112/library/std/src/panic.rs:142:14
[INFO] [stdout]   59:     0x55dd2aca7247 - std::thread::Builder::spawn_unchecked_::{{closure}}::h72ac3bdb567b737b
[INFO] [stdout]                                at /rustc/82e1608dfa6e0b5569232559e3d385fea5a93112/library/std/src/thread/mod.rs:528:30
[INFO] [stdout]   60:     0x55dd2aca7247 - core::ops::function::FnOnce::call_once{{vtable.shim}}::h38f34da3654a8344
[INFO] [stdout]                                at /rustc/82e1608dfa6e0b5569232559e3d385fea5a93112/library/core/src/ops/function.rs:250:5
[INFO] [stdout]   61:     0x55dd2b1efa15 - <alloc::boxed::Box<F,A> as core::ops::function::FnOnce<Args>>::call_once::hc7eafaff61e32df9
[INFO] [stdout]                                at /rustc/82e1608dfa6e0b5569232559e3d385fea5a93112/library/alloc/src/boxed.rs:2007:9
[INFO] [stdout]   62:     0x55dd2b1efa15 - <alloc::boxed::Box<F,A> as core::ops::function::FnOnce<Args>>::call_once::h6ba4a5de48dd2304
[INFO] [stdout]                                at /rustc/82e1608dfa6e0b5569232559e3d385fea5a93112/library/alloc/src/boxed.rs:2007:9
[INFO] [stdout]   63:     0x55dd2b1efa15 - std::sys::unix::thread::Thread::new::thread_start::he469335aef763e45
[INFO] [stdout]                                at /rustc/82e1608dfa6e0b5569232559e3d385fea5a93112/library/std/src/sys/unix/thread.rs:108:17
[INFO] [stdout]   64:     0x7fac8d7a1ac3 - <unknown>
[INFO] [stdout]   65:     0x7fac8d832bf4 - __clone
[INFO] [stdout]   66:                0x0 - <unknown>
[INFO] [stdout] 
[INFO] [stdout] 
[INFO] [stdout] failures:
[INFO] [stdout]     packages::spider::page::parse_links
[INFO] [stdout]     packages::spider::website::test_respect_robots_txt
[INFO] [stdout] 
[INFO] [stdout] test result: FAILED. 13 passed; 2 failed; 0 ignored; 0 measured; 0 filtered out; finished in 0.30s
[INFO] [stdout] 
[INFO] [stderr] error: test failed, to rerun pass `--lib`
[INFO] running `Command { std: "docker" "inspect" "268b4a676dcfed15313793d6c59c1fca6d02e3b51b2d0b7e6e6cd3bfc237d9ff", kill_on_drop: false }`
[INFO] running `Command { std: "docker" "rm" "-f" "268b4a676dcfed15313793d6c59c1fca6d02e3b51b2d0b7e6e6cd3bfc237d9ff", kill_on_drop: false }`
[INFO] [stdout] 268b4a676dcfed15313793d6c59c1fca6d02e3b51b2d0b7e6e6cd3bfc237d9ff
[INFO] testing website_crawler-0.8.12 against beta-2023-12-22 for beta-1.76-1
[INFO] extracting crate website_crawler 0.8.12 into /workspace/builds/worker-1-tc2/source
[INFO] validating manifest of crates.io crate website_crawler 0.8.12 on toolchain beta-2023-12-22
[INFO] running `Command { std: CARGO_HOME="/workspace/cargo-home" RUSTUP_HOME="/workspace/rustup-home" "/workspace/cargo-home/bin/cargo" "+beta-2023-12-22" "metadata" "--manifest-path" "Cargo.toml" "--no-deps", kill_on_drop: false }`
[INFO] started tweaking crates.io crate website_crawler 0.8.12
[INFO] finished tweaking crates.io crate website_crawler 0.8.12
[INFO] tweaked toml for crates.io crate website_crawler 0.8.12 written to /workspace/builds/worker-1-tc2/source/Cargo.toml
[INFO] crate crates.io crate website_crawler 0.8.12 already has a lockfile, it will not be regenerated
[INFO] running `Command { std: CARGO_HOME="/workspace/cargo-home" RUSTUP_HOME="/workspace/rustup-home" "/workspace/cargo-home/bin/cargo" "+beta-2023-12-22" "fetch" "--manifest-path" "Cargo.toml", kill_on_drop: false }`
[INFO] running `Command { std: "docker" "create" "-v" "/var/lib/crater-agent-workspace/builds/worker-1-tc2/target:/opt/rustwide/target:rw,Z" "-v" "/var/lib/crater-agent-workspace/builds/worker-1-tc2/source:/opt/rustwide/workdir:ro,Z" "-v" "/var/lib/crater-agent-workspace/cargo-home:/opt/rustwide/cargo-home:ro,Z" "-v" "/var/lib/crater-agent-workspace/rustup-home:/opt/rustwide/rustup-home:ro,Z" "-e" "SOURCE_DIR=/opt/rustwide/workdir" "-e" "CARGO_TARGET_DIR=/opt/rustwide/target" "-e" "CARGO_HOME=/opt/rustwide/cargo-home" "-e" "RUSTUP_HOME=/opt/rustwide/rustup-home" "-w" "/opt/rustwide/workdir" "-m" "1610612736" "--user" "0:0" "--network" "none" "ghcr.io/rust-lang/crates-build-env/linux@sha256:2788e3201cd34a07e3172128adcd8b3090168a8e3bcc40d7c032b9dda1df7d1c" "/opt/rustwide/cargo-home/bin/cargo" "+beta-2023-12-22" "metadata" "--no-deps" "--format-version=1", kill_on_drop: false }`
[INFO] [stdout] 82e0f0f80523f4559303a29f089e27553acd1a88d8f60e4a20a021aa3d53ecee
[INFO] running `Command { std: "docker" "start" "-a" "82e0f0f80523f4559303a29f089e27553acd1a88d8f60e4a20a021aa3d53ecee", kill_on_drop: false }`
[INFO] running `Command { std: "docker" "inspect" "82e0f0f80523f4559303a29f089e27553acd1a88d8f60e4a20a021aa3d53ecee", kill_on_drop: false }`
[INFO] running `Command { std: "docker" "rm" "-f" "82e0f0f80523f4559303a29f089e27553acd1a88d8f60e4a20a021aa3d53ecee", kill_on_drop: false }`
[INFO] [stdout] 82e0f0f80523f4559303a29f089e27553acd1a88d8f60e4a20a021aa3d53ecee
[INFO] running `Command { std: "docker" "create" "-v" "/var/lib/crater-agent-workspace/builds/worker-1-tc2/target:/opt/rustwide/target:rw,Z" "-v" "/var/lib/crater-agent-workspace/builds/worker-1-tc2/source:/opt/rustwide/workdir:ro,Z" "-v" "/var/lib/crater-agent-workspace/cargo-home:/opt/rustwide/cargo-home:ro,Z" "-v" "/var/lib/crater-agent-workspace/rustup-home:/opt/rustwide/rustup-home:ro,Z" "-e" "SOURCE_DIR=/opt/rustwide/workdir" "-e" "CARGO_TARGET_DIR=/opt/rustwide/target" "-e" "CARGO_INCREMENTAL=0" "-e" "RUST_BACKTRACE=full" "-e" "RUSTFLAGS=--cap-lints=warn" "-e" "RUSTDOCFLAGS=--cap-lints=warn" "-e" "CARGO_HOME=/opt/rustwide/cargo-home" "-e" "RUSTUP_HOME=/opt/rustwide/rustup-home" "-w" "/opt/rustwide/workdir" "-m" "1610612736" "--user" "0:0" "--network" "none" "ghcr.io/rust-lang/crates-build-env/linux@sha256:2788e3201cd34a07e3172128adcd8b3090168a8e3bcc40d7c032b9dda1df7d1c" "/opt/rustwide/cargo-home/bin/cargo" "+beta-2023-12-22" "build" "--frozen" "--message-format=json", kill_on_drop: false }`
[INFO] [stdout] 72f2c8ae0e940ba30a7a8c3b2efe652656856f03210768961cb70afef59dc8f0
[INFO] running `Command { std: "docker" "start" "-a" "72f2c8ae0e940ba30a7a8c3b2efe652656856f03210768961cb70afef59dc8f0", kill_on_drop: false }`
[INFO] [stderr]    Compiling proc-macro2 v1.0.63
[INFO] [stderr]    Compiling quote v1.0.29
[INFO] [stderr]    Compiling unicode-ident v1.0.10
[INFO] [stderr]    Compiling libc v0.2.147
[INFO] [stderr]    Compiling syn v1.0.109
[INFO] [stderr]    Compiling ppv-lite86 v0.2.17
[INFO] [stderr]    Compiling siphasher v0.3.10
[INFO] [stderr]    Compiling smallvec v1.11.0
[INFO] [stderr]    Compiling parking_lot_core v0.9.8
[INFO] [stderr]    Compiling bytes v1.4.0
[INFO] [stderr]    Compiling pin-project-lite v0.2.13
[INFO] [stderr]    Compiling once_cell v1.18.0
[INFO] [stderr]    Compiling lock_api v0.4.10
[INFO] [stderr]    Compiling futures-core v0.3.28
[INFO] [stderr]    Compiling indexmap v1.9.3
[INFO] [stderr]    Compiling itoa v1.0.8
[INFO] [stderr]    Compiling hashbrown v0.12.3
[INFO] [stderr]    Compiling either v1.8.1
[INFO] [stderr]    Compiling serde v1.0.166
[INFO] [stderr]    Compiling futures-task v0.3.28
[INFO] [stderr]    Compiling rustversion v1.0.13
[INFO] [stderr]    Compiling anyhow v1.0.71
[INFO] [stderr]    Compiling cc v1.0.79
[INFO] [stderr]    Compiling futures-util v0.3.28
[INFO] [stderr]    Compiling phf_shared v0.10.0
[INFO] [stderr]    Compiling getrandom v0.1.16
[INFO] [stderr]    Compiling itertools v0.10.5
[INFO] [stderr]    Compiling tracing-core v0.1.31
[INFO] [stderr]    Compiling slab v0.4.8
[INFO] [stderr]    Compiling memchr v2.5.0
[INFO] [stderr]    Compiling http v0.2.9
[INFO] [stderr]    Compiling futures-sink v0.3.28
[INFO] [stderr]    Compiling futures-channel v0.3.28
[INFO] [stderr]    Compiling tower-service v0.3.2
[INFO] [stderr]    Compiling httparse v1.8.0
[INFO] [stderr]    Compiling syn v2.0.23
[INFO] [stderr]    Compiling log v0.4.19
[INFO] [stderr]    Compiling io-lifetimes v1.0.11
[INFO] [stderr]    Compiling percent-encoding v2.3.0
[INFO] [stderr]    Compiling socket2 v0.5.4
[INFO] [stderr]    Compiling num_cpus v1.16.0
[INFO] [stderr]    Compiling mio v0.8.8
[INFO] [stderr]    Compiling getrandom v0.2.10
[INFO] [stderr]    Compiling rustix v0.37.23
[INFO] [stderr]    Compiling parking_lot v0.12.1
[INFO] [stderr]    Compiling openssl-sys v0.9.90
[INFO] [stderr]    Compiling http-body v0.4.5
[INFO] [stderr]    Compiling try-lock v0.2.4
[INFO] [stderr]    Compiling want v0.3.1
[INFO] [stderr]    Compiling rand_core v0.6.4
[INFO] [stderr]    Compiling socket2 v0.4.9
[INFO] [stderr]    Compiling phf_shared v0.8.0
[INFO] [stderr]    Compiling phf_shared v0.11.2
[INFO] [stderr]    Compiling tempfile v3.6.0
[INFO] [stderr]    Compiling rand_core v0.5.1
[INFO] [stderr]    Compiling rand_chacha v0.3.1
[INFO] [stderr]    Compiling proc-macro-hack v0.5.20+deprecated
[INFO] [stderr]    Compiling linux-raw-sys v0.3.8
[INFO] [stderr]    Compiling regex-syntax v0.7.3
[INFO] [stderr]    Compiling openssl v0.10.55
[INFO] [stderr]    Compiling tinyvec_macros v0.1.1
[INFO] [stderr]    Compiling prettyplease v0.1.25
[INFO] [stderr]    Compiling rand_chacha v0.2.2
[INFO] [stderr]    Compiling rand_pcg v0.2.1
[INFO] [stderr]    Compiling tinyvec v1.6.0
[INFO] [stderr]    Compiling rand v0.8.5
[INFO] [stderr]    Compiling rand v0.7.3
[INFO] [stderr]    Compiling num-traits v0.2.15
[INFO] [stderr]    Compiling new_debug_unreachable v1.0.4
[INFO] [stderr]    Compiling fastrand v1.9.0
[INFO] [stderr]    Compiling semver v1.0.17
[INFO] [stderr]    Compiling fixedbitset v0.4.2
[INFO] [stderr]    Compiling native-tls v0.2.11
[INFO] [stderr]    Compiling async-trait v0.1.71
[INFO] [stderr]    Compiling alloc-no-stdlib v2.0.4
[INFO] [stderr]    Compiling alloc-stdlib v0.2.2
[INFO] [stderr]    Compiling petgraph v0.6.3
[INFO] [stderr]    Compiling which v4.4.0
[INFO] [stderr]    Compiling axum-core v0.3.4
[INFO] [stderr]    Compiling form_urlencoded v1.2.0
[INFO] [stderr]    Compiling ryu v1.0.14
[INFO] [stderr]    Compiling phf_generator v0.10.0
[INFO] [stderr]    Compiling phf_generator v0.11.2
[INFO] [stderr]    Compiling unicode-normalization v0.1.22
[INFO] [stderr]    Compiling mac v0.1.1
[INFO] [stderr]    Compiling failure_derive v0.1.8
[INFO] [stderr]    Compiling openssl-probe v0.1.5
[INFO] [stderr]    Compiling phf_generator v0.8.0
[INFO] [stderr]    Compiling phf_codegen v0.11.2
[INFO] [stderr]    Compiling string_cache_codegen v0.5.2
[INFO] [stderr]    Compiling mime v0.3.17
[INFO] [stderr]    Compiling heck v0.4.1
[INFO] [stderr]    Compiling unicode-xid v0.2.4
[INFO] [stderr]    Compiling unicode-bidi v0.3.13
[INFO] [stderr]    Compiling thiserror v1.0.41
[INFO] [stderr]    Compiling multimap v0.8.3
[INFO] [stderr]    Compiling regex-automata v0.3.0
[INFO] [stderr]    Compiling precomputed-hash v0.1.1
[INFO] [stderr]    Compiling tower-layer v0.3.2
[INFO] [stderr]    Compiling phf_codegen v0.8.0
[INFO] [stderr]    Compiling futf v0.1.5
[INFO] [stderr]    Compiling ahash v0.8.3
[INFO] [stderr]    Compiling idna v0.4.0
[INFO] [stderr]    Compiling brotli-decompressor v2.3.4
[INFO] [stderr]    Compiling aho-corasick v1.0.2
[INFO] [stderr]    Compiling fast_markup5ever v0.11.0
[INFO] [stderr]    Compiling axum v0.6.18
[INFO] [stderr]    Compiling time v0.1.45
[INFO] [stderr]    Compiling iana-time-zone v0.1.57
[INFO] [stderr]    Compiling dtoa v1.0.8
[INFO] [stderr]    Compiling dtoa-short v0.3.4
[INFO] [stderr]    Compiling tendril v0.4.3
[INFO] [stderr]    Compiling url v2.4.0
[INFO] [stderr]    Compiling phf v0.11.2
[INFO] [stderr]    Compiling rustc_version v0.4.0
[INFO] [stderr]    Compiling chrono v0.4.26
[INFO] [stderr]    Compiling synstructure v0.12.6
[INFO] [stderr]    Compiling flate2 v1.0.26
[INFO] [stderr]    Compiling selectors v0.24.0
[INFO] [stderr]    Compiling castaway v0.2.2
[INFO] [stderr]    Compiling convert_case v0.4.0
[INFO] [stderr]    Compiling base64 v0.21.2
[INFO] [stderr]    Compiling regex v1.9.0
[INFO] [stderr]    Compiling brotli v3.3.4
[INFO] [stderr]    Compiling nodrop v0.1.14
[INFO] [stderr]    Compiling sync_wrapper v0.1.2
[INFO] [stderr]    Compiling static_assertions v1.1.0
[INFO] [stderr]    Compiling matches v0.1.10
[INFO] [stderr]    Compiling fs_extra v1.3.0
[INFO] [stderr]    Compiling stable_deref_trait v1.2.0
[INFO] [stderr]    Compiling matchit v0.7.0
[INFO] [stderr]    Compiling servo_arc v0.2.0
[INFO] [stderr]    Compiling compact_str v0.7.1
[INFO] [stderr]    Compiling fxhash v0.2.1
[INFO] [stderr]    Compiling phf v0.8.0
[INFO] [stderr]    Compiling atty v0.2.14
[INFO] [stderr]    Compiling encoding_rs v0.8.32
[INFO] [stderr]    Compiling xml-rs v0.8.15
[INFO] [stderr]    Compiling termcolor v1.2.0
[INFO] [stderr]    Compiling ipnet v2.8.0
[INFO] [stderr]    Compiling ego-tree v0.6.2
[INFO] [stderr]    Compiling string_concat v0.0.1
[INFO] [stderr]    Compiling chrono_utils v0.1.3
[INFO] [stderr]    Compiling hashbrown v0.13.2
[INFO] [stderr]    Compiling sitemap v0.4.1
[INFO] [stderr]    Compiling tokio-macros v2.1.0
[INFO] [stderr]    Compiling serde_derive v1.0.166
[INFO] [stderr]    Compiling tracing-attributes v0.1.26
[INFO] [stderr]    Compiling openssl-macros v0.1.1
[INFO] [stderr]    Compiling pin-project-internal v1.1.2
[INFO] [stderr]    Compiling thiserror-impl v1.0.41
[INFO] [stderr]    Compiling cssparser-macros v0.6.1
[INFO] [stderr]    Compiling prost-derive v0.11.9
[INFO] [stderr]    Compiling phf_macros v0.10.0
[INFO] [stderr]    Compiling cssparser v0.29.6
[INFO] [stderr]    Compiling fast_html5ever v0.26.1
[INFO] [stderr]    Compiling derive_more v0.99.17
[INFO] [stderr]    Compiling tokio v1.33.0
[INFO] [stderr]    Compiling pin-project v1.1.2
[INFO] [stderr]    Compiling env_logger v0.9.3
[INFO] [stderr]    Compiling tracing v0.1.37
[INFO] [stderr]    Compiling phf v0.10.1
[INFO] [stderr]    Compiling prost v0.11.9
[INFO] [stderr]    Compiling prost-types v0.11.9
[INFO] [stderr]    Compiling prost-build v0.11.9
[INFO] [stderr]    Compiling tonic-build v0.9.2
[INFO] [stderr]    Compiling string_cache v0.8.7
[INFO] [stderr]    Compiling os_info v3.7.0
[INFO] [stderr]    Compiling serde_urlencoded v0.7.1
[INFO] [stderr]    Compiling case_insensitive_string v0.1.6
[INFO] [stderr]    Compiling website_crawler v0.8.12 (/opt/rustwide/workdir)
[INFO] [stderr]    Compiling tokio-util v0.7.8
[INFO] [stderr]    Compiling tokio-io-timeout v1.2.0
[INFO] [stderr]    Compiling tokio-native-tls v0.3.1
[INFO] [stderr]    Compiling tokio-socks v0.5.1
[INFO] [stderr]    Compiling async-compression v0.4.0
[INFO] [stderr]    Compiling tokio-stream v0.1.14
[INFO] [stderr]    Compiling h2 v0.3.20
[INFO] [stderr]    Compiling tower v0.4.13
[INFO] [stderr]    Compiling hyper v0.14.27
[INFO] [stderr]    Compiling hyper-tls v0.5.0
[INFO] [stderr]    Compiling hyper-timeout v0.4.1
[INFO] [stderr]    Compiling reqwest v0.11.18
[INFO] [stderr]    Compiling tonic v0.9.2
[INFO] [stderr]     Finished dev [unoptimized + debuginfo] target(s) in 32.75s
[INFO] running `Command { std: "docker" "inspect" "72f2c8ae0e940ba30a7a8c3b2efe652656856f03210768961cb70afef59dc8f0", kill_on_drop: false }`
[INFO] running `Command { std: "docker" "rm" "-f" "72f2c8ae0e940ba30a7a8c3b2efe652656856f03210768961cb70afef59dc8f0", kill_on_drop: false }`
[INFO] [stdout] 72f2c8ae0e940ba30a7a8c3b2efe652656856f03210768961cb70afef59dc8f0
[INFO] running `Command { std: "docker" "create" "-v" "/var/lib/crater-agent-workspace/builds/worker-1-tc2/target:/opt/rustwide/target:rw,Z" "-v" "/var/lib/crater-agent-workspace/builds/worker-1-tc2/source:/opt/rustwide/workdir:ro,Z" "-v" "/var/lib/crater-agent-workspace/cargo-home:/opt/rustwide/cargo-home:ro,Z" "-v" "/var/lib/crater-agent-workspace/rustup-home:/opt/rustwide/rustup-home:ro,Z" "-e" "SOURCE_DIR=/opt/rustwide/workdir" "-e" "CARGO_TARGET_DIR=/opt/rustwide/target" "-e" "CARGO_INCREMENTAL=0" "-e" "RUST_BACKTRACE=full" "-e" "RUSTFLAGS=--cap-lints=warn" "-e" "RUSTDOCFLAGS=--cap-lints=warn" "-e" "CARGO_HOME=/opt/rustwide/cargo-home" "-e" "RUSTUP_HOME=/opt/rustwide/rustup-home" "-w" "/opt/rustwide/workdir" "-m" "1610612736" "--user" "0:0" "--network" "none" "ghcr.io/rust-lang/crates-build-env/linux@sha256:2788e3201cd34a07e3172128adcd8b3090168a8e3bcc40d7c032b9dda1df7d1c" "/opt/rustwide/cargo-home/bin/cargo" "+beta-2023-12-22" "test" "--frozen" "--no-run" "--message-format=json", kill_on_drop: false }`
[INFO] [stdout] 5cd0330d12d579246df74a870ce79f39db661d2c87ce9633bacef0bec06a8b41
[INFO] running `Command { std: "docker" "start" "-a" "5cd0330d12d579246df74a870ce79f39db661d2c87ce9633bacef0bec06a8b41", kill_on_drop: false }`
[INFO] [stderr]    Compiling website_crawler v0.8.12 (/opt/rustwide/workdir)
[INFO] [stderr]     Finished test [unoptimized + debuginfo] target(s) in 6.57s
[INFO] running `Command { std: "docker" "inspect" "5cd0330d12d579246df74a870ce79f39db661d2c87ce9633bacef0bec06a8b41", kill_on_drop: false }`
[INFO] running `Command { std: "docker" "rm" "-f" "5cd0330d12d579246df74a870ce79f39db661d2c87ce9633bacef0bec06a8b41", kill_on_drop: false }`
[INFO] [stdout] 5cd0330d12d579246df74a870ce79f39db661d2c87ce9633bacef0bec06a8b41
[INFO] running `Command { std: "docker" "create" "-v" "/var/lib/crater-agent-workspace/builds/worker-1-tc2/target:/opt/rustwide/target:rw,Z" "-v" "/var/lib/crater-agent-workspace/builds/worker-1-tc2/source:/opt/rustwide/workdir:ro,Z" "-v" "/var/lib/crater-agent-workspace/cargo-home:/opt/rustwide/cargo-home:ro,Z" "-v" "/var/lib/crater-agent-workspace/rustup-home:/opt/rustwide/rustup-home:ro,Z" "-e" "SOURCE_DIR=/opt/rustwide/workdir" "-e" "CARGO_TARGET_DIR=/opt/rustwide/target" "-e" "CARGO_INCREMENTAL=0" "-e" "RUST_BACKTRACE=full" "-e" "RUSTFLAGS=--cap-lints=warn" "-e" "RUSTDOCFLAGS=--cap-lints=warn" "-e" "CARGO_HOME=/opt/rustwide/cargo-home" "-e" "RUSTUP_HOME=/opt/rustwide/rustup-home" "-w" "/opt/rustwide/workdir" "-m" "1610612736" "--user" "0:0" "--network" "none" "ghcr.io/rust-lang/crates-build-env/linux@sha256:2788e3201cd34a07e3172128adcd8b3090168a8e3bcc40d7c032b9dda1df7d1c" "/opt/rustwide/cargo-home/bin/cargo" "+beta-2023-12-22" "test" "--frozen", kill_on_drop: false }`
[INFO] [stdout] 3a9c06591dbe2f0820f82fb326f8a3f14009c9bd2b482be598153ea7d43f9f89
[INFO] running `Command { std: "docker" "start" "-a" "3a9c06591dbe2f0820f82fb326f8a3f14009c9bd2b482be598153ea7d43f9f89", kill_on_drop: false }`
[INFO] [stderr]     Finished test [unoptimized + debuginfo] target(s) in 1.13s
[INFO] [stderr]      Running unittests src/lib.rs (/opt/rustwide/target/debug/deps/website_crawler-f960759e098a867a)
[INFO] [stdout] 
[INFO] [stdout] running 15 tests
[INFO] [stdout] test packages::scraper::element_ref::element::tests::test_is_link ... ok
[INFO] [stdout] test packages::scraper::element_ref::tests::test_scope ... ok
[INFO] [stdout] test packages::scraper::html::serializable::tests::test_serialize ... ok
[INFO] [stdout] test packages::scraper::html::tests::root_element_document_comment ... ok
[INFO] [stdout] test packages::scraper::element_ref::element::tests::test_has_id ... ok
[INFO] [stdout] test packages::scraper::element_ref::element::tests::test_has_class ... ok
[INFO] [stdout] test packages::scraper::html::tests::root_element_document_doctype ... ok
[INFO] [stdout] test packages::scraper::html::tests::root_element_fragment ... ok
[INFO] [stdout] test packages::scraper::html::tests::select_is_reversible ... ok
[INFO] [stdout] test packages::scraper::selector::tests::selector_conversions ... ok
[INFO] [stdout] test packages::scraper::test::tag_with_newline ... ok
[INFO] [stdout] test packages::scraper::selector::tests::invalid_selector_conversions - should panic ... ok
[INFO] [stdout] test packages::spider::page::test_abs_path ... ok
[INFO] [stdout] test packages::spider::page::parse_links ... FAILED
[INFO] [stdout] test packages::spider::website::test_respect_robots_txt ... FAILED
[INFO] [stdout] 
[INFO] [stdout] failures:
[INFO] [stdout] 
[INFO] [stdout] ---- packages::spider::page::parse_links stdout ----
[INFO] [stdout] thread 'packages::spider::page::parse_links' panicked at src/packages/spider/page.rs:216:5:
[INFO] [stdout] Could not find https://choosealicense.com/. Theses URLs was found {}
[INFO] [stdout] stack backtrace:
[INFO] [stdout]    0:     0x564651586336 - std::backtrace_rs::backtrace::libunwind::trace::h261606ad26a499c1
[INFO] [stdout]                                at /rustc/0e09125c6c3c2fd70d7de961bcf0e51575235fad/library/std/src/../../backtrace/src/backtrace/libunwind.rs:104:5
[INFO] [stdout]    1:     0x564651586336 - std::backtrace_rs::backtrace::trace_unsynchronized::hd183f0625477fb28
[INFO] [stdout]                                at /rustc/0e09125c6c3c2fd70d7de961bcf0e51575235fad/library/std/src/../../backtrace/src/backtrace/mod.rs:66:5
[INFO] [stdout]    2:     0x564651586336 - std::sys_common::backtrace::_print_fmt::hd7f8fef21b4eda67
[INFO] [stdout]                                at /rustc/0e09125c6c3c2fd70d7de961bcf0e51575235fad/library/std/src/sys_common/backtrace.rs:68:5
[INFO] [stdout]    3:     0x564651586336 - <std::sys_common::backtrace::_print::DisplayBacktrace as core::fmt::Display>::fmt::h623d9b51f2f453f1
[INFO] [stdout]                                at /rustc/0e09125c6c3c2fd70d7de961bcf0e51575235fad/library/std/src/sys_common/backtrace.rs:44:22
[INFO] [stdout]    4:     0x5646515b4240 - core::fmt::rt::Argument::fmt::h9f417ac76a86f368
[INFO] [stdout]                                at /rustc/0e09125c6c3c2fd70d7de961bcf0e51575235fad/library/core/src/fmt/rt.rs:142:9
[INFO] [stdout]    5:     0x5646515b4240 - core::fmt::write::hc9b6faf4ac2aeff7
[INFO] [stdout]                                at /rustc/0e09125c6c3c2fd70d7de961bcf0e51575235fad/library/core/src/fmt/mod.rs:1120:17
[INFO] [stdout]    6:     0x5646515833cf - std::io::Write::write_fmt::he04625a3a989fec3
[INFO] [stdout]                                at /rustc/0e09125c6c3c2fd70d7de961bcf0e51575235fad/library/std/src/io/mod.rs:1810:15
[INFO] [stdout]    7:     0x564651586114 - std::sys_common::backtrace::_print::hd5d66399c7df88a2
[INFO] [stdout]                                at /rustc/0e09125c6c3c2fd70d7de961bcf0e51575235fad/library/std/src/sys_common/backtrace.rs:47:5
[INFO] [stdout]    8:     0x564651586114 - std::sys_common::backtrace::print::he81ed2da642d37e5
[INFO] [stdout]                                at /rustc/0e09125c6c3c2fd70d7de961bcf0e51575235fad/library/std/src/sys_common/backtrace.rs:34:9
[INFO] [stdout]    9:     0x564651587e87 - std::panicking::default_hook::{{closure}}::h85773f4fa117163d
[INFO] [stdout]   10:     0x564651587b6d - std::panicking::default_hook::h6a1694a91d09b278
[INFO] [stdout]                                at /rustc/0e09125c6c3c2fd70d7de961bcf0e51575235fad/library/std/src/panicking.rs:289:9
[INFO] [stdout]   11:     0x564651070e07 - <alloc::boxed::Box<F,A> as core::ops::function::Fn<Args>>::call::h616ac37fa3cd6c8f
[INFO] [stdout]                                at /rustc/0e09125c6c3c2fd70d7de961bcf0e51575235fad/library/alloc/src/boxed.rs:2029:9
[INFO] [stdout]   12:     0x564651070e07 - test::test_main::{{closure}}::h00d84697cefdcbb6
[INFO] [stdout]                                at /rustc/0e09125c6c3c2fd70d7de961bcf0e51575235fad/library/test/src/lib.rs:138:21
[INFO] [stdout]   13:     0x5646515884a6 - <alloc::boxed::Box<F,A> as core::ops::function::Fn<Args>>::call::hcb3fe3b9bb537ba8
[INFO] [stdout]                                at /rustc/0e09125c6c3c2fd70d7de961bcf0e51575235fad/library/alloc/src/boxed.rs:2029:9
[INFO] [stdout]   14:     0x5646515884a6 - std::panicking::rust_panic_with_hook::h0a7ad96e90f7145b
[INFO] [stdout]                                at /rustc/0e09125c6c3c2fd70d7de961bcf0e51575235fad/library/std/src/panicking.rs:783:13
[INFO] [stdout]   15:     0x5646515881f2 - std::panicking::begin_panic_handler::{{closure}}::h7919090525c6485e
[INFO] [stdout]                                at /rustc/0e09125c6c3c2fd70d7de961bcf0e51575235fad/library/std/src/panicking.rs:657:13
[INFO] [stdout]   16:     0x564651586836 - std::sys_common::backtrace::__rust_end_short_backtrace::hf3289479464f7dfe
[INFO] [stdout]                                at /rustc/0e09125c6c3c2fd70d7de961bcf0e51575235fad/library/std/src/sys_common/backtrace.rs:171:18
[INFO] [stdout]   17:     0x564651587f50 - rust_begin_unwind
[INFO] [stdout]                                at /rustc/0e09125c6c3c2fd70d7de961bcf0e51575235fad/library/std/src/panicking.rs:645:5
[INFO] [stdout]   18:     0x564650f6d665 - core::panicking::panic_fmt::hcc9f77c5c132af55
[INFO] [stdout]                                at /rustc/0e09125c6c3c2fd70d7de961bcf0e51575235fad/library/core/src/panicking.rs:72:14
[INFO] [stdout]   19:     0x564650ff3502 - website_crawler::packages::spider::page::parse_links::{{closure}}::h1dea3a407f225f5e
[INFO] [stdout]                                at /opt/rustwide/workdir/src/packages/spider/page.rs:216:5
[INFO] [stdout]   20:     0x564650fcdca8 - <core::pin::Pin<P> as core::future::future::Future>::poll::h75359a5d5c618793
[INFO] [stdout]                                at /rustc/0e09125c6c3c2fd70d7de961bcf0e51575235fad/library/core/src/future/future.rs:124:9
[INFO] [stdout]   21:     0x564650fcdc4b - <core::pin::Pin<P> as core::future::future::Future>::poll::h469c4824d600f916
[INFO] [stdout]                                at /rustc/0e09125c6c3c2fd70d7de961bcf0e51575235fad/library/core/src/future/future.rs:124:9
[INFO] [stdout]   22:     0x564650fa6744 - tokio::runtime::scheduler::current_thread::CoreGuard::block_on::{{closure}}::{{closure}}::{{closure}}::h8a0329fa2160f8ab
[INFO] [stdout]                                at /opt/rustwide/cargo-home/registry/src/index.crates.io-6f17d22bba15001f/tokio-1.33.0/src/runtime/scheduler/current_thread/mod.rs:665:57
[INFO] [stdout]   23:     0x564650fa667a - tokio::runtime::coop::with_budget::hd6f436efff590395
[INFO] [stdout]                                at /opt/rustwide/cargo-home/registry/src/index.crates.io-6f17d22bba15001f/tokio-1.33.0/src/runtime/coop.rs:107:5
[INFO] [stdout]   24:     0x564650fa667a - tokio::runtime::coop::budget::ha7620391c11a8e0e
[INFO] [stdout]                                at /opt/rustwide/cargo-home/registry/src/index.crates.io-6f17d22bba15001f/tokio-1.33.0/src/runtime/coop.rs:73:5
[INFO] [stdout]   25:     0x564650fa667a - tokio::runtime::scheduler::current_thread::CoreGuard::block_on::{{closure}}::{{closure}}::he293b33eb89f4028
[INFO] [stdout]                                at /opt/rustwide/cargo-home/registry/src/index.crates.io-6f17d22bba15001f/tokio-1.33.0/src/runtime/scheduler/current_thread/mod.rs:665:25
[INFO] [stdout]   26:     0x564650fa501c - tokio::runtime::scheduler::current_thread::Context::enter::h15924891b0c46e58
[INFO] [stdout]                                at /opt/rustwide/cargo-home/registry/src/index.crates.io-6f17d22bba15001f/tokio-1.33.0/src/runtime/scheduler/current_thread/mod.rs:410:19
[INFO] [stdout]   27:     0x564650fa5e7b - tokio::runtime::scheduler::current_thread::CoreGuard::block_on::{{closure}}::h1d6ff5dd17b51b58
[INFO] [stdout]                                at /opt/rustwide/cargo-home/registry/src/index.crates.io-6f17d22bba15001f/tokio-1.33.0/src/runtime/scheduler/current_thread/mod.rs:664:36
[INFO] [stdout]   28:     0x564650fa5b8b - tokio::runtime::scheduler::current_thread::CoreGuard::enter::{{closure}}::h6e62ce6247748877
[INFO] [stdout]                                at /opt/rustwide/cargo-home/registry/src/index.crates.io-6f17d22bba15001f/tokio-1.33.0/src/runtime/scheduler/current_thread/mod.rs:743:68
[INFO] [stdout]   29:     0x5646510100eb - tokio::runtime::context::scoped::Scoped<T>::set::h6899c5cbb2cec052
[INFO] [stdout]                                at /opt/rustwide/cargo-home/registry/src/index.crates.io-6f17d22bba15001f/tokio-1.33.0/src/runtime/context/scoped.rs:40:9
[INFO] [stdout]   30:     0x564650fa3f59 - tokio::runtime::context::set_scheduler::{{closure}}::h02529d8d771dc2a0
[INFO] [stdout]                                at /opt/rustwide/cargo-home/registry/src/index.crates.io-6f17d22bba15001f/tokio-1.33.0/src/runtime/context.rs:176:26
[INFO] [stdout]   31:     0x564650fe85a6 - std::thread::local::LocalKey<T>::try_with::ha0c38c142edb5fe6
[INFO] [stdout]                                at /rustc/0e09125c6c3c2fd70d7de961bcf0e51575235fad/library/std/src/thread/local.rs:270:16
[INFO] [stdout]   32:     0x564650fe7cba - std::thread::local::LocalKey<T>::with::h7370c3d1a5a136fa
[INFO] [stdout]                                at /rustc/0e09125c6c3c2fd70d7de961bcf0e51575235fad/library/std/src/thread/local.rs:246:9
[INFO] [stdout]   33:     0x564650fa3f0d - tokio::runtime::context::set_scheduler::h06f5694822564e6d
[INFO] [stdout]                                at /opt/rustwide/cargo-home/registry/src/index.crates.io-6f17d22bba15001f/tokio-1.33.0/src/runtime/context.rs:176:9
[INFO] [stdout]   34:     0x564650fa5920 - tokio::runtime::scheduler::current_thread::CoreGuard::enter::he993715d78ce1eea
[INFO] [stdout]                                at /opt/rustwide/cargo-home/registry/src/index.crates.io-6f17d22bba15001f/tokio-1.33.0/src/runtime/scheduler/current_thread/mod.rs:743:27
[INFO] [stdout]   35:     0x564650fa5bbd - tokio::runtime::scheduler::current_thread::CoreGuard::block_on::hc5276f5d9ea7d3c4
[INFO] [stdout]                                at /opt/rustwide/cargo-home/registry/src/index.crates.io-6f17d22bba15001f/tokio-1.33.0/src/runtime/scheduler/current_thread/mod.rs:652:19
[INFO] [stdout]   36:     0x564650fa4b0d - tokio::runtime::scheduler::current_thread::CurrentThread::block_on::{{closure}}::hd24f0d1b61d0fed6
[INFO] [stdout]                                at /opt/rustwide/cargo-home/registry/src/index.crates.io-6f17d22bba15001f/tokio-1.33.0/src/runtime/scheduler/current_thread/mod.rs:175:28
[INFO] [stdout]   37:     0x564650fa42ea - tokio::runtime::context::runtime::enter_runtime::h8b5498401023ba69
[INFO] [stdout]                                at /opt/rustwide/cargo-home/registry/src/index.crates.io-6f17d22bba15001f/tokio-1.33.0/src/runtime/context/runtime.rs:65:16
[INFO] [stdout]   38:     0x564650fa4a1e - tokio::runtime::scheduler::current_thread::CurrentThread::block_on::hd4cd65e10ba8f67c
[INFO] [stdout]                                at /opt/rustwide/cargo-home/registry/src/index.crates.io-6f17d22bba15001f/tokio-1.33.0/src/runtime/scheduler/current_thread/mod.rs:167:9
[INFO] [stdout]   39:     0x564650fb4a8d - tokio::runtime::runtime::Runtime::block_on::h2c6ef981f57e4368
[INFO] [stdout]                                at /opt/rustwide/cargo-home/registry/src/index.crates.io-6f17d22bba15001f/tokio-1.33.0/src/runtime/runtime.rs:348:47
[INFO] [stdout]   40:     0x564650ff2b08 - website_crawler::packages::spider::page::parse_links::h31f0708e582cbfd0
[INFO] [stdout]                                at /opt/rustwide/workdir/src/packages/spider/page.rs:216:5
[INFO] [stdout]   41:     0x564650ff2997 - website_crawler::packages::spider::page::parse_links::{{closure}}::ha4b3321d07dd014c
[INFO] [stdout]                                at /opt/rustwide/workdir/src/packages/spider/page.rs:204:23
[INFO] [stdout]   42:     0x564650ff6d36 - core::ops::function::FnOnce::call_once::hc467989565f882e3
[INFO] [stdout]                                at /rustc/0e09125c6c3c2fd70d7de961bcf0e51575235fad/library/core/src/ops/function.rs:250:5
[INFO] [stdout]   43:     0x5646510766df - core::ops::function::FnOnce::call_once::hd64d26f405258157
[INFO] [stdout]                                at /rustc/0e09125c6c3c2fd70d7de961bcf0e51575235fad/library/core/src/ops/function.rs:250:5
[INFO] [stdout]   44:     0x5646510766df - test::__rust_begin_short_backtrace::he21b0b7a6d731bf9
[INFO] [stdout]                                at /rustc/0e09125c6c3c2fd70d7de961bcf0e51575235fad/library/test/src/lib.rs:627:18
[INFO] [stdout]   45:     0x564651075461 - test::run_test_in_process::{{closure}}::hf5c73986d7bdfde2
[INFO] [stdout]                                at /rustc/0e09125c6c3c2fd70d7de961bcf0e51575235fad/library/test/src/lib.rs:650:60
[INFO] [stdout]   46:     0x564651075461 - <core::panic::unwind_safe::AssertUnwindSafe<F> as core::ops::function::FnOnce<()>>::call_once::h330011ad032aadc0
[INFO] [stdout]                                at /rustc/0e09125c6c3c2fd70d7de961bcf0e51575235fad/library/core/src/panic/unwind_safe.rs:272:9
[INFO] [stdout]   47:     0x564651075461 - std::panicking::try::do_call::he61b0a958b795a41
[INFO] [stdout]                                at /rustc/0e09125c6c3c2fd70d7de961bcf0e51575235fad/library/std/src/panicking.rs:552:40
[INFO] [stdout]   48:     0x564651075461 - std::panicking::try::h7309da130f906eb7
[INFO] [stdout]                                at /rustc/0e09125c6c3c2fd70d7de961bcf0e51575235fad/library/std/src/panicking.rs:516:19
[INFO] [stdout]   49:     0x564651075461 - std::panic::catch_unwind::hc5c3a06fdaf0a92a
[INFO] [stdout]                                at /rustc/0e09125c6c3c2fd70d7de961bcf0e51575235fad/library/std/src/panic.rs:142:14
[INFO] [stdout]   50:     0x564651075461 - test::run_test_in_process::h7e7b7c71c3324e0f
[INFO] [stdout]                                at /rustc/0e09125c6c3c2fd70d7de961bcf0e51575235fad/library/test/src/lib.rs:650:27
[INFO] [stdout]   51:     0x564651075461 - test::run_test::{{closure}}::h1f509f28f5cf20b1
[INFO] [stdout]                                at /rustc/0e09125c6c3c2fd70d7de961bcf0e51575235fad/library/test/src/lib.rs:573:43
[INFO] [stdout]   52:     0x56465103c796 - test::run_test::{{closure}}::h1754218abf443f6d
[INFO] [stdout]                                at /rustc/0e09125c6c3c2fd70d7de961bcf0e51575235fad/library/test/src/lib.rs:601:41
[INFO] [stdout]   53:     0x56465103c796 - std::sys_common::backtrace::__rust_begin_short_backtrace::h2ee174b9d5954948
[INFO] [stdout]                                at /rustc/0e09125c6c3c2fd70d7de961bcf0e51575235fad/library/std/src/sys_common/backtrace.rs:155:18
[INFO] [stdout]   54:     0x5646510417f7 - std::thread::Builder::spawn_unchecked_::{{closure}}::{{closure}}::hf60bee9c1a17ef09
[INFO] [stdout]                                at /rustc/0e09125c6c3c2fd70d7de961bcf0e51575235fad/library/std/src/thread/mod.rs:529:17
[INFO] [stdout]   55:     0x5646510417f7 - <core::panic::unwind_safe::AssertUnwindSafe<F> as core::ops::function::FnOnce<()>>::call_once::h33d0dddec5216160
[INFO] [stdout]                                at /rustc/0e09125c6c3c2fd70d7de961bcf0e51575235fad/library/core/src/panic/unwind_safe.rs:272:9
[INFO] [stdout]   56:     0x5646510417f7 - std::panicking::try::do_call::h144b3048b546f835
[INFO] [stdout]                                at /rustc/0e09125c6c3c2fd70d7de961bcf0e51575235fad/library/std/src/panicking.rs:552:40
[INFO] [stdout]   57:     0x5646510417f7 - std::panicking::try::h978244d04646189f
[INFO] [stdout]                                at /rustc/0e09125c6c3c2fd70d7de961bcf0e51575235fad/library/std/src/panicking.rs:516:19
[INFO] [stdout]   58:     0x5646510417f7 - std::panic::catch_unwind::hdf436369d188fe86
[INFO] [stdout]                                at /rustc/0e09125c6c3c2fd70d7de961bcf0e51575235fad/library/std/src/panic.rs:142:14
[INFO] [stdout]   59:     0x5646510417f7 - std::thread::Builder::spawn_unchecked_::{{closure}}::h87329cbdd33c79ec
[INFO] [stdout]                                at /rustc/0e09125c6c3c2fd70d7de961bcf0e51575235fad/library/std/src/thread/mod.rs:528:30
[INFO] [stdout]   60:     0x5646510417f7 - core::ops::function::FnOnce::call_once{{vtable.shim}}::h401abbe67897d450
[INFO] [stdout]                                at /rustc/0e09125c6c3c2fd70d7de961bcf0e51575235fad/library/core/src/ops/function.rs:250:5
[INFO] [stdout]   61:     0x56465158d1e5 - <alloc::boxed::Box<F,A> as core::ops::function::FnOnce<Args>>::call_once::h5d7c8f150ab9c84c
[INFO] [stdout]                                at /rustc/0e09125c6c3c2fd70d7de961bcf0e51575235fad/library/alloc/src/boxed.rs:2015:9
[INFO] [stdout]   62:     0x56465158d1e5 - <alloc::boxed::Box<F,A> as core::ops::function::FnOnce<Args>>::call_once::h570d5b005c242c15
[INFO] [stdout]                                at /rustc/0e09125c6c3c2fd70d7de961bcf0e51575235fad/library/alloc/src/boxed.rs:2015:9
[INFO] [stdout]   63:     0x56465158d1e5 - std::sys::unix::thread::Thread::new::thread_start::h36b0a20c0b2361ad
[INFO] [stdout]                                at /rustc/0e09125c6c3c2fd70d7de961bcf0e51575235fad/library/std/src/sys/unix/thread.rs:108:17
[INFO] [stdout]   64:     0x7fe97c5b0ac3 - <unknown>
[INFO] [stdout]   65:     0x7fe97c641bf4 - __clone
[INFO] [stdout]   66:                0x0 - <unknown>
[INFO] [stdout] 
[INFO] [stdout] ---- packages::spider::website::test_respect_robots_txt stdout ----
[INFO] [stdout] thread 'packages::spider::website::test_respect_robots_txt' panicked at src/packages/spider/website.rs:611:5:
[INFO] [stdout] assertion failed: !&website.is_allowed(&"https://stackoverflow.com/posts/".into())
[INFO] [stdout] stack backtrace:
[INFO] [stdout]    0:     0x564651586336 - std::backtrace_rs::backtrace::libunwind::trace::h261606ad26a499c1
[INFO] [stdout]                                at /rustc/0e09125c6c3c2fd70d7de961bcf0e51575235fad/library/std/src/../../backtrace/src/backtrace/libunwind.rs:104:5
[INFO] [stdout]    1:     0x564651586336 - std::backtrace_rs::backtrace::trace_unsynchronized::hd183f0625477fb28
[INFO] [stdout]                                at /rustc/0e09125c6c3c2fd70d7de961bcf0e51575235fad/library/std/src/../../backtrace/src/backtrace/mod.rs:66:5
[INFO] [stdout]    2:     0x564651586336 - std::sys_common::backtrace::_print_fmt::hd7f8fef21b4eda67
[INFO] [stdout]                                at /rustc/0e09125c6c3c2fd70d7de961bcf0e51575235fad/library/std/src/sys_common/backtrace.rs:68:5
[INFO] [stdout]    3:     0x564651586336 - <std::sys_common::backtrace::_print::DisplayBacktrace as core::fmt::Display>::fmt::h623d9b51f2f453f1
[INFO] [stdout]                                at /rustc/0e09125c6c3c2fd70d7de961bcf0e51575235fad/library/std/src/sys_common/backtrace.rs:44:22
[INFO] [stdout]    4:     0x5646515b4240 - core::fmt::rt::Argument::fmt::h9f417ac76a86f368
[INFO] [stdout]                                at /rustc/0e09125c6c3c2fd70d7de961bcf0e51575235fad/library/core/src/fmt/rt.rs:142:9
[INFO] [stdout]    5:     0x5646515b4240 - core::fmt::write::hc9b6faf4ac2aeff7
[INFO] [stdout]                                at /rustc/0e09125c6c3c2fd70d7de961bcf0e51575235fad/library/core/src/fmt/mod.rs:1120:17
[INFO] [stdout]    6:     0x5646515833cf - std::io::Write::write_fmt::he04625a3a989fec3
[INFO] [stdout]                                at /rustc/0e09125c6c3c2fd70d7de961bcf0e51575235fad/library/std/src/io/mod.rs:1810:15
[INFO] [stdout]    7:     0x564651586114 - std::sys_common::backtrace::_print::hd5d66399c7df88a2
[INFO] [stdout]                                at /rustc/0e09125c6c3c2fd70d7de961bcf0e51575235fad/library/std/src/sys_common/backtrace.rs:47:5
[INFO] [stdout]    8:     0x564651586114 - std::sys_common::backtrace::print::he81ed2da642d37e5
[INFO] [stdout]                                at /rustc/0e09125c6c3c2fd70d7de961bcf0e51575235fad/library/std/src/sys_common/backtrace.rs:34:9
[INFO] [stdout]    9:     0x564651587e87 - std::panicking::default_hook::{{closure}}::h85773f4fa117163d
[INFO] [stdout]   10:     0x564651587b6d - std::panicking::default_hook::h6a1694a91d09b278
[INFO] [stdout]                                at /rustc/0e09125c6c3c2fd70d7de961bcf0e51575235fad/library/std/src/panicking.rs:289:9
[INFO] [stdout]   11:     0x564651070e07 - <alloc::boxed::Box<F,A> as core::ops::function::Fn<Args>>::call::h616ac37fa3cd6c8f
[INFO] [stdout]                                at /rustc/0e09125c6c3c2fd70d7de961bcf0e51575235fad/library/alloc/src/boxed.rs:2029:9
[INFO] [stdout]   12:     0x564651070e07 - test::test_main::{{closure}}::h00d84697cefdcbb6
[INFO] [stdout]                                at /rustc/0e09125c6c3c2fd70d7de961bcf0e51575235fad/library/test/src/lib.rs:138:21
[INFO] [stdout]   13:     0x5646515884a6 - <alloc::boxed::Box<F,A> as core::ops::function::Fn<Args>>::call::hcb3fe3b9bb537ba8
[INFO] [stdout]                                at /rustc/0e09125c6c3c2fd70d7de961bcf0e51575235fad/library/alloc/src/boxed.rs:2029:9
[INFO] [stdout]   14:     0x5646515884a6 - std::panicking::rust_panic_with_hook::h0a7ad96e90f7145b
[INFO] [stdout]                                at /rustc/0e09125c6c3c2fd70d7de961bcf0e51575235fad/library/std/src/panicking.rs:783:13
[INFO] [stdout]   15:     0x5646515881b9 - std::panicking::begin_panic_handler::{{closure}}::h7919090525c6485e
[INFO] [stdout]                                at /rustc/0e09125c6c3c2fd70d7de961bcf0e51575235fad/library/std/src/panicking.rs:649:13
[INFO] [stdout]   16:     0x564651586836 - std::sys_common::backtrace::__rust_end_short_backtrace::hf3289479464f7dfe
[INFO] [stdout]                                at /rustc/0e09125c6c3c2fd70d7de961bcf0e51575235fad/library/std/src/sys_common/backtrace.rs:171:18
[INFO] [stdout]   17:     0x564651587f50 - rust_begin_unwind
[INFO] [stdout]                                at /rustc/0e09125c6c3c2fd70d7de961bcf0e51575235fad/library/std/src/panicking.rs:645:5
[INFO] [stdout]   18:     0x564650f6d665 - core::panicking::panic_fmt::hcc9f77c5c132af55
[INFO] [stdout]                                at /rustc/0e09125c6c3c2fd70d7de961bcf0e51575235fad/library/core/src/panicking.rs:72:14
[INFO] [stdout]   19:     0x564650f6d723 - core::panicking::panic::h5a1259c1164bd480
[INFO] [stdout]                                at /rustc/0e09125c6c3c2fd70d7de961bcf0e51575235fad/library/core/src/panicking.rs:144:5
[INFO] [stdout]   20:     0x56465100c6f1 - website_crawler::packages::spider::website::test_respect_robots_txt::{{closure}}::he995bc59c73a6a70
[INFO] [stdout]                                at /opt/rustwide/workdir/src/packages/spider/website.rs:611:5
[INFO] [stdout]   21:     0x564650fcdca8 - <core::pin::Pin<P> as core::future::future::Future>::poll::h75359a5d5c618793
[INFO] [stdout]                                at /rustc/0e09125c6c3c2fd70d7de961bcf0e51575235fad/library/core/src/future/future.rs:124:9
[INFO] [stdout]   22:     0x564650fcdc4b - <core::pin::Pin<P> as core::future::future::Future>::poll::h469c4824d600f916
[INFO] [stdout]                                at /rustc/0e09125c6c3c2fd70d7de961bcf0e51575235fad/library/core/src/future/future.rs:124:9
[INFO] [stdout]   23:     0x564650fa6744 - tokio::runtime::scheduler::current_thread::CoreGuard::block_on::{{closure}}::{{closure}}::{{closure}}::h8a0329fa2160f8ab
[INFO] [stdout]                                at /opt/rustwide/cargo-home/registry/src/index.crates.io-6f17d22bba15001f/tokio-1.33.0/src/runtime/scheduler/current_thread/mod.rs:665:57
[INFO] [stdout]   24:     0x564650fa667a - tokio::runtime::coop::with_budget::hd6f436efff590395
[INFO] [stdout]                                at /opt/rustwide/cargo-home/registry/src/index.crates.io-6f17d22bba15001f/tokio-1.33.0/src/runtime/coop.rs:107:5
[INFO] [stdout]   25:     0x564650fa667a - tokio::runtime::coop::budget::ha7620391c11a8e0e
[INFO] [stdout]                                at /opt/rustwide/cargo-home/registry/src/index.crates.io-6f17d22bba15001f/tokio-1.33.0/src/runtime/coop.rs:73:5
[INFO] [stdout]   26:     0x564650fa667a - tokio::runtime::scheduler::current_thread::CoreGuard::block_on::{{closure}}::{{closure}}::he293b33eb89f4028
[INFO] [stdout]                                at /opt/rustwide/cargo-home/registry/src/index.crates.io-6f17d22bba15001f/tokio-1.33.0/src/runtime/scheduler/current_thread/mod.rs:665:25
[INFO] [stdout]   27:     0x564650fa501c - tokio::runtime::scheduler::current_thread::Context::enter::h15924891b0c46e58
[INFO] [stdout]                                at /opt/rustwide/cargo-home/registry/src/index.crates.io-6f17d22bba15001f/tokio-1.33.0/src/runtime/scheduler/current_thread/mod.rs:410:19
[INFO] [stdout]   28:     0x564650fa5e7b - tokio::runtime::scheduler::current_thread::CoreGuard::block_on::{{closure}}::h1d6ff5dd17b51b58
[INFO] [stdout]                                at /opt/rustwide/cargo-home/registry/src/index.crates.io-6f17d22bba15001f/tokio-1.33.0/src/runtime/scheduler/current_thread/mod.rs:664:36
[INFO] [stdout]   29:     0x564650fa5b8b - tokio::runtime::scheduler::current_thread::CoreGuard::enter::{{closure}}::h6e62ce6247748877
[INFO] [stdout]                                at /opt/rustwide/cargo-home/registry/src/index.crates.io-6f17d22bba15001f/tokio-1.33.0/src/runtime/scheduler/current_thread/mod.rs:743:68
[INFO] [stdout]   30:     0x5646510100eb - tokio::runtime::context::scoped::Scoped<T>::set::h6899c5cbb2cec052
[INFO] [stdout]                                at /opt/rustwide/cargo-home/registry/src/index.crates.io-6f17d22bba15001f/tokio-1.33.0/src/runtime/context/scoped.rs:40:9
[INFO] [stdout]   31:     0x564650fa3f59 - tokio::runtime::context::set_scheduler::{{closure}}::h02529d8d771dc2a0
[INFO] [stdout]                                at /opt/rustwide/cargo-home/registry/src/index.crates.io-6f17d22bba15001f/tokio-1.33.0/src/runtime/context.rs:176:26
[INFO] [stdout]   32:     0x564650fe85a6 - std::thread::local::LocalKey<T>::try_with::ha0c38c142edb5fe6
[INFO] [stdout]                                at /rustc/0e09125c6c3c2fd70d7de961bcf0e51575235fad/library/std/src/thread/local.rs:270:16
[INFO] [stdout]   33:     0x564650fe7cba - std::thread::local::LocalKey<T>::with::h7370c3d1a5a136fa
[INFO] [stdout]                                at /rustc/0e09125c6c3c2fd70d7de961bcf0e51575235fad/library/std/src/thread/local.rs:246:9
[INFO] [stdout]   34:     0x564650fa3f0d - tokio::runtime::context::set_scheduler::h06f5694822564e6d
[INFO] [stdout]                                at /opt/rustwide/cargo-home/registry/src/index.crates.io-6f17d22bba15001f/tokio-1.33.0/src/runtime/context.rs:176:9
[INFO] [stdout]   35:     0x564650fa5920 - tokio::runtime::scheduler::current_thread::CoreGuard::enter::he993715d78ce1eea
[INFO] [stdout]                                at /opt/rustwide/cargo-home/registry/src/index.crates.io-6f17d22bba15001f/tokio-1.33.0/src/runtime/scheduler/current_thread/mod.rs:743:27
[INFO] [stdout]   36:     0x564650fa5bbd - tokio::runtime::scheduler::current_thread::CoreGuard::block_on::hc5276f5d9ea7d3c4
[INFO] [stdout]                                at /opt/rustwide/cargo-home/registry/src/index.crates.io-6f17d22bba15001f/tokio-1.33.0/src/runtime/scheduler/current_thread/mod.rs:652:19
[INFO] [stdout]   37:     0x564650fa4b0d - tokio::runtime::scheduler::current_thread::CurrentThread::block_on::{{closure}}::hd24f0d1b61d0fed6
[INFO] [stdout]                                at /opt/rustwide/cargo-home/registry/src/index.crates.io-6f17d22bba15001f/tokio-1.33.0/src/runtime/scheduler/current_thread/mod.rs:175:28
[INFO] [stdout]   38:     0x564650fa42ea - tokio::runtime::context::runtime::enter_runtime::h8b5498401023ba69
[INFO] [stdout]                                at /opt/rustwide/cargo-home/registry/src/index.crates.io-6f17d22bba15001f/tokio-1.33.0/src/runtime/context/runtime.rs:65:16
[INFO] [stdout]   39:     0x564650fa4a1e - tokio::runtime::scheduler::current_thread::CurrentThread::block_on::hd4cd65e10ba8f67c
[INFO] [stdout]                                at /opt/rustwide/cargo-home/registry/src/index.crates.io-6f17d22bba15001f/tokio-1.33.0/src/runtime/scheduler/current_thread/mod.rs:167:9
[INFO] [stdout]   40:     0x564650fb4a8d - tokio::runtime::runtime::Runtime::block_on::h2c6ef981f57e4368
[INFO] [stdout]                                at /opt/rustwide/cargo-home/registry/src/index.crates.io-6f17d22bba15001f/tokio-1.33.0/src/runtime/runtime.rs:348:47
[INFO] [stdout]   41:     0x56465100be17 - website_crawler::packages::spider::website::test_respect_robots_txt::h1c615a70c7d0bd6d
[INFO] [stdout]                                at /opt/rustwide/workdir/src/packages/spider/website.rs:630:5
[INFO] [stdout]   42:     0x56465100bc97 - website_crawler::packages::spider::website::test_respect_robots_txt::{{closure}}::hfd905c1bfe916a39
[INFO] [stdout]                                at /opt/rustwide/workdir/src/packages/spider/website.rs:600:35
[INFO] [stdout]   43:     0x564650ff6db6 - core::ops::function::FnOnce::call_once::hc8fb78d425c67727
[INFO] [stdout]                                at /rustc/0e09125c6c3c2fd70d7de961bcf0e51575235fad/library/core/src/ops/function.rs:250:5
[INFO] [stdout]   44:     0x5646510766df - core::ops::function::FnOnce::call_once::hd64d26f405258157
[INFO] [stdout]                                at /rustc/0e09125c6c3c2fd70d7de961bcf0e51575235fad/library/core/src/ops/function.rs:250:5
[INFO] [stdout]   45:     0x5646510766df - test::__rust_begin_short_backtrace::he21b0b7a6d731bf9
[INFO] [stdout]                                at /rustc/0e09125c6c3c2fd70d7de961bcf0e51575235fad/library/test/src/lib.rs:627:18
[INFO] [stdout]   46:     0x564651075461 - test::run_test_in_process::{{closure}}::hf5c73986d7bdfde2
[INFO] [stdout]                                at /rustc/0e09125c6c3c2fd70d7de961bcf0e51575235fad/library/test/src/lib.rs:650:60
[INFO] [stdout]   47:     0x564651075461 - <core::panic::unwind_safe::AssertUnwindSafe<F> as core::ops::function::FnOnce<()>>::call_once::h330011ad032aadc0
[INFO] [stdout]                                at /rustc/0e09125c6c3c2fd70d7de961bcf0e51575235fad/library/core/src/panic/unwind_safe.rs:272:9
[INFO] [stdout]   48:     0x564651075461 - std::panicking::try::do_call::he61b0a958b795a41
[INFO] [stdout]                                at /rustc/0e09125c6c3c2fd70d7de961bcf0e51575235fad/library/std/src/panicking.rs:552:40
[INFO] [stdout]   49:     0x564651075461 - std::panicking::try::h7309da130f906eb7
[INFO] [stdout]                                at /rustc/0e09125c6c3c2fd70d7de961bcf0e51575235fad/library/std/src/panicking.rs:516:19
[INFO] [stdout]   50:     0x564651075461 - std::panic::catch_unwind::hc5c3a06fdaf0a92a
[INFO] [stdout]                                at /rustc/0e09125c6c3c2fd70d7de961bcf0e51575235fad/library/std/src/panic.rs:142:14
[INFO] [stdout]   51:     0x564651075461 - test::run_test_in_process::h7e7b7c71c3324e0f
[INFO] [stdout]                                at /rustc/0e09125c6c3c2fd70d7de961bcf0e51575235fad/library/test/src/lib.rs:650:27
[INFO] [stdout]   52:     0x564651075461 - test::run_test::{{closure}}::h1f509f28f5cf20b1
[INFO] [stdout]                                at /rustc/0e09125c6c3c2fd70d7de961bcf0e51575235fad/library/test/src/lib.rs:573:43
[INFO] [stdout]   53:     0x56465103c796 - test::run_test::{{closure}}::h1754218abf443f6d
[INFO] [stdout]                                at /rustc/0e09125c6c3c2fd70d7de961bcf0e51575235fad/library/test/src/lib.rs:601:41
[INFO] [stdout]   54:     0x56465103c796 - std::sys_common::backtrace::__rust_begin_short_backtrace::h2ee174b9d5954948
[INFO] [stdout]                                at /rustc/0e09125c6c3c2fd70d7de961bcf0e51575235fad/library/std/src/sys_common/backtrace.rs:155:18
[INFO] [stdout]   55:     0x5646510417f7 - std::thread::Builder::spawn_unchecked_::{{closure}}::{{closure}}::hf60bee9c1a17ef09
[INFO] [stdout]                                at /rustc/0e09125c6c3c2fd70d7de961bcf0e51575235fad/library/std/src/thread/mod.rs:529:17
[INFO] [stdout]   56:     0x5646510417f7 - <core::panic::unwind_safe::AssertUnwindSafe<F> as core::ops::function::FnOnce<()>>::call_once::h33d0dddec5216160
[INFO] [stdout]                                at /rustc/0e09125c6c3c2fd70d7de961bcf0e51575235fad/library/core/src/panic/unwind_safe.rs:272:9
[INFO] [stdout]   57:     0x5646510417f7 - std::panicking::try::do_call::h144b3048b546f835
[INFO] [stdout]                                at /rustc/0e09125c6c3c2fd70d7de961bcf0e51575235fad/library/std/src/panicking.rs:552:40
[INFO] [stdout]   58:     0x5646510417f7 - std::panicking::try::h978244d04646189f
[INFO] [stdout]                                at /rustc/0e09125c6c3c2fd70d7de961bcf0e51575235fad/library/std/src/panicking.rs:516:19
[INFO] [stdout]   59:     0x5646510417f7 - std::panic::catch_unwind::hdf436369d188fe86
[INFO] [stdout]                                at /rustc/0e09125c6c3c2fd70d7de961bcf0e51575235fad/library/std/src/panic.rs:142:14
[INFO] [stdout]   60:     0x5646510417f7 - std::thread::Builder::spawn_unchecked_::{{closure}}::h87329cbdd33c79ec
[INFO] [stdout]                                at /rustc/0e09125c6c3c2fd70d7de961bcf0e51575235fad/library/std/src/thread/mod.rs:528:30
[INFO] [stdout]   61:     0x5646510417f7 - core::ops::function::FnOnce::call_once{{vtable.shim}}::h401abbe67897d450
[INFO] [stdout]                                at /rustc/0e09125c6c3c2fd70d7de961bcf0e51575235fad/library/core/src/ops/function.rs:250:5
[INFO] [stdout]   62:     0x56465158d1e5 - <alloc::boxed::Box<F,A> as core::ops::function::FnOnce<Args>>::call_once::h5d7c8f150ab9c84c
[INFO] [stdout]                                at /rustc/0e09125c6c3c2fd70d7de961bcf0e51575235fad/library/alloc/src/boxed.rs:2015:9
[INFO] [stdout]   63:     0x56465158d1e5 - <alloc::boxed::Box<F,A> as core::ops::function::FnOnce<Args>>::call_once::h570d5b005c242c15
[INFO] [stdout]                                at /rustc/0e09125c6c3c2fd70d7de961bcf0e51575235fad/library/alloc/src/boxed.rs:2015:9
[INFO] [stdout]   64:     0x56465158d1e5 - std::sys::unix::thread::Thread::new::thread_start::h36b0a20c0b2361ad
[INFO] [stdout]                                at /rustc/0e09125c6c3c2fd70d7de961bcf0e51575235fad/library/std/src/sys/unix/thread.rs:108:17
[INFO] [stdout]   65:     0x7fe97c5b0ac3 - <unknown>
[INFO] [stdout]   66:     0x7fe97c641bf4 - __clone
[INFO] [stdout]   67:                0x0 - <unknown>
[INFO] [stdout] 
[INFO] [stdout] 
[INFO] [stdout] failures:
[INFO] [stdout]     packages::spider::page::parse_links
[INFO] [stdout]     packages::spider::website::test_respect_robots_txt
[INFO] [stdout] 
[INFO] [stdout] test result: FAILED. 13 passed; 2 failed; 0 ignored; 0 measured; 0 filtered out; finished in 0.42s
[INFO] [stdout] 
[INFO] [stderr] error: test failed, to rerun pass `--lib`
[INFO] running `Command { std: "docker" "inspect" "3a9c06591dbe2f0820f82fb326f8a3f14009c9bd2b482be598153ea7d43f9f89", kill_on_drop: false }`
[INFO] running `Command { std: "docker" "rm" "-f" "3a9c06591dbe2f0820f82fb326f8a3f14009c9bd2b482be598153ea7d43f9f89", kill_on_drop: false }`
[INFO] [stdout] 3a9c06591dbe2f0820f82fb326f8a3f14009c9bd2b482be598153ea7d43f9f89
