[INFO] fetching crate webblender 0.1.1...
[INFO] testing webblender-0.1.1 against 1.75.0 for beta-1.76-1
[INFO] extracting crate webblender 0.1.1 into /workspace/builds/worker-6-tc1/source
[INFO] validating manifest of crates.io crate webblender 0.1.1 on toolchain 1.75.0
[INFO] running `Command { std: CARGO_HOME="/workspace/cargo-home" RUSTUP_HOME="/workspace/rustup-home" "/workspace/cargo-home/bin/cargo" "+1.75.0" "metadata" "--manifest-path" "Cargo.toml" "--no-deps", kill_on_drop: false }`
[INFO] started tweaking crates.io crate webblender 0.1.1
[INFO] finished tweaking crates.io crate webblender 0.1.1
[INFO] tweaked toml for crates.io crate webblender 0.1.1 written to /workspace/builds/worker-6-tc1/source/Cargo.toml
[INFO] running `Command { std: CARGO_HOME="/workspace/cargo-home" RUSTUP_HOME="/workspace/rustup-home" "/workspace/cargo-home/bin/cargo" "+1.75.0" "generate-lockfile" "--manifest-path" "Cargo.toml", kill_on_drop: false }`
[INFO] [stderr]     Blocking waiting for file lock on package cache
[INFO] [stderr]     Updating crates.io index
[INFO] running `Command { std: CARGO_HOME="/workspace/cargo-home" RUSTUP_HOME="/workspace/rustup-home" "/workspace/cargo-home/bin/cargo" "+1.75.0" "fetch" "--manifest-path" "Cargo.toml", kill_on_drop: false }`
[INFO] [stderr]     Blocking waiting for file lock on package cache
[INFO] [stderr]     Blocking waiting for file lock on package cache
[INFO] [stderr]  Downloading crates ...
[INFO] [stderr]   Downloaded landon v0.1.4
[INFO] running `Command { std: "docker" "create" "-v" "/var/lib/crater-agent-workspace/builds/worker-6-tc1/target:/opt/rustwide/target:rw,Z" "-v" "/var/lib/crater-agent-workspace/builds/worker-6-tc1/source:/opt/rustwide/workdir:ro,Z" "-v" "/var/lib/crater-agent-workspace/cargo-home:/opt/rustwide/cargo-home:ro,Z" "-v" "/var/lib/crater-agent-workspace/rustup-home:/opt/rustwide/rustup-home:ro,Z" "-e" "SOURCE_DIR=/opt/rustwide/workdir" "-e" "CARGO_TARGET_DIR=/opt/rustwide/target" "-e" "CARGO_HOME=/opt/rustwide/cargo-home" "-e" "RUSTUP_HOME=/opt/rustwide/rustup-home" "-w" "/opt/rustwide/workdir" "-m" "1610612736" "--user" "0:0" "--network" "none" "ghcr.io/rust-lang/crates-build-env/linux@sha256:2788e3201cd34a07e3172128adcd8b3090168a8e3bcc40d7c032b9dda1df7d1c" "/opt/rustwide/cargo-home/bin/cargo" "+1.75.0" "metadata" "--no-deps" "--format-version=1", kill_on_drop: false }`
[INFO] [stdout] 4f498270edad8a7861ed486b73412b143a27f7a37284bd52f8cc140fe7ee34a9
[INFO] running `Command { std: "docker" "start" "-a" "4f498270edad8a7861ed486b73412b143a27f7a37284bd52f8cc140fe7ee34a9", kill_on_drop: false }`
[INFO] running `Command { std: "docker" "inspect" "4f498270edad8a7861ed486b73412b143a27f7a37284bd52f8cc140fe7ee34a9", kill_on_drop: false }`
[INFO] running `Command { std: "docker" "rm" "-f" "4f498270edad8a7861ed486b73412b143a27f7a37284bd52f8cc140fe7ee34a9", kill_on_drop: false }`
[INFO] [stdout] 4f498270edad8a7861ed486b73412b143a27f7a37284bd52f8cc140fe7ee34a9
[INFO] running `Command { std: "docker" "create" "-v" "/var/lib/crater-agent-workspace/builds/worker-6-tc1/target:/opt/rustwide/target:rw,Z" "-v" "/var/lib/crater-agent-workspace/builds/worker-6-tc1/source:/opt/rustwide/workdir:ro,Z" "-v" "/var/lib/crater-agent-workspace/cargo-home:/opt/rustwide/cargo-home:ro,Z" "-v" "/var/lib/crater-agent-workspace/rustup-home:/opt/rustwide/rustup-home:ro,Z" "-e" "SOURCE_DIR=/opt/rustwide/workdir" "-e" "CARGO_TARGET_DIR=/opt/rustwide/target" "-e" "CARGO_INCREMENTAL=0" "-e" "RUST_BACKTRACE=full" "-e" "RUSTFLAGS=--cap-lints=warn" "-e" "RUSTDOCFLAGS=--cap-lints=warn" "-e" "CARGO_HOME=/opt/rustwide/cargo-home" "-e" "RUSTUP_HOME=/opt/rustwide/rustup-home" "-w" "/opt/rustwide/workdir" "-m" "1610612736" "--user" "0:0" "--network" "none" "ghcr.io/rust-lang/crates-build-env/linux@sha256:2788e3201cd34a07e3172128adcd8b3090168a8e3bcc40d7c032b9dda1df7d1c" "/opt/rustwide/cargo-home/bin/cargo" "+1.75.0" "build" "--frozen" "--message-format=json", kill_on_drop: false }`
[INFO] [stdout] 967c59d60a400217e76994e60a8d4bfbcb11d5df8775edabd4e2cd0218a3bfe5
[INFO] running `Command { std: "docker" "start" "-a" "967c59d60a400217e76994e60a8d4bfbcb11d5df8775edabd4e2cd0218a3bfe5", kill_on_drop: false }`
[INFO] [stderr]    Compiling wasm-bindgen v0.2.89
[INFO] [stderr]    Compiling yaml-rust v0.3.5
[INFO] [stderr]    Compiling serde_json v1.0.111
[INFO] [stderr]    Compiling serde_derive v1.0.194
[INFO] [stderr]    Compiling clap v2.34.0
[INFO] [stderr]    Compiling js-sys v0.3.66
[INFO] [stderr]    Compiling landon v0.1.4
[INFO] [stderr]    Compiling web-sys v0.3.66
[INFO] [stderr]    Compiling webblender v0.1.1 (/opt/rustwide/workdir)
[INFO] [stdout] warning: unused import: `crate::util::*`
[INFO] [stdout]  --> src/lib.rs:7:13
[INFO] [stdout]   |
[INFO] [stdout] 7 |     pub use crate::util::*;
[INFO] [stdout]   |             ^^^^^^^^^^^^^^
[INFO] [stdout]   |
[INFO] [stdout]   = note: `#[warn(unused_imports)]` on by default
[INFO] [stdout] 
[INFO] [stdout] 
[INFO] [stdout] warning: unused imports: `WebGlProgram`, `WebGlShader`, `WebGlUniformLocation`
[INFO] [stdout]  --> src/gl.rs:2:39
[INFO] [stdout]   |
[INFO] [stdout] 2 | use web_sys::{WebGl2RenderingContext, WebGlProgram, WebGlShader, WebGlUniformLocation};
[INFO] [stdout]   |                                       ^^^^^^^^^^^^  ^^^^^^^^^^^  ^^^^^^^^^^^^^^^^^^^^
[INFO] [stdout] 
[INFO] [stdout] 
[INFO] [stdout] warning: unused import: `crate::prelude::*`
[INFO] [stdout]  --> src/gl/shader.rs:1:5
[INFO] [stdout]   |
[INFO] [stdout] 1 | use crate::prelude::*;
[INFO] [stdout]   |     ^^^^^^^^^^^^^^^^^
[INFO] [stdout] 
[INFO] [stdout] 
[INFO] [stdout] warning: unused import: `WebGlUniformLocation`
[INFO] [stdout]  --> src/gl/shader.rs:3:66
[INFO] [stdout]   |
[INFO] [stdout] 3 | use web_sys::{WebGl2RenderingContext, WebGlProgram, WebGlShader, WebGlUniformLocation};
[INFO] [stdout]   |                                                                  ^^^^^^^^^^^^^^^^^^^^
[INFO] [stdout] 
[INFO] [stdout] 
[INFO] [stdout] warning: type alias `SourceHash` is never used
[INFO] [stdout]  --> src/gl/shader.rs:6:6
[INFO] [stdout]   |
[INFO] [stdout] 6 | type SourceHash = HashMap<String,(String,String)>;
[INFO] [stdout]   |      ^^^^^^^^^^
[INFO] [stdout]   |
[INFO] [stdout]   = note: `#[warn(dead_code)]` on by default
[INFO] [stdout] 
[INFO] [stdout] 
[INFO] [stdout] warning: type alias `ShaderHash` is never used
[INFO] [stdout]  --> src/gl/shader.rs:7:6
[INFO] [stdout]   |
[INFO] [stdout] 7 | type ShaderHash = HashMap<String,Shader>;
[INFO] [stdout]   |      ^^^^^^^^^^
[INFO] [stdout] 
[INFO] [stdout] 
[INFO] [stdout] warning: struct `ShaderController` is never constructed
[INFO] [stdout]  --> src/gl/shader.rs:9:8
[INFO] [stdout]   |
[INFO] [stdout] 9 | struct ShaderController{
[INFO] [stdout]   |        ^^^^^^^^^^^^^^^^
[INFO] [stdout] 
[INFO] [stdout] 
[INFO] [stdout] warning: associated items `new` and `init_source` are never used
[INFO] [stdout]   --> src/gl/shader.rs:14:8
[INFO] [stdout]    |
[INFO] [stdout] 13 | impl ShaderController{
[INFO] [stdout]    | --------------------- associated items in this implementation
[INFO] [stdout] 14 |     fn new() -> Self{
[INFO] [stdout]    |        ^^^
[INFO] [stdout] ...
[INFO] [stdout] 20 |     fn init_source<F>(&mut self,gl: &WebGl2RenderingContext,mut source_init: F)
[INFO] [stdout]    |        ^^^^^^^^^^^
[INFO] [stdout] 
[INFO] [stdout] 
[INFO] [stdout] warning: struct `Shader` is never constructed
[INFO] [stdout]   --> src/gl/shader.rs:31:8
[INFO] [stdout]    |
[INFO] [stdout] 31 | struct Shader{
[INFO] [stdout]    |        ^^^^^^
[INFO] [stdout] 
[INFO] [stdout] 
[INFO] [stdout] warning: associated function `new` is never used
[INFO] [stdout]   --> src/gl/shader.rs:36:8
[INFO] [stdout]    |
[INFO] [stdout] 34 | impl Shader{
[INFO] [stdout]    | ----------- associated function in this implementation
[INFO] [stdout] 35 |     //(vertex,frag)
[INFO] [stdout] 36 |     fn new(gl: &WebGl2RenderingContext,source: (String,String)) -> Self{
[INFO] [stdout]    |        ^^^
[INFO] [stdout] 
[INFO] [stdout] 
[INFO] [stdout] warning: function `compile_shader` is never used
[INFO] [stdout]   --> src/gl/shader.rs:48:4
[INFO] [stdout]    |
[INFO] [stdout] 48 | fn compile_shader(
[INFO] [stdout]    |    ^^^^^^^^^^^^^^
[INFO] [stdout] 
[INFO] [stdout] 
[INFO] [stdout] warning: function `link_program` is never used
[INFO] [stdout]   --> src/gl/shader.rs:72:4
[INFO] [stdout]    |
[INFO] [stdout] 72 | fn link_program(
[INFO] [stdout]    |    ^^^^^^^^^^^^
[INFO] [stdout] 
[INFO] [stdout] 
[INFO] [stdout] warning: field `dummy` is never read
[INFO] [stdout]  --> src/app.rs:2:5
[INFO] [stdout]   |
[INFO] [stdout] 1 | pub struct App{
[INFO] [stdout]   |            --- field in this struct
[INFO] [stdout] 2 |     dummy: u32
[INFO] [stdout]   |     ^^^^^
[INFO] [stdout] 
[INFO] [stdout] 
[INFO] [stdout] warning: 13 warnings emitted
[INFO] [stdout] 
[INFO] [stdout] 
[INFO] [stderr]     Finished dev [unoptimized + debuginfo] target(s) in 10.64s
[INFO] running `Command { std: "docker" "inspect" "967c59d60a400217e76994e60a8d4bfbcb11d5df8775edabd4e2cd0218a3bfe5", kill_on_drop: false }`
[INFO] running `Command { std: "docker" "rm" "-f" "967c59d60a400217e76994e60a8d4bfbcb11d5df8775edabd4e2cd0218a3bfe5", kill_on_drop: false }`
[INFO] [stdout] 967c59d60a400217e76994e60a8d4bfbcb11d5df8775edabd4e2cd0218a3bfe5
[INFO] running `Command { std: "docker" "create" "-v" "/var/lib/crater-agent-workspace/builds/worker-6-tc1/target:/opt/rustwide/target:rw,Z" "-v" "/var/lib/crater-agent-workspace/builds/worker-6-tc1/source:/opt/rustwide/workdir:ro,Z" "-v" "/var/lib/crater-agent-workspace/cargo-home:/opt/rustwide/cargo-home:ro,Z" "-v" "/var/lib/crater-agent-workspace/rustup-home:/opt/rustwide/rustup-home:ro,Z" "-e" "SOURCE_DIR=/opt/rustwide/workdir" "-e" "CARGO_TARGET_DIR=/opt/rustwide/target" "-e" "CARGO_INCREMENTAL=0" "-e" "RUST_BACKTRACE=full" "-e" "RUSTFLAGS=--cap-lints=warn" "-e" "RUSTDOCFLAGS=--cap-lints=warn" "-e" "CARGO_HOME=/opt/rustwide/cargo-home" "-e" "RUSTUP_HOME=/opt/rustwide/rustup-home" "-w" "/opt/rustwide/workdir" "-m" "1610612736" "--user" "0:0" "--network" "none" "ghcr.io/rust-lang/crates-build-env/linux@sha256:2788e3201cd34a07e3172128adcd8b3090168a8e3bcc40d7c032b9dda1df7d1c" "/opt/rustwide/cargo-home/bin/cargo" "+1.75.0" "test" "--frozen" "--no-run" "--message-format=json", kill_on_drop: false }`
[INFO] [stdout] 5bff8a17a7f6b3c44780b527fae5ec7c68d069e6b3309e1cd7382914db773cef
[INFO] running `Command { std: "docker" "start" "-a" "5bff8a17a7f6b3c44780b527fae5ec7c68d069e6b3309e1cd7382914db773cef", kill_on_drop: false }`
[INFO] [stderr]    Compiling proc-macro2 v0.4.30
[INFO] [stderr]    Compiling unicode-xid v0.1.0
[INFO] [stderr]    Compiling futures v0.1.31
[INFO] [stderr]    Compiling cfg-if v0.1.10
[INFO] [stderr]    Compiling scoped-tls v1.0.1
[INFO] [stderr]    Compiling console_error_panic_hook v0.1.7
[INFO] [stdout] warning: unused import: `crate::util::*`
[INFO] [stdout]  --> src/lib.rs:7:13
[INFO] [stdout]   |
[INFO] [stdout] 7 |     pub use crate::util::*;
[INFO] [stdout]   |             ^^^^^^^^^^^^^^
[INFO] [stdout]   |
[INFO] [stdout]   = note: `#[warn(unused_imports)]` on by default
[INFO] [stdout] 
[INFO] [stdout] 
[INFO] [stdout] warning: unused imports: `WebGlProgram`, `WebGlShader`, `WebGlUniformLocation`
[INFO] [stdout]  --> src/gl.rs:2:39
[INFO] [stdout]   |
[INFO] [stdout] 2 | use web_sys::{WebGl2RenderingContext, WebGlProgram, WebGlShader, WebGlUniformLocation};
[INFO] [stdout]   |                                       ^^^^^^^^^^^^  ^^^^^^^^^^^  ^^^^^^^^^^^^^^^^^^^^
[INFO] [stdout] 
[INFO] [stdout] 
[INFO] [stdout] warning: unused import: `crate::prelude::*`
[INFO] [stdout]  --> src/gl/shader.rs:1:5
[INFO] [stdout]   |
[INFO] [stdout] 1 | use crate::prelude::*;
[INFO] [stdout]   |     ^^^^^^^^^^^^^^^^^
[INFO] [stdout] 
[INFO] [stdout] 
[INFO] [stdout] warning: unused import: `WebGlUniformLocation`
[INFO] [stdout]  --> src/gl/shader.rs:3:66
[INFO] [stdout]   |
[INFO] [stdout] 3 | use web_sys::{WebGl2RenderingContext, WebGlProgram, WebGlShader, WebGlUniformLocation};
[INFO] [stdout]   |                                                                  ^^^^^^^^^^^^^^^^^^^^
[INFO] [stdout] 
[INFO] [stdout] 
[INFO] [stdout] warning: type alias `SourceHash` is never used
[INFO] [stdout]  --> src/gl/shader.rs:6:6
[INFO] [stdout]   |
[INFO] [stdout] 6 | type SourceHash = HashMap<String,(String,String)>;
[INFO] [stdout]   |      ^^^^^^^^^^
[INFO] [stdout]   |
[INFO] [stdout]   = note: `#[warn(dead_code)]` on by default
[INFO] [stdout] 
[INFO] [stdout] 
[INFO] [stdout] warning: type alias `ShaderHash` is never used
[INFO] [stdout]  --> src/gl/shader.rs:7:6
[INFO] [stdout]   |
[INFO] [stdout] 7 | type ShaderHash = HashMap<String,Shader>;
[INFO] [stdout]   |      ^^^^^^^^^^
[INFO] [stdout] 
[INFO] [stdout] 
[INFO] [stdout] warning: struct `ShaderController` is never constructed
[INFO] [stdout]  --> src/gl/shader.rs:9:8
[INFO] [stdout]   |
[INFO] [stdout] 9 | struct ShaderController{
[INFO] [stdout]   |        ^^^^^^^^^^^^^^^^
[INFO] [stdout] 
[INFO] [stdout] 
[INFO] [stdout] warning: associated items `new` and `init_source` are never used
[INFO] [stdout]   --> src/gl/shader.rs:14:8
[INFO] [stdout]    |
[INFO] [stdout] 13 | impl ShaderController{
[INFO] [stdout]    | --------------------- associated items in this implementation
[INFO] [stdout] 14 |     fn new() -> Self{
[INFO] [stdout]    |        ^^^
[INFO] [stdout] ...
[INFO] [stdout] 20 |     fn init_source<F>(&mut self,gl: &WebGl2RenderingContext,mut source_init: F)
[INFO] [stdout]    |        ^^^^^^^^^^^
[INFO] [stdout] 
[INFO] [stdout] 
[INFO] [stdout] warning: struct `Shader` is never constructed
[INFO] [stdout]   --> src/gl/shader.rs:31:8
[INFO] [stdout]    |
[INFO] [stdout] 31 | struct Shader{
[INFO] [stdout]    |        ^^^^^^
[INFO] [stdout] 
[INFO] [stdout] 
[INFO] [stdout] warning: associated function `new` is never used
[INFO] [stdout]   --> src/gl/shader.rs:36:8
[INFO] [stdout]    |
[INFO] [stdout] 34 | impl Shader{
[INFO] [stdout]    | ----------- associated function in this implementation
[INFO] [stdout] 35 |     //(vertex,frag)
[INFO] [stdout] 36 |     fn new(gl: &WebGl2RenderingContext,source: (String,String)) -> Self{
[INFO] [stdout]    |        ^^^
[INFO] [stdout] 
[INFO] [stdout] 
[INFO] [stdout] warning: function `compile_shader` is never used
[INFO] [stdout]   --> src/gl/shader.rs:48:4
[INFO] [stdout]    |
[INFO] [stdout] 48 | fn compile_shader(
[INFO] [stdout]    |    ^^^^^^^^^^^^^^
[INFO] [stdout] 
[INFO] [stdout] 
[INFO] [stdout] warning: function `link_program` is never used
[INFO] [stdout]   --> src/gl/shader.rs:72:4
[INFO] [stdout]    |
[INFO] [stdout] 72 | fn link_program(
[INFO] [stdout]    |    ^^^^^^^^^^^^
[INFO] [stdout] 
[INFO] [stdout] 
[INFO] [stdout] warning: field `dummy` is never read
[INFO] [stdout]  --> src/app.rs:2:5
[INFO] [stdout]   |
[INFO] [stdout] 1 | pub struct App{
[INFO] [stdout]   |            --- field in this struct
[INFO] [stdout] 2 |     dummy: u32
[INFO] [stdout]   |     ^^^^^
[INFO] [stdout] 
[INFO] [stdout] 
[INFO] [stdout] warning: 13 warnings emitted
[INFO] [stdout] 
[INFO] [stdout] 
[INFO] [stderr]    Compiling quote v0.6.13
[INFO] [stderr]    Compiling wasm-bindgen-test-macro v0.2.50
[INFO] [stderr]    Compiling wasm-bindgen-futures v0.3.27
[INFO] [stderr]    Compiling wasm-bindgen-test v0.2.50
[INFO] [stderr]    Compiling webblender v0.1.1 (/opt/rustwide/workdir)
[INFO] [stdout] warning: unused import: `crate::util::*`
[INFO] [stdout]  --> src/lib.rs:7:13
[INFO] [stdout]   |
[INFO] [stdout] 7 |     pub use crate::util::*;
[INFO] [stdout]   |             ^^^^^^^^^^^^^^
[INFO] [stdout]   |
[INFO] [stdout]   = note: `#[warn(unused_imports)]` on by default
[INFO] [stdout] 
[INFO] [stdout] 
[INFO] [stdout] warning: unused imports: `WebGlProgram`, `WebGlShader`, `WebGlUniformLocation`
[INFO] [stdout]  --> src/gl.rs:2:39
[INFO] [stdout]   |
[INFO] [stdout] 2 | use web_sys::{WebGl2RenderingContext, WebGlProgram, WebGlShader, WebGlUniformLocation};
[INFO] [stdout]   |                                       ^^^^^^^^^^^^  ^^^^^^^^^^^  ^^^^^^^^^^^^^^^^^^^^
[INFO] [stdout] 
[INFO] [stdout] 
[INFO] [stdout] warning: unused import: `crate::prelude::*`
[INFO] [stdout]  --> src/gl/shader.rs:1:5
[INFO] [stdout]   |
[INFO] [stdout] 1 | use crate::prelude::*;
[INFO] [stdout]   |     ^^^^^^^^^^^^^^^^^
[INFO] [stdout] 
[INFO] [stdout] 
[INFO] [stdout] warning: unused import: `WebGlUniformLocation`
[INFO] [stdout]  --> src/gl/shader.rs:3:66
[INFO] [stdout]   |
[INFO] [stdout] 3 | use web_sys::{WebGl2RenderingContext, WebGlProgram, WebGlShader, WebGlUniformLocation};
[INFO] [stdout]   |                                                                  ^^^^^^^^^^^^^^^^^^^^
[INFO] [stdout] 
[INFO] [stdout] 
[INFO] [stdout] warning: type alias `SourceHash` is never used
[INFO] [stdout]  --> src/gl/shader.rs:6:6
[INFO] [stdout]   |
[INFO] [stdout] 6 | type SourceHash = HashMap<String,(String,String)>;
[INFO] [stdout]   |      ^^^^^^^^^^
[INFO] [stdout]   |
[INFO] [stdout]   = note: `#[warn(dead_code)]` on by default
[INFO] [stdout] 
[INFO] [stdout] 
[INFO] [stdout] warning: type alias `ShaderHash` is never used
[INFO] [stdout]  --> src/gl/shader.rs:7:6
[INFO] [stdout]   |
[INFO] [stdout] 7 | type ShaderHash = HashMap<String,Shader>;
[INFO] [stdout]   |      ^^^^^^^^^^
[INFO] [stdout] 
[INFO] [stdout] 
[INFO] [stdout] warning: struct `ShaderController` is never constructed
[INFO] [stdout]  --> src/gl/shader.rs:9:8
[INFO] [stdout]   |
[INFO] [stdout] 9 | struct ShaderController{
[INFO] [stdout]   |        ^^^^^^^^^^^^^^^^
[INFO] [stdout] 
[INFO] [stdout] 
[INFO] [stdout] warning: associated items `new` and `init_source` are never used
[INFO] [stdout]   --> src/gl/shader.rs:14:8
[INFO] [stdout]    |
[INFO] [stdout] 13 | impl ShaderController{
[INFO] [stdout]    | --------------------- associated items in this implementation
[INFO] [stdout] 14 |     fn new() -> Self{
[INFO] [stdout]    |        ^^^
[INFO] [stdout] ...
[INFO] [stdout] 20 |     fn init_source<F>(&mut self,gl: &WebGl2RenderingContext,mut source_init: F)
[INFO] [stdout]    |        ^^^^^^^^^^^
[INFO] [stdout] 
[INFO] [stdout] 
[INFO] [stdout] warning: struct `Shader` is never constructed
[INFO] [stdout]   --> src/gl/shader.rs:31:8
[INFO] [stdout]    |
[INFO] [stdout] 31 | struct Shader{
[INFO] [stdout]    |        ^^^^^^
[INFO] [stdout] 
[INFO] [stdout] 
[INFO] [stdout] warning: associated function `new` is never used
[INFO] [stdout]   --> src/gl/shader.rs:36:8
[INFO] [stdout]    |
[INFO] [stdout] 34 | impl Shader{
[INFO] [stdout]    | ----------- associated function in this implementation
[INFO] [stdout] 35 |     //(vertex,frag)
[INFO] [stdout] 36 |     fn new(gl: &WebGl2RenderingContext,source: (String,String)) -> Self{
[INFO] [stdout]    |        ^^^
[INFO] [stdout] 
[INFO] [stdout] 
[INFO] [stdout] warning: function `compile_shader` is never used
[INFO] [stdout]   --> src/gl/shader.rs:48:4
[INFO] [stdout]    |
[INFO] [stdout] 48 | fn compile_shader(
[INFO] [stdout]    |    ^^^^^^^^^^^^^^
[INFO] [stdout] 
[INFO] [stdout] 
[INFO] [stdout] warning: function `link_program` is never used
[INFO] [stdout]   --> src/gl/shader.rs:72:4
[INFO] [stdout]    |
[INFO] [stdout] 72 | fn link_program(
[INFO] [stdout]    |    ^^^^^^^^^^^^
[INFO] [stdout] 
[INFO] [stdout] 
[INFO] [stdout] warning: field `dummy` is never read
[INFO] [stdout]  --> src/app.rs:2:5
[INFO] [stdout]   |
[INFO] [stdout] 1 | pub struct App{
[INFO] [stdout]   |            --- field in this struct
[INFO] [stdout] 2 |     dummy: u32
[INFO] [stdout]   |     ^^^^^
[INFO] [stdout] 
[INFO] [stdout] 
[INFO] [stdout] warning: 13 warnings emitted
[INFO] [stdout] 
[INFO] [stdout] 
[INFO] [stderr]     Finished test [unoptimized + debuginfo] target(s) in 1.31s
[INFO] running `Command { std: "docker" "inspect" "5bff8a17a7f6b3c44780b527fae5ec7c68d069e6b3309e1cd7382914db773cef", kill_on_drop: false }`
[INFO] running `Command { std: "docker" "rm" "-f" "5bff8a17a7f6b3c44780b527fae5ec7c68d069e6b3309e1cd7382914db773cef", kill_on_drop: false }`
[INFO] [stdout] 5bff8a17a7f6b3c44780b527fae5ec7c68d069e6b3309e1cd7382914db773cef
[INFO] running `Command { std: "docker" "create" "-v" "/var/lib/crater-agent-workspace/builds/worker-6-tc1/target:/opt/rustwide/target:rw,Z" "-v" "/var/lib/crater-agent-workspace/builds/worker-6-tc1/source:/opt/rustwide/workdir:ro,Z" "-v" "/var/lib/crater-agent-workspace/cargo-home:/opt/rustwide/cargo-home:ro,Z" "-v" "/var/lib/crater-agent-workspace/rustup-home:/opt/rustwide/rustup-home:ro,Z" "-e" "SOURCE_DIR=/opt/rustwide/workdir" "-e" "CARGO_TARGET_DIR=/opt/rustwide/target" "-e" "CARGO_INCREMENTAL=0" "-e" "RUST_BACKTRACE=full" "-e" "RUSTFLAGS=--cap-lints=warn" "-e" "RUSTDOCFLAGS=--cap-lints=warn" "-e" "CARGO_HOME=/opt/rustwide/cargo-home" "-e" "RUSTUP_HOME=/opt/rustwide/rustup-home" "-w" "/opt/rustwide/workdir" "-m" "1610612736" "--user" "0:0" "--network" "none" "ghcr.io/rust-lang/crates-build-env/linux@sha256:2788e3201cd34a07e3172128adcd8b3090168a8e3bcc40d7c032b9dda1df7d1c" "/opt/rustwide/cargo-home/bin/cargo" "+1.75.0" "test" "--frozen", kill_on_drop: false }`
[INFO] [stdout] 1977b50a827aeb1df8cbb538ee8693c039bfc0a6c8882f96b1f9982804927d4b
[INFO] running `Command { std: "docker" "start" "-a" "1977b50a827aeb1df8cbb538ee8693c039bfc0a6c8882f96b1f9982804927d4b", kill_on_drop: false }`
[INFO] [stderr] warning: unused import: `crate::util::*`
[INFO] [stderr]  --> src/lib.rs:7:13
[INFO] [stderr]   |
[INFO] [stderr] 7 |     pub use crate::util::*;
[INFO] [stderr]   |             ^^^^^^^^^^^^^^
[INFO] [stderr]   |
[INFO] [stderr]   = note: `#[warn(unused_imports)]` on by default
[INFO] [stderr] 
[INFO] [stderr] warning: unused imports: `WebGlProgram`, `WebGlShader`, `WebGlUniformLocation`
[INFO] [stderr]  --> src/gl.rs:2:39
[INFO] [stderr]   |
[INFO] [stderr] 2 | use web_sys::{WebGl2RenderingContext, WebGlProgram, WebGlShader, WebGlUniformLocation};
[INFO] [stderr]   |                                       ^^^^^^^^^^^^  ^^^^^^^^^^^  ^^^^^^^^^^^^^^^^^^^^
[INFO] [stderr] 
[INFO] [stderr] warning: unused import: `crate::prelude::*`
[INFO] [stderr]  --> src/gl/shader.rs:1:5
[INFO] [stderr]   |
[INFO] [stderr] 1 | use crate::prelude::*;
[INFO] [stderr]   |     ^^^^^^^^^^^^^^^^^
[INFO] [stderr] 
[INFO] [stderr] warning: unused import: `WebGlUniformLocation`
[INFO] [stderr]  --> src/gl/shader.rs:3:66
[INFO] [stderr]   |
[INFO] [stderr] 3 | use web_sys::{WebGl2RenderingContext, WebGlProgram, WebGlShader, WebGlUniformLocation};
[INFO] [stderr]   |                                                                  ^^^^^^^^^^^^^^^^^^^^
[INFO] [stderr] 
[INFO] [stderr] warning: type alias `SourceHash` is never used
[INFO] [stderr]  --> src/gl/shader.rs:6:6
[INFO] [stderr]   |
[INFO] [stderr] 6 | type SourceHash = HashMap<String,(String,String)>;
[INFO] [stderr]   |      ^^^^^^^^^^
[INFO] [stderr]   |
[INFO] [stderr]   = note: `#[warn(dead_code)]` on by default
[INFO] [stderr] 
[INFO] [stderr] warning: type alias `ShaderHash` is never used
[INFO] [stderr]  --> src/gl/shader.rs:7:6
[INFO] [stderr]   |
[INFO] [stderr] 7 | type ShaderHash = HashMap<String,Shader>;
[INFO] [stderr]   |      ^^^^^^^^^^
[INFO] [stderr] 
[INFO] [stderr] warning: struct `ShaderController` is never constructed
[INFO] [stderr]  --> src/gl/shader.rs:9:8
[INFO] [stderr]   |
[INFO] [stderr] 9 | struct ShaderController{
[INFO] [stderr]   |        ^^^^^^^^^^^^^^^^
[INFO] [stderr] 
[INFO] [stderr] warning: associated items `new` and `init_source` are never used
[INFO] [stderr]   --> src/gl/shader.rs:14:8
[INFO] [stderr]    |
[INFO] [stderr] 13 | impl ShaderController{
[INFO] [stderr]    | --------------------- associated items in this implementation
[INFO] [stderr] 14 |     fn new() -> Self{
[INFO] [stderr]    |        ^^^
[INFO] [stderr] ...
[INFO] [stderr] 20 |     fn init_source<F>(&mut self,gl: &WebGl2RenderingContext,mut source_init: F)
[INFO] [stderr]    |        ^^^^^^^^^^^
[INFO] [stderr] 
[INFO] [stderr] warning: struct `Shader` is never constructed
[INFO] [stderr]   --> src/gl/shader.rs:31:8
[INFO] [stderr]    |
[INFO] [stderr] 31 | struct Shader{
[INFO] [stderr]    |        ^^^^^^
[INFO] [stderr] 
[INFO] [stderr] warning: associated function `new` is never used
[INFO] [stderr]   --> src/gl/shader.rs:36:8
[INFO] [stderr]    |
[INFO] [stderr] 34 | impl Shader{
[INFO] [stderr]    | ----------- associated function in this implementation
[INFO] [stderr] 35 |     //(vertex,frag)
[INFO] [stderr] 36 |     fn new(gl: &WebGl2RenderingContext,source: (String,String)) -> Self{
[INFO] [stderr]    |        ^^^
[INFO] [stderr] 
[INFO] [stderr] warning: function `compile_shader` is never used
[INFO] [stderr]   --> src/gl/shader.rs:48:4
[INFO] [stderr]    |
[INFO] [stderr] 48 | fn compile_shader(
[INFO] [stderr]    |    ^^^^^^^^^^^^^^
[INFO] [stderr] 
[INFO] [stderr] warning: function `link_program` is never used
[INFO] [stderr]   --> src/gl/shader.rs:72:4
[INFO] [stderr]    |
[INFO] [stderr] 72 | fn link_program(
[INFO] [stderr]    |    ^^^^^^^^^^^^
[INFO] [stderr] 
[INFO] [stderr] warning: field `dummy` is never read
[INFO] [stderr]  --> src/app.rs:2:5
[INFO] [stderr]   |
[INFO] [stderr] 1 | pub struct App{
[INFO] [stderr]   |            --- field in this struct
[INFO] [stderr] 2 |     dummy: u32
[INFO] [stderr]   |     ^^^^^
[INFO] [stderr] 
[INFO] [stderr] warning: `webblender` (lib) generated 13 warnings (run `cargo fix --lib -p webblender` to apply 4 suggestions)
[INFO] [stderr] warning: `webblender` (lib test) generated 13 warnings (13 duplicates)
[INFO] [stderr]     Finished test [unoptimized + debuginfo] target(s) in 0.06s
[INFO] [stderr]      Running unittests src/lib.rs (/opt/rustwide/target/debug/deps/webblender-9779e975c7d8ca81)
[INFO] [stdout] 
[INFO] [stdout] running 1 test
[INFO] [stdout] test gl::gl_init ... FAILED
[INFO] [stdout] 
[INFO] [stdout] failures:
[INFO] [stdout] 
[INFO] [stdout] ---- gl::gl_init stdout ----
[INFO] [stdout] thread 'gl::gl_init' panicked at src/gl.rs:19:5:
[INFO] [stdout] not implemented
[INFO] [stdout] stack backtrace:
[INFO] [stdout]    0:     0x55eddacebcfc - std::backtrace_rs::backtrace::libunwind::trace::ha637c64ce894333a
[INFO] [stdout]                                at /rustc/82e1608dfa6e0b5569232559e3d385fea5a93112/library/std/src/../../backtrace/src/backtrace/libunwind.rs:104:5
[INFO] [stdout]    1:     0x55eddacebcfc - std::backtrace_rs::backtrace::trace_unsynchronized::h47f62dea28e0c88d
[INFO] [stdout]                                at /rustc/82e1608dfa6e0b5569232559e3d385fea5a93112/library/std/src/../../backtrace/src/backtrace/mod.rs:66:5
[INFO] [stdout]    2:     0x55eddacebcfc - std::sys_common::backtrace::_print_fmt::h9eef0abe20ede486
[INFO] [stdout]                                at /rustc/82e1608dfa6e0b5569232559e3d385fea5a93112/library/std/src/sys_common/backtrace.rs:67:5
[INFO] [stdout]    3:     0x55eddacebcfc - <std::sys_common::backtrace::_print::DisplayBacktrace as core::fmt::Display>::fmt::hed7f999df88cc644
[INFO] [stdout]                                at /rustc/82e1608dfa6e0b5569232559e3d385fea5a93112/library/std/src/sys_common/backtrace.rs:44:22
[INFO] [stdout]    4:     0x55eddad15840 - core::fmt::rt::Argument::fmt::h1539a9308b8d058d
[INFO] [stdout]                                at /rustc/82e1608dfa6e0b5569232559e3d385fea5a93112/library/core/src/fmt/rt.rs:142:9
[INFO] [stdout]    5:     0x55eddad15840 - core::fmt::write::h3a39390d8560d9c9
[INFO] [stdout]                                at /rustc/82e1608dfa6e0b5569232559e3d385fea5a93112/library/core/src/fmt/mod.rs:1120:17
[INFO] [stdout]    6:     0x55eddace96af - std::io::Write::write_fmt::h040b369f3a0f9cbc
[INFO] [stdout]                                at /rustc/82e1608dfa6e0b5569232559e3d385fea5a93112/library/std/src/io/mod.rs:1762:15
[INFO] [stdout]    7:     0x55eddacebae4 - std::sys_common::backtrace::_print::h894006fb5c6f3d45
[INFO] [stdout]                                at /rustc/82e1608dfa6e0b5569232559e3d385fea5a93112/library/std/src/sys_common/backtrace.rs:47:5
[INFO] [stdout]    8:     0x55eddacebae4 - std::sys_common::backtrace::print::h23a2d212c6fff936
[INFO] [stdout]                                at /rustc/82e1608dfa6e0b5569232559e3d385fea5a93112/library/std/src/sys_common/backtrace.rs:34:9
[INFO] [stdout]    9:     0x55eddaced7a7 - std::panicking::default_hook::{{closure}}::h8a1d2ee00185001a
[INFO] [stdout]   10:     0x55eddaced493 - std::panicking::default_hook::h6038f2eba384e475
[INFO] [stdout]                                at /rustc/82e1608dfa6e0b5569232559e3d385fea5a93112/library/std/src/panicking.rs:289:9
[INFO] [stdout]   11:     0x55eddacbd387 - <alloc::boxed::Box<F,A> as core::ops::function::Fn<Args>>::call::h0ad024c9bdc6d768
[INFO] [stdout]                                at /rustc/82e1608dfa6e0b5569232559e3d385fea5a93112/library/alloc/src/boxed.rs:2021:9
[INFO] [stdout]   12:     0x55eddacbd387 - test::test_main::{{closure}}::h7500b54257359db6
[INFO] [stdout]                                at /rustc/82e1608dfa6e0b5569232559e3d385fea5a93112/library/test/src/lib.rs:138:21
[INFO] [stdout]   13:     0x55eddaceddb8 - <alloc::boxed::Box<F,A> as core::ops::function::Fn<Args>>::call::h1f8f335eaa9cfaee
[INFO] [stdout]                                at /rustc/82e1608dfa6e0b5569232559e3d385fea5a93112/library/alloc/src/boxed.rs:2021:9
[INFO] [stdout]   14:     0x55eddaceddb8 - std::panicking::rust_panic_with_hook::h2b5517d590cab22e
[INFO] [stdout]                                at /rustc/82e1608dfa6e0b5569232559e3d385fea5a93112/library/std/src/panicking.rs:783:13
[INFO] [stdout]   15:     0x55eddacedad9 - std::panicking::begin_panic_handler::{{closure}}::h233112c06e0ef43e
[INFO] [stdout]                                at /rustc/82e1608dfa6e0b5569232559e3d385fea5a93112/library/std/src/panicking.rs:649:13
[INFO] [stdout]   16:     0x55eddacec1c6 - std::sys_common::backtrace::__rust_end_short_backtrace::h6e893f24d7ebbff8
[INFO] [stdout]                                at /rustc/82e1608dfa6e0b5569232559e3d385fea5a93112/library/std/src/sys_common/backtrace.rs:170:18
[INFO] [stdout]   17:     0x55eddaced872 - rust_begin_unwind
[INFO] [stdout]                                at /rustc/82e1608dfa6e0b5569232559e3d385fea5a93112/library/std/src/panicking.rs:645:5
[INFO] [stdout]   18:     0x55eddac88ce5 - core::panicking::panic_fmt::hbf0e066aabfa482c
[INFO] [stdout]                                at /rustc/82e1608dfa6e0b5569232559e3d385fea5a93112/library/core/src/panicking.rs:72:14
[INFO] [stdout]   19:     0x55eddac88d83 - core::panicking::panic::h195fc2a96298d4c3
[INFO] [stdout]                                at /rustc/82e1608dfa6e0b5569232559e3d385fea5a93112/library/core/src/panicking.rs:127:5
[INFO] [stdout]   20:     0x55eddac899bd - webblender::gl::gl_init::hcb718abde309cbec
[INFO] [stdout]                                at /opt/rustwide/workdir/src/gl.rs:19:5
[INFO] [stdout]   21:     0x55eddac89987 - webblender::gl::gl_init::{{closure}}::hd1003f53d421e6ff
[INFO] [stdout]                                at /opt/rustwide/workdir/src/gl.rs:18:13
[INFO] [stdout]   22:     0x55eddac89716 - core::ops::function::FnOnce::call_once::h16f77740819552a9
[INFO] [stdout]                                at /rustc/82e1608dfa6e0b5569232559e3d385fea5a93112/library/core/src/ops/function.rs:250:5
[INFO] [stdout]   23:     0x55eddacc29df - core::ops::function::FnOnce::call_once::h2b5d431d5046312d
[INFO] [stdout]                                at /rustc/82e1608dfa6e0b5569232559e3d385fea5a93112/library/core/src/ops/function.rs:250:5
[INFO] [stdout]   24:     0x55eddacc29df - test::__rust_begin_short_backtrace::h7714669af176e207
[INFO] [stdout]                                at /rustc/82e1608dfa6e0b5569232559e3d385fea5a93112/library/test/src/lib.rs:628:18
[INFO] [stdout]   25:     0x55eddacc19f5 - test::run_test_in_process::{{closure}}::h85218797dcbcec12
[INFO] [stdout]                                at /rustc/82e1608dfa6e0b5569232559e3d385fea5a93112/library/test/src/lib.rs:651:60
[INFO] [stdout]   26:     0x55eddacc19f5 - <core::panic::unwind_safe::AssertUnwindSafe<F> as core::ops::function::FnOnce<()>>::call_once::h76c106ea31c14d7b
[INFO] [stdout]                                at /rustc/82e1608dfa6e0b5569232559e3d385fea5a93112/library/core/src/panic/unwind_safe.rs:272:9
[INFO] [stdout]   27:     0x55eddacc19f5 - std::panicking::try::do_call::h3bd5d0f6620ee946
[INFO] [stdout]                                at /rustc/82e1608dfa6e0b5569232559e3d385fea5a93112/library/std/src/panicking.rs:552:40
[INFO] [stdout]   28:     0x55eddacc19f5 - std::panicking::try::h232e535e4744fe31
[INFO] [stdout]                                at /rustc/82e1608dfa6e0b5569232559e3d385fea5a93112/library/std/src/panicking.rs:516:19
[INFO] [stdout]   29:     0x55eddacc19f5 - std::panic::catch_unwind::h3ce3bd6ca8dbac68
[INFO] [stdout]                                at /rustc/82e1608dfa6e0b5569232559e3d385fea5a93112/library/std/src/panic.rs:142:14
[INFO] [stdout]   30:     0x55eddacc19f5 - test::run_test_in_process::hc97b257c9621286a
[INFO] [stdout]                                at /rustc/82e1608dfa6e0b5569232559e3d385fea5a93112/library/test/src/lib.rs:651:27
[INFO] [stdout]   31:     0x55eddacc19f5 - test::run_test::{{closure}}::h2aa798823a438d38
[INFO] [stdout]                                at /rustc/82e1608dfa6e0b5569232559e3d385fea5a93112/library/test/src/lib.rs:574:43
[INFO] [stdout]   32:     0x55eddac89cb6 - test::run_test::{{closure}}::h87d231c78fb59832
[INFO] [stdout]                                at /rustc/82e1608dfa6e0b5569232559e3d385fea5a93112/library/test/src/lib.rs:602:41
[INFO] [stdout]   33:     0x55eddac89cb6 - std::sys_common::backtrace::__rust_begin_short_backtrace::he6df152596625789
[INFO] [stdout]                                at /rustc/82e1608dfa6e0b5569232559e3d385fea5a93112/library/std/src/sys_common/backtrace.rs:154:18
[INFO] [stdout]   34:     0x55eddac8ed67 - std::thread::Builder::spawn_unchecked_::{{closure}}::{{closure}}::ha94be15d1e0acf36
[INFO] [stdout]                                at /rustc/82e1608dfa6e0b5569232559e3d385fea5a93112/library/std/src/thread/mod.rs:529:17
[INFO] [stdout]   35:     0x55eddac8ed67 - <core::panic::unwind_safe::AssertUnwindSafe<F> as core::ops::function::FnOnce<()>>::call_once::h9dc6bd6372f16606
[INFO] [stdout]                                at /rustc/82e1608dfa6e0b5569232559e3d385fea5a93112/library/core/src/panic/unwind_safe.rs:272:9
[INFO] [stdout]   36:     0x55eddac8ed67 - std::panicking::try::do_call::h9057517f80303cd4
[INFO] [stdout]                                at /rustc/82e1608dfa6e0b5569232559e3d385fea5a93112/library/std/src/panicking.rs:552:40
[INFO] [stdout]   37:     0x55eddac8ed67 - std::panicking::try::he3a30b11ee45340c
[INFO] [stdout]                                at /rustc/82e1608dfa6e0b5569232559e3d385fea5a93112/library/std/src/panicking.rs:516:19
[INFO] [stdout]   38:     0x55eddac8ed67 - std::panic::catch_unwind::h410458cfd3528b8b
[INFO] [stdout]                                at /rustc/82e1608dfa6e0b5569232559e3d385fea5a93112/library/std/src/panic.rs:142:14
[INFO] [stdout]   39:     0x55eddac8ed67 - std::thread::Builder::spawn_unchecked_::{{closure}}::h72ac3bdb567b737b
[INFO] [stdout]                                at /rustc/82e1608dfa6e0b5569232559e3d385fea5a93112/library/std/src/thread/mod.rs:528:30
[INFO] [stdout]   40:     0x55eddac8ed67 - core::ops::function::FnOnce::call_once{{vtable.shim}}::h38f34da3654a8344
[INFO] [stdout]                                at /rustc/82e1608dfa6e0b5569232559e3d385fea5a93112/library/core/src/ops/function.rs:250:5
[INFO] [stdout]   41:     0x55eddacf2845 - <alloc::boxed::Box<F,A> as core::ops::function::FnOnce<Args>>::call_once::hc7eafaff61e32df9
[INFO] [stdout]                                at /rustc/82e1608dfa6e0b5569232559e3d385fea5a93112/library/alloc/src/boxed.rs:2007:9
[INFO] [stdout]   42:     0x55eddacf2845 - <alloc::boxed::Box<F,A> as core::ops::function::FnOnce<Args>>::call_once::h6ba4a5de48dd2304
[INFO] [stdout]                                at /rustc/82e1608dfa6e0b5569232559e3d385fea5a93112/library/alloc/src/boxed.rs:2007:9
[INFO] [stdout]   43:     0x55eddacf2845 - std::sys::unix::thread::Thread::new::thread_start::he469335aef763e45
[INFO] [stdout]                                at /rustc/82e1608dfa6e0b5569232559e3d385fea5a93112/library/std/src/sys/unix/thread.rs:108:17
[INFO] [stdout]   44:     0x7f8dade74ac3 - <unknown>
[INFO] [stdout]   45:     0x7f8dadf05bf4 - __clone
[INFO] [stdout]   46:                0x0 - <unknown>
[INFO] [stdout] 
[INFO] [stdout] 
[INFO] [stdout] failures:
[INFO] [stdout]     gl::gl_init
[INFO] [stdout] 
[INFO] [stdout] test result: FAILED. 0 passed; 1 failed; 0 ignored; 0 measured; 0 filtered out; finished in 0.01s
[INFO] [stdout] 
[INFO] [stderr] error: test failed, to rerun pass `--lib`
[INFO] running `Command { std: "docker" "inspect" "1977b50a827aeb1df8cbb538ee8693c039bfc0a6c8882f96b1f9982804927d4b", kill_on_drop: false }`
[INFO] running `Command { std: "docker" "rm" "-f" "1977b50a827aeb1df8cbb538ee8693c039bfc0a6c8882f96b1f9982804927d4b", kill_on_drop: false }`
[INFO] [stdout] 1977b50a827aeb1df8cbb538ee8693c039bfc0a6c8882f96b1f9982804927d4b
[INFO] testing webblender-0.1.1 against beta-2023-12-22 for beta-1.76-1
[INFO] extracting crate webblender 0.1.1 into /workspace/builds/worker-6-tc2/source
[INFO] validating manifest of crates.io crate webblender 0.1.1 on toolchain beta-2023-12-22
[INFO] running `Command { std: CARGO_HOME="/workspace/cargo-home" RUSTUP_HOME="/workspace/rustup-home" "/workspace/cargo-home/bin/cargo" "+beta-2023-12-22" "metadata" "--manifest-path" "Cargo.toml" "--no-deps", kill_on_drop: false }`
[INFO] started tweaking crates.io crate webblender 0.1.1
[INFO] finished tweaking crates.io crate webblender 0.1.1
[INFO] tweaked toml for crates.io crate webblender 0.1.1 written to /workspace/builds/worker-6-tc2/source/Cargo.toml
[INFO] running `Command { std: CARGO_HOME="/workspace/cargo-home" RUSTUP_HOME="/workspace/rustup-home" "/workspace/cargo-home/bin/cargo" "+beta-2023-12-22" "generate-lockfile" "--manifest-path" "Cargo.toml", kill_on_drop: false }`
[INFO] [stderr]     Updating crates.io index
[INFO] running `Command { std: CARGO_HOME="/workspace/cargo-home" RUSTUP_HOME="/workspace/rustup-home" "/workspace/cargo-home/bin/cargo" "+beta-2023-12-22" "fetch" "--manifest-path" "Cargo.toml", kill_on_drop: false }`
[INFO] running `Command { std: "docker" "create" "-v" "/var/lib/crater-agent-workspace/builds/worker-6-tc2/target:/opt/rustwide/target:rw,Z" "-v" "/var/lib/crater-agent-workspace/builds/worker-6-tc2/source:/opt/rustwide/workdir:ro,Z" "-v" "/var/lib/crater-agent-workspace/cargo-home:/opt/rustwide/cargo-home:ro,Z" "-v" "/var/lib/crater-agent-workspace/rustup-home:/opt/rustwide/rustup-home:ro,Z" "-e" "SOURCE_DIR=/opt/rustwide/workdir" "-e" "CARGO_TARGET_DIR=/opt/rustwide/target" "-e" "CARGO_HOME=/opt/rustwide/cargo-home" "-e" "RUSTUP_HOME=/opt/rustwide/rustup-home" "-w" "/opt/rustwide/workdir" "-m" "1610612736" "--user" "0:0" "--network" "none" "ghcr.io/rust-lang/crates-build-env/linux@sha256:2788e3201cd34a07e3172128adcd8b3090168a8e3bcc40d7c032b9dda1df7d1c" "/opt/rustwide/cargo-home/bin/cargo" "+beta-2023-12-22" "metadata" "--no-deps" "--format-version=1", kill_on_drop: false }`
[INFO] [stdout] c0991a0820fea3d7c8775dd80e325abc356180db6f11309f25997417012d7bf7
[INFO] running `Command { std: "docker" "start" "-a" "c0991a0820fea3d7c8775dd80e325abc356180db6f11309f25997417012d7bf7", kill_on_drop: false }`
[INFO] running `Command { std: "docker" "inspect" "c0991a0820fea3d7c8775dd80e325abc356180db6f11309f25997417012d7bf7", kill_on_drop: false }`
[INFO] running `Command { std: "docker" "rm" "-f" "c0991a0820fea3d7c8775dd80e325abc356180db6f11309f25997417012d7bf7", kill_on_drop: false }`
[INFO] [stdout] c0991a0820fea3d7c8775dd80e325abc356180db6f11309f25997417012d7bf7
[INFO] running `Command { std: "docker" "create" "-v" "/var/lib/crater-agent-workspace/builds/worker-6-tc2/target:/opt/rustwide/target:rw,Z" "-v" "/var/lib/crater-agent-workspace/builds/worker-6-tc2/source:/opt/rustwide/workdir:ro,Z" "-v" "/var/lib/crater-agent-workspace/cargo-home:/opt/rustwide/cargo-home:ro,Z" "-v" "/var/lib/crater-agent-workspace/rustup-home:/opt/rustwide/rustup-home:ro,Z" "-e" "SOURCE_DIR=/opt/rustwide/workdir" "-e" "CARGO_TARGET_DIR=/opt/rustwide/target" "-e" "CARGO_INCREMENTAL=0" "-e" "RUST_BACKTRACE=full" "-e" "RUSTFLAGS=--cap-lints=warn" "-e" "RUSTDOCFLAGS=--cap-lints=warn" "-e" "CARGO_HOME=/opt/rustwide/cargo-home" "-e" "RUSTUP_HOME=/opt/rustwide/rustup-home" "-w" "/opt/rustwide/workdir" "-m" "1610612736" "--user" "0:0" "--network" "none" "ghcr.io/rust-lang/crates-build-env/linux@sha256:2788e3201cd34a07e3172128adcd8b3090168a8e3bcc40d7c032b9dda1df7d1c" "/opt/rustwide/cargo-home/bin/cargo" "+beta-2023-12-22" "build" "--frozen" "--message-format=json", kill_on_drop: false }`
[INFO] [stdout] 780f6eab82b9b5eeb47f1f93bde0d8c75845310ca0e8b7fd170710754c0c69ab
[INFO] running `Command { std: "docker" "start" "-a" "780f6eab82b9b5eeb47f1f93bde0d8c75845310ca0e8b7fd170710754c0c69ab", kill_on_drop: false }`
[INFO] [stderr]    Compiling wasm-bindgen v0.2.89
[INFO] [stderr]    Compiling yaml-rust v0.3.5
[INFO] [stderr]    Compiling serde_json v1.0.111
[INFO] [stderr]    Compiling serde_derive v1.0.194
[INFO] [stderr]    Compiling clap v2.34.0
[INFO] [stderr]    Compiling js-sys v0.3.66
[INFO] [stderr]    Compiling landon v0.1.4
[INFO] [stderr]    Compiling web-sys v0.3.66
[INFO] [stderr]    Compiling webblender v0.1.1 (/opt/rustwide/workdir)
[INFO] [stdout] warning: unused import: `crate::util::*`
[INFO] [stdout]  --> src/lib.rs:7:13
[INFO] [stdout]   |
[INFO] [stdout] 7 |     pub use crate::util::*;
[INFO] [stdout]   |             ^^^^^^^^^^^^^^
[INFO] [stdout]   |
[INFO] [stdout]   = note: `#[warn(unused_imports)]` on by default
[INFO] [stdout] 
[INFO] [stdout] 
[INFO] [stdout] warning: unused imports: `WebGlProgram`, `WebGlShader`, `WebGlUniformLocation`
[INFO] [stdout]  --> src/gl.rs:2:39
[INFO] [stdout]   |
[INFO] [stdout] 2 | use web_sys::{WebGl2RenderingContext, WebGlProgram, WebGlShader, WebGlUniformLocation};
[INFO] [stdout]   |                                       ^^^^^^^^^^^^  ^^^^^^^^^^^  ^^^^^^^^^^^^^^^^^^^^
[INFO] [stdout] 
[INFO] [stdout] 
[INFO] [stdout] warning: unused import: `crate::prelude::*`
[INFO] [stdout]  --> src/gl/shader.rs:1:5
[INFO] [stdout]   |
[INFO] [stdout] 1 | use crate::prelude::*;
[INFO] [stdout]   |     ^^^^^^^^^^^^^^^^^
[INFO] [stdout] 
[INFO] [stdout] 
[INFO] [stdout] warning: unused import: `WebGlUniformLocation`
[INFO] [stdout]  --> src/gl/shader.rs:3:66
[INFO] [stdout]   |
[INFO] [stdout] 3 | use web_sys::{WebGl2RenderingContext, WebGlProgram, WebGlShader, WebGlUniformLocation};
[INFO] [stdout]   |                                                                  ^^^^^^^^^^^^^^^^^^^^
[INFO] [stdout] 
[INFO] [stdout] 
[INFO] [stdout] warning: type alias `SourceHash` is never used
[INFO] [stdout]  --> src/gl/shader.rs:6:6
[INFO] [stdout]   |
[INFO] [stdout] 6 | type SourceHash = HashMap<String,(String,String)>;
[INFO] [stdout]   |      ^^^^^^^^^^
[INFO] [stdout]   |
[INFO] [stdout]   = note: `#[warn(dead_code)]` on by default
[INFO] [stdout] 
[INFO] [stdout] 
[INFO] [stdout] warning: type alias `ShaderHash` is never used
[INFO] [stdout]  --> src/gl/shader.rs:7:6
[INFO] [stdout]   |
[INFO] [stdout] 7 | type ShaderHash = HashMap<String,Shader>;
[INFO] [stdout]   |      ^^^^^^^^^^
[INFO] [stdout] 
[INFO] [stdout] 
[INFO] [stdout] warning: struct `ShaderController` is never constructed
[INFO] [stdout]  --> src/gl/shader.rs:9:8
[INFO] [stdout]   |
[INFO] [stdout] 9 | struct ShaderController{
[INFO] [stdout]   |        ^^^^^^^^^^^^^^^^
[INFO] [stdout] 
[INFO] [stdout] 
[INFO] [stdout] warning: associated items `new` and `init_source` are never used
[INFO] [stdout]   --> src/gl/shader.rs:14:8
[INFO] [stdout]    |
[INFO] [stdout] 13 | impl ShaderController{
[INFO] [stdout]    | --------------------- associated items in this implementation
[INFO] [stdout] 14 |     fn new() -> Self{
[INFO] [stdout]    |        ^^^
[INFO] [stdout] ...
[INFO] [stdout] 20 |     fn init_source<F>(&mut self,gl: &WebGl2RenderingContext,mut source_init: F)
[INFO] [stdout]    |        ^^^^^^^^^^^
[INFO] [stdout] 
[INFO] [stdout] 
[INFO] [stdout] warning: struct `Shader` is never constructed
[INFO] [stdout]   --> src/gl/shader.rs:31:8
[INFO] [stdout]    |
[INFO] [stdout] 31 | struct Shader{
[INFO] [stdout]    |        ^^^^^^
[INFO] [stdout] 
[INFO] [stdout] 
[INFO] [stdout] warning: associated function `new` is never used
[INFO] [stdout]   --> src/gl/shader.rs:36:8
[INFO] [stdout]    |
[INFO] [stdout] 34 | impl Shader{
[INFO] [stdout]    | ----------- associated function in this implementation
[INFO] [stdout] 35 |     //(vertex,frag)
[INFO] [stdout] 36 |     fn new(gl: &WebGl2RenderingContext,source: (String,String)) -> Self{
[INFO] [stdout]    |        ^^^
[INFO] [stdout] 
[INFO] [stdout] 
[INFO] [stdout] warning: function `compile_shader` is never used
[INFO] [stdout]   --> src/gl/shader.rs:48:4
[INFO] [stdout]    |
[INFO] [stdout] 48 | fn compile_shader(
[INFO] [stdout]    |    ^^^^^^^^^^^^^^
[INFO] [stdout] 
[INFO] [stdout] 
[INFO] [stdout] warning: function `link_program` is never used
[INFO] [stdout]   --> src/gl/shader.rs:72:4
[INFO] [stdout]    |
[INFO] [stdout] 72 | fn link_program(
[INFO] [stdout]    |    ^^^^^^^^^^^^
[INFO] [stdout] 
[INFO] [stdout] 
[INFO] [stdout] warning: field `dummy` is never read
[INFO] [stdout]  --> src/app.rs:2:5
[INFO] [stdout]   |
[INFO] [stdout] 1 | pub struct App{
[INFO] [stdout]   |            --- field in this struct
[INFO] [stdout] 2 |     dummy: u32
[INFO] [stdout]   |     ^^^^^
[INFO] [stdout] 
[INFO] [stdout] 
[INFO] [stdout] warning: 13 warnings emitted
[INFO] [stdout] 
[INFO] [stdout] 
[INFO] [stderr]     Finished dev [unoptimized + debuginfo] target(s) in 9.29s
[INFO] running `Command { std: "docker" "inspect" "780f6eab82b9b5eeb47f1f93bde0d8c75845310ca0e8b7fd170710754c0c69ab", kill_on_drop: false }`
[INFO] running `Command { std: "docker" "rm" "-f" "780f6eab82b9b5eeb47f1f93bde0d8c75845310ca0e8b7fd170710754c0c69ab", kill_on_drop: false }`
[INFO] [stdout] 780f6eab82b9b5eeb47f1f93bde0d8c75845310ca0e8b7fd170710754c0c69ab
[INFO] running `Command { std: "docker" "create" "-v" "/var/lib/crater-agent-workspace/builds/worker-6-tc2/target:/opt/rustwide/target:rw,Z" "-v" "/var/lib/crater-agent-workspace/builds/worker-6-tc2/source:/opt/rustwide/workdir:ro,Z" "-v" "/var/lib/crater-agent-workspace/cargo-home:/opt/rustwide/cargo-home:ro,Z" "-v" "/var/lib/crater-agent-workspace/rustup-home:/opt/rustwide/rustup-home:ro,Z" "-e" "SOURCE_DIR=/opt/rustwide/workdir" "-e" "CARGO_TARGET_DIR=/opt/rustwide/target" "-e" "CARGO_INCREMENTAL=0" "-e" "RUST_BACKTRACE=full" "-e" "RUSTFLAGS=--cap-lints=warn" "-e" "RUSTDOCFLAGS=--cap-lints=warn" "-e" "CARGO_HOME=/opt/rustwide/cargo-home" "-e" "RUSTUP_HOME=/opt/rustwide/rustup-home" "-w" "/opt/rustwide/workdir" "-m" "1610612736" "--user" "0:0" "--network" "none" "ghcr.io/rust-lang/crates-build-env/linux@sha256:2788e3201cd34a07e3172128adcd8b3090168a8e3bcc40d7c032b9dda1df7d1c" "/opt/rustwide/cargo-home/bin/cargo" "+beta-2023-12-22" "test" "--frozen" "--no-run" "--message-format=json", kill_on_drop: false }`
[INFO] [stdout] 44f1005e420e7f83b62bd515c1bc5c560d0129d81a0fe1f6ccd1d4fca8613c11
[INFO] running `Command { std: "docker" "start" "-a" "44f1005e420e7f83b62bd515c1bc5c560d0129d81a0fe1f6ccd1d4fca8613c11", kill_on_drop: false }`
[INFO] [stderr]    Compiling proc-macro2 v0.4.30
[INFO] [stderr]    Compiling unicode-xid v0.1.0
[INFO] [stderr]    Compiling cfg-if v0.1.10
[INFO] [stderr]    Compiling futures v0.1.31
[INFO] [stderr]    Compiling scoped-tls v1.0.1
[INFO] [stderr]    Compiling console_error_panic_hook v0.1.7
[INFO] [stdout] warning: unused import: `crate::util::*`
[INFO] [stdout]  --> src/lib.rs:7:13
[INFO] [stdout]   |
[INFO] [stdout] 7 |     pub use crate::util::*;
[INFO] [stdout]   |             ^^^^^^^^^^^^^^
[INFO] [stdout]   |
[INFO] [stdout]   = note: `#[warn(unused_imports)]` on by default
[INFO] [stdout] 
[INFO] [stdout] 
[INFO] [stdout] warning: unused imports: `WebGlProgram`, `WebGlShader`, `WebGlUniformLocation`
[INFO] [stdout]  --> src/gl.rs:2:39
[INFO] [stdout]   |
[INFO] [stdout] 2 | use web_sys::{WebGl2RenderingContext, WebGlProgram, WebGlShader, WebGlUniformLocation};
[INFO] [stdout]   |                                       ^^^^^^^^^^^^  ^^^^^^^^^^^  ^^^^^^^^^^^^^^^^^^^^
[INFO] [stdout] 
[INFO] [stdout] 
[INFO] [stdout] warning: unused import: `crate::prelude::*`
[INFO] [stdout]  --> src/gl/shader.rs:1:5
[INFO] [stdout]   |
[INFO] [stdout] 1 | use crate::prelude::*;
[INFO] [stdout]   |     ^^^^^^^^^^^^^^^^^
[INFO] [stdout] 
[INFO] [stdout] 
[INFO] [stdout] warning: unused import: `WebGlUniformLocation`
[INFO] [stdout]  --> src/gl/shader.rs:3:66
[INFO] [stdout]   |
[INFO] [stdout] 3 | use web_sys::{WebGl2RenderingContext, WebGlProgram, WebGlShader, WebGlUniformLocation};
[INFO] [stdout]   |                                                                  ^^^^^^^^^^^^^^^^^^^^
[INFO] [stdout] 
[INFO] [stdout] 
[INFO] [stdout] warning: type alias `SourceHash` is never used
[INFO] [stdout]  --> src/gl/shader.rs:6:6
[INFO] [stdout]   |
[INFO] [stdout] 6 | type SourceHash = HashMap<String,(String,String)>;
[INFO] [stdout]   |      ^^^^^^^^^^
[INFO] [stdout]   |
[INFO] [stdout]   = note: `#[warn(dead_code)]` on by default
[INFO] [stdout] 
[INFO] [stdout] 
[INFO] [stdout] warning: type alias `ShaderHash` is never used
[INFO] [stdout]  --> src/gl/shader.rs:7:6
[INFO] [stdout]   |
[INFO] [stdout] 7 | type ShaderHash = HashMap<String,Shader>;
[INFO] [stdout]   |      ^^^^^^^^^^
[INFO] [stdout] 
[INFO] [stdout] 
[INFO] [stdout] warning: struct `ShaderController` is never constructed
[INFO] [stdout]  --> src/gl/shader.rs:9:8
[INFO] [stdout]   |
[INFO] [stdout] 9 | struct ShaderController{
[INFO] [stdout]   |        ^^^^^^^^^^^^^^^^
[INFO] [stdout] 
[INFO] [stdout] 
[INFO] [stdout] warning: associated items `new` and `init_source` are never used
[INFO] [stdout]   --> src/gl/shader.rs:14:8
[INFO] [stdout]    |
[INFO] [stdout] 13 | impl ShaderController{
[INFO] [stdout]    | --------------------- associated items in this implementation
[INFO] [stdout] 14 |     fn new() -> Self{
[INFO] [stdout]    |        ^^^
[INFO] [stdout] ...
[INFO] [stdout] 20 |     fn init_source<F>(&mut self,gl: &WebGl2RenderingContext,mut source_init: F)
[INFO] [stdout]    |        ^^^^^^^^^^^
[INFO] [stdout] 
[INFO] [stdout] 
[INFO] [stdout] warning: struct `Shader` is never constructed
[INFO] [stdout]   --> src/gl/shader.rs:31:8
[INFO] [stdout]    |
[INFO] [stdout] 31 | struct Shader{
[INFO] [stdout]    |        ^^^^^^
[INFO] [stdout] 
[INFO] [stdout] 
[INFO] [stdout] warning: associated function `new` is never used
[INFO] [stdout]   --> src/gl/shader.rs:36:8
[INFO] [stdout]    |
[INFO] [stdout] 34 | impl Shader{
[INFO] [stdout]    | ----------- associated function in this implementation
[INFO] [stdout] 35 |     //(vertex,frag)
[INFO] [stdout] 36 |     fn new(gl: &WebGl2RenderingContext,source: (String,String)) -> Self{
[INFO] [stdout]    |        ^^^
[INFO] [stdout] 
[INFO] [stdout] 
[INFO] [stdout] warning: function `compile_shader` is never used
[INFO] [stdout]   --> src/gl/shader.rs:48:4
[INFO] [stdout]    |
[INFO] [stdout] 48 | fn compile_shader(
[INFO] [stdout]    |    ^^^^^^^^^^^^^^
[INFO] [stdout] 
[INFO] [stdout] 
[INFO] [stdout] warning: function `link_program` is never used
[INFO] [stdout]   --> src/gl/shader.rs:72:4
[INFO] [stdout]    |
[INFO] [stdout] 72 | fn link_program(
[INFO] [stdout]    |    ^^^^^^^^^^^^
[INFO] [stdout] 
[INFO] [stdout] 
[INFO] [stdout] warning: field `dummy` is never read
[INFO] [stdout]  --> src/app.rs:2:5
[INFO] [stdout]   |
[INFO] [stdout] 1 | pub struct App{
[INFO] [stdout]   |            --- field in this struct
[INFO] [stdout] 2 |     dummy: u32
[INFO] [stdout]   |     ^^^^^
[INFO] [stdout] 
[INFO] [stdout] 
[INFO] [stdout] warning: 13 warnings emitted
[INFO] [stdout] 
[INFO] [stdout] 
[INFO] [stderr]    Compiling quote v0.6.13
[INFO] [stderr]    Compiling wasm-bindgen-test-macro v0.2.50
[INFO] [stderr]    Compiling wasm-bindgen-futures v0.3.27
[INFO] [stderr]    Compiling wasm-bindgen-test v0.2.50
[INFO] [stderr]    Compiling webblender v0.1.1 (/opt/rustwide/workdir)
[INFO] [stdout] warning: unused import: `crate::util::*`
[INFO] [stdout]  --> src/lib.rs:7:13
[INFO] [stdout]   |
[INFO] [stdout] 7 |     pub use crate::util::*;
[INFO] [stdout]   |             ^^^^^^^^^^^^^^
[INFO] [stdout]   |
[INFO] [stdout]   = note: `#[warn(unused_imports)]` on by default
[INFO] [stdout] 
[INFO] [stdout] 
[INFO] [stdout] warning: unused imports: `WebGlProgram`, `WebGlShader`, `WebGlUniformLocation`
[INFO] [stdout]  --> src/gl.rs:2:39
[INFO] [stdout]   |
[INFO] [stdout] 2 | use web_sys::{WebGl2RenderingContext, WebGlProgram, WebGlShader, WebGlUniformLocation};
[INFO] [stdout]   |                                       ^^^^^^^^^^^^  ^^^^^^^^^^^  ^^^^^^^^^^^^^^^^^^^^
[INFO] [stdout] 
[INFO] [stdout] 
[INFO] [stdout] warning: unused import: `crate::prelude::*`
[INFO] [stdout]  --> src/gl/shader.rs:1:5
[INFO] [stdout]   |
[INFO] [stdout] 1 | use crate::prelude::*;
[INFO] [stdout]   |     ^^^^^^^^^^^^^^^^^
[INFO] [stdout] 
[INFO] [stdout] 
[INFO] [stdout] warning: unused import: `WebGlUniformLocation`
[INFO] [stdout]  --> src/gl/shader.rs:3:66
[INFO] [stdout]   |
[INFO] [stdout] 3 | use web_sys::{WebGl2RenderingContext, WebGlProgram, WebGlShader, WebGlUniformLocation};
[INFO] [stdout]   |                                                                  ^^^^^^^^^^^^^^^^^^^^
[INFO] [stdout] 
[INFO] [stdout] 
[INFO] [stdout] warning: type alias `SourceHash` is never used
[INFO] [stdout]  --> src/gl/shader.rs:6:6
[INFO] [stdout]   |
[INFO] [stdout] 6 | type SourceHash = HashMap<String,(String,String)>;
[INFO] [stdout]   |      ^^^^^^^^^^
[INFO] [stdout]   |
[INFO] [stdout]   = note: `#[warn(dead_code)]` on by default
[INFO] [stdout] 
[INFO] [stdout] 
[INFO] [stdout] warning: type alias `ShaderHash` is never used
[INFO] [stdout]  --> src/gl/shader.rs:7:6
[INFO] [stdout]   |
[INFO] [stdout] 7 | type ShaderHash = HashMap<String,Shader>;
[INFO] [stdout]   |      ^^^^^^^^^^
[INFO] [stdout] 
[INFO] [stdout] 
[INFO] [stdout] warning: struct `ShaderController` is never constructed
[INFO] [stdout]  --> src/gl/shader.rs:9:8
[INFO] [stdout]   |
[INFO] [stdout] 9 | struct ShaderController{
[INFO] [stdout]   |        ^^^^^^^^^^^^^^^^
[INFO] [stdout] 
[INFO] [stdout] 
[INFO] [stdout] warning: associated items `new` and `init_source` are never used
[INFO] [stdout]   --> src/gl/shader.rs:14:8
[INFO] [stdout]    |
[INFO] [stdout] 13 | impl ShaderController{
[INFO] [stdout]    | --------------------- associated items in this implementation
[INFO] [stdout] 14 |     fn new() -> Self{
[INFO] [stdout]    |        ^^^
[INFO] [stdout] ...
[INFO] [stdout] 20 |     fn init_source<F>(&mut self,gl: &WebGl2RenderingContext,mut source_init: F)
[INFO] [stdout]    |        ^^^^^^^^^^^
[INFO] [stdout] 
[INFO] [stdout] 
[INFO] [stdout] warning: struct `Shader` is never constructed
[INFO] [stdout]   --> src/gl/shader.rs:31:8
[INFO] [stdout]    |
[INFO] [stdout] 31 | struct Shader{
[INFO] [stdout]    |        ^^^^^^
[INFO] [stdout] 
[INFO] [stdout] 
[INFO] [stdout] warning: associated function `new` is never used
[INFO] [stdout]   --> src/gl/shader.rs:36:8
[INFO] [stdout]    |
[INFO] [stdout] 34 | impl Shader{
[INFO] [stdout]    | ----------- associated function in this implementation
[INFO] [stdout] 35 |     //(vertex,frag)
[INFO] [stdout] 36 |     fn new(gl: &WebGl2RenderingContext,source: (String,String)) -> Self{
[INFO] [stdout]    |        ^^^
[INFO] [stdout] 
[INFO] [stdout] 
[INFO] [stdout] warning: function `compile_shader` is never used
[INFO] [stdout]   --> src/gl/shader.rs:48:4
[INFO] [stdout]    |
[INFO] [stdout] 48 | fn compile_shader(
[INFO] [stdout]    |    ^^^^^^^^^^^^^^
[INFO] [stdout] 
[INFO] [stdout] 
[INFO] [stdout] warning: function `link_program` is never used
[INFO] [stdout]   --> src/gl/shader.rs:72:4
[INFO] [stdout]    |
[INFO] [stdout] 72 | fn link_program(
[INFO] [stdout]    |    ^^^^^^^^^^^^
[INFO] [stdout] 
[INFO] [stdout] 
[INFO] [stdout] warning: field `dummy` is never read
[INFO] [stdout]  --> src/app.rs:2:5
[INFO] [stdout]   |
[INFO] [stdout] 1 | pub struct App{
[INFO] [stdout]   |            --- field in this struct
[INFO] [stdout] 2 |     dummy: u32
[INFO] [stdout]   |     ^^^^^
[INFO] [stdout] 
[INFO] [stdout] 
[INFO] [stdout] warning: 13 warnings emitted
[INFO] [stdout] 
[INFO] [stdout] 
[INFO] [stderr]     Finished test [unoptimized + debuginfo] target(s) in 1.55s
[INFO] running `Command { std: "docker" "inspect" "44f1005e420e7f83b62bd515c1bc5c560d0129d81a0fe1f6ccd1d4fca8613c11", kill_on_drop: false }`
[INFO] running `Command { std: "docker" "rm" "-f" "44f1005e420e7f83b62bd515c1bc5c560d0129d81a0fe1f6ccd1d4fca8613c11", kill_on_drop: false }`
[INFO] [stdout] 44f1005e420e7f83b62bd515c1bc5c560d0129d81a0fe1f6ccd1d4fca8613c11
[INFO] running `Command { std: "docker" "create" "-v" "/var/lib/crater-agent-workspace/builds/worker-6-tc2/target:/opt/rustwide/target:rw,Z" "-v" "/var/lib/crater-agent-workspace/builds/worker-6-tc2/source:/opt/rustwide/workdir:ro,Z" "-v" "/var/lib/crater-agent-workspace/cargo-home:/opt/rustwide/cargo-home:ro,Z" "-v" "/var/lib/crater-agent-workspace/rustup-home:/opt/rustwide/rustup-home:ro,Z" "-e" "SOURCE_DIR=/opt/rustwide/workdir" "-e" "CARGO_TARGET_DIR=/opt/rustwide/target" "-e" "CARGO_INCREMENTAL=0" "-e" "RUST_BACKTRACE=full" "-e" "RUSTFLAGS=--cap-lints=warn" "-e" "RUSTDOCFLAGS=--cap-lints=warn" "-e" "CARGO_HOME=/opt/rustwide/cargo-home" "-e" "RUSTUP_HOME=/opt/rustwide/rustup-home" "-w" "/opt/rustwide/workdir" "-m" "1610612736" "--user" "0:0" "--network" "none" "ghcr.io/rust-lang/crates-build-env/linux@sha256:2788e3201cd34a07e3172128adcd8b3090168a8e3bcc40d7c032b9dda1df7d1c" "/opt/rustwide/cargo-home/bin/cargo" "+beta-2023-12-22" "test" "--frozen", kill_on_drop: false }`
[INFO] [stdout] 881eeed780994341a0ede72a72027ae78b2b2a4e0fe48e57e6c008519512624a
[INFO] running `Command { std: "docker" "start" "-a" "881eeed780994341a0ede72a72027ae78b2b2a4e0fe48e57e6c008519512624a", kill_on_drop: false }`
[INFO] [stderr] warning: unused import: `crate::util::*`
[INFO] [stderr]  --> src/lib.rs:7:13
[INFO] [stderr]   |
[INFO] [stderr] 7 |     pub use crate::util::*;
[INFO] [stderr]   |             ^^^^^^^^^^^^^^
[INFO] [stderr]   |
[INFO] [stderr]   = note: `#[warn(unused_imports)]` on by default
[INFO] [stderr] 
[INFO] [stderr] warning: unused imports: `WebGlProgram`, `WebGlShader`, `WebGlUniformLocation`
[INFO] [stderr]  --> src/gl.rs:2:39
[INFO] [stderr]   |
[INFO] [stderr] 2 | use web_sys::{WebGl2RenderingContext, WebGlProgram, WebGlShader, WebGlUniformLocation};
[INFO] [stderr]   |                                       ^^^^^^^^^^^^  ^^^^^^^^^^^  ^^^^^^^^^^^^^^^^^^^^
[INFO] [stderr] 
[INFO] [stderr] warning: unused import: `crate::prelude::*`
[INFO] [stderr]  --> src/gl/shader.rs:1:5
[INFO] [stderr]   |
[INFO] [stderr] 1 | use crate::prelude::*;
[INFO] [stderr]   |     ^^^^^^^^^^^^^^^^^
[INFO] [stderr] 
[INFO] [stderr] warning: unused import: `WebGlUniformLocation`
[INFO] [stderr]  --> src/gl/shader.rs:3:66
[INFO] [stderr]   |
[INFO] [stderr] 3 | use web_sys::{WebGl2RenderingContext, WebGlProgram, WebGlShader, WebGlUniformLocation};
[INFO] [stderr]   |                                                                  ^^^^^^^^^^^^^^^^^^^^
[INFO] [stderr] 
[INFO] [stderr] warning: type alias `SourceHash` is never used
[INFO] [stderr]  --> src/gl/shader.rs:6:6
[INFO] [stderr]   |
[INFO] [stderr] 6 | type SourceHash = HashMap<String,(String,String)>;
[INFO] [stderr]   |      ^^^^^^^^^^
[INFO] [stderr]   |
[INFO] [stderr]   = note: `#[warn(dead_code)]` on by default
[INFO] [stderr] 
[INFO] [stderr] warning: type alias `ShaderHash` is never used
[INFO] [stderr]  --> src/gl/shader.rs:7:6
[INFO] [stderr]   |
[INFO] [stderr] 7 | type ShaderHash = HashMap<String,Shader>;
[INFO] [stderr]   |      ^^^^^^^^^^
[INFO] [stderr] 
[INFO] [stderr] warning: struct `ShaderController` is never constructed
[INFO] [stderr]  --> src/gl/shader.rs:9:8
[INFO] [stderr]   |
[INFO] [stderr] 9 | struct ShaderController{
[INFO] [stderr]   |        ^^^^^^^^^^^^^^^^
[INFO] [stderr] 
[INFO] [stderr] warning: associated items `new` and `init_source` are never used
[INFO] [stderr]   --> src/gl/shader.rs:14:8
[INFO] [stderr]    |
[INFO] [stderr] 13 | impl ShaderController{
[INFO] [stderr]    | --------------------- associated items in this implementation
[INFO] [stderr] 14 |     fn new() -> Self{
[INFO] [stderr]    |        ^^^
[INFO] [stderr] ...
[INFO] [stderr] 20 |     fn init_source<F>(&mut self,gl: &WebGl2RenderingContext,mut source_init: F)
[INFO] [stderr]    |        ^^^^^^^^^^^
[INFO] [stderr] 
[INFO] [stderr] warning: struct `Shader` is never constructed
[INFO] [stderr]   --> src/gl/shader.rs:31:8
[INFO] [stderr]    |
[INFO] [stderr] 31 | struct Shader{
[INFO] [stderr]    |        ^^^^^^
[INFO] [stderr] 
[INFO] [stderr] warning: associated function `new` is never used
[INFO] [stderr]   --> src/gl/shader.rs:36:8
[INFO] [stderr]    |
[INFO] [stderr] 34 | impl Shader{
[INFO] [stderr]    | ----------- associated function in this implementation
[INFO] [stderr] 35 |     //(vertex,frag)
[INFO] [stderr] 36 |     fn new(gl: &WebGl2RenderingContext,source: (String,String)) -> Self{
[INFO] [stderr]    |        ^^^
[INFO] [stderr] 
[INFO] [stderr] warning: function `compile_shader` is never used
[INFO] [stderr]   --> src/gl/shader.rs:48:4
[INFO] [stderr]    |
[INFO] [stderr] 48 | fn compile_shader(
[INFO] [stderr]    |    ^^^^^^^^^^^^^^
[INFO] [stderr] 
[INFO] [stderr] warning: function `link_program` is never used
[INFO] [stderr]   --> src/gl/shader.rs:72:4
[INFO] [stderr]    |
[INFO] [stderr] 72 | fn link_program(
[INFO] [stderr]    |    ^^^^^^^^^^^^
[INFO] [stderr] 
[INFO] [stderr] warning: field `dummy` is never read
[INFO] [stderr]  --> src/app.rs:2:5
[INFO] [stderr]   |
[INFO] [stderr] 1 | pub struct App{
[INFO] [stderr]   |            --- field in this struct
[INFO] [stderr] 2 |     dummy: u32
[INFO] [stderr]   |     ^^^^^
[INFO] [stderr] 
[INFO] [stderr] warning: `webblender` (lib) generated 13 warnings (run `cargo fix --lib -p webblender` to apply 4 suggestions)
[INFO] [stderr] warning: `webblender` (lib test) generated 13 warnings (13 duplicates)
[INFO] [stderr]     Finished test [unoptimized + debuginfo] target(s) in 0.03s
[INFO] [stderr]      Running unittests src/lib.rs (/opt/rustwide/target/debug/deps/webblender-12fca498eb2fd425)
[INFO] [stdout] 
[INFO] [stdout] running 1 test
[INFO] [stdout] test gl::gl_init ... FAILED
[INFO] [stdout] 
[INFO] [stdout] failures:
[INFO] [stdout] 
[INFO] [stdout] ---- gl::gl_init stdout ----
[INFO] [stdout] thread 'gl::gl_init' panicked at src/gl.rs:19:5:
[INFO] [stdout] not implemented
[INFO] [stdout] stack backtrace:
[INFO] [stdout]    0:     0x55daf13c1436 - std::backtrace_rs::backtrace::libunwind::trace::h261606ad26a499c1
[INFO] [stdout]                                at /rustc/0e09125c6c3c2fd70d7de961bcf0e51575235fad/library/std/src/../../backtrace/src/backtrace/libunwind.rs:104:5
[INFO] [stdout]    1:     0x55daf13c1436 - std::backtrace_rs::backtrace::trace_unsynchronized::hd183f0625477fb28
[INFO] [stdout]                                at /rustc/0e09125c6c3c2fd70d7de961bcf0e51575235fad/library/std/src/../../backtrace/src/backtrace/mod.rs:66:5
[INFO] [stdout]    2:     0x55daf13c1436 - std::sys_common::backtrace::_print_fmt::hd7f8fef21b4eda67
[INFO] [stdout]                                at /rustc/0e09125c6c3c2fd70d7de961bcf0e51575235fad/library/std/src/sys_common/backtrace.rs:68:5
[INFO] [stdout]    3:     0x55daf13c1436 - <std::sys_common::backtrace::_print::DisplayBacktrace as core::fmt::Display>::fmt::h623d9b51f2f453f1
[INFO] [stdout]                                at /rustc/0e09125c6c3c2fd70d7de961bcf0e51575235fad/library/std/src/sys_common/backtrace.rs:44:22
[INFO] [stdout]    4:     0x55daf13ea280 - core::fmt::rt::Argument::fmt::h9f417ac76a86f368
[INFO] [stdout]                                at /rustc/0e09125c6c3c2fd70d7de961bcf0e51575235fad/library/core/src/fmt/rt.rs:142:9
[INFO] [stdout]    5:     0x55daf13ea280 - core::fmt::write::hc9b6faf4ac2aeff7
[INFO] [stdout]                                at /rustc/0e09125c6c3c2fd70d7de961bcf0e51575235fad/library/core/src/fmt/mod.rs:1120:17
[INFO] [stdout]    6:     0x55daf13bee9f - std::io::Write::write_fmt::he04625a3a989fec3
[INFO] [stdout]                                at /rustc/0e09125c6c3c2fd70d7de961bcf0e51575235fad/library/std/src/io/mod.rs:1810:15
[INFO] [stdout]    7:     0x55daf13c1214 - std::sys_common::backtrace::_print::hd5d66399c7df88a2
[INFO] [stdout]                                at /rustc/0e09125c6c3c2fd70d7de961bcf0e51575235fad/library/std/src/sys_common/backtrace.rs:47:5
[INFO] [stdout]    8:     0x55daf13c1214 - std::sys_common::backtrace::print::he81ed2da642d37e5
[INFO] [stdout]                                at /rustc/0e09125c6c3c2fd70d7de961bcf0e51575235fad/library/std/src/sys_common/backtrace.rs:34:9
[INFO] [stdout]    9:     0x55daf13c2f87 - std::panicking::default_hook::{{closure}}::h85773f4fa117163d
[INFO] [stdout]   10:     0x55daf13c2c6d - std::panicking::default_hook::h6a1694a91d09b278
[INFO] [stdout]                                at /rustc/0e09125c6c3c2fd70d7de961bcf0e51575235fad/library/std/src/panicking.rs:289:9
[INFO] [stdout]   11:     0x55daf1392327 - <alloc::boxed::Box<F,A> as core::ops::function::Fn<Args>>::call::h616ac37fa3cd6c8f
[INFO] [stdout]                                at /rustc/0e09125c6c3c2fd70d7de961bcf0e51575235fad/library/alloc/src/boxed.rs:2029:9
[INFO] [stdout]   12:     0x55daf1392327 - test::test_main::{{closure}}::h00d84697cefdcbb6
[INFO] [stdout]                                at /rustc/0e09125c6c3c2fd70d7de961bcf0e51575235fad/library/test/src/lib.rs:138:21
[INFO] [stdout]   13:     0x55daf13c35a6 - <alloc::boxed::Box<F,A> as core::ops::function::Fn<Args>>::call::hcb3fe3b9bb537ba8
[INFO] [stdout]                                at /rustc/0e09125c6c3c2fd70d7de961bcf0e51575235fad/library/alloc/src/boxed.rs:2029:9
[INFO] [stdout]   14:     0x55daf13c35a6 - std::panicking::rust_panic_with_hook::h0a7ad96e90f7145b
[INFO] [stdout]                                at /rustc/0e09125c6c3c2fd70d7de961bcf0e51575235fad/library/std/src/panicking.rs:783:13
[INFO] [stdout]   15:     0x55daf13c32b9 - std::panicking::begin_panic_handler::{{closure}}::h7919090525c6485e
[INFO] [stdout]                                at /rustc/0e09125c6c3c2fd70d7de961bcf0e51575235fad/library/std/src/panicking.rs:649:13
[INFO] [stdout]   16:     0x55daf13c1936 - std::sys_common::backtrace::__rust_end_short_backtrace::hf3289479464f7dfe
[INFO] [stdout]                                at /rustc/0e09125c6c3c2fd70d7de961bcf0e51575235fad/library/std/src/sys_common/backtrace.rs:171:18
[INFO] [stdout]   17:     0x55daf13c3050 - rust_begin_unwind
[INFO] [stdout]                                at /rustc/0e09125c6c3c2fd70d7de961bcf0e51575235fad/library/std/src/panicking.rs:645:5
[INFO] [stdout]   18:     0x55daf135ccc5 - core::panicking::panic_fmt::hcc9f77c5c132af55
[INFO] [stdout]                                at /rustc/0e09125c6c3c2fd70d7de961bcf0e51575235fad/library/core/src/panicking.rs:72:14
[INFO] [stdout]   19:     0x55daf135cd83 - core::panicking::panic::h5a1259c1164bd480
[INFO] [stdout]                                at /rustc/0e09125c6c3c2fd70d7de961bcf0e51575235fad/library/core/src/panicking.rs:144:5
[INFO] [stdout]   20:     0x55daf135d9bd - webblender::gl::gl_init::h3dd9ee8df77f4ad9
[INFO] [stdout]                                at /opt/rustwide/workdir/src/gl.rs:19:5
[INFO] [stdout]   21:     0x55daf135d987 - webblender::gl::gl_init::{{closure}}::h677d8ef9bf76c908
[INFO] [stdout]                                at /opt/rustwide/workdir/src/gl.rs:18:13
[INFO] [stdout]   22:     0x55daf135d756 - core::ops::function::FnOnce::call_once::hb17a4be7cb3328df
[INFO] [stdout]                                at /rustc/0e09125c6c3c2fd70d7de961bcf0e51575235fad/library/core/src/ops/function.rs:250:5
[INFO] [stdout]   23:     0x55daf1397bff - core::ops::function::FnOnce::call_once::hd64d26f405258157
[INFO] [stdout]                                at /rustc/0e09125c6c3c2fd70d7de961bcf0e51575235fad/library/core/src/ops/function.rs:250:5
[INFO] [stdout]   24:     0x55daf1397bff - test::__rust_begin_short_backtrace::he21b0b7a6d731bf9
[INFO] [stdout]                                at /rustc/0e09125c6c3c2fd70d7de961bcf0e51575235fad/library/test/src/lib.rs:627:18
[INFO] [stdout]   25:     0x55daf1396981 - test::run_test_in_process::{{closure}}::hf5c73986d7bdfde2
[INFO] [stdout]                                at /rustc/0e09125c6c3c2fd70d7de961bcf0e51575235fad/library/test/src/lib.rs:650:60
[INFO] [stdout]   26:     0x55daf1396981 - <core::panic::unwind_safe::AssertUnwindSafe<F> as core::ops::function::FnOnce<()>>::call_once::h330011ad032aadc0
[INFO] [stdout]                                at /rustc/0e09125c6c3c2fd70d7de961bcf0e51575235fad/library/core/src/panic/unwind_safe.rs:272:9
[INFO] [stdout]   27:     0x55daf1396981 - std::panicking::try::do_call::he61b0a958b795a41
[INFO] [stdout]                                at /rustc/0e09125c6c3c2fd70d7de961bcf0e51575235fad/library/std/src/panicking.rs:552:40
[INFO] [stdout]   28:     0x55daf1396981 - std::panicking::try::h7309da130f906eb7
[INFO] [stdout]                                at /rustc/0e09125c6c3c2fd70d7de961bcf0e51575235fad/library/std/src/panicking.rs:516:19
[INFO] [stdout]   29:     0x55daf1396981 - std::panic::catch_unwind::hc5c3a06fdaf0a92a
[INFO] [stdout]                                at /rustc/0e09125c6c3c2fd70d7de961bcf0e51575235fad/library/std/src/panic.rs:142:14
[INFO] [stdout]   30:     0x55daf1396981 - test::run_test_in_process::h7e7b7c71c3324e0f
[INFO] [stdout]                                at /rustc/0e09125c6c3c2fd70d7de961bcf0e51575235fad/library/test/src/lib.rs:650:27
[INFO] [stdout]   31:     0x55daf1396981 - test::run_test::{{closure}}::h1f509f28f5cf20b1
[INFO] [stdout]                                at /rustc/0e09125c6c3c2fd70d7de961bcf0e51575235fad/library/test/src/lib.rs:573:43
[INFO] [stdout]   32:     0x55daf135dcb6 - test::run_test::{{closure}}::h1754218abf443f6d
[INFO] [stdout]                                at /rustc/0e09125c6c3c2fd70d7de961bcf0e51575235fad/library/test/src/lib.rs:601:41
[INFO] [stdout]   33:     0x55daf135dcb6 - std::sys_common::backtrace::__rust_begin_short_backtrace::h2ee174b9d5954948
[INFO] [stdout]                                at /rustc/0e09125c6c3c2fd70d7de961bcf0e51575235fad/library/std/src/sys_common/backtrace.rs:155:18
[INFO] [stdout]   34:     0x55daf1362d17 - std::thread::Builder::spawn_unchecked_::{{closure}}::{{closure}}::hf60bee9c1a17ef09
[INFO] [stdout]                                at /rustc/0e09125c6c3c2fd70d7de961bcf0e51575235fad/library/std/src/thread/mod.rs:529:17
[INFO] [stdout]   35:     0x55daf1362d17 - <core::panic::unwind_safe::AssertUnwindSafe<F> as core::ops::function::FnOnce<()>>::call_once::h33d0dddec5216160
[INFO] [stdout]                                at /rustc/0e09125c6c3c2fd70d7de961bcf0e51575235fad/library/core/src/panic/unwind_safe.rs:272:9
[INFO] [stdout]   36:     0x55daf1362d17 - std::panicking::try::do_call::h144b3048b546f835
[INFO] [stdout]                                at /rustc/0e09125c6c3c2fd70d7de961bcf0e51575235fad/library/std/src/panicking.rs:552:40
[INFO] [stdout]   37:     0x55daf1362d17 - std::panicking::try::h978244d04646189f
[INFO] [stdout]                                at /rustc/0e09125c6c3c2fd70d7de961bcf0e51575235fad/library/std/src/panicking.rs:516:19
[INFO] [stdout]   38:     0x55daf1362d17 - std::panic::catch_unwind::hdf436369d188fe86
[INFO] [stdout]                                at /rustc/0e09125c6c3c2fd70d7de961bcf0e51575235fad/library/std/src/panic.rs:142:14
[INFO] [stdout]   39:     0x55daf1362d17 - std::thread::Builder::spawn_unchecked_::{{closure}}::h87329cbdd33c79ec
[INFO] [stdout]                                at /rustc/0e09125c6c3c2fd70d7de961bcf0e51575235fad/library/std/src/thread/mod.rs:528:30
[INFO] [stdout]   40:     0x55daf1362d17 - core::ops::function::FnOnce::call_once{{vtable.shim}}::h401abbe67897d450
[INFO] [stdout]                                at /rustc/0e09125c6c3c2fd70d7de961bcf0e51575235fad/library/core/src/ops/function.rs:250:5
[INFO] [stdout]   41:     0x55daf13c8055 - <alloc::boxed::Box<F,A> as core::ops::function::FnOnce<Args>>::call_once::h5d7c8f150ab9c84c
[INFO] [stdout]                                at /rustc/0e09125c6c3c2fd70d7de961bcf0e51575235fad/library/alloc/src/boxed.rs:2015:9
[INFO] [stdout]   42:     0x55daf13c8055 - <alloc::boxed::Box<F,A> as core::ops::function::FnOnce<Args>>::call_once::h570d5b005c242c15
[INFO] [stdout]                                at /rustc/0e09125c6c3c2fd70d7de961bcf0e51575235fad/library/alloc/src/boxed.rs:2015:9
[INFO] [stdout]   43:     0x55daf13c8055 - std::sys::unix::thread::Thread::new::thread_start::h36b0a20c0b2361ad
[INFO] [stdout]                                at /rustc/0e09125c6c3c2fd70d7de961bcf0e51575235fad/library/std/src/sys/unix/thread.rs:108:17
[INFO] [stdout]   44:     0x7f99cec85ac3 - <unknown>
[INFO] [stdout]   45:     0x7f99ced16bf4 - __clone
[INFO] [stdout]   46:                0x0 - <unknown>
[INFO] [stdout] 
[INFO] [stdout] 
[INFO] [stdout] failures:
[INFO] [stdout]     gl::gl_init
[INFO] [stdout] 
[INFO] [stdout] test result: FAILED. 0 passed; 1 failed; 0 ignored; 0 measured; 0 filtered out; finished in 0.01s
[INFO] [stdout] 
[INFO] [stderr] error: test failed, to rerun pass `--lib`
[INFO] running `Command { std: "docker" "inspect" "881eeed780994341a0ede72a72027ae78b2b2a4e0fe48e57e6c008519512624a", kill_on_drop: false }`
[INFO] running `Command { std: "docker" "rm" "-f" "881eeed780994341a0ede72a72027ae78b2b2a4e0fe48e57e6c008519512624a", kill_on_drop: false }`
[INFO] [stdout] 881eeed780994341a0ede72a72027ae78b2b2a4e0fe48e57e6c008519512624a
