[INFO] fetching crate weather_util_rust 0.16.12...
[INFO] testing weather_util_rust-0.16.12 against 1.75.0 for beta-1.76-1
[INFO] extracting crate weather_util_rust 0.16.12 into /workspace/builds/worker-4-tc1/source
[INFO] validating manifest of crates.io crate weather_util_rust 0.16.12 on toolchain 1.75.0
[INFO] running `Command { std: CARGO_HOME="/workspace/cargo-home" RUSTUP_HOME="/workspace/rustup-home" "/workspace/cargo-home/bin/cargo" "+1.75.0" "metadata" "--manifest-path" "Cargo.toml" "--no-deps", kill_on_drop: false }`
[INFO] started tweaking crates.io crate weather_util_rust 0.16.12
[INFO] finished tweaking crates.io crate weather_util_rust 0.16.12
[INFO] tweaked toml for crates.io crate weather_util_rust 0.16.12 written to /workspace/builds/worker-4-tc1/source/Cargo.toml
[INFO] crate crates.io crate weather_util_rust 0.16.12 already has a lockfile, it will not be regenerated
[INFO] running `Command { std: CARGO_HOME="/workspace/cargo-home" RUSTUP_HOME="/workspace/rustup-home" "/workspace/cargo-home/bin/cargo" "+1.75.0" "fetch" "--manifest-path" "Cargo.toml", kill_on_drop: false }`
[INFO] [stderr]     Updating crates.io index
[INFO] [stderr]  Downloading crates ...
[INFO] [stderr]   Downloaded kinded_macros v0.3.0
[INFO] [stderr]   Downloaded nutype_macros v0.4.0
[INFO] [stderr]   Downloaded stack-string v0.8.0
[INFO] [stderr]   Downloaded kinded v0.3.0
[INFO] [stderr]   Downloaded nutype v0.4.0
[INFO] running `Command { std: "docker" "create" "-v" "/var/lib/crater-agent-workspace/builds/worker-4-tc1/target:/opt/rustwide/target:rw,Z" "-v" "/var/lib/crater-agent-workspace/builds/worker-4-tc1/source:/opt/rustwide/workdir:ro,Z" "-v" "/var/lib/crater-agent-workspace/cargo-home:/opt/rustwide/cargo-home:ro,Z" "-v" "/var/lib/crater-agent-workspace/rustup-home:/opt/rustwide/rustup-home:ro,Z" "-e" "SOURCE_DIR=/opt/rustwide/workdir" "-e" "CARGO_TARGET_DIR=/opt/rustwide/target" "-e" "CARGO_HOME=/opt/rustwide/cargo-home" "-e" "RUSTUP_HOME=/opt/rustwide/rustup-home" "-w" "/opt/rustwide/workdir" "-m" "1610612736" "--user" "0:0" "--network" "none" "ghcr.io/rust-lang/crates-build-env/linux@sha256:2788e3201cd34a07e3172128adcd8b3090168a8e3bcc40d7c032b9dda1df7d1c" "/opt/rustwide/cargo-home/bin/cargo" "+1.75.0" "metadata" "--no-deps" "--format-version=1", kill_on_drop: false }`
[INFO] [stdout] 0e893219fdce7e86a5789d3c7d130b85c3e5fc95889b4ab40da0bc7afb6ebe6c
[INFO] running `Command { std: "docker" "start" "-a" "0e893219fdce7e86a5789d3c7d130b85c3e5fc95889b4ab40da0bc7afb6ebe6c", kill_on_drop: false }`
[INFO] running `Command { std: "docker" "inspect" "0e893219fdce7e86a5789d3c7d130b85c3e5fc95889b4ab40da0bc7afb6ebe6c", kill_on_drop: false }`
[INFO] running `Command { std: "docker" "rm" "-f" "0e893219fdce7e86a5789d3c7d130b85c3e5fc95889b4ab40da0bc7afb6ebe6c", kill_on_drop: false }`
[INFO] [stdout] 0e893219fdce7e86a5789d3c7d130b85c3e5fc95889b4ab40da0bc7afb6ebe6c
[INFO] running `Command { std: "docker" "create" "-v" "/var/lib/crater-agent-workspace/builds/worker-4-tc1/target:/opt/rustwide/target:rw,Z" "-v" "/var/lib/crater-agent-workspace/builds/worker-4-tc1/source:/opt/rustwide/workdir:ro,Z" "-v" "/var/lib/crater-agent-workspace/cargo-home:/opt/rustwide/cargo-home:ro,Z" "-v" "/var/lib/crater-agent-workspace/rustup-home:/opt/rustwide/rustup-home:ro,Z" "-e" "SOURCE_DIR=/opt/rustwide/workdir" "-e" "CARGO_TARGET_DIR=/opt/rustwide/target" "-e" "CARGO_INCREMENTAL=0" "-e" "RUST_BACKTRACE=full" "-e" "RUSTFLAGS=--cap-lints=warn" "-e" "RUSTDOCFLAGS=--cap-lints=warn" "-e" "CARGO_HOME=/opt/rustwide/cargo-home" "-e" "RUSTUP_HOME=/opt/rustwide/rustup-home" "-w" "/opt/rustwide/workdir" "-m" "1610612736" "--user" "0:0" "--network" "none" "ghcr.io/rust-lang/crates-build-env/linux@sha256:2788e3201cd34a07e3172128adcd8b3090168a8e3bcc40d7c032b9dda1df7d1c" "/opt/rustwide/cargo-home/bin/cargo" "+1.75.0" "build" "--frozen" "--message-format=json", kill_on_drop: false }`
[INFO] [stdout] 2a7e02b4adcf68da0ed4e56ecf725f88a5445ad428fdba8cd1ba955256eac124
[INFO] running `Command { std: "docker" "start" "-a" "2a7e02b4adcf68da0ed4e56ecf725f88a5445ad428fdba8cd1ba955256eac124", kill_on_drop: false }`
[INFO] [stderr]    Compiling proc-macro2 v1.0.69
[INFO] [stderr]    Compiling libc v0.2.150
[INFO] [stderr]    Compiling futures-core v0.3.29
[INFO] [stderr]    Compiling serde v1.0.193
[INFO] [stderr]    Compiling futures-channel v0.3.29
[INFO] [stderr]    Compiling itoa v1.0.9
[INFO] [stderr]    Compiling futures-sink v0.3.29
[INFO] [stderr]    Compiling futures-task v0.3.29
[INFO] [stderr]    Compiling memchr v2.6.4
[INFO] [stderr]    Compiling futures-util v0.3.29
[INFO] [stderr]    Compiling futures-io v0.3.29
[INFO] [stderr]    Compiling untrusted v0.9.0
[INFO] [stderr]    Compiling spin v0.9.8
[INFO] [stderr]    Compiling once_cell v1.18.0
[INFO] [stderr]    Compiling hashbrown v0.14.2
[INFO] [stderr]    Compiling rustls v0.21.9
[INFO] [stderr]    Compiling crc32fast v1.3.2
[INFO] [stderr]    Compiling unicode-segmentation v1.10.1
[INFO] [stderr]    Compiling http v0.2.11
[INFO] [stderr]    Compiling try-lock v0.2.4
[INFO] [stderr]    Compiling syn v1.0.109
[INFO] [stderr]    Compiling tracing-core v0.1.32
[INFO] [stderr]    Compiling anstyle-parse v0.2.2
[INFO] [stderr]    Compiling want v0.3.1
[INFO] [stderr]    Compiling miniz_oxide v0.7.1
[INFO] [stderr]    Compiling smartstring v1.0.1
[INFO] [stderr]    Compiling ryu v1.0.15
[INFO] [stderr]    Compiling serde_json v1.0.108
[INFO] [stderr]    Compiling unicode-bidi v0.3.13
[INFO] [stderr]    Compiling thiserror v1.0.50
[INFO] [stderr]    Compiling convert_case v0.6.0
[INFO] [stderr]    Compiling anstyle-query v1.0.0
[INFO] [stderr]    Compiling time-core v0.1.2
[INFO] [stderr]    Compiling static_assertions v1.1.0
[INFO] [stderr]    Compiling convert_case v0.4.0
[INFO] [stderr]    Compiling anstream v0.6.4
[INFO] [stderr]    Compiling powerfmt v0.2.0
[INFO] [stderr]    Compiling time-macros v0.2.15
[INFO] [stderr]    Compiling rustls-pemfile v1.0.4
[INFO] [stderr]    Compiling tracing v0.1.40
[INFO] [stderr]    Compiling indexmap v2.1.0
[INFO] [stderr]    Compiling quote v1.0.33
[INFO] [stderr]    Compiling flate2 v1.0.28
[INFO] [stderr]    Compiling idna v0.5.0
[INFO] [stderr]    Compiling clap_builder v4.4.8
[INFO] [stderr]    Compiling http-body v0.4.5
[INFO] [stderr]    Compiling arrayvec v0.7.4
[INFO] [stderr]    Compiling webpki-roots v0.25.3
[INFO] [stderr]    Compiling syn v2.0.39
[INFO] [stderr]    Compiling dotenvy v0.15.7
[INFO] [stderr]    Compiling url v2.5.0
[INFO] [stderr]    Compiling cc v1.0.83
[INFO] [stderr]    Compiling parking_lot_core v0.9.9
[INFO] [stderr]    Compiling num_cpus v1.16.0
[INFO] [stderr]    Compiling mio v0.8.9
[INFO] [stderr]    Compiling socket2 v0.5.5
[INFO] [stderr]    Compiling signal-hook-registry v1.4.1
[INFO] [stderr]    Compiling getrandom v0.2.11
[INFO] [stderr]    Compiling socket2 v0.4.10
[INFO] [stderr]    Compiling dirs-sys v0.4.1
[INFO] [stderr]    Compiling dirs v5.0.1
[INFO] [stderr]    Compiling parking_lot v0.12.1
[INFO] [stderr]    Compiling ring v0.17.5
[INFO] [stderr]    Compiling derive_more v0.99.17
[INFO] [stderr]    Compiling serde_derive v1.0.193
[INFO] [stderr]    Compiling tokio-macros v2.2.0
[INFO] [stderr]    Compiling futures-macro v0.3.29
[INFO] [stderr]    Compiling kinded_macros v0.3.0
[INFO] [stderr]    Compiling thiserror-impl v1.0.50
[INFO] [stderr]    Compiling clap_derive v4.4.7
[INFO] [stderr]    Compiling tokio v1.34.0
[INFO] [stderr]    Compiling kinded v0.3.0
[INFO] [stderr]    Compiling nutype_macros v0.4.0
[INFO] [stderr]    Compiling clap v4.4.8
[INFO] [stderr]    Compiling sct v0.7.1
[INFO] [stderr]    Compiling rustls-webpki v0.101.7
[INFO] [stderr]    Compiling futures-executor v0.3.29
[INFO] [stderr]    Compiling futures v0.3.29
[INFO] [stderr]    Compiling nutype v0.4.0
[INFO] [stderr]    Compiling tokio-util v0.7.10
[INFO] [stderr]    Compiling tokio-rustls v0.24.1
[INFO] [stderr]    Compiling async-compression v0.4.5
[INFO] [stderr]    Compiling h2 v0.3.22
[INFO] [stderr]    Compiling serde_urlencoded v0.7.1
[INFO] [stderr]    Compiling deranged v0.3.9
[INFO] [stderr]    Compiling envy v0.4.2
[INFO] [stderr]    Compiling isocountry v0.3.2
[INFO] [stderr]    Compiling stack-string v0.8.0
[INFO] [stderr]    Compiling time v0.3.30
[INFO] [stderr]    Compiling hyper v0.14.27
[INFO] [stderr]    Compiling hyper-rustls v0.24.2
[INFO] [stderr]    Compiling reqwest v0.11.22
[INFO] [stderr]    Compiling weather_util_rust v0.16.12 (/opt/rustwide/workdir)
[INFO] [stderr]     Finished dev [unoptimized + debuginfo] target(s) in 22.90s
[INFO] running `Command { std: "docker" "inspect" "2a7e02b4adcf68da0ed4e56ecf725f88a5445ad428fdba8cd1ba955256eac124", kill_on_drop: false }`
[INFO] running `Command { std: "docker" "rm" "-f" "2a7e02b4adcf68da0ed4e56ecf725f88a5445ad428fdba8cd1ba955256eac124", kill_on_drop: false }`
[INFO] [stdout] 2a7e02b4adcf68da0ed4e56ecf725f88a5445ad428fdba8cd1ba955256eac124
[INFO] running `Command { std: "docker" "create" "-v" "/var/lib/crater-agent-workspace/builds/worker-4-tc1/target:/opt/rustwide/target:rw,Z" "-v" "/var/lib/crater-agent-workspace/builds/worker-4-tc1/source:/opt/rustwide/workdir:ro,Z" "-v" "/var/lib/crater-agent-workspace/cargo-home:/opt/rustwide/cargo-home:ro,Z" "-v" "/var/lib/crater-agent-workspace/rustup-home:/opt/rustwide/rustup-home:ro,Z" "-e" "SOURCE_DIR=/opt/rustwide/workdir" "-e" "CARGO_TARGET_DIR=/opt/rustwide/target" "-e" "CARGO_INCREMENTAL=0" "-e" "RUST_BACKTRACE=full" "-e" "RUSTFLAGS=--cap-lints=warn" "-e" "RUSTDOCFLAGS=--cap-lints=warn" "-e" "CARGO_HOME=/opt/rustwide/cargo-home" "-e" "RUSTUP_HOME=/opt/rustwide/rustup-home" "-w" "/opt/rustwide/workdir" "-m" "1610612736" "--user" "0:0" "--network" "none" "ghcr.io/rust-lang/crates-build-env/linux@sha256:2788e3201cd34a07e3172128adcd8b3090168a8e3bcc40d7c032b9dda1df7d1c" "/opt/rustwide/cargo-home/bin/cargo" "+1.75.0" "test" "--frozen" "--no-run" "--message-format=json", kill_on_drop: false }`
[INFO] [stdout] 2a211159a8c094293f9c978253b9a6cac3df87d22150163d7dd44548ec317e22
[INFO] running `Command { std: "docker" "start" "-a" "2a211159a8c094293f9c978253b9a6cac3df87d22150163d7dd44548ec317e22", kill_on_drop: false }`
[INFO] [stderr]    Compiling num-traits v0.2.17
[INFO] [stderr]    Compiling memoffset v0.9.0
[INFO] [stderr]    Compiling crossbeam-utils v0.8.16
[INFO] [stderr]    Compiling aho-corasick v1.1.2
[INFO] [stderr]    Compiling crossbeam-epoch v0.9.15
[INFO] [stderr]    Compiling regex-syntax v0.8.2
[INFO] [stderr]    Compiling rustix v0.38.25
[INFO] [stderr]    Compiling rayon-core v1.12.0
[INFO] [stderr]    Compiling linux-raw-sys v0.4.11
[INFO] [stderr]    Compiling half v1.8.2
[INFO] [stderr]    Compiling predicates-core v1.0.6
[INFO] [stderr]    Compiling doc-comment v0.3.3
[INFO] [stderr]    Compiling ciborium-io v0.2.1
[INFO] [stderr]    Compiling plotters-backend v0.3.5
[INFO] [stderr]    Compiling itertools v0.10.5
[INFO] [stderr]    Compiling normalize-line-endings v0.3.0
[INFO] [stderr]    Compiling anyhow v1.0.75
[INFO] [stderr]    Compiling cast v0.3.0
[INFO] [stderr]    Compiling termtree v0.4.1
[INFO] [stderr]    Compiling difflib v0.4.0
[INFO] [stderr]    Compiling plotters-svg v0.3.5
[INFO] [stderr]    Compiling ciborium-ll v0.2.1
[INFO] [stderr]    Compiling predicates-tree v1.0.9
[INFO] [stderr]    Compiling tinytemplate v1.2.1
[INFO] [stderr]    Compiling wait-timeout v0.2.0
[INFO] [stderr]    Compiling anes v0.1.6
[INFO] [stderr]    Compiling oorandom v11.1.3
[INFO] [stderr]    Compiling ciborium v0.2.1
[INFO] [stderr]    Compiling crossbeam-deque v0.8.3
[INFO] [stderr]    Compiling float-cmp v0.9.0
[INFO] [stderr]    Compiling plotters v0.3.5
[INFO] [stderr]    Compiling approx v0.5.1
[INFO] [stderr]    Compiling rayon v1.8.0
[INFO] [stderr]    Compiling criterion-plot v0.5.0
[INFO] [stderr]    Compiling regex-automata v0.4.3
[INFO] [stderr]    Compiling is-terminal v0.4.9
[INFO] [stderr]    Compiling tempfile v3.8.1
[INFO] [stderr]    Compiling regex v1.10.2
[INFO] [stderr]    Compiling bstr v1.8.0
[INFO] [stderr]    Compiling predicates v3.0.4
[INFO] [stderr]    Compiling criterion v0.5.1
[INFO] [stderr]    Compiling assert_cmd v2.0.12
[INFO] [stderr]    Compiling weather_util_rust v0.16.12 (/opt/rustwide/workdir)
[INFO] [stderr]     Finished test [unoptimized + debuginfo] target(s) in 19.92s
[INFO] running `Command { std: "docker" "inspect" "2a211159a8c094293f9c978253b9a6cac3df87d22150163d7dd44548ec317e22", kill_on_drop: false }`
[INFO] running `Command { std: "docker" "rm" "-f" "2a211159a8c094293f9c978253b9a6cac3df87d22150163d7dd44548ec317e22", kill_on_drop: false }`
[INFO] [stdout] 2a211159a8c094293f9c978253b9a6cac3df87d22150163d7dd44548ec317e22
[INFO] running `Command { std: "docker" "create" "-v" "/var/lib/crater-agent-workspace/builds/worker-4-tc1/target:/opt/rustwide/target:rw,Z" "-v" "/var/lib/crater-agent-workspace/builds/worker-4-tc1/source:/opt/rustwide/workdir:ro,Z" "-v" "/var/lib/crater-agent-workspace/cargo-home:/opt/rustwide/cargo-home:ro,Z" "-v" "/var/lib/crater-agent-workspace/rustup-home:/opt/rustwide/rustup-home:ro,Z" "-e" "SOURCE_DIR=/opt/rustwide/workdir" "-e" "CARGO_TARGET_DIR=/opt/rustwide/target" "-e" "CARGO_INCREMENTAL=0" "-e" "RUST_BACKTRACE=full" "-e" "RUSTFLAGS=--cap-lints=warn" "-e" "RUSTDOCFLAGS=--cap-lints=warn" "-e" "CARGO_HOME=/opt/rustwide/cargo-home" "-e" "RUSTUP_HOME=/opt/rustwide/rustup-home" "-w" "/opt/rustwide/workdir" "-m" "1610612736" "--user" "0:0" "--network" "none" "ghcr.io/rust-lang/crates-build-env/linux@sha256:2788e3201cd34a07e3172128adcd8b3090168a8e3bcc40d7c032b9dda1df7d1c" "/opt/rustwide/cargo-home/bin/cargo" "+1.75.0" "test" "--frozen", kill_on_drop: false }`
[INFO] [stdout] 45470f725cd787f77395485ba60d89f5aff3ad8ca22530284da86077d5b0de97
[INFO] running `Command { std: "docker" "start" "-a" "45470f725cd787f77395485ba60d89f5aff3ad8ca22530284da86077d5b0de97", kill_on_drop: false }`
[INFO] [stderr]     Finished test [unoptimized + debuginfo] target(s) in 0.17s
[INFO] [stderr]      Running unittests src/lib.rs (/opt/rustwide/target/debug/deps/weather_util_rust-5835536e2d8dacce)
[INFO] [stdout] 
[INFO] [stdout] running 33 tests
[INFO] [stdout] test angle::tests::test_direction ... ok
[INFO] [stdout] test angle::tests::test_parse ... ok
[INFO] [stdout] test angle::tests::test_real_lat ... ok
[INFO] [stdout] test angle::tests::test_sizeof ... ok
[INFO] [stdout] test direction::tests::test_direction ... ok
[INFO] [stdout] test distance::tests::test_distance ... ok
[INFO] [stdout] test distance::tests::test_invalid_distance ... ok
[INFO] [stdout] test humidity::test::test_humidity ... ok
[INFO] [stdout] test config::tests::test_config ... ok
[INFO] [stdout] test latitude::test::test_latitude ... ok
[INFO] [stdout] test latitude::test::test_latitude_not_eq_neg ... ok
[INFO] [stdout] test longitude::test::test_longitude ... ok
[INFO] [stdout] test longitude::test::test_longitude_not_eq_neg ... ok
[INFO] [stdout] test precipitation::test::test_precipitation ... ok
[INFO] [stdout] test pressure::tests::test_pressure ... ok
[INFO] [stdout] test timezone::test::test_timezone ... ok
[INFO] [stdout] test config::tests::test_config_file ... ok
[INFO] [stdout] test speed::tests::test_speed ... ok
[INFO] [stdout] test temperature::test::test_temperature ... ok
[INFO] [stdout] test weather_api::tests::test_weatherlocation_default ... ok
[INFO] [stdout] test weather_data::test::test_default_sys ... ok
[INFO] [stdout] test weather_data::test::test_default_weather_data ... ok
[INFO] [stdout] test weather_opts::test::test_get_location ... ok
[INFO] [stdout] test weather_data::test::test_weather_data ... ok
[INFO] [stdout] test weather_opts::test::test_apply_defaults ... ok
[INFO] [stdout] test weather_opts::test::test_run_opts ... FAILED
[INFO] [stdout] test weather_opts::test::test_api_help_msg ... ok
[INFO] [stdout] test weather_forecast::test::test_get_high_low ... ok
[INFO] [stdout] test weather_forecast::test::test_get_forecast ... ok
[INFO] [stdout] test weather_opts::test::test_get_api ... ok
[INFO] [stdout] test weather_api::tests::test_weatherapi ... ok
[INFO] [stdout] test weather_api::tests::test_process_opts ... FAILED
[INFO] [stdout] test weather_api::tests::test_geo_location ... FAILED
[INFO] [stdout] 
[INFO] [stdout] failures:
[INFO] [stdout] 
[INFO] [stdout] ---- weather_opts::test::test_run_opts stdout ----
[INFO] [stdout] Error: InvalidInputError(StackString("invalid api key"))
[INFO] [stdout] 
[INFO] [stdout] ---- weather_api::tests::test_process_opts stdout ----
[INFO] [stdout] Error: ReqwestError(reqwest::Error { kind: Request, url: Url { scheme: "https", cannot_be_a_base: false, username: "", password: None, host: Some(Domain("api.openweathermap.org")), port: None, path: "/geo/1.0/zip", query: Some("appid=95337ed3a8a87acae620d673fae85b11&zip=11106%2CUS"), fragment: None }, source: hyper::Error(Connect, ConnectError("dns error", Custom { kind: Uncategorized, error: "failed to lookup address information: Temporary failure in name resolution" })) })
[INFO] [stdout] 
[INFO] [stdout] ---- weather_api::tests::test_geo_location stdout ----
[INFO] [stdout] Error: ReqwestError(reqwest::Error { kind: Request, url: Url { scheme: "https", cannot_be_a_base: false, username: "", password: None, host: Some(Domain("api.openweathermap.org")), port: None, path: "/geo/1.0/zip", query: Some("appid=95337ed3a8a87acae620d673fae85b11&zip=11106%2CUS"), fragment: None }, source: hyper::Error(Connect, ConnectError("dns error", Custom { kind: Uncategorized, error: "failed to lookup address information: Temporary failure in name resolution" })) })
[INFO] [stdout] 
[INFO] [stdout] 
[INFO] [stdout] failures:
[INFO] [stdout]     weather_api::tests::test_geo_location
[INFO] [stdout]     weather_api::tests::test_process_opts
[INFO] [stdout]     weather_opts::test::test_run_opts
[INFO] [stdout] 
[INFO] [stdout] test result: FAILED. 30 passed; 3 failed; 0 ignored; 0 measured; 0 filtered out; finished in 0.01s
[INFO] [stdout] 
[INFO] [stderr] error: test failed, to rerun pass `--lib`
[INFO] running `Command { std: "docker" "inspect" "45470f725cd787f77395485ba60d89f5aff3ad8ca22530284da86077d5b0de97", kill_on_drop: false }`
[INFO] running `Command { std: "docker" "rm" "-f" "45470f725cd787f77395485ba60d89f5aff3ad8ca22530284da86077d5b0de97", kill_on_drop: false }`
[INFO] [stdout] 45470f725cd787f77395485ba60d89f5aff3ad8ca22530284da86077d5b0de97
