[INFO] fetching crate wd_macro 0.0.3...
[INFO] testing wd_macro-0.0.3 against 1.75.0 for beta-1.76-1
[INFO] extracting crate wd_macro 0.0.3 into /workspace/builds/worker-2-tc1/source
[INFO] validating manifest of crates.io crate wd_macro 0.0.3 on toolchain 1.75.0
[INFO] running `Command { std: CARGO_HOME="/workspace/cargo-home" RUSTUP_HOME="/workspace/rustup-home" "/workspace/cargo-home/bin/cargo" "+1.75.0" "metadata" "--manifest-path" "Cargo.toml" "--no-deps", kill_on_drop: false }`
[INFO] started tweaking crates.io crate wd_macro 0.0.3
[INFO] finished tweaking crates.io crate wd_macro 0.0.3
[INFO] tweaked toml for crates.io crate wd_macro 0.0.3 written to /workspace/builds/worker-2-tc1/source/Cargo.toml
[INFO] running `Command { std: CARGO_HOME="/workspace/cargo-home" RUSTUP_HOME="/workspace/rustup-home" "/workspace/cargo-home/bin/cargo" "+1.75.0" "generate-lockfile" "--manifest-path" "Cargo.toml", kill_on_drop: false }`
[INFO] [stderr]     Blocking waiting for file lock on package cache
[INFO] [stderr]     Updating crates.io index
[INFO] running `Command { std: CARGO_HOME="/workspace/cargo-home" RUSTUP_HOME="/workspace/rustup-home" "/workspace/cargo-home/bin/cargo" "+1.75.0" "fetch" "--manifest-path" "Cargo.toml", kill_on_drop: false }`
[INFO] [stderr]     Blocking waiting for file lock on package cache
[INFO] running `Command { std: "docker" "create" "-v" "/var/lib/crater-agent-workspace/builds/worker-2-tc1/target:/opt/rustwide/target:rw,Z" "-v" "/var/lib/crater-agent-workspace/builds/worker-2-tc1/source:/opt/rustwide/workdir:ro,Z" "-v" "/var/lib/crater-agent-workspace/cargo-home:/opt/rustwide/cargo-home:ro,Z" "-v" "/var/lib/crater-agent-workspace/rustup-home:/opt/rustwide/rustup-home:ro,Z" "-e" "SOURCE_DIR=/opt/rustwide/workdir" "-e" "CARGO_TARGET_DIR=/opt/rustwide/target" "-e" "CARGO_HOME=/opt/rustwide/cargo-home" "-e" "RUSTUP_HOME=/opt/rustwide/rustup-home" "-w" "/opt/rustwide/workdir" "-m" "1610612736" "--user" "0:0" "--network" "none" "ghcr.io/rust-lang/crates-build-env/linux@sha256:2788e3201cd34a07e3172128adcd8b3090168a8e3bcc40d7c032b9dda1df7d1c" "/opt/rustwide/cargo-home/bin/cargo" "+1.75.0" "metadata" "--no-deps" "--format-version=1", kill_on_drop: false }`
[INFO] [stdout] 10a4243537f5580952115df45f6e85f2d46336710d1d18dc96670622551d5268
[INFO] running `Command { std: "docker" "start" "-a" "10a4243537f5580952115df45f6e85f2d46336710d1d18dc96670622551d5268", kill_on_drop: false }`
[INFO] running `Command { std: "docker" "inspect" "10a4243537f5580952115df45f6e85f2d46336710d1d18dc96670622551d5268", kill_on_drop: false }`
[INFO] running `Command { std: "docker" "rm" "-f" "10a4243537f5580952115df45f6e85f2d46336710d1d18dc96670622551d5268", kill_on_drop: false }`
[INFO] [stdout] 10a4243537f5580952115df45f6e85f2d46336710d1d18dc96670622551d5268
[INFO] running `Command { std: "docker" "create" "-v" "/var/lib/crater-agent-workspace/builds/worker-2-tc1/target:/opt/rustwide/target:rw,Z" "-v" "/var/lib/crater-agent-workspace/builds/worker-2-tc1/source:/opt/rustwide/workdir:ro,Z" "-v" "/var/lib/crater-agent-workspace/cargo-home:/opt/rustwide/cargo-home:ro,Z" "-v" "/var/lib/crater-agent-workspace/rustup-home:/opt/rustwide/rustup-home:ro,Z" "-e" "SOURCE_DIR=/opt/rustwide/workdir" "-e" "CARGO_TARGET_DIR=/opt/rustwide/target" "-e" "CARGO_INCREMENTAL=0" "-e" "RUST_BACKTRACE=full" "-e" "RUSTFLAGS=--cap-lints=warn" "-e" "RUSTDOCFLAGS=--cap-lints=warn" "-e" "CARGO_HOME=/opt/rustwide/cargo-home" "-e" "RUSTUP_HOME=/opt/rustwide/rustup-home" "-w" "/opt/rustwide/workdir" "-m" "1610612736" "--user" "0:0" "--network" "none" "ghcr.io/rust-lang/crates-build-env/linux@sha256:2788e3201cd34a07e3172128adcd8b3090168a8e3bcc40d7c032b9dda1df7d1c" "/opt/rustwide/cargo-home/bin/cargo" "+1.75.0" "build" "--frozen" "--message-format=json", kill_on_drop: false }`
[INFO] [stdout] 6670de8e99bf4dd08f69aa9ed6050f15df88ad5b95202b53e8acc90f8ccc4464
[INFO] running `Command { std: "docker" "start" "-a" "6670de8e99bf4dd08f69aa9ed6050f15df88ad5b95202b53e8acc90f8ccc4464", kill_on_drop: false }`
[INFO] [stderr]    Compiling proc-macro2 v1.0.75
[INFO] [stderr]    Compiling syn v1.0.109
[INFO] [stderr]    Compiling quote v1.0.35
[INFO] [stderr]    Compiling wd_macro v0.0.3 (/opt/rustwide/workdir)
[INFO] [stderr]     Finished dev [unoptimized + debuginfo] target(s) in 3.33s
[INFO] running `Command { std: "docker" "inspect" "6670de8e99bf4dd08f69aa9ed6050f15df88ad5b95202b53e8acc90f8ccc4464", kill_on_drop: false }`
[INFO] running `Command { std: "docker" "rm" "-f" "6670de8e99bf4dd08f69aa9ed6050f15df88ad5b95202b53e8acc90f8ccc4464", kill_on_drop: false }`
[INFO] [stdout] 6670de8e99bf4dd08f69aa9ed6050f15df88ad5b95202b53e8acc90f8ccc4464
[INFO] running `Command { std: "docker" "create" "-v" "/var/lib/crater-agent-workspace/builds/worker-2-tc1/target:/opt/rustwide/target:rw,Z" "-v" "/var/lib/crater-agent-workspace/builds/worker-2-tc1/source:/opt/rustwide/workdir:ro,Z" "-v" "/var/lib/crater-agent-workspace/cargo-home:/opt/rustwide/cargo-home:ro,Z" "-v" "/var/lib/crater-agent-workspace/rustup-home:/opt/rustwide/rustup-home:ro,Z" "-e" "SOURCE_DIR=/opt/rustwide/workdir" "-e" "CARGO_TARGET_DIR=/opt/rustwide/target" "-e" "CARGO_INCREMENTAL=0" "-e" "RUST_BACKTRACE=full" "-e" "RUSTFLAGS=--cap-lints=warn" "-e" "RUSTDOCFLAGS=--cap-lints=warn" "-e" "CARGO_HOME=/opt/rustwide/cargo-home" "-e" "RUSTUP_HOME=/opt/rustwide/rustup-home" "-w" "/opt/rustwide/workdir" "-m" "1610612736" "--user" "0:0" "--network" "none" "ghcr.io/rust-lang/crates-build-env/linux@sha256:2788e3201cd34a07e3172128adcd8b3090168a8e3bcc40d7c032b9dda1df7d1c" "/opt/rustwide/cargo-home/bin/cargo" "+1.75.0" "test" "--frozen" "--no-run" "--message-format=json", kill_on_drop: false }`
[INFO] [stdout] 5d6a5a011cdcf44260216e903de937bac9210b7565837c9b93f6dc3e3976cd09
[INFO] running `Command { std: "docker" "start" "-a" "5d6a5a011cdcf44260216e903de937bac9210b7565837c9b93f6dc3e3976cd09", kill_on_drop: false }`
[INFO] [stderr]    Compiling wd_macro v0.0.3 (/opt/rustwide/workdir)
[INFO] [stderr]     Finished test [unoptimized + debuginfo] target(s) in 0.39s
[INFO] running `Command { std: "docker" "inspect" "5d6a5a011cdcf44260216e903de937bac9210b7565837c9b93f6dc3e3976cd09", kill_on_drop: false }`
[INFO] running `Command { std: "docker" "rm" "-f" "5d6a5a011cdcf44260216e903de937bac9210b7565837c9b93f6dc3e3976cd09", kill_on_drop: false }`
[INFO] [stdout] 5d6a5a011cdcf44260216e903de937bac9210b7565837c9b93f6dc3e3976cd09
[INFO] running `Command { std: "docker" "create" "-v" "/var/lib/crater-agent-workspace/builds/worker-2-tc1/target:/opt/rustwide/target:rw,Z" "-v" "/var/lib/crater-agent-workspace/builds/worker-2-tc1/source:/opt/rustwide/workdir:ro,Z" "-v" "/var/lib/crater-agent-workspace/cargo-home:/opt/rustwide/cargo-home:ro,Z" "-v" "/var/lib/crater-agent-workspace/rustup-home:/opt/rustwide/rustup-home:ro,Z" "-e" "SOURCE_DIR=/opt/rustwide/workdir" "-e" "CARGO_TARGET_DIR=/opt/rustwide/target" "-e" "CARGO_INCREMENTAL=0" "-e" "RUST_BACKTRACE=full" "-e" "RUSTFLAGS=--cap-lints=warn" "-e" "RUSTDOCFLAGS=--cap-lints=warn" "-e" "CARGO_HOME=/opt/rustwide/cargo-home" "-e" "RUSTUP_HOME=/opt/rustwide/rustup-home" "-w" "/opt/rustwide/workdir" "-m" "1610612736" "--user" "0:0" "--network" "none" "ghcr.io/rust-lang/crates-build-env/linux@sha256:2788e3201cd34a07e3172128adcd8b3090168a8e3bcc40d7c032b9dda1df7d1c" "/opt/rustwide/cargo-home/bin/cargo" "+1.75.0" "test" "--frozen", kill_on_drop: false }`
[INFO] [stdout] 2f9c47ace0aab7a5e1ebe25d38d315dfa9cdd0f07cbcf47b90676d29cc3f13d1
[INFO] running `Command { std: "docker" "start" "-a" "2f9c47ace0aab7a5e1ebe25d38d315dfa9cdd0f07cbcf47b90676d29cc3f13d1", kill_on_drop: false }`
[INFO] [stderr]     Finished test [unoptimized + debuginfo] target(s) in 0.00s
[INFO] [stderr]      Running unittests src/lib.rs (/opt/rustwide/target/debug/deps/wd_macro-d4f572727549916e)
[INFO] [stdout] 
[INFO] [stdout] running 0 tests
[INFO] [stdout] 
[INFO] [stdout] test result: ok. 0 passed; 0 failed; 0 ignored; 0 measured; 0 filtered out; finished in 0.00s
[INFO] [stdout] 
[INFO] [stderr]    Doc-tests wd_macro
[INFO] [stdout] 
[INFO] [stdout] running 4 tests
[INFO] [stdout] test src/lib.rs - wd_async_trait (line 46) ... FAILED
[INFO] [stdout] test src/lib.rs - get (line 27) ... FAILED
[INFO] [stdout] test src/lib.rs - chain_set (line 8) ... FAILED
[INFO] [stdout] test src/lib.rs - wd_async_trait (line 53) ... FAILED
[INFO] [stdout] 
[INFO] [stdout] failures:
[INFO] [stdout] 
[INFO] [stdout] ---- src/lib.rs - wd_async_trait (line 46) stdout ----
[INFO] [stdout] error: expected `;`, found `crossbeam`
[INFO] [stdout]  --> src/lib.rs:47:14
[INFO] [stdout]   |
[INFO] [stdout] 3 | tokio = "1.1"
[INFO] [stdout]   |              ^ help: add `;` here
[INFO] [stdout] 4 | crossbeam = "0.7"
[INFO] [stdout]   | --------- unexpected token
[INFO] [stdout] 
[INFO] [stdout] error[E0425]: cannot find value `crossbeam` in this scope
[INFO] [stdout]  --> src/lib.rs:48:1
[INFO] [stdout]   |
[INFO] [stdout] 4 | crossbeam = "0.7"
[INFO] [stdout]   | ^^^^^^^^^
[INFO] [stdout]   |
[INFO] [stdout] help: you might have meant to introduce a new binding
[INFO] [stdout]   |
[INFO] [stdout] 4 | let crossbeam = "0.7"
[INFO] [stdout]   | +++
[INFO] [stdout] 
[INFO] [stdout] error: aborting due to 2 previous errors
[INFO] [stdout] 
[INFO] [stdout] For more information about this error, try `rustc --explain E0425`.
[INFO] [stdout] Couldn't compile the test.
[INFO] [stdout] ---- src/lib.rs - get (line 27) stdout ----
[INFO] [stdout] error: cannot find derive macro `ChainSet` in this scope
[INFO] [stdout]  --> src/lib.rs:28:10
[INFO] [stdout]   |
[INFO] [stdout] 3 | #[derive(ChainSet,Get)]
[INFO] [stdout]   |          ^^^^^^^^
[INFO] [stdout]   |
[INFO] [stdout] help: consider importing this derive macro
[INFO] [stdout]   |
[INFO] [stdout] 2 + use wd_macro::ChainSet;
[INFO] [stdout]   |
[INFO] [stdout] 
[INFO] [stdout] error: cannot find derive macro `Get` in this scope
[INFO] [stdout]  --> src/lib.rs:28:19
[INFO] [stdout]   |
[INFO] [stdout] 3 | #[derive(ChainSet,Get)]
[INFO] [stdout]   |                   ^^^
[INFO] [stdout]   |
[INFO] [stdout] help: consider importing this derive macro
[INFO] [stdout]   |
[INFO] [stdout] 2 + use wd_macro::Get;
[INFO] [stdout]   |
[INFO] [stdout] 
[INFO] [stdout] error: aborting due to 2 previous errors
[INFO] [stdout] 
[INFO] [stdout] Couldn't compile the test.
[INFO] [stdout] ---- src/lib.rs - chain_set (line 8) stdout ----
[INFO] [stdout] error: cannot find derive macro `ChainSet` in this scope
[INFO] [stdout]  --> src/lib.rs:9:10
[INFO] [stdout]   |
[INFO] [stdout] 3 | #[derive(ChainSet)]
[INFO] [stdout]   |          ^^^^^^^^
[INFO] [stdout]   |
[INFO] [stdout] help: consider importing this derive macro
[INFO] [stdout]   |
[INFO] [stdout] 2 + use wd_macro::ChainSet;
[INFO] [stdout]   |
[INFO] [stdout] 
[INFO] [stdout] error: aborting due to previous error
[INFO] [stdout] 
[INFO] [stdout] Couldn't compile the test.
[INFO] [stdout] ---- src/lib.rs - wd_async_trait (line 53) stdout ----
[INFO] [stdout] error[E0433]: failed to resolve: use of undeclared crate or module `tokio`
[INFO] [stdout]  --> src/lib.rs:55:3
[INFO] [stdout]   |
[INFO] [stdout] 4 | #[tokio::main]
[INFO] [stdout]   |   ^^^^^ use of undeclared crate or module `tokio`
[INFO] [stdout] 
[INFO] [stdout] error[E0433]: failed to resolve: use of undeclared crate or module `crossbeam`
[INFO] [stdout]   --> src/lib.rs:68:1
[INFO] [stdout]    |
[INFO] [stdout] 17 | #[wd_macro::wd_async_trait]
[INFO] [stdout]    | ^^^^^^^^^^^^^^^^^^^^^^^^^^^ use of undeclared crate or module `crossbeam`
[INFO] [stdout]    |
[INFO] [stdout]    = note: this error originates in the attribute macro `wd_macro::wd_async_trait` (in Nightly builds, run with -Z macro-backtrace for more info)
[INFO] [stdout] 
[INFO] [stdout] error[E0752]: `main` function is not allowed to be `async`
[INFO] [stdout]  --> src/lib.rs:56:1
[INFO] [stdout]   |
[INFO] [stdout] 5 | async fn main() {
[INFO] [stdout]   | ^^^^^^^^^^^^^^^ `main` function is not allowed to be `async`
[INFO] [stdout] 
[INFO] [stdout] error[E0433]: failed to resolve: use of undeclared crate or module `tokio`
[INFO] [stdout]   --> src/lib.rs:68:1
[INFO] [stdout]    |
[INFO] [stdout] 17 | #[wd_macro::wd_async_trait]
[INFO] [stdout]    | ^^^^^^^^^^^^^^^^^^^^^^^^^^^ use of undeclared crate or module `tokio`
[INFO] [stdout]    |
[INFO] [stdout]    = note: this error originates in the attribute macro `wd_macro::wd_async_trait` (in Nightly builds, run with -Z macro-backtrace for more info)
[INFO] [stdout] 
[INFO] [stdout] error: aborting due to 4 previous errors
[INFO] [stdout] 
[INFO] [stdout] Some errors have detailed explanations: E0433, E0752.
[INFO] [stdout] For more information about an error, try `rustc --explain E0433`.
[INFO] [stdout] Couldn't compile the test.
[INFO] [stdout] 
[INFO] [stdout] failures:
[INFO] [stdout]     src/lib.rs - chain_set (line 8)
[INFO] [stdout]     src/lib.rs - get (line 27)
[INFO] [stdout]     src/lib.rs - wd_async_trait (line 46)
[INFO] [stdout]     src/lib.rs - wd_async_trait (line 53)
[INFO] [stdout] 
[INFO] [stdout] test result: FAILED. 0 passed; 4 failed; 0 ignored; 0 measured; 0 filtered out; finished in 0.05s
[INFO] [stdout] 
[INFO] [stderr] error: doctest failed, to rerun pass `--doc`
[INFO] running `Command { std: "docker" "inspect" "2f9c47ace0aab7a5e1ebe25d38d315dfa9cdd0f07cbcf47b90676d29cc3f13d1", kill_on_drop: false }`
[INFO] running `Command { std: "docker" "rm" "-f" "2f9c47ace0aab7a5e1ebe25d38d315dfa9cdd0f07cbcf47b90676d29cc3f13d1", kill_on_drop: false }`
[INFO] [stdout] 2f9c47ace0aab7a5e1ebe25d38d315dfa9cdd0f07cbcf47b90676d29cc3f13d1
