[INFO] fetching crate watchdog-device 0.1.0...
[INFO] testing watchdog-device-0.1.0 against 1.75.0 for beta-1.76-1
[INFO] extracting crate watchdog-device 0.1.0 into /workspace/builds/worker-4-tc1/source
[INFO] validating manifest of crates.io crate watchdog-device 0.1.0 on toolchain 1.75.0
[INFO] running `Command { std: CARGO_HOME="/workspace/cargo-home" RUSTUP_HOME="/workspace/rustup-home" "/workspace/cargo-home/bin/cargo" "+1.75.0" "metadata" "--manifest-path" "Cargo.toml" "--no-deps", kill_on_drop: false }`
[INFO] started tweaking crates.io crate watchdog-device 0.1.0
[INFO] finished tweaking crates.io crate watchdog-device 0.1.0
[INFO] tweaked toml for crates.io crate watchdog-device 0.1.0 written to /workspace/builds/worker-4-tc1/source/Cargo.toml
[INFO] running `Command { std: CARGO_HOME="/workspace/cargo-home" RUSTUP_HOME="/workspace/rustup-home" "/workspace/cargo-home/bin/cargo" "+1.75.0" "generate-lockfile" "--manifest-path" "Cargo.toml", kill_on_drop: false }`
[INFO] [stderr]     Updating crates.io index
[INFO] running `Command { std: CARGO_HOME="/workspace/cargo-home" RUSTUP_HOME="/workspace/rustup-home" "/workspace/cargo-home/bin/cargo" "+1.75.0" "fetch" "--manifest-path" "Cargo.toml", kill_on_drop: false }`
[INFO] running `Command { std: "docker" "create" "-v" "/var/lib/crater-agent-workspace/builds/worker-4-tc1/target:/opt/rustwide/target:rw,Z" "-v" "/var/lib/crater-agent-workspace/builds/worker-4-tc1/source:/opt/rustwide/workdir:ro,Z" "-v" "/var/lib/crater-agent-workspace/cargo-home:/opt/rustwide/cargo-home:ro,Z" "-v" "/var/lib/crater-agent-workspace/rustup-home:/opt/rustwide/rustup-home:ro,Z" "-e" "SOURCE_DIR=/opt/rustwide/workdir" "-e" "CARGO_TARGET_DIR=/opt/rustwide/target" "-e" "CARGO_HOME=/opt/rustwide/cargo-home" "-e" "RUSTUP_HOME=/opt/rustwide/rustup-home" "-w" "/opt/rustwide/workdir" "-m" "1610612736" "--user" "0:0" "--network" "none" "ghcr.io/rust-lang/crates-build-env/linux@sha256:2788e3201cd34a07e3172128adcd8b3090168a8e3bcc40d7c032b9dda1df7d1c" "/opt/rustwide/cargo-home/bin/cargo" "+1.75.0" "metadata" "--no-deps" "--format-version=1", kill_on_drop: false }`
[INFO] [stdout] 2493af7ce75469cea974c0e10fdf843710dbc7388316f193d4b4985517d63c44
[INFO] running `Command { std: "docker" "start" "-a" "2493af7ce75469cea974c0e10fdf843710dbc7388316f193d4b4985517d63c44", kill_on_drop: false }`
[INFO] running `Command { std: "docker" "inspect" "2493af7ce75469cea974c0e10fdf843710dbc7388316f193d4b4985517d63c44", kill_on_drop: false }`
[INFO] running `Command { std: "docker" "rm" "-f" "2493af7ce75469cea974c0e10fdf843710dbc7388316f193d4b4985517d63c44", kill_on_drop: false }`
[INFO] [stdout] 2493af7ce75469cea974c0e10fdf843710dbc7388316f193d4b4985517d63c44
[INFO] running `Command { std: "docker" "create" "-v" "/var/lib/crater-agent-workspace/builds/worker-4-tc1/target:/opt/rustwide/target:rw,Z" "-v" "/var/lib/crater-agent-workspace/builds/worker-4-tc1/source:/opt/rustwide/workdir:ro,Z" "-v" "/var/lib/crater-agent-workspace/cargo-home:/opt/rustwide/cargo-home:ro,Z" "-v" "/var/lib/crater-agent-workspace/rustup-home:/opt/rustwide/rustup-home:ro,Z" "-e" "SOURCE_DIR=/opt/rustwide/workdir" "-e" "CARGO_TARGET_DIR=/opt/rustwide/target" "-e" "CARGO_INCREMENTAL=0" "-e" "RUST_BACKTRACE=full" "-e" "RUSTFLAGS=--cap-lints=warn" "-e" "RUSTDOCFLAGS=--cap-lints=warn" "-e" "CARGO_HOME=/opt/rustwide/cargo-home" "-e" "RUSTUP_HOME=/opt/rustwide/rustup-home" "-w" "/opt/rustwide/workdir" "-m" "1610612736" "--user" "0:0" "--network" "none" "ghcr.io/rust-lang/crates-build-env/linux@sha256:2788e3201cd34a07e3172128adcd8b3090168a8e3bcc40d7c032b9dda1df7d1c" "/opt/rustwide/cargo-home/bin/cargo" "+1.75.0" "build" "--frozen" "--message-format=json", kill_on_drop: false }`
[INFO] [stdout] 1436cfd5f0bc79b2ada98a66711763ba80c36fc8782ddfc7e685cba4be8416d3
[INFO] running `Command { std: "docker" "start" "-a" "1436cfd5f0bc79b2ada98a66711763ba80c36fc8782ddfc7e685cba4be8416d3", kill_on_drop: false }`
[INFO] [stderr]    Compiling libc v0.2.151
[INFO] [stderr]    Compiling log v0.4.20
[INFO] [stderr]    Compiling nix v0.24.3
[INFO] [stderr]    Compiling watchdog-device v0.1.0 (/opt/rustwide/workdir)
[INFO] [stderr]     Finished dev [unoptimized + debuginfo] target(s) in 3.72s
[INFO] running `Command { std: "docker" "inspect" "1436cfd5f0bc79b2ada98a66711763ba80c36fc8782ddfc7e685cba4be8416d3", kill_on_drop: false }`
[INFO] running `Command { std: "docker" "rm" "-f" "1436cfd5f0bc79b2ada98a66711763ba80c36fc8782ddfc7e685cba4be8416d3", kill_on_drop: false }`
[INFO] [stdout] 1436cfd5f0bc79b2ada98a66711763ba80c36fc8782ddfc7e685cba4be8416d3
[INFO] running `Command { std: "docker" "create" "-v" "/var/lib/crater-agent-workspace/builds/worker-4-tc1/target:/opt/rustwide/target:rw,Z" "-v" "/var/lib/crater-agent-workspace/builds/worker-4-tc1/source:/opt/rustwide/workdir:ro,Z" "-v" "/var/lib/crater-agent-workspace/cargo-home:/opt/rustwide/cargo-home:ro,Z" "-v" "/var/lib/crater-agent-workspace/rustup-home:/opt/rustwide/rustup-home:ro,Z" "-e" "SOURCE_DIR=/opt/rustwide/workdir" "-e" "CARGO_TARGET_DIR=/opt/rustwide/target" "-e" "CARGO_INCREMENTAL=0" "-e" "RUST_BACKTRACE=full" "-e" "RUSTFLAGS=--cap-lints=warn" "-e" "RUSTDOCFLAGS=--cap-lints=warn" "-e" "CARGO_HOME=/opt/rustwide/cargo-home" "-e" "RUSTUP_HOME=/opt/rustwide/rustup-home" "-w" "/opt/rustwide/workdir" "-m" "1610612736" "--user" "0:0" "--network" "none" "ghcr.io/rust-lang/crates-build-env/linux@sha256:2788e3201cd34a07e3172128adcd8b3090168a8e3bcc40d7c032b9dda1df7d1c" "/opt/rustwide/cargo-home/bin/cargo" "+1.75.0" "test" "--frozen" "--no-run" "--message-format=json", kill_on_drop: false }`
[INFO] [stdout] b890e301f7fe0663f045fe1106349dc04c733adc9e99ea3d9d66f5145aedb9c3
[INFO] running `Command { std: "docker" "start" "-a" "b890e301f7fe0663f045fe1106349dc04c733adc9e99ea3d9d66f5145aedb9c3", kill_on_drop: false }`
[INFO] [stderr]    Compiling memchr v2.7.1
[INFO] [stderr]    Compiling atty v0.2.14
[INFO] [stderr]    Compiling termcolor v1.4.0
[INFO] [stderr]    Compiling watchdog-device v0.1.0 (/opt/rustwide/workdir)
[INFO] [stderr]    Compiling aho-corasick v1.1.2
[INFO] [stderr]    Compiling regex-automata v0.4.3
[INFO] [stderr]    Compiling regex v1.10.2
[INFO] [stderr]    Compiling env_logger v0.9.3
[INFO] [stderr]     Finished test [unoptimized + debuginfo] target(s) in 7.81s
[INFO] running `Command { std: "docker" "inspect" "b890e301f7fe0663f045fe1106349dc04c733adc9e99ea3d9d66f5145aedb9c3", kill_on_drop: false }`
[INFO] running `Command { std: "docker" "rm" "-f" "b890e301f7fe0663f045fe1106349dc04c733adc9e99ea3d9d66f5145aedb9c3", kill_on_drop: false }`
[INFO] [stdout] b890e301f7fe0663f045fe1106349dc04c733adc9e99ea3d9d66f5145aedb9c3
[INFO] running `Command { std: "docker" "create" "-v" "/var/lib/crater-agent-workspace/builds/worker-4-tc1/target:/opt/rustwide/target:rw,Z" "-v" "/var/lib/crater-agent-workspace/builds/worker-4-tc1/source:/opt/rustwide/workdir:ro,Z" "-v" "/var/lib/crater-agent-workspace/cargo-home:/opt/rustwide/cargo-home:ro,Z" "-v" "/var/lib/crater-agent-workspace/rustup-home:/opt/rustwide/rustup-home:ro,Z" "-e" "SOURCE_DIR=/opt/rustwide/workdir" "-e" "CARGO_TARGET_DIR=/opt/rustwide/target" "-e" "CARGO_INCREMENTAL=0" "-e" "RUST_BACKTRACE=full" "-e" "RUSTFLAGS=--cap-lints=warn" "-e" "RUSTDOCFLAGS=--cap-lints=warn" "-e" "CARGO_HOME=/opt/rustwide/cargo-home" "-e" "RUSTUP_HOME=/opt/rustwide/rustup-home" "-w" "/opt/rustwide/workdir" "-m" "1610612736" "--user" "0:0" "--network" "none" "ghcr.io/rust-lang/crates-build-env/linux@sha256:2788e3201cd34a07e3172128adcd8b3090168a8e3bcc40d7c032b9dda1df7d1c" "/opt/rustwide/cargo-home/bin/cargo" "+1.75.0" "test" "--frozen", kill_on_drop: false }`
[INFO] [stdout] 2a9849624e16309d3c47e9adca9375bc2ee83c57b78a36fd44dc5b0a55c1086f
[INFO] running `Command { std: "docker" "start" "-a" "2a9849624e16309d3c47e9adca9375bc2ee83c57b78a36fd44dc5b0a55c1086f", kill_on_drop: false }`
[INFO] [stderr]     Finished test [unoptimized + debuginfo] target(s) in 0.03s
[INFO] [stderr]      Running unittests src/lib.rs (/opt/rustwide/target/debug/deps/watchdog_device-7b600ca670d53db9)
[INFO] [stdout] 
[INFO] [stdout] running 0 tests
[INFO] [stdout] 
[INFO] [stdout] test result: ok. 0 passed; 0 failed; 0 ignored; 0 measured; 0 filtered out; finished in 0.00s
[INFO] [stdout] 
[INFO] [stderr]      Running tests/integration_tests.rs (/opt/rustwide/target/debug/deps/integration_tests-9c1cd4270c4f7d62)
[INFO] [stdout] 
[INFO] [stdout] running 21 tests
[INFO] [stdout] test tests::test_automatic_keepalive_no_magic_close ... ignored
[INFO] [stdout] test tests::test_disable_card ... ignored
[INFO] [stdout] test tests::test_enable_card ... ignored
[INFO] [stdout] test tests::test_get_boot_status ... FAILED
[INFO] [stdout] test tests::test_get_time_left ... FAILED
[INFO] [stdout] test tests::test_get_temp ... FAILED
[INFO] [stdout] test tests::test_multiple_instances ... FAILED
[INFO] [stdout] test tests::test_get_status ... FAILED
[INFO] [stdout] test tests::test_get_timeout ... FAILED
[INFO] [stdout] test tests::test_automatic_keepalive ... FAILED
[INFO] [stdout] test tests::test_get_option_flags ... FAILED
[INFO] [stdout] test tests::test_magic_close ... FAILED
[INFO] [stdout] test tests::test_get_driver_identity ... FAILED
[INFO] [stdout] test tests::test_keep_alive ... FAILED
[INFO] [stdout] test tests::test_get_firmware_version ... FAILED
[INFO] [stdout] test tests::test_set_options ... ignored
[INFO] [stdout] test tests::test_open ... FAILED
[INFO] [stdout] test tests::test_set_pretimeout ... FAILED
[INFO] [stdout] test tests::test_get_pretimeout ... FAILED
[INFO] [stdout] test tests::test_set_timeout ... FAILED
[INFO] [stdout] test tests::test_successive_opening ... FAILED
[INFO] [stdout] 
[INFO] [stdout] failures:
[INFO] [stdout] 
[INFO] [stdout] ---- tests::test_get_boot_status stdout ----
[INFO] [stdout] Error: Os { code: 2, kind: NotFound, message: "No such file or directory" }
[INFO] [stdout] 
[INFO] [stdout] ---- tests::test_get_time_left stdout ----
[INFO] [stdout] Error: Os { code: 2, kind: NotFound, message: "No such file or directory" }
[INFO] [stdout] 
[INFO] [stdout] ---- tests::test_get_temp stdout ----
[INFO] [stdout] Error: Os { code: 2, kind: NotFound, message: "No such file or directory" }
[INFO] [stdout] 
[INFO] [stdout] ---- tests::test_multiple_instances stdout ----
[INFO] [stdout] Error: Os { code: 2, kind: NotFound, message: "No such file or directory" }
[INFO] [stdout] 
[INFO] [stdout] ---- tests::test_get_status stdout ----
[INFO] [stdout] Error: Os { code: 2, kind: NotFound, message: "No such file or directory" }
[INFO] [stdout] 
[INFO] [stdout] ---- tests::test_get_timeout stdout ----
[INFO] [stdout] Error: Os { code: 2, kind: NotFound, message: "No such file or directory" }
[INFO] [stdout] 
[INFO] [stdout] ---- tests::test_automatic_keepalive stdout ----
[INFO] [stdout] Error: Os { code: 2, kind: NotFound, message: "No such file or directory" }
[INFO] [stdout] 
[INFO] [stdout] ---- tests::test_get_option_flags stdout ----
[INFO] [stdout] Error: Os { code: 2, kind: NotFound, message: "No such file or directory" }
[INFO] [stdout] 
[INFO] [stdout] ---- tests::test_magic_close stdout ----
[INFO] [stdout] Error: Os { code: 2, kind: NotFound, message: "No such file or directory" }
[INFO] [stdout] 
[INFO] [stdout] ---- tests::test_get_driver_identity stdout ----
[INFO] [stdout] Error: Os { code: 2, kind: NotFound, message: "No such file or directory" }
[INFO] [stdout] 
[INFO] [stdout] ---- tests::test_keep_alive stdout ----
[INFO] [stdout] Error: Os { code: 2, kind: NotFound, message: "No such file or directory" }
[INFO] [stdout] 
[INFO] [stdout] ---- tests::test_get_firmware_version stdout ----
[INFO] [stdout] Error: Os { code: 2, kind: NotFound, message: "No such file or directory" }
[INFO] [stdout] 
[INFO] [stdout] ---- tests::test_open stdout ----
[INFO] [stdout] Error: Os { code: 2, kind: NotFound, message: "No such file or directory" }
[INFO] [stdout] 
[INFO] [stdout] ---- tests::test_set_pretimeout stdout ----
[INFO] [stdout] Error: Os { code: 2, kind: NotFound, message: "No such file or directory" }
[INFO] [stdout] 
[INFO] [stdout] ---- tests::test_get_pretimeout stdout ----
[INFO] [stdout] Error: Os { code: 2, kind: NotFound, message: "No such file or directory" }
[INFO] [stdout] 
[INFO] [stdout] ---- tests::test_set_timeout stdout ----
[INFO] [stdout] Error: Os { code: 2, kind: NotFound, message: "No such file or directory" }
[INFO] [stdout] 
[INFO] [stdout] ---- tests::test_successive_opening stdout ----
[INFO] [stdout] Error: Os { code: 2, kind: NotFound, message: "No such file or directory" }
[INFO] [stdout] 
[INFO] [stdout] 
[INFO] [stdout] failures:
[INFO] [stdout]     tests::test_automatic_keepalive
[INFO] [stdout]     tests::test_get_boot_status
[INFO] [stdout]     tests::test_get_driver_identity
[INFO] [stdout]     tests::test_get_firmware_version
[INFO] [stdout]     tests::test_get_option_flags
[INFO] [stdout]     tests::test_get_pretimeout
[INFO] [stdout]     tests::test_get_status
[INFO] [stdout]     tests::test_get_temp
[INFO] [stdout]     tests::test_get_time_left
[INFO] [stdout]     tests::test_get_timeout
[INFO] [stdout]     tests::test_keep_alive
[INFO] [stdout]     tests::test_magic_close
[INFO] [stdout]     tests::test_multiple_instances
[INFO] [stdout]     tests::test_open
[INFO] [stdout]     tests::test_set_pretimeout
[INFO] [stdout]     tests::test_set_timeout
[INFO] [stdout]     tests::test_successive_opening
[INFO] [stdout] 
[INFO] [stdout] test result: FAILED. 0 passed; 17 failed; 4 ignored; 0 measured; 0 filtered out; finished in 0.03s
[INFO] [stdout] 
[INFO] [stderr] error: test failed, to rerun pass `--test integration_tests`
[INFO] running `Command { std: "docker" "inspect" "2a9849624e16309d3c47e9adca9375bc2ee83c57b78a36fd44dc5b0a55c1086f", kill_on_drop: false }`
[INFO] running `Command { std: "docker" "rm" "-f" "2a9849624e16309d3c47e9adca9375bc2ee83c57b78a36fd44dc5b0a55c1086f", kill_on_drop: false }`
[INFO] [stdout] 2a9849624e16309d3c47e9adca9375bc2ee83c57b78a36fd44dc5b0a55c1086f
