[INFO] fetching crate wasmy-macros 0.5.6...
[INFO] testing wasmy-macros-0.5.6 against 1.75.0 for beta-1.76-1
[INFO] extracting crate wasmy-macros 0.5.6 into /workspace/builds/worker-0-tc1/source
[INFO] validating manifest of crates.io crate wasmy-macros 0.5.6 on toolchain 1.75.0
[INFO] running `Command { std: CARGO_HOME="/workspace/cargo-home" RUSTUP_HOME="/workspace/rustup-home" "/workspace/cargo-home/bin/cargo" "+1.75.0" "metadata" "--manifest-path" "Cargo.toml" "--no-deps", kill_on_drop: false }`
[INFO] started tweaking crates.io crate wasmy-macros 0.5.6
[INFO] finished tweaking crates.io crate wasmy-macros 0.5.6
[INFO] tweaked toml for crates.io crate wasmy-macros 0.5.6 written to /workspace/builds/worker-0-tc1/source/Cargo.toml
[INFO] running `Command { std: CARGO_HOME="/workspace/cargo-home" RUSTUP_HOME="/workspace/rustup-home" "/workspace/cargo-home/bin/cargo" "+1.75.0" "generate-lockfile" "--manifest-path" "Cargo.toml", kill_on_drop: false }`
[INFO] [stderr]     Updating crates.io index
[INFO] running `Command { std: CARGO_HOME="/workspace/cargo-home" RUSTUP_HOME="/workspace/rustup-home" "/workspace/cargo-home/bin/cargo" "+1.75.0" "fetch" "--manifest-path" "Cargo.toml", kill_on_drop: false }`
[INFO] running `Command { std: "docker" "create" "-v" "/var/lib/crater-agent-workspace/builds/worker-0-tc1/target:/opt/rustwide/target:rw,Z" "-v" "/var/lib/crater-agent-workspace/builds/worker-0-tc1/source:/opt/rustwide/workdir:ro,Z" "-v" "/var/lib/crater-agent-workspace/cargo-home:/opt/rustwide/cargo-home:ro,Z" "-v" "/var/lib/crater-agent-workspace/rustup-home:/opt/rustwide/rustup-home:ro,Z" "-e" "SOURCE_DIR=/opt/rustwide/workdir" "-e" "CARGO_TARGET_DIR=/opt/rustwide/target" "-e" "CARGO_HOME=/opt/rustwide/cargo-home" "-e" "RUSTUP_HOME=/opt/rustwide/rustup-home" "-w" "/opt/rustwide/workdir" "-m" "1610612736" "--user" "0:0" "--network" "none" "ghcr.io/rust-lang/crates-build-env/linux@sha256:2788e3201cd34a07e3172128adcd8b3090168a8e3bcc40d7c032b9dda1df7d1c" "/opt/rustwide/cargo-home/bin/cargo" "+1.75.0" "metadata" "--no-deps" "--format-version=1", kill_on_drop: false }`
[INFO] [stdout] 525820a11c183438305176f973bfdf80d032171ab6d581871d88c46552a476a8
[INFO] running `Command { std: "docker" "start" "-a" "525820a11c183438305176f973bfdf80d032171ab6d581871d88c46552a476a8", kill_on_drop: false }`
[INFO] running `Command { std: "docker" "inspect" "525820a11c183438305176f973bfdf80d032171ab6d581871d88c46552a476a8", kill_on_drop: false }`
[INFO] running `Command { std: "docker" "rm" "-f" "525820a11c183438305176f973bfdf80d032171ab6d581871d88c46552a476a8", kill_on_drop: false }`
[INFO] [stdout] 525820a11c183438305176f973bfdf80d032171ab6d581871d88c46552a476a8
[INFO] running `Command { std: "docker" "create" "-v" "/var/lib/crater-agent-workspace/builds/worker-0-tc1/target:/opt/rustwide/target:rw,Z" "-v" "/var/lib/crater-agent-workspace/builds/worker-0-tc1/source:/opt/rustwide/workdir:ro,Z" "-v" "/var/lib/crater-agent-workspace/cargo-home:/opt/rustwide/cargo-home:ro,Z" "-v" "/var/lib/crater-agent-workspace/rustup-home:/opt/rustwide/rustup-home:ro,Z" "-e" "SOURCE_DIR=/opt/rustwide/workdir" "-e" "CARGO_TARGET_DIR=/opt/rustwide/target" "-e" "CARGO_INCREMENTAL=0" "-e" "RUST_BACKTRACE=full" "-e" "RUSTFLAGS=--cap-lints=warn" "-e" "RUSTDOCFLAGS=--cap-lints=warn" "-e" "CARGO_HOME=/opt/rustwide/cargo-home" "-e" "RUSTUP_HOME=/opt/rustwide/rustup-home" "-w" "/opt/rustwide/workdir" "-m" "1610612736" "--user" "0:0" "--network" "none" "ghcr.io/rust-lang/crates-build-env/linux@sha256:2788e3201cd34a07e3172128adcd8b3090168a8e3bcc40d7c032b9dda1df7d1c" "/opt/rustwide/cargo-home/bin/cargo" "+1.75.0" "build" "--frozen" "--message-format=json", kill_on_drop: false }`
[INFO] [stdout] f750ef50d24655731742bfc3c74c589d94f700d217378bf74184563cf4a480c6
[INFO] running `Command { std: "docker" "start" "-a" "f750ef50d24655731742bfc3c74c589d94f700d217378bf74184563cf4a480c6", kill_on_drop: false }`
[INFO] [stderr]    Compiling proc-macro2 v1.0.75
[INFO] [stderr]    Compiling unicode-ident v1.0.12
[INFO] [stderr]    Compiling syn v1.0.109
[INFO] [stderr]    Compiling quote v1.0.35
[INFO] [stderr]    Compiling wasmy-macros v0.5.6 (/opt/rustwide/workdir)
[INFO] [stderr]     Finished dev [unoptimized + debuginfo] target(s) in 7.33s
[INFO] running `Command { std: "docker" "inspect" "f750ef50d24655731742bfc3c74c589d94f700d217378bf74184563cf4a480c6", kill_on_drop: false }`
[INFO] running `Command { std: "docker" "rm" "-f" "f750ef50d24655731742bfc3c74c589d94f700d217378bf74184563cf4a480c6", kill_on_drop: false }`
[INFO] [stdout] f750ef50d24655731742bfc3c74c589d94f700d217378bf74184563cf4a480c6
[INFO] running `Command { std: "docker" "create" "-v" "/var/lib/crater-agent-workspace/builds/worker-0-tc1/target:/opt/rustwide/target:rw,Z" "-v" "/var/lib/crater-agent-workspace/builds/worker-0-tc1/source:/opt/rustwide/workdir:ro,Z" "-v" "/var/lib/crater-agent-workspace/cargo-home:/opt/rustwide/cargo-home:ro,Z" "-v" "/var/lib/crater-agent-workspace/rustup-home:/opt/rustwide/rustup-home:ro,Z" "-e" "SOURCE_DIR=/opt/rustwide/workdir" "-e" "CARGO_TARGET_DIR=/opt/rustwide/target" "-e" "CARGO_INCREMENTAL=0" "-e" "RUST_BACKTRACE=full" "-e" "RUSTFLAGS=--cap-lints=warn" "-e" "RUSTDOCFLAGS=--cap-lints=warn" "-e" "CARGO_HOME=/opt/rustwide/cargo-home" "-e" "RUSTUP_HOME=/opt/rustwide/rustup-home" "-w" "/opt/rustwide/workdir" "-m" "1610612736" "--user" "0:0" "--network" "none" "ghcr.io/rust-lang/crates-build-env/linux@sha256:2788e3201cd34a07e3172128adcd8b3090168a8e3bcc40d7c032b9dda1df7d1c" "/opt/rustwide/cargo-home/bin/cargo" "+1.75.0" "test" "--frozen" "--no-run" "--message-format=json", kill_on_drop: false }`
[INFO] [stdout] 06313878e87accbc1914c1b816119b708df35dfcc3239670ad79a76426a7046d
[INFO] running `Command { std: "docker" "start" "-a" "06313878e87accbc1914c1b816119b708df35dfcc3239670ad79a76426a7046d", kill_on_drop: false }`
[INFO] [stderr]    Compiling wasmy-macros v0.5.6 (/opt/rustwide/workdir)
[INFO] [stdout] warning: unused import: `ItemFn`
[INFO] [stdout]  --> src/lib.rs:6:33
[INFO] [stdout]   |
[INFO] [stdout] 6 | use syn::{parse::Parser, FnArg, ItemFn, Lit, Pat, Signature};
[INFO] [stdout]   |                                 ^^^^^^
[INFO] [stdout]   |
[INFO] [stdout]   = note: `#[warn(unused_imports)]` on by default
[INFO] [stdout] 
[INFO] [stdout] 
[INFO] [stdout] warning: type alias `AttributeArgs` is never used
[INFO] [stdout]  --> src/lib.rs:9:6
[INFO] [stdout]   |
[INFO] [stdout] 9 | type AttributeArgs = syn::punctuated::Punctuated<syn::NestedMeta, syn::Token![,]>;
[INFO] [stdout]   |      ^^^^^^^^^^^^^
[INFO] [stdout]   |
[INFO] [stdout]   = note: `#[warn(dead_code)]` on by default
[INFO] [stdout] 
[INFO] [stdout] 
[INFO] [stdout] warning: function `wasm_gen_inner` is never used
[INFO] [stdout]    --> src/lib.rs:103:4
[INFO] [stdout]     |
[INFO] [stdout] 103 | fn wasm_gen_inner(raw_sig: Signature) -> (Ident, proc_macro2::TokenStream) {
[INFO] [stdout]     |    ^^^^^^^^^^^^^^
[INFO] [stdout] 
[INFO] [stdout] 
[INFO] [stdout] warning: function `parse_method` is never used
[INFO] [stdout]    --> src/lib.rs:150:4
[INFO] [stdout]     |
[INFO] [stdout] 150 | fn parse_method(marco_name: &str, input: TokenStream) -> Result<i32, syn::Error> {
[INFO] [stdout]     |    ^^^^^^^^^^^^
[INFO] [stdout] 
[INFO] [stdout] 
[INFO] [stdout] warning: function `fn_arg_ident` is never used
[INFO] [stdout]    --> src/lib.rs:200:4
[INFO] [stdout]     |
[INFO] [stdout] 200 | fn fn_arg_ident(arg: &FnArg) -> Ident {
[INFO] [stdout]     |    ^^^^^^^^^^^^
[INFO] [stdout] 
[INFO] [stdout] 
[INFO] [stdout] warning: 5 warnings emitted
[INFO] [stdout] 
[INFO] [stdout] 
[INFO] [stderr]     Finished test [unoptimized + debuginfo] target(s) in 0.87s
[INFO] running `Command { std: "docker" "inspect" "06313878e87accbc1914c1b816119b708df35dfcc3239670ad79a76426a7046d", kill_on_drop: false }`
[INFO] running `Command { std: "docker" "rm" "-f" "06313878e87accbc1914c1b816119b708df35dfcc3239670ad79a76426a7046d", kill_on_drop: false }`
[INFO] [stdout] 06313878e87accbc1914c1b816119b708df35dfcc3239670ad79a76426a7046d
[INFO] running `Command { std: "docker" "create" "-v" "/var/lib/crater-agent-workspace/builds/worker-0-tc1/target:/opt/rustwide/target:rw,Z" "-v" "/var/lib/crater-agent-workspace/builds/worker-0-tc1/source:/opt/rustwide/workdir:ro,Z" "-v" "/var/lib/crater-agent-workspace/cargo-home:/opt/rustwide/cargo-home:ro,Z" "-v" "/var/lib/crater-agent-workspace/rustup-home:/opt/rustwide/rustup-home:ro,Z" "-e" "SOURCE_DIR=/opt/rustwide/workdir" "-e" "CARGO_TARGET_DIR=/opt/rustwide/target" "-e" "CARGO_INCREMENTAL=0" "-e" "RUST_BACKTRACE=full" "-e" "RUSTFLAGS=--cap-lints=warn" "-e" "RUSTDOCFLAGS=--cap-lints=warn" "-e" "CARGO_HOME=/opt/rustwide/cargo-home" "-e" "RUSTUP_HOME=/opt/rustwide/rustup-home" "-w" "/opt/rustwide/workdir" "-m" "1610612736" "--user" "0:0" "--network" "none" "ghcr.io/rust-lang/crates-build-env/linux@sha256:2788e3201cd34a07e3172128adcd8b3090168a8e3bcc40d7c032b9dda1df7d1c" "/opt/rustwide/cargo-home/bin/cargo" "+1.75.0" "test" "--frozen", kill_on_drop: false }`
[INFO] [stdout] b5574284ace6731350887b7ef2ae04586aff595706c60a84b5ae835308bac4ad
[INFO] running `Command { std: "docker" "start" "-a" "b5574284ace6731350887b7ef2ae04586aff595706c60a84b5ae835308bac4ad", kill_on_drop: false }`
[INFO] [stderr] warning: unused import: `ItemFn`
[INFO] [stderr]  --> src/lib.rs:6:33
[INFO] [stderr]   |
[INFO] [stderr] 6 | use syn::{parse::Parser, FnArg, ItemFn, Lit, Pat, Signature};
[INFO] [stderr]   |                                 ^^^^^^
[INFO] [stderr]   |
[INFO] [stderr]   = note: `#[warn(unused_imports)]` on by default
[INFO] [stderr] 
[INFO] [stderr] warning: type alias `AttributeArgs` is never used
[INFO] [stderr]  --> src/lib.rs:9:6
[INFO] [stderr]   |
[INFO] [stderr] 9 | type AttributeArgs = syn::punctuated::Punctuated<syn::NestedMeta, syn::Token![,]>;
[INFO] [stderr]   |      ^^^^^^^^^^^^^
[INFO] [stderr]   |
[INFO] [stderr]   = note: `#[warn(dead_code)]` on by default
[INFO] [stderr] 
[INFO] [stderr] warning: function `wasm_gen_inner` is never used
[INFO] [stderr]    --> src/lib.rs:103:4
[INFO] [stderr]     |
[INFO] [stderr] 103 | fn wasm_gen_inner(raw_sig: Signature) -> (Ident, proc_macro2::TokenStream) {
[INFO] [stderr]     |    ^^^^^^^^^^^^^^
[INFO] [stderr] 
[INFO] [stderr] warning: function `parse_method` is never used
[INFO] [stderr]    --> src/lib.rs:150:4
[INFO] [stderr]     |
[INFO] [stderr] 150 | fn parse_method(marco_name: &str, input: TokenStream) -> Result<i32, syn::Error> {
[INFO] [stderr]     |    ^^^^^^^^^^^^
[INFO] [stderr] 
[INFO] [stderr] warning: function `fn_arg_ident` is never used
[INFO] [stderr]    --> src/lib.rs:200:4
[INFO] [stderr]     |
[INFO] [stderr] 200 | fn fn_arg_ident(arg: &FnArg) -> Ident {
[INFO] [stderr]     |    ^^^^^^^^^^^^
[INFO] [stderr] 
[INFO] [stderr] warning: `wasmy-macros` (lib test) generated 5 warnings (run `cargo fix --lib -p wasmy-macros --tests` to apply 1 suggestion)
[INFO] [stderr]     Finished test [unoptimized + debuginfo] target(s) in 0.01s
[INFO] [stderr]      Running unittests src/lib.rs (/opt/rustwide/target/debug/deps/wasmy_macros-8f627d1b2ea93850)
[INFO] [stdout] 
[INFO] [stdout] running 0 tests
[INFO] [stdout] 
[INFO] [stdout] test result: ok. 0 passed; 0 failed; 0 ignored; 0 measured; 0 filtered out; finished in 0.00s
[INFO] [stdout] 
[INFO] [stderr]    Doc-tests wasmy-macros
[INFO] [stdout] 
[INFO] [stdout] running 4 tests
[INFO] [stdout] test src/lib.rs - wasm_handle (line 71) ... FAILED
[INFO] [stdout] test src/lib.rs - wasm_onload (line 124) ... FAILED
[INFO] [stdout] test src/lib.rs - vm_handle (line 14) ... FAILED
[INFO] [stdout] test src/lib.rs - vm_handle (line 19) ... FAILED
[INFO] [stdout] 
[INFO] [stdout] failures:
[INFO] [stdout] 
[INFO] [stdout] ---- src/lib.rs - wasm_handle (line 71) stdout ----
[INFO] [stdout] error: cannot find attribute `wasm_handle` in this scope
[INFO] [stdout]  --> src/lib.rs:72:3
[INFO] [stdout]   |
[INFO] [stdout] 3 | #[wasm_handle(method=123)]
[INFO] [stdout]   |   ^^^^^^^^^^^
[INFO] [stdout]   |
[INFO] [stdout] help: consider importing this attribute macro
[INFO] [stdout]   |
[INFO] [stdout] 2 + use wasmy_macros::wasm_handle;
[INFO] [stdout]   |
[INFO] [stdout] 
[INFO] [stdout] error[E0433]: failed to resolve: use of undeclared crate or module `wasmy_abi`
[INFO] [stdout]  --> src/lib.rs:73:11
[INFO] [stdout]   |
[INFO] [stdout] 4 | fn xxx<W: wasmy_abi::WasmContext<Value>, Value: wasmy_abi::Message, A: wasmy_abi::Message, R: wasmy_abi::Message>(ctx: W, args: A) -> was...
[INFO] [stdout]   |           ^^^^^^^^^ use of undeclared crate or module `wasmy_abi`
[INFO] [stdout] 
[INFO] [stdout] error[E0433]: failed to resolve: use of undeclared crate or module `wasmy_abi`
[INFO] [stdout]  --> src/lib.rs:73:49
[INFO] [stdout]   |
[INFO] [stdout] 4 | fn xxx<W: wasmy_abi::WasmContext<Value>, Value: wasmy_abi::Message, A: wasmy_abi::Message, R: wasmy_abi::Message>(ctx: W, args: A) -> was...
[INFO] [stdout]   |                                                 ^^^^^^^^^ use of undeclared crate or module `wasmy_abi`
[INFO] [stdout] 
[INFO] [stdout] error[E0433]: failed to resolve: use of undeclared crate or module `wasmy_abi`
[INFO] [stdout]  --> src/lib.rs:73:72
[INFO] [stdout]   |
[INFO] [stdout] 4 | fn xxx<W: wasmy_abi::WasmContext<Value>, Value: wasmy_abi::Message, A: wasmy_abi::Message, R: wasmy_abi::Message>(ctx: W, args: A) -> was...
[INFO] [stdout]   |                                                                        ^^^^^^^^^ use of undeclared crate or module `wasmy_abi`
[INFO] [stdout] 
[INFO] [stdout] error[E0433]: failed to resolve: use of undeclared crate or module `wasmy_abi`
[INFO] [stdout]  --> src/lib.rs:73:95
[INFO] [stdout]   |
[INFO] [stdout] 4 | ...bi::Message, A: wasmy_abi::Message, R: wasmy_abi::Message>(ctx: W, args: A) -> wasmy_abi::Result<R> {todo!()}
[INFO] [stdout]   |                                           ^^^^^^^^^ use of undeclared crate or module `wasmy_abi`
[INFO] [stdout] 
[INFO] [stdout] error[E0433]: failed to resolve: use of undeclared crate or module `wasmy_abi`
[INFO] [stdout]  --> src/lib.rs:73:135
[INFO] [stdout]   |
[INFO] [stdout] 4 | ...asmy_abi::Message>(ctx: W, args: A) -> wasmy_abi::Result<R> {todo!()}
[INFO] [stdout]   |                                           ^^^^^^^^^ use of undeclared crate or module `wasmy_abi`
[INFO] [stdout] 
[INFO] [stdout] error: aborting due to 6 previous errors
[INFO] [stdout] 
[INFO] [stdout] For more information about this error, try `rustc --explain E0433`.
[INFO] [stdout] Couldn't compile the test.
[INFO] [stdout] ---- src/lib.rs - wasm_onload (line 124) stdout ----
[INFO] [stdout] error: cannot find attribute `wasm_onload` in this scope
[INFO] [stdout]  --> src/lib.rs:125:3
[INFO] [stdout]   |
[INFO] [stdout] 3 | #[wasm_onload]
[INFO] [stdout]   |   ^^^^^^^^^^^
[INFO] [stdout]   |
[INFO] [stdout] help: consider importing this attribute macro
[INFO] [stdout]   |
[INFO] [stdout] 2 + use wasmy_macros::wasm_onload;
[INFO] [stdout]   |
[INFO] [stdout] 
[INFO] [stdout] error: aborting due to previous error
[INFO] [stdout] 
[INFO] [stdout] Couldn't compile the test.
[INFO] [stdout] ---- src/lib.rs - vm_handle (line 14) stdout ----
[INFO] [stdout] error: cannot find attribute `vm_handle` in this scope
[INFO] [stdout]  --> src/lib.rs:15:3
[INFO] [stdout]   |
[INFO] [stdout] 3 | #[vm_handle(123)]
[INFO] [stdout]   |   ^^^^^^^^^
[INFO] [stdout]   |
[INFO] [stdout] help: consider importing this attribute macro
[INFO] [stdout]   |
[INFO] [stdout] 2 + use wasmy_macros::vm_handle;
[INFO] [stdout]   |
[INFO] [stdout] 
[INFO] [stdout] error[E0433]: failed to resolve: use of undeclared crate or module `wasmy_abi`
[INFO] [stdout]  --> src/lib.rs:16:11
[INFO] [stdout]   |
[INFO] [stdout] 4 | fn xxx<A: wasmy_abi::Message, R: wasmy_abi::Message>(args: A) -> wasmy_abi::Result<R> {todo!()}
[INFO] [stdout]   |           ^^^^^^^^^ use of undeclared crate or module `wasmy_abi`
[INFO] [stdout] 
[INFO] [stdout] error[E0433]: failed to resolve: use of undeclared crate or module `wasmy_abi`
[INFO] [stdout]  --> src/lib.rs:16:34
[INFO] [stdout]   |
[INFO] [stdout] 4 | fn xxx<A: wasmy_abi::Message, R: wasmy_abi::Message>(args: A) -> wasmy_abi::Result<R> {todo!()}
[INFO] [stdout]   |                                  ^^^^^^^^^ use of undeclared crate or module `wasmy_abi`
[INFO] [stdout] 
[INFO] [stdout] error[E0433]: failed to resolve: use of undeclared crate or module `wasmy_abi`
[INFO] [stdout]  --> src/lib.rs:16:66
[INFO] [stdout]   |
[INFO] [stdout] 4 | fn xxx<A: wasmy_abi::Message, R: wasmy_abi::Message>(args: A) -> wasmy_abi::Result<R> {todo!()}
[INFO] [stdout]   |                                                                  ^^^^^^^^^ use of undeclared crate or module `wasmy_abi`
[INFO] [stdout] 
[INFO] [stdout] error: aborting due to 4 previous errors
[INFO] [stdout] 
[INFO] [stdout] For more information about this error, try `rustc --explain E0433`.
[INFO] [stdout] Couldn't compile the test.
[INFO] [stdout] ---- src/lib.rs - vm_handle (line 19) stdout ----
[INFO] [stdout] error: cannot find attribute `vm_handle` in this scope
[INFO] [stdout]  --> src/lib.rs:20:3
[INFO] [stdout]   |
[INFO] [stdout] 3 | #[vm_handle(123)]
[INFO] [stdout]   |   ^^^^^^^^^
[INFO] [stdout]   |
[INFO] [stdout] help: consider importing this attribute macro
[INFO] [stdout]   |
[INFO] [stdout] 2 + use wasmy_macros::vm_handle;
[INFO] [stdout]   |
[INFO] [stdout] 
[INFO] [stdout] error[E0433]: failed to resolve: use of undeclared crate or module `wasmy_abi`
[INFO] [stdout]  --> src/lib.rs:21:11
[INFO] [stdout]   |
[INFO] [stdout] 4 | fn yyy<C: wasmy_abi::Message, A: wasmy_abi::Message, R: wasmy_abi::Message>(ctx: Option<&C>, args: A) -> wasmy_abi::Result<R> {todo!()}
[INFO] [stdout]   |           ^^^^^^^^^ use of undeclared crate or module `wasmy_abi`
[INFO] [stdout] 
[INFO] [stdout] error[E0433]: failed to resolve: use of undeclared crate or module `wasmy_abi`
[INFO] [stdout]  --> src/lib.rs:21:34
[INFO] [stdout]   |
[INFO] [stdout] 4 | fn yyy<C: wasmy_abi::Message, A: wasmy_abi::Message, R: wasmy_abi::Message>(ctx: Option<&C>, args: A) -> wasmy_abi::Result<R> {todo!()}
[INFO] [stdout]   |                                  ^^^^^^^^^ use of undeclared crate or module `wasmy_abi`
[INFO] [stdout] 
[INFO] [stdout] error[E0433]: failed to resolve: use of undeclared crate or module `wasmy_abi`
[INFO] [stdout]  --> src/lib.rs:21:57
[INFO] [stdout]   |
[INFO] [stdout] 4 | fn yyy<C: wasmy_abi::Message, A: wasmy_abi::Message, R: wasmy_abi::Message>(ctx: Option<&C>, args: A) -> wasmy_abi::Result<R> {todo!()}
[INFO] [stdout]   |                                                         ^^^^^^^^^ use of undeclared crate or module `wasmy_abi`
[INFO] [stdout] 
[INFO] [stdout] error[E0433]: failed to resolve: use of undeclared crate or module `wasmy_abi`
[INFO] [stdout]  --> src/lib.rs:21:106
[INFO] [stdout]   |
[INFO] [stdout] 4 | fn yyy<C: wasmy_abi::Message, A: wasmy_abi::Message, R: wasmy_abi::Message>(ctx: Option<&C>, args: A) -> wasmy_abi::Result<R> {todo!()}
[INFO] [stdout]   |                                                                                                          ^^^^^^^^^ use of undeclared crate or module `wasmy_abi`
[INFO] [stdout] 
[INFO] [stdout] error: aborting due to 5 previous errors
[INFO] [stdout] 
[INFO] [stdout] For more information about this error, try `rustc --explain E0433`.
[INFO] [stdout] Couldn't compile the test.
[INFO] [stdout] 
[INFO] [stdout] failures:
[INFO] [stdout]     src/lib.rs - vm_handle (line 14)
[INFO] [stdout]     src/lib.rs - vm_handle (line 19)
[INFO] [stdout]     src/lib.rs - wasm_handle (line 71)
[INFO] [stdout]     src/lib.rs - wasm_onload (line 124)
[INFO] [stdout] 
[INFO] [stdout] test result: FAILED. 0 passed; 4 failed; 0 ignored; 0 measured; 0 filtered out; finished in 0.22s
[INFO] [stdout] 
[INFO] [stderr] error: doctest failed, to rerun pass `--doc`
[INFO] running `Command { std: "docker" "inspect" "b5574284ace6731350887b7ef2ae04586aff595706c60a84b5ae835308bac4ad", kill_on_drop: false }`
[INFO] running `Command { std: "docker" "rm" "-f" "b5574284ace6731350887b7ef2ae04586aff595706c60a84b5ae835308bac4ad", kill_on_drop: false }`
[INFO] [stdout] b5574284ace6731350887b7ef2ae04586aff595706c60a84b5ae835308bac4ad
