[INFO] fetching crate wasmgdb_ddbug_parser 0.3.3...
[INFO] testing wasmgdb_ddbug_parser-0.3.3 against 1.75.0 for beta-1.76-1
[INFO] extracting crate wasmgdb_ddbug_parser 0.3.3 into /workspace/builds/worker-6-tc1/source
[INFO] validating manifest of crates.io crate wasmgdb_ddbug_parser 0.3.3 on toolchain 1.75.0
[INFO] running `Command { std: CARGO_HOME="/workspace/cargo-home" RUSTUP_HOME="/workspace/rustup-home" "/workspace/cargo-home/bin/cargo" "+1.75.0" "metadata" "--manifest-path" "Cargo.toml" "--no-deps", kill_on_drop: false }`
[INFO] started tweaking crates.io crate wasmgdb_ddbug_parser 0.3.3
[INFO] finished tweaking crates.io crate wasmgdb_ddbug_parser 0.3.3
[INFO] tweaked toml for crates.io crate wasmgdb_ddbug_parser 0.3.3 written to /workspace/builds/worker-6-tc1/source/Cargo.toml
[INFO] running `Command { std: CARGO_HOME="/workspace/cargo-home" RUSTUP_HOME="/workspace/rustup-home" "/workspace/cargo-home/bin/cargo" "+1.75.0" "generate-lockfile" "--manifest-path" "Cargo.toml", kill_on_drop: false }`
[INFO] [stderr]     Updating crates.io index
[INFO] running `Command { std: CARGO_HOME="/workspace/cargo-home" RUSTUP_HOME="/workspace/rustup-home" "/workspace/cargo-home/bin/cargo" "+1.75.0" "fetch" "--manifest-path" "Cargo.toml", kill_on_drop: false }`
[INFO] [stderr]  Downloading crates ...
[INFO] [stderr]   Downloaded wasmparser v0.57.0
[INFO] running `Command { std: "docker" "create" "-v" "/var/lib/crater-agent-workspace/builds/worker-6-tc1/target:/opt/rustwide/target:rw,Z" "-v" "/var/lib/crater-agent-workspace/builds/worker-6-tc1/source:/opt/rustwide/workdir:ro,Z" "-v" "/var/lib/crater-agent-workspace/cargo-home:/opt/rustwide/cargo-home:ro,Z" "-v" "/var/lib/crater-agent-workspace/rustup-home:/opt/rustwide/rustup-home:ro,Z" "-e" "SOURCE_DIR=/opt/rustwide/workdir" "-e" "CARGO_TARGET_DIR=/opt/rustwide/target" "-e" "CARGO_HOME=/opt/rustwide/cargo-home" "-e" "RUSTUP_HOME=/opt/rustwide/rustup-home" "-w" "/opt/rustwide/workdir" "-m" "1610612736" "--user" "0:0" "--network" "none" "ghcr.io/rust-lang/crates-build-env/linux@sha256:2788e3201cd34a07e3172128adcd8b3090168a8e3bcc40d7c032b9dda1df7d1c" "/opt/rustwide/cargo-home/bin/cargo" "+1.75.0" "metadata" "--no-deps" "--format-version=1", kill_on_drop: false }`
[INFO] [stdout] a75dbfaa0f834fe4e24885d60a0e0b1c0f3de9a3f5e12a006c71a31ed467a07e
[INFO] running `Command { std: "docker" "start" "-a" "a75dbfaa0f834fe4e24885d60a0e0b1c0f3de9a3f5e12a006c71a31ed467a07e", kill_on_drop: false }`
[INFO] running `Command { std: "docker" "inspect" "a75dbfaa0f834fe4e24885d60a0e0b1c0f3de9a3f5e12a006c71a31ed467a07e", kill_on_drop: false }`
[INFO] running `Command { std: "docker" "rm" "-f" "a75dbfaa0f834fe4e24885d60a0e0b1c0f3de9a3f5e12a006c71a31ed467a07e", kill_on_drop: false }`
[INFO] [stdout] a75dbfaa0f834fe4e24885d60a0e0b1c0f3de9a3f5e12a006c71a31ed467a07e
[INFO] running `Command { std: "docker" "create" "-v" "/var/lib/crater-agent-workspace/builds/worker-6-tc1/target:/opt/rustwide/target:rw,Z" "-v" "/var/lib/crater-agent-workspace/builds/worker-6-tc1/source:/opt/rustwide/workdir:ro,Z" "-v" "/var/lib/crater-agent-workspace/cargo-home:/opt/rustwide/cargo-home:ro,Z" "-v" "/var/lib/crater-agent-workspace/rustup-home:/opt/rustwide/rustup-home:ro,Z" "-e" "SOURCE_DIR=/opt/rustwide/workdir" "-e" "CARGO_TARGET_DIR=/opt/rustwide/target" "-e" "CARGO_INCREMENTAL=0" "-e" "RUST_BACKTRACE=full" "-e" "RUSTFLAGS=--cap-lints=warn" "-e" "RUSTDOCFLAGS=--cap-lints=warn" "-e" "CARGO_HOME=/opt/rustwide/cargo-home" "-e" "RUSTUP_HOME=/opt/rustwide/rustup-home" "-w" "/opt/rustwide/workdir" "-m" "1610612736" "--user" "0:0" "--network" "none" "ghcr.io/rust-lang/crates-build-env/linux@sha256:2788e3201cd34a07e3172128adcd8b3090168a8e3bcc40d7c032b9dda1df7d1c" "/opt/rustwide/cargo-home/bin/cargo" "+1.75.0" "build" "--frozen" "--message-format=json", kill_on_drop: false }`
[INFO] [stdout] 9a6258efb2406b2cc8e4771e6041a91e09354eeada35f6d2bc4787623b65b930
[INFO] running `Command { std: "docker" "start" "-a" "9a6258efb2406b2cc8e4771e6041a91e09354eeada35f6d2bc4787623b65b930", kill_on_drop: false }`
[INFO] [stderr]    Compiling indexmap v1.9.3
[INFO] [stderr]    Compiling fallible-iterator v0.2.0
[INFO] [stderr]    Compiling wasmparser v0.57.0
[INFO] [stderr]    Compiling memchr v2.7.1
[INFO] [stderr]    Compiling stable_deref_trait v1.2.0
[INFO] [stderr]    Compiling flate2 v1.0.28
[INFO] [stderr]    Compiling memmap v0.7.0
[INFO] [stderr]    Compiling gimli v0.26.2
[INFO] [stderr]    Compiling object v0.29.0
[INFO] [stderr]    Compiling wasmgdb_ddbug_parser v0.3.3 (/opt/rustwide/workdir)
[INFO] [stdout] warning: unused import: `crate::function::DataLocation`
[INFO] [stdout]  --> src/types.rs:9:5
[INFO] [stdout]   |
[INFO] [stdout] 9 | use crate::function::DataLocation;
[INFO] [stdout]   |     ^^^^^^^^^^^^^^^^^^^^^^^^^^^^^
[INFO] [stdout]   |
[INFO] [stdout]   = note: `#[warn(unused_imports)]` on by default
[INFO] [stdout] 
[INFO] [stdout] 
[INFO] [stdout] warning: function `evaluate_parameter_location` is never used
[INFO] [stdout]     --> src/file/dwarf.rs:3401:4
[INFO] [stdout]      |
[INFO] [stdout] 3401 | fn evaluate_parameter_location<'input, Endian>(
[INFO] [stdout]      |    ^^^^^^^^^^^^^^^^^^^^^^^^^^^
[INFO] [stdout]      |
[INFO] [stdout]      = note: `#[warn(dead_code)]` on by default
[INFO] [stdout] 
[INFO] [stdout] 
[INFO] [stdout] warning: 2 warnings emitted
[INFO] [stdout] 
[INFO] [stdout] 
[INFO] [stderr]     Finished dev [unoptimized + debuginfo] target(s) in 5.73s
[INFO] [stderr] warning: the following packages contain code that will be rejected by a future version of Rust: wasmparser v0.57.0
[INFO] [stderr] note: to see what the problems were, use the option `--future-incompat-report`, or run `cargo report future-incompatibilities --id 1`
[INFO] running `Command { std: "docker" "inspect" "9a6258efb2406b2cc8e4771e6041a91e09354eeada35f6d2bc4787623b65b930", kill_on_drop: false }`
[INFO] running `Command { std: "docker" "rm" "-f" "9a6258efb2406b2cc8e4771e6041a91e09354eeada35f6d2bc4787623b65b930", kill_on_drop: false }`
[INFO] [stdout] 9a6258efb2406b2cc8e4771e6041a91e09354eeada35f6d2bc4787623b65b930
[INFO] running `Command { std: "docker" "create" "-v" "/var/lib/crater-agent-workspace/builds/worker-6-tc1/target:/opt/rustwide/target:rw,Z" "-v" "/var/lib/crater-agent-workspace/builds/worker-6-tc1/source:/opt/rustwide/workdir:ro,Z" "-v" "/var/lib/crater-agent-workspace/cargo-home:/opt/rustwide/cargo-home:ro,Z" "-v" "/var/lib/crater-agent-workspace/rustup-home:/opt/rustwide/rustup-home:ro,Z" "-e" "SOURCE_DIR=/opt/rustwide/workdir" "-e" "CARGO_TARGET_DIR=/opt/rustwide/target" "-e" "CARGO_INCREMENTAL=0" "-e" "RUST_BACKTRACE=full" "-e" "RUSTFLAGS=--cap-lints=warn" "-e" "RUSTDOCFLAGS=--cap-lints=warn" "-e" "CARGO_HOME=/opt/rustwide/cargo-home" "-e" "RUSTUP_HOME=/opt/rustwide/rustup-home" "-w" "/opt/rustwide/workdir" "-m" "1610612736" "--user" "0:0" "--network" "none" "ghcr.io/rust-lang/crates-build-env/linux@sha256:2788e3201cd34a07e3172128adcd8b3090168a8e3bcc40d7c032b9dda1df7d1c" "/opt/rustwide/cargo-home/bin/cargo" "+1.75.0" "test" "--frozen" "--no-run" "--message-format=json", kill_on_drop: false }`
[INFO] [stdout] aa054e26e615701eccec7e7ef6c6c2270f23311d03c3ead6b9e3c484a10012dc
[INFO] running `Command { std: "docker" "start" "-a" "aa054e26e615701eccec7e7ef6c6c2270f23311d03c3ead6b9e3c484a10012dc", kill_on_drop: false }`
[INFO] [stderr]    Compiling wasmgdb_ddbug_parser v0.3.3 (/opt/rustwide/workdir)
[INFO] [stdout] warning: unused import: `crate::function::DataLocation`
[INFO] [stdout]  --> src/types.rs:9:5
[INFO] [stdout]   |
[INFO] [stdout] 9 | use crate::function::DataLocation;
[INFO] [stdout]   |     ^^^^^^^^^^^^^^^^^^^^^^^^^^^^^
[INFO] [stdout]   |
[INFO] [stdout]   = note: `#[warn(unused_imports)]` on by default
[INFO] [stdout] 
[INFO] [stdout] 
[INFO] [stdout] warning: function `evaluate_parameter_location` is never used
[INFO] [stdout]     --> src/file/dwarf.rs:3401:4
[INFO] [stdout]      |
[INFO] [stdout] 3401 | fn evaluate_parameter_location<'input, Endian>(
[INFO] [stdout]      |    ^^^^^^^^^^^^^^^^^^^^^^^^^^^
[INFO] [stdout]      |
[INFO] [stdout]      = note: `#[warn(dead_code)]` on by default
[INFO] [stdout] 
[INFO] [stdout] 
[INFO] [stdout] warning: 2 warnings emitted
[INFO] [stdout] 
[INFO] [stdout] 
[INFO] [stdout] warning: unused import: `crate::function::DataLocation`
[INFO] [stdout]  --> src/types.rs:9:5
[INFO] [stdout]   |
[INFO] [stdout] 9 | use crate::function::DataLocation;
[INFO] [stdout]   |     ^^^^^^^^^^^^^^^^^^^^^^^^^^^^^
[INFO] [stdout]   |
[INFO] [stdout]   = note: `#[warn(unused_imports)]` on by default
[INFO] [stdout] 
[INFO] [stdout] 
[INFO] [stdout] warning: function `evaluate_parameter_location` is never used
[INFO] [stdout]     --> src/file/dwarf.rs:3401:4
[INFO] [stdout]      |
[INFO] [stdout] 3401 | fn evaluate_parameter_location<'input, Endian>(
[INFO] [stdout]      |    ^^^^^^^^^^^^^^^^^^^^^^^^^^^
[INFO] [stdout]      |
[INFO] [stdout]      = note: `#[warn(dead_code)]` on by default
[INFO] [stdout] 
[INFO] [stdout] 
[INFO] [stdout] warning: 2 warnings emitted
[INFO] [stdout] 
[INFO] [stdout] 
[INFO] [stderr]     Finished test [unoptimized + debuginfo] target(s) in 1.27s
[INFO] [stderr] warning: the following packages contain code that will be rejected by a future version of Rust: wasmparser v0.57.0
[INFO] [stderr] note: to see what the problems were, use the option `--future-incompat-report`, or run `cargo report future-incompatibilities --id 1`
[INFO] running `Command { std: "docker" "inspect" "aa054e26e615701eccec7e7ef6c6c2270f23311d03c3ead6b9e3c484a10012dc", kill_on_drop: false }`
[INFO] running `Command { std: "docker" "rm" "-f" "aa054e26e615701eccec7e7ef6c6c2270f23311d03c3ead6b9e3c484a10012dc", kill_on_drop: false }`
[INFO] [stdout] aa054e26e615701eccec7e7ef6c6c2270f23311d03c3ead6b9e3c484a10012dc
[INFO] running `Command { std: "docker" "create" "-v" "/var/lib/crater-agent-workspace/builds/worker-6-tc1/target:/opt/rustwide/target:rw,Z" "-v" "/var/lib/crater-agent-workspace/builds/worker-6-tc1/source:/opt/rustwide/workdir:ro,Z" "-v" "/var/lib/crater-agent-workspace/cargo-home:/opt/rustwide/cargo-home:ro,Z" "-v" "/var/lib/crater-agent-workspace/rustup-home:/opt/rustwide/rustup-home:ro,Z" "-e" "SOURCE_DIR=/opt/rustwide/workdir" "-e" "CARGO_TARGET_DIR=/opt/rustwide/target" "-e" "CARGO_INCREMENTAL=0" "-e" "RUST_BACKTRACE=full" "-e" "RUSTFLAGS=--cap-lints=warn" "-e" "RUSTDOCFLAGS=--cap-lints=warn" "-e" "CARGO_HOME=/opt/rustwide/cargo-home" "-e" "RUSTUP_HOME=/opt/rustwide/rustup-home" "-w" "/opt/rustwide/workdir" "-m" "1610612736" "--user" "0:0" "--network" "none" "ghcr.io/rust-lang/crates-build-env/linux@sha256:2788e3201cd34a07e3172128adcd8b3090168a8e3bcc40d7c032b9dda1df7d1c" "/opt/rustwide/cargo-home/bin/cargo" "+1.75.0" "test" "--frozen", kill_on_drop: false }`
[INFO] [stdout] 3f12455f4e5319cf139c9eec14f01ad8e1c25e013c84a5cc7267569a73b23bef
[INFO] running `Command { std: "docker" "start" "-a" "3f12455f4e5319cf139c9eec14f01ad8e1c25e013c84a5cc7267569a73b23bef", kill_on_drop: false }`
[INFO] [stderr] warning: unused import: `crate::function::DataLocation`
[INFO] [stderr]  --> src/types.rs:9:5
[INFO] [stderr]   |
[INFO] [stderr] 9 | use crate::function::DataLocation;
[INFO] [stderr]   |     ^^^^^^^^^^^^^^^^^^^^^^^^^^^^^
[INFO] [stderr]   |
[INFO] [stderr]   = note: `#[warn(unused_imports)]` on by default
[INFO] [stderr] 
[INFO] [stderr] warning: function `evaluate_parameter_location` is never used
[INFO] [stderr]     --> src/file/dwarf.rs:3401:4
[INFO] [stderr]      |
[INFO] [stderr] 3401 | fn evaluate_parameter_location<'input, Endian>(
[INFO] [stderr]      |    ^^^^^^^^^^^^^^^^^^^^^^^^^^^
[INFO] [stderr]      |
[INFO] [stderr]      = note: `#[warn(dead_code)]` on by default
[INFO] [stderr] 
[INFO] [stderr] warning: `wasmgdb_ddbug_parser` (lib) generated 2 warnings (run `cargo fix --lib -p wasmgdb_ddbug_parser` to apply 1 suggestion)
[INFO] [stderr] warning: `wasmgdb_ddbug_parser` (lib test) generated 2 warnings (2 duplicates)
[INFO] [stderr]     Finished test [unoptimized + debuginfo] target(s) in 0.01s
[INFO] [stderr] warning: the following packages contain code that will be rejected by a future version of Rust: wasmparser v0.57.0
[INFO] [stderr] note: to see what the problems were, use the option `--future-incompat-report`, or run `cargo report future-incompatibilities --id 1`
[INFO] [stderr]      Running unittests src/lib.rs (/opt/rustwide/target/debug/deps/wasmgdb_ddbug_parser-e54a0ae90b152edf)
[INFO] [stdout] 
[INFO] [stdout] running 1 test
[INFO] [stdout] test namespace::test::cmp ... ok
[INFO] [stdout] 
[INFO] [stdout] test result: ok. 1 passed; 0 failed; 0 ignored; 0 measured; 0 filtered out; finished in 0.00s
[INFO] [stdout] 
[INFO] [stderr]    Doc-tests wasmgdb_ddbug_parser
[INFO] [stdout] 
[INFO] [stdout] running 1 test
[INFO] [stdout] test src/lib.rs - (line 5) - compile ... FAILED
[INFO] [stdout] 
[INFO] [stdout] failures:
[INFO] [stdout] 
[INFO] [stdout] ---- src/lib.rs - (line 5) stdout ----
[INFO] [stdout] error[E0433]: failed to resolve: use of undeclared crate or module `ddbug_parser`
[INFO] [stdout]  --> src/lib.rs:8:11
[INFO] [stdout]   |
[INFO] [stdout] 4 | let ctx = ddbug_parser::File::parse(a_file_path)?;
[INFO] [stdout]   |           ^^^^^^^^^^^^ use of undeclared crate or module `ddbug_parser`
[INFO] [stdout]   |
[INFO] [stdout] help: consider importing one of these items
[INFO] [stdout]   |
[INFO] [stdout] 2 + use object::File;
[INFO] [stdout]   |
[INFO] [stdout] 2 + use std::fs::File;
[INFO] [stdout]   |
[INFO] [stdout] 2 + use wasmgdb_ddbug_parser::File;
[INFO] [stdout]   |
[INFO] [stdout] help: if you import `File`, refer to it directly
[INFO] [stdout]   |
[INFO] [stdout] 4 - let ctx = ddbug_parser::File::parse(a_file_path)?;
[INFO] [stdout] 4 + let ctx = File::parse(a_file_path)?;
[INFO] [stdout]   |
[INFO] [stdout] 
[INFO] [stdout] error: aborting due to previous error
[INFO] [stdout] 
[INFO] [stdout] For more information about this error, try `rustc --explain E0433`.
[INFO] [stdout] Couldn't compile the test.
[INFO] [stdout] 
[INFO] [stdout] failures:
[INFO] [stdout]     src/lib.rs - (line 5)
[INFO] [stdout] 
[INFO] [stdout] test result: FAILED. 0 passed; 1 failed; 0 ignored; 0 measured; 0 filtered out; finished in 0.06s
[INFO] [stdout] 
[INFO] [stderr] error: doctest failed, to rerun pass `--doc`
[INFO] running `Command { std: "docker" "inspect" "3f12455f4e5319cf139c9eec14f01ad8e1c25e013c84a5cc7267569a73b23bef", kill_on_drop: false }`
[INFO] running `Command { std: "docker" "rm" "-f" "3f12455f4e5319cf139c9eec14f01ad8e1c25e013c84a5cc7267569a73b23bef", kill_on_drop: false }`
[INFO] [stdout] 3f12455f4e5319cf139c9eec14f01ad8e1c25e013c84a5cc7267569a73b23bef
[INFO] testing wasmgdb_ddbug_parser-0.3.3 against beta-2023-12-22 for beta-1.76-1
[INFO] extracting crate wasmgdb_ddbug_parser 0.3.3 into /workspace/builds/worker-6-tc2/source
[INFO] validating manifest of crates.io crate wasmgdb_ddbug_parser 0.3.3 on toolchain beta-2023-12-22
[INFO] running `Command { std: CARGO_HOME="/workspace/cargo-home" RUSTUP_HOME="/workspace/rustup-home" "/workspace/cargo-home/bin/cargo" "+beta-2023-12-22" "metadata" "--manifest-path" "Cargo.toml" "--no-deps", kill_on_drop: false }`
[INFO] started tweaking crates.io crate wasmgdb_ddbug_parser 0.3.3
[INFO] finished tweaking crates.io crate wasmgdb_ddbug_parser 0.3.3
[INFO] tweaked toml for crates.io crate wasmgdb_ddbug_parser 0.3.3 written to /workspace/builds/worker-6-tc2/source/Cargo.toml
[INFO] running `Command { std: CARGO_HOME="/workspace/cargo-home" RUSTUP_HOME="/workspace/rustup-home" "/workspace/cargo-home/bin/cargo" "+beta-2023-12-22" "generate-lockfile" "--manifest-path" "Cargo.toml", kill_on_drop: false }`
[INFO] [stderr]     Updating crates.io index
[INFO] running `Command { std: CARGO_HOME="/workspace/cargo-home" RUSTUP_HOME="/workspace/rustup-home" "/workspace/cargo-home/bin/cargo" "+beta-2023-12-22" "fetch" "--manifest-path" "Cargo.toml", kill_on_drop: false }`
[INFO] running `Command { std: "docker" "create" "-v" "/var/lib/crater-agent-workspace/builds/worker-6-tc2/target:/opt/rustwide/target:rw,Z" "-v" "/var/lib/crater-agent-workspace/builds/worker-6-tc2/source:/opt/rustwide/workdir:ro,Z" "-v" "/var/lib/crater-agent-workspace/cargo-home:/opt/rustwide/cargo-home:ro,Z" "-v" "/var/lib/crater-agent-workspace/rustup-home:/opt/rustwide/rustup-home:ro,Z" "-e" "SOURCE_DIR=/opt/rustwide/workdir" "-e" "CARGO_TARGET_DIR=/opt/rustwide/target" "-e" "CARGO_HOME=/opt/rustwide/cargo-home" "-e" "RUSTUP_HOME=/opt/rustwide/rustup-home" "-w" "/opt/rustwide/workdir" "-m" "1610612736" "--user" "0:0" "--network" "none" "ghcr.io/rust-lang/crates-build-env/linux@sha256:2788e3201cd34a07e3172128adcd8b3090168a8e3bcc40d7c032b9dda1df7d1c" "/opt/rustwide/cargo-home/bin/cargo" "+beta-2023-12-22" "metadata" "--no-deps" "--format-version=1", kill_on_drop: false }`
[INFO] [stdout] 33e1f8f0c17edfdad62f6363b3765e0db0465ae4f7bbdbf61df1e1db21b26adf
[INFO] running `Command { std: "docker" "start" "-a" "33e1f8f0c17edfdad62f6363b3765e0db0465ae4f7bbdbf61df1e1db21b26adf", kill_on_drop: false }`
[INFO] running `Command { std: "docker" "inspect" "33e1f8f0c17edfdad62f6363b3765e0db0465ae4f7bbdbf61df1e1db21b26adf", kill_on_drop: false }`
[INFO] running `Command { std: "docker" "rm" "-f" "33e1f8f0c17edfdad62f6363b3765e0db0465ae4f7bbdbf61df1e1db21b26adf", kill_on_drop: false }`
[INFO] [stdout] 33e1f8f0c17edfdad62f6363b3765e0db0465ae4f7bbdbf61df1e1db21b26adf
[INFO] running `Command { std: "docker" "create" "-v" "/var/lib/crater-agent-workspace/builds/worker-6-tc2/target:/opt/rustwide/target:rw,Z" "-v" "/var/lib/crater-agent-workspace/builds/worker-6-tc2/source:/opt/rustwide/workdir:ro,Z" "-v" "/var/lib/crater-agent-workspace/cargo-home:/opt/rustwide/cargo-home:ro,Z" "-v" "/var/lib/crater-agent-workspace/rustup-home:/opt/rustwide/rustup-home:ro,Z" "-e" "SOURCE_DIR=/opt/rustwide/workdir" "-e" "CARGO_TARGET_DIR=/opt/rustwide/target" "-e" "CARGO_INCREMENTAL=0" "-e" "RUST_BACKTRACE=full" "-e" "RUSTFLAGS=--cap-lints=warn" "-e" "RUSTDOCFLAGS=--cap-lints=warn" "-e" "CARGO_HOME=/opt/rustwide/cargo-home" "-e" "RUSTUP_HOME=/opt/rustwide/rustup-home" "-w" "/opt/rustwide/workdir" "-m" "1610612736" "--user" "0:0" "--network" "none" "ghcr.io/rust-lang/crates-build-env/linux@sha256:2788e3201cd34a07e3172128adcd8b3090168a8e3bcc40d7c032b9dda1df7d1c" "/opt/rustwide/cargo-home/bin/cargo" "+beta-2023-12-22" "build" "--frozen" "--message-format=json", kill_on_drop: false }`
[INFO] [stdout] 9e10ff2746e85be112dac311b9cbb0ece1ac0a70324c00e8e09ffce5aba815bf
[INFO] running `Command { std: "docker" "start" "-a" "9e10ff2746e85be112dac311b9cbb0ece1ac0a70324c00e8e09ffce5aba815bf", kill_on_drop: false }`
[INFO] [stderr]    Compiling wasmparser v0.57.0
[INFO] [stderr]    Compiling fallible-iterator v0.2.0
[INFO] [stderr]    Compiling stable_deref_trait v1.2.0
[INFO] [stderr]    Compiling memchr v2.7.1
[INFO] [stderr]    Compiling indexmap v1.9.3
[INFO] [stderr]    Compiling flate2 v1.0.28
[INFO] [stderr]    Compiling memmap v0.7.0
[INFO] [stderr]    Compiling gimli v0.26.2
[INFO] [stderr]    Compiling object v0.29.0
[INFO] [stderr]    Compiling wasmgdb_ddbug_parser v0.3.3 (/opt/rustwide/workdir)
[INFO] [stdout] warning: unused import: `crate::function::DataLocation`
[INFO] [stdout]  --> src/types.rs:9:5
[INFO] [stdout]   |
[INFO] [stdout] 9 | use crate::function::DataLocation;
[INFO] [stdout]   |     ^^^^^^^^^^^^^^^^^^^^^^^^^^^^^
[INFO] [stdout]   |
[INFO] [stdout]   = note: `#[warn(unused_imports)]` on by default
[INFO] [stdout] 
[INFO] [stdout] 
[INFO] [stdout] warning: function `evaluate_parameter_location` is never used
[INFO] [stdout]     --> src/file/dwarf.rs:3401:4
[INFO] [stdout]      |
[INFO] [stdout] 3401 | fn evaluate_parameter_location<'input, Endian>(
[INFO] [stdout]      |    ^^^^^^^^^^^^^^^^^^^^^^^^^^^
[INFO] [stdout]      |
[INFO] [stdout]      = note: `#[warn(dead_code)]` on by default
[INFO] [stdout] 
[INFO] [stdout] 
[INFO] [stdout] warning: 2 warnings emitted
[INFO] [stdout] 
[INFO] [stdout] 
[INFO] [stderr]     Finished dev [unoptimized + debuginfo] target(s) in 4.68s
[INFO] [stderr] warning: the following packages contain code that will be rejected by a future version of Rust: wasmparser v0.57.0
[INFO] [stderr] note: to see what the problems were, use the option `--future-incompat-report`, or run `cargo report future-incompatibilities --id 1`
[INFO] running `Command { std: "docker" "inspect" "9e10ff2746e85be112dac311b9cbb0ece1ac0a70324c00e8e09ffce5aba815bf", kill_on_drop: false }`
[INFO] running `Command { std: "docker" "rm" "-f" "9e10ff2746e85be112dac311b9cbb0ece1ac0a70324c00e8e09ffce5aba815bf", kill_on_drop: false }`
[INFO] [stdout] 9e10ff2746e85be112dac311b9cbb0ece1ac0a70324c00e8e09ffce5aba815bf
[INFO] running `Command { std: "docker" "create" "-v" "/var/lib/crater-agent-workspace/builds/worker-6-tc2/target:/opt/rustwide/target:rw,Z" "-v" "/var/lib/crater-agent-workspace/builds/worker-6-tc2/source:/opt/rustwide/workdir:ro,Z" "-v" "/var/lib/crater-agent-workspace/cargo-home:/opt/rustwide/cargo-home:ro,Z" "-v" "/var/lib/crater-agent-workspace/rustup-home:/opt/rustwide/rustup-home:ro,Z" "-e" "SOURCE_DIR=/opt/rustwide/workdir" "-e" "CARGO_TARGET_DIR=/opt/rustwide/target" "-e" "CARGO_INCREMENTAL=0" "-e" "RUST_BACKTRACE=full" "-e" "RUSTFLAGS=--cap-lints=warn" "-e" "RUSTDOCFLAGS=--cap-lints=warn" "-e" "CARGO_HOME=/opt/rustwide/cargo-home" "-e" "RUSTUP_HOME=/opt/rustwide/rustup-home" "-w" "/opt/rustwide/workdir" "-m" "1610612736" "--user" "0:0" "--network" "none" "ghcr.io/rust-lang/crates-build-env/linux@sha256:2788e3201cd34a07e3172128adcd8b3090168a8e3bcc40d7c032b9dda1df7d1c" "/opt/rustwide/cargo-home/bin/cargo" "+beta-2023-12-22" "test" "--frozen" "--no-run" "--message-format=json", kill_on_drop: false }`
[INFO] [stdout] 648ece69dd629edcc53318f79a29ead8237c9a760f82de49501a553ca8e5dbad
[INFO] running `Command { std: "docker" "start" "-a" "648ece69dd629edcc53318f79a29ead8237c9a760f82de49501a553ca8e5dbad", kill_on_drop: false }`
[INFO] [stdout] warning: unused import: `crate::function::DataLocation`
[INFO] [stdout]  --> src/types.rs:9:5
[INFO] [stdout]   |
[INFO] [stdout] 9 | use crate::function::DataLocation;
[INFO] [stdout]   |     ^^^^^^^^^^^^^^^^^^^^^^^^^^^^^
[INFO] [stdout]   |
[INFO] [stdout]   = note: `#[warn(unused_imports)]` on by default
[INFO] [stdout] 
[INFO] [stdout] 
[INFO] [stdout] warning: function `evaluate_parameter_location` is never used
[INFO] [stdout]     --> src/file/dwarf.rs:3401:4
[INFO] [stdout]      |
[INFO] [stdout] 3401 | fn evaluate_parameter_location<'input, Endian>(
[INFO] [stdout]      |    ^^^^^^^^^^^^^^^^^^^^^^^^^^^
[INFO] [stdout]      |
[INFO] [stdout]      = note: `#[warn(dead_code)]` on by default
[INFO] [stdout] 
[INFO] [stdout] 
[INFO] [stderr]    Compiling wasmgdb_ddbug_parser v0.3.3 (/opt/rustwide/workdir)
[INFO] [stdout] warning: 2 warnings emitted
[INFO] [stdout] 
[INFO] [stdout] 
[INFO] [stdout] warning: unused import: `crate::function::DataLocation`
[INFO] [stdout]  --> src/types.rs:9:5
[INFO] [stdout]   |
[INFO] [stdout] 9 | use crate::function::DataLocation;
[INFO] [stdout]   |     ^^^^^^^^^^^^^^^^^^^^^^^^^^^^^
[INFO] [stdout]   |
[INFO] [stdout]   = note: `#[warn(unused_imports)]` on by default
[INFO] [stdout] 
[INFO] [stdout] 
[INFO] [stdout] warning: function `evaluate_parameter_location` is never used
[INFO] [stdout]     --> src/file/dwarf.rs:3401:4
[INFO] [stdout]      |
[INFO] [stdout] 3401 | fn evaluate_parameter_location<'input, Endian>(
[INFO] [stdout]      |    ^^^^^^^^^^^^^^^^^^^^^^^^^^^
[INFO] [stdout]      |
[INFO] [stdout]      = note: `#[warn(dead_code)]` on by default
[INFO] [stdout] 
[INFO] [stdout] 
[INFO] [stdout] warning: 2 warnings emitted
[INFO] [stdout] 
[INFO] [stdout] 
[INFO] [stderr]     Finished test [unoptimized + debuginfo] target(s) in 1.24s
[INFO] [stderr] warning: the following packages contain code that will be rejected by a future version of Rust: wasmparser v0.57.0
[INFO] [stderr] note: to see what the problems were, use the option `--future-incompat-report`, or run `cargo report future-incompatibilities --id 1`
[INFO] running `Command { std: "docker" "inspect" "648ece69dd629edcc53318f79a29ead8237c9a760f82de49501a553ca8e5dbad", kill_on_drop: false }`
[INFO] running `Command { std: "docker" "rm" "-f" "648ece69dd629edcc53318f79a29ead8237c9a760f82de49501a553ca8e5dbad", kill_on_drop: false }`
[INFO] [stdout] 648ece69dd629edcc53318f79a29ead8237c9a760f82de49501a553ca8e5dbad
[INFO] running `Command { std: "docker" "create" "-v" "/var/lib/crater-agent-workspace/builds/worker-6-tc2/target:/opt/rustwide/target:rw,Z" "-v" "/var/lib/crater-agent-workspace/builds/worker-6-tc2/source:/opt/rustwide/workdir:ro,Z" "-v" "/var/lib/crater-agent-workspace/cargo-home:/opt/rustwide/cargo-home:ro,Z" "-v" "/var/lib/crater-agent-workspace/rustup-home:/opt/rustwide/rustup-home:ro,Z" "-e" "SOURCE_DIR=/opt/rustwide/workdir" "-e" "CARGO_TARGET_DIR=/opt/rustwide/target" "-e" "CARGO_INCREMENTAL=0" "-e" "RUST_BACKTRACE=full" "-e" "RUSTFLAGS=--cap-lints=warn" "-e" "RUSTDOCFLAGS=--cap-lints=warn" "-e" "CARGO_HOME=/opt/rustwide/cargo-home" "-e" "RUSTUP_HOME=/opt/rustwide/rustup-home" "-w" "/opt/rustwide/workdir" "-m" "1610612736" "--user" "0:0" "--network" "none" "ghcr.io/rust-lang/crates-build-env/linux@sha256:2788e3201cd34a07e3172128adcd8b3090168a8e3bcc40d7c032b9dda1df7d1c" "/opt/rustwide/cargo-home/bin/cargo" "+beta-2023-12-22" "test" "--frozen", kill_on_drop: false }`
[INFO] [stdout] f4e318925a48c7141a00bab03fdd47fa529cc9b9e0ea9e14f235d3f340e743e6
[INFO] running `Command { std: "docker" "start" "-a" "f4e318925a48c7141a00bab03fdd47fa529cc9b9e0ea9e14f235d3f340e743e6", kill_on_drop: false }`
[INFO] [stderr] warning: unused import: `crate::function::DataLocation`
[INFO] [stderr]  --> src/types.rs:9:5
[INFO] [stderr]   |
[INFO] [stderr] 9 | use crate::function::DataLocation;
[INFO] [stderr]   |     ^^^^^^^^^^^^^^^^^^^^^^^^^^^^^
[INFO] [stderr]   |
[INFO] [stderr]   = note: `#[warn(unused_imports)]` on by default
[INFO] [stderr] 
[INFO] [stderr] warning: function `evaluate_parameter_location` is never used
[INFO] [stderr]     --> src/file/dwarf.rs:3401:4
[INFO] [stderr]      |
[INFO] [stderr] 3401 | fn evaluate_parameter_location<'input, Endian>(
[INFO] [stderr]      |    ^^^^^^^^^^^^^^^^^^^^^^^^^^^
[INFO] [stderr]      |
[INFO] [stderr]      = note: `#[warn(dead_code)]` on by default
[INFO] [stderr] 
[INFO] [stderr] warning: `wasmgdb_ddbug_parser` (lib) generated 2 warnings (run `cargo fix --lib -p wasmgdb_ddbug_parser` to apply 1 suggestion)
[INFO] [stderr] warning: `wasmgdb_ddbug_parser` (lib test) generated 2 warnings (2 duplicates)
[INFO] [stderr]     Finished test [unoptimized + debuginfo] target(s) in 0.03s
[INFO] [stderr] warning: the following packages contain code that will be rejected by a future version of Rust: wasmparser v0.57.0
[INFO] [stderr] note: to see what the problems were, use the option `--future-incompat-report`, or run `cargo report future-incompatibilities --id 1`
[INFO] [stderr]      Running unittests src/lib.rs (/opt/rustwide/target/debug/deps/wasmgdb_ddbug_parser-0b42178dd964a82b)
[INFO] [stdout] 
[INFO] [stderr]    Doc-tests wasmgdb_ddbug_parser
[INFO] [stdout] running 1 test
[INFO] [stdout] test namespace::test::cmp ... ok
[INFO] [stdout] 
[INFO] [stdout] test result: ok. 1 passed; 0 failed; 0 ignored; 0 measured; 0 filtered out; finished in 0.00s
[INFO] [stdout] 
[INFO] [stdout] 
[INFO] [stdout] running 1 test
[INFO] [stdout] test src/lib.rs - (line 5) - compile ... FAILED
[INFO] [stdout] 
[INFO] [stdout] failures:
[INFO] [stdout] 
[INFO] [stdout] ---- src/lib.rs - (line 5) stdout ----
[INFO] [stdout] error[E0433]: failed to resolve: use of undeclared crate or module `ddbug_parser`
[INFO] [stdout]  --> src/lib.rs:8:11
[INFO] [stdout]   |
[INFO] [stdout] 4 | let ctx = ddbug_parser::File::parse(a_file_path)?;
[INFO] [stdout]   |           ^^^^^^^^^^^^ use of undeclared crate or module `ddbug_parser`
[INFO] [stdout]   |
[INFO] [stdout] help: consider importing one of these items
[INFO] [stdout]   |
[INFO] [stdout] 2 + use object::File;
[INFO] [stdout]   |
[INFO] [stdout] 2 + use std::fs::File;
[INFO] [stdout]   |
[INFO] [stdout] 2 + use wasmgdb_ddbug_parser::File;
[INFO] [stdout]   |
[INFO] [stdout] help: if you import `File`, refer to it directly
[INFO] [stdout]   |
[INFO] [stdout] 4 - let ctx = ddbug_parser::File::parse(a_file_path)?;
[INFO] [stdout] 4 + let ctx = File::parse(a_file_path)?;
[INFO] [stdout]   |
[INFO] [stdout] 
[INFO] [stdout] error: aborting due to 1 previous error
[INFO] [stdout] 
[INFO] [stdout] For more information about this error, try `rustc --explain E0433`.
[INFO] [stdout] Couldn't compile the test.
[INFO] [stdout] 
[INFO] [stdout] failures:
[INFO] [stdout]     src/lib.rs - (line 5)
[INFO] [stdout] 
[INFO] [stdout] test result: FAILED. 0 passed; 1 failed; 0 ignored; 0 measured; 0 filtered out; finished in 0.09s
[INFO] [stdout] 
[INFO] [stderr] error: doctest failed, to rerun pass `--doc`
[INFO] running `Command { std: "docker" "inspect" "f4e318925a48c7141a00bab03fdd47fa529cc9b9e0ea9e14f235d3f340e743e6", kill_on_drop: false }`
[INFO] running `Command { std: "docker" "rm" "-f" "f4e318925a48c7141a00bab03fdd47fa529cc9b9e0ea9e14f235d3f340e743e6", kill_on_drop: false }`
[INFO] [stdout] f4e318925a48c7141a00bab03fdd47fa529cc9b9e0ea9e14f235d3f340e743e6
