[INFO] fetching crate wasmer-runtime-asml-fork 0.1.1...
[INFO] testing wasmer-runtime-asml-fork-0.1.1 against 1.75.0 for beta-1.76-1
[INFO] extracting crate wasmer-runtime-asml-fork 0.1.1 into /workspace/builds/worker-4-tc1/source
[INFO] validating manifest of crates.io crate wasmer-runtime-asml-fork 0.1.1 on toolchain 1.75.0
[INFO] running `Command { std: CARGO_HOME="/workspace/cargo-home" RUSTUP_HOME="/workspace/rustup-home" "/workspace/cargo-home/bin/cargo" "+1.75.0" "metadata" "--manifest-path" "Cargo.toml" "--no-deps", kill_on_drop: false }`
[INFO] started tweaking crates.io crate wasmer-runtime-asml-fork 0.1.1
[INFO] finished tweaking crates.io crate wasmer-runtime-asml-fork 0.1.1
[INFO] tweaked toml for crates.io crate wasmer-runtime-asml-fork 0.1.1 written to /workspace/builds/worker-4-tc1/source/Cargo.toml
[INFO] running `Command { std: CARGO_HOME="/workspace/cargo-home" RUSTUP_HOME="/workspace/rustup-home" "/workspace/cargo-home/bin/cargo" "+1.75.0" "generate-lockfile" "--manifest-path" "Cargo.toml", kill_on_drop: false }`
[INFO] [stderr]     Updating crates.io index
[INFO] running `Command { std: CARGO_HOME="/workspace/cargo-home" RUSTUP_HOME="/workspace/rustup-home" "/workspace/cargo-home/bin/cargo" "+1.75.0" "fetch" "--manifest-path" "Cargo.toml", kill_on_drop: false }`
[INFO] [stderr]  Downloading crates ...
[INFO] [stderr]   Downloaded cranelift-native v0.59.0
[INFO] [stderr]   Downloaded target-lexicon v0.9.0
[INFO] [stderr]   Downloaded inkwell_internals v0.7.0
[INFO] [stderr]   Downloaded page_size v0.4.2
[INFO] [stderr]   Downloaded dynasm v0.5.2
[INFO] [stderr]   Downloaded blake3 v0.1.5
[INFO] [stderr]   Downloaded serde-bench v0.0.7
[INFO] [stderr]   Downloaded wasmer-win-exception-handler v0.16.2
[INFO] [stderr]   Downloaded cranelift-codegen-shared v0.59.0
[INFO] [stderr]   Downloaded cranelift-entity v0.59.0
[INFO] [stderr]   Downloaded dynasmrt v0.5.2
[INFO] [stderr]   Downloaded target-lexicon v0.10.0
[INFO] [stderr]   Downloaded cranelift-bforest v0.59.0
[INFO] [stderr]   Downloaded wasmer-clif-backend-asml-fork v0.1.0
[INFO] [stderr]   Downloaded wasmer-runtime-core v0.16.2
[INFO] [stderr]   Downloaded inkwell v0.1.1
[INFO] [stderr]   Downloaded wabt-sys v0.6.1
[INFO] [stderr]   Downloaded nix v0.15.0
[INFO] [stderr]   Downloaded wasmer-singlepass-backend v0.16.2
[INFO] [stderr]   Downloaded cranelift-codegen v0.59.0
[INFO] [stderr]   Downloaded cranelift-codegen-meta v0.59.0
[INFO] [stderr]   Downloaded gimli v0.20.0
[INFO] [stderr]   Downloaded goblin v0.1.3
[INFO] [stderr]   Downloaded wasmparser v0.51.4
[INFO] [stderr]   Downloaded wasmer-runtime-core v0.17.1
[INFO] [stderr]   Downloaded wasmer-clif-fork-frontend v0.59.0
[INFO] [stderr]   Downloaded raw-cpuid v7.0.4
[INFO] [stderr]   Downloaded wabt v0.9.1
[INFO] [stderr]   Downloaded wasmer-clif-fork-wasm v0.59.0
[INFO] [stderr]   Downloaded llvm-sys v80.3.1
[INFO] [stderr]   Downloaded wasmer-runtime-core-asml-fork v0.1.1
[INFO] [stderr]   Downloaded wasmer-llvm-backend v0.17.1
[INFO] running `Command { std: "docker" "create" "-v" "/var/lib/crater-agent-workspace/builds/worker-4-tc1/target:/opt/rustwide/target:rw,Z" "-v" "/var/lib/crater-agent-workspace/builds/worker-4-tc1/source:/opt/rustwide/workdir:ro,Z" "-v" "/var/lib/crater-agent-workspace/cargo-home:/opt/rustwide/cargo-home:ro,Z" "-v" "/var/lib/crater-agent-workspace/rustup-home:/opt/rustwide/rustup-home:ro,Z" "-e" "SOURCE_DIR=/opt/rustwide/workdir" "-e" "CARGO_TARGET_DIR=/opt/rustwide/target" "-e" "CARGO_HOME=/opt/rustwide/cargo-home" "-e" "RUSTUP_HOME=/opt/rustwide/rustup-home" "-w" "/opt/rustwide/workdir" "-m" "1610612736" "--user" "0:0" "--network" "none" "ghcr.io/rust-lang/crates-build-env/linux@sha256:2788e3201cd34a07e3172128adcd8b3090168a8e3bcc40d7c032b9dda1df7d1c" "/opt/rustwide/cargo-home/bin/cargo" "+1.75.0" "metadata" "--no-deps" "--format-version=1", kill_on_drop: false }`
[INFO] [stdout] d91360652aeb23bf9fd94950f71a1c532138256fff3a56a48da4d9be95b25c13
[INFO] running `Command { std: "docker" "start" "-a" "d91360652aeb23bf9fd94950f71a1c532138256fff3a56a48da4d9be95b25c13", kill_on_drop: false }`
[INFO] running `Command { std: "docker" "inspect" "d91360652aeb23bf9fd94950f71a1c532138256fff3a56a48da4d9be95b25c13", kill_on_drop: false }`
[INFO] running `Command { std: "docker" "rm" "-f" "d91360652aeb23bf9fd94950f71a1c532138256fff3a56a48da4d9be95b25c13", kill_on_drop: false }`
[INFO] [stdout] d91360652aeb23bf9fd94950f71a1c532138256fff3a56a48da4d9be95b25c13
[INFO] running `Command { std: "docker" "create" "-v" "/var/lib/crater-agent-workspace/builds/worker-4-tc1/target:/opt/rustwide/target:rw,Z" "-v" "/var/lib/crater-agent-workspace/builds/worker-4-tc1/source:/opt/rustwide/workdir:ro,Z" "-v" "/var/lib/crater-agent-workspace/cargo-home:/opt/rustwide/cargo-home:ro,Z" "-v" "/var/lib/crater-agent-workspace/rustup-home:/opt/rustwide/rustup-home:ro,Z" "-e" "SOURCE_DIR=/opt/rustwide/workdir" "-e" "CARGO_TARGET_DIR=/opt/rustwide/target" "-e" "CARGO_INCREMENTAL=0" "-e" "RUST_BACKTRACE=full" "-e" "RUSTFLAGS=--cap-lints=warn" "-e" "RUSTDOCFLAGS=--cap-lints=warn" "-e" "CARGO_HOME=/opt/rustwide/cargo-home" "-e" "RUSTUP_HOME=/opt/rustwide/rustup-home" "-w" "/opt/rustwide/workdir" "-m" "1610612736" "--user" "0:0" "--network" "none" "ghcr.io/rust-lang/crates-build-env/linux@sha256:2788e3201cd34a07e3172128adcd8b3090168a8e3bcc40d7c032b9dda1df7d1c" "/opt/rustwide/cargo-home/bin/cargo" "+1.75.0" "build" "--frozen" "--message-format=json", kill_on_drop: false }`
[INFO] [stdout] 551e5ff1574f92b4fb9f280a6177ed34f8dc6671cfc9aba7b0a198ecef5122cd
[INFO] running `Command { std: "docker" "start" "-a" "551e5ff1574f92b4fb9f280a6177ed34f8dc6671cfc9aba7b0a198ecef5122cd", kill_on_drop: false }`
[INFO] [stderr]    Compiling serde v1.0.194
[INFO] [stderr]    Compiling semver-parser v0.7.0
[INFO] [stderr]    Compiling indexmap v1.9.3
[INFO] [stderr]    Compiling cranelift-entity v0.59.0
[INFO] [stderr]    Compiling cc v1.0.83
[INFO] [stderr]    Compiling generic-array v0.14.7
[INFO] [stderr]    Compiling byteorder v1.5.0
[INFO] [stderr]    Compiling hashbrown v0.12.3
[INFO] [stderr]    Compiling target-lexicon v0.10.0
[INFO] [stderr]    Compiling semver v0.9.0
[INFO] [stderr]    Compiling cranelift-codegen-shared v0.59.0
[INFO] [stderr]    Compiling thiserror-impl v1.0.56
[INFO] [stderr]    Compiling rustc_version v0.2.3
[INFO] [stderr]    Compiling cranelift-codegen-meta v0.59.0
[INFO] [stderr]    Compiling subtle v2.5.0
[INFO] [stderr]    Compiling digest v0.9.0
[INFO] [stderr]    Compiling cranelift-bforest v0.59.0
[INFO] [stderr]    Compiling crypto-mac v0.8.0
[INFO] [stderr]    Compiling arrayvec v0.5.2
[INFO] [stderr]    Compiling constant_time_eq v0.1.5
[INFO] [stderr]    Compiling log v0.4.20
[INFO] [stderr]    Compiling crossbeam-utils v0.7.2
[INFO] [stderr]    Compiling nix v0.15.0
[INFO] [stderr]    Compiling lock_api v0.3.4
[INFO] [stderr]    Compiling parking_lot_core v0.7.3
[INFO] [stderr]    Compiling generic-array v0.12.4
[INFO] [stderr]    Compiling wasmparser v0.51.4
[INFO] [stderr]    Compiling digest v0.8.1
[INFO] [stderr]    Compiling blake3 v0.3.8
[INFO] [stderr]    Compiling raw-cpuid v7.0.4
[INFO] [stderr]    Compiling parking_lot v0.10.2
[INFO] [stderr]    Compiling page_size v0.4.2
[INFO] [stderr]    Compiling errno v0.2.8
[INFO] [stderr]    Compiling thiserror v1.0.56
[INFO] [stderr]    Compiling either v1.9.0
[INFO] [stderr]    Compiling memmap v0.7.0
[INFO] [stderr]    Compiling rayon v1.8.0
[INFO] [stderr]    Compiling wasmer-runtime-core-asml-fork v0.1.1
[INFO] [stderr]    Compiling serde_bytes v0.11.14
[INFO] [stderr]    Compiling serde-bench v0.0.7
[INFO] [stderr]    Compiling bincode v1.3.3
[INFO] [stderr]    Compiling gimli v0.20.0
[INFO] [stderr]    Compiling cranelift-codegen v0.59.0
[INFO] [stderr]    Compiling wasmer-clif-fork-frontend v0.59.0
[INFO] [stderr]    Compiling cranelift-native v0.59.0
[INFO] [stderr]    Compiling wasmer-clif-fork-wasm v0.59.0
[INFO] [stderr]    Compiling wasmer-clif-backend-asml-fork v0.1.0
[INFO] [stderr]    Compiling wasmer-runtime-asml-fork v0.1.1 (/opt/rustwide/workdir)
[INFO] [stderr]     Finished dev [unoptimized + debuginfo] target(s) in 10.09s
[INFO] [stderr] warning: the following packages contain code that will be rejected by a future version of Rust: cranelift-codegen-meta v0.59.0
[INFO] [stderr] note: to see what the problems were, use the option `--future-incompat-report`, or run `cargo report future-incompatibilities --id 2`
[INFO] running `Command { std: "docker" "inspect" "551e5ff1574f92b4fb9f280a6177ed34f8dc6671cfc9aba7b0a198ecef5122cd", kill_on_drop: false }`
[INFO] running `Command { std: "docker" "rm" "-f" "551e5ff1574f92b4fb9f280a6177ed34f8dc6671cfc9aba7b0a198ecef5122cd", kill_on_drop: false }`
[INFO] [stdout] 551e5ff1574f92b4fb9f280a6177ed34f8dc6671cfc9aba7b0a198ecef5122cd
[INFO] running `Command { std: "docker" "create" "-v" "/var/lib/crater-agent-workspace/builds/worker-4-tc1/target:/opt/rustwide/target:rw,Z" "-v" "/var/lib/crater-agent-workspace/builds/worker-4-tc1/source:/opt/rustwide/workdir:ro,Z" "-v" "/var/lib/crater-agent-workspace/cargo-home:/opt/rustwide/cargo-home:ro,Z" "-v" "/var/lib/crater-agent-workspace/rustup-home:/opt/rustwide/rustup-home:ro,Z" "-e" "SOURCE_DIR=/opt/rustwide/workdir" "-e" "CARGO_TARGET_DIR=/opt/rustwide/target" "-e" "CARGO_INCREMENTAL=0" "-e" "RUST_BACKTRACE=full" "-e" "RUSTFLAGS=--cap-lints=warn" "-e" "RUSTDOCFLAGS=--cap-lints=warn" "-e" "CARGO_HOME=/opt/rustwide/cargo-home" "-e" "RUSTUP_HOME=/opt/rustwide/rustup-home" "-w" "/opt/rustwide/workdir" "-m" "1610612736" "--user" "0:0" "--network" "none" "ghcr.io/rust-lang/crates-build-env/linux@sha256:2788e3201cd34a07e3172128adcd8b3090168a8e3bcc40d7c032b9dda1df7d1c" "/opt/rustwide/cargo-home/bin/cargo" "+1.75.0" "test" "--frozen" "--no-run" "--message-format=json", kill_on_drop: false }`
[INFO] [stdout] 7f90a2f02bc55369e60fd16432f4d1c1cc293544045050f4921464fa8d60305b
[INFO] running `Command { std: "docker" "start" "-a" "7f90a2f02bc55369e60fd16432f4d1c1cc293544045050f4921464fa8d60305b", kill_on_drop: false }`
[INFO] [stderr]    Compiling cmake v0.1.50
[INFO] [stderr]    Compiling serde_json v1.0.111
[INFO] [stderr]    Compiling rustix v0.38.28
[INFO] [stderr]    Compiling plotters-backend v0.3.5
[INFO] [stderr]    Compiling memchr v2.7.1
[INFO] [stderr]    Compiling textwrap v0.11.0
[INFO] [stderr]    Compiling itertools v0.10.5
[INFO] [stderr]    Compiling linux-raw-sys v0.4.12
[INFO] [stderr]    Compiling plotters-svg v0.3.5
[INFO] [stderr]    Compiling bitflags v2.4.1
[INFO] [stderr]    Compiling half v1.8.2
[INFO] [stderr]    Compiling wabt-sys v0.6.1
[INFO] [stderr]    Compiling same-file v1.0.6
[INFO] [stderr]    Compiling cast v0.3.0
[INFO] [stderr]    Compiling csv-core v0.1.11
[INFO] [stderr]    Compiling walkdir v2.4.0
[INFO] [stderr]    Compiling csv v1.3.0
[INFO] [stderr]    Compiling serde_cbor v0.11.2
[INFO] [stderr]    Compiling tinytemplate v1.2.1
[INFO] [stderr]    Compiling plotters v0.3.5
[INFO] [stderr]    Compiling criterion-plot v0.4.5
[INFO] [stderr]    Compiling clap v2.34.0
[INFO] [stderr]    Compiling fastrand v2.0.1
[INFO] [stderr]    Compiling oorandom v11.1.3
[INFO] [stderr]    Compiling tempfile v3.9.0
[INFO] [stderr]    Compiling criterion v0.3.6
[INFO] [stderr]    Compiling wabt v0.9.1
[INFO] [stderr]    Compiling wasmer-runtime-asml-fork v0.1.1 (/opt/rustwide/workdir)
[INFO] [stderr]     Finished test [unoptimized + debuginfo] target(s) in 13.21s
[INFO] [stderr] warning: the following packages contain code that will be rejected by a future version of Rust: cranelift-codegen-meta v0.59.0
[INFO] [stderr] note: to see what the problems were, use the option `--future-incompat-report`, or run `cargo report future-incompatibilities --id 2`
[INFO] running `Command { std: "docker" "inspect" "7f90a2f02bc55369e60fd16432f4d1c1cc293544045050f4921464fa8d60305b", kill_on_drop: false }`
[INFO] running `Command { std: "docker" "rm" "-f" "7f90a2f02bc55369e60fd16432f4d1c1cc293544045050f4921464fa8d60305b", kill_on_drop: false }`
[INFO] [stdout] 7f90a2f02bc55369e60fd16432f4d1c1cc293544045050f4921464fa8d60305b
[INFO] running `Command { std: "docker" "create" "-v" "/var/lib/crater-agent-workspace/builds/worker-4-tc1/target:/opt/rustwide/target:rw,Z" "-v" "/var/lib/crater-agent-workspace/builds/worker-4-tc1/source:/opt/rustwide/workdir:ro,Z" "-v" "/var/lib/crater-agent-workspace/cargo-home:/opt/rustwide/cargo-home:ro,Z" "-v" "/var/lib/crater-agent-workspace/rustup-home:/opt/rustwide/rustup-home:ro,Z" "-e" "SOURCE_DIR=/opt/rustwide/workdir" "-e" "CARGO_TARGET_DIR=/opt/rustwide/target" "-e" "CARGO_INCREMENTAL=0" "-e" "RUST_BACKTRACE=full" "-e" "RUSTFLAGS=--cap-lints=warn" "-e" "RUSTDOCFLAGS=--cap-lints=warn" "-e" "CARGO_HOME=/opt/rustwide/cargo-home" "-e" "RUSTUP_HOME=/opt/rustwide/rustup-home" "-w" "/opt/rustwide/workdir" "-m" "1610612736" "--user" "0:0" "--network" "none" "ghcr.io/rust-lang/crates-build-env/linux@sha256:2788e3201cd34a07e3172128adcd8b3090168a8e3bcc40d7c032b9dda1df7d1c" "/opt/rustwide/cargo-home/bin/cargo" "+1.75.0" "test" "--frozen", kill_on_drop: false }`
[INFO] [stdout] 79d6e5a411300085a9049174d32d758507d8f428effe7487f64c3bce8882b7d1
[INFO] running `Command { std: "docker" "start" "-a" "79d6e5a411300085a9049174d32d758507d8f428effe7487f64c3bce8882b7d1", kill_on_drop: false }`
[INFO] [stderr]     Finished test [unoptimized + debuginfo] target(s) in 0.09s
[INFO] [stderr] warning: the following packages contain code that will be rejected by a future version of Rust: cranelift-codegen-meta v0.59.0
[INFO] [stderr] note: to see what the problems were, use the option `--future-incompat-report`, or run `cargo report future-incompatibilities --id 2`
[INFO] [stderr]      Running unittests src/lib.rs (/opt/rustwide/target/debug/deps/wasmer_runtime_asml_fork-e9b4215d4401f666)
[INFO] [stdout] 
[INFO] [stdout] running 1 test
[INFO] [stdout] test test::str_repr_matches ... ok
[INFO] [stdout] 
[INFO] [stdout] test result: ok. 1 passed; 0 failed; 0 ignored; 0 measured; 0 filtered out; finished in 0.00s
[INFO] [stdout] 
[INFO] [stderr]    Doc-tests wasmer-runtime-asml-fork
[INFO] [stdout] 
[INFO] [stdout] running 2 tests
[INFO] [stdout] test src/lib.rs - (line 43) ... ignored
[INFO] [stdout] test src/cache.rs - cache::FileSystemCache (line 45) ... FAILED
[INFO] [stdout] 
[INFO] [stdout] failures:
[INFO] [stdout] 
[INFO] [stdout] ---- src/cache.rs - cache::FileSystemCache (line 45) stdout ----
[INFO] [stdout] error[E0433]: failed to resolve: use of undeclared crate or module `wasmer_runtime`
[INFO] [stdout]  --> src/cache.rs:46:5
[INFO] [stdout]   |
[INFO] [stdout] 3 | use wasmer_runtime::cache::{Cache, FileSystemCache, WasmHash};
[INFO] [stdout]   |     ^^^^^^^^^^^^^^ use of undeclared crate or module `wasmer_runtime`
[INFO] [stdout] 
[INFO] [stdout] error[E0433]: failed to resolve: use of undeclared crate or module `wasmer_runtime`
[INFO] [stdout]  --> src/cache.rs:48:5
[INFO] [stdout]   |
[INFO] [stdout] 5 | use wasmer_runtime::{Module, error::CacheError};
[INFO] [stdout]   |     ^^^^^^^^^^^^^^ use of undeclared crate or module `wasmer_runtime`
[INFO] [stdout] 
[INFO] [stdout] error[E0432]: unresolved import `wasmer_runtime`
[INFO] [stdout]  --> src/cache.rs:48:5
[INFO] [stdout]   |
[INFO] [stdout] 5 | use wasmer_runtime::{Module, error::CacheError};
[INFO] [stdout]   |     ^^^^^^^^^^^^^^ use of undeclared crate or module `wasmer_runtime`
[INFO] [stdout] 
[INFO] [stdout] error: aborting due to 3 previous errors
[INFO] [stdout] 
[INFO] [stdout] Some errors have detailed explanations: E0432, E0433.
[INFO] [stdout] For more information about an error, try `rustc --explain E0432`.
[INFO] [stdout] Couldn't compile the test.
[INFO] [stdout] 
[INFO] [stdout] failures:
[INFO] [stdout]     src/cache.rs - cache::FileSystemCache (line 45)
[INFO] [stdout] 
[INFO] [stdout] test result: FAILED. 0 passed; 1 failed; 1 ignored; 0 measured; 0 filtered out; finished in 0.07s
[INFO] [stdout] 
[INFO] [stderr] error: doctest failed, to rerun pass `--doc`
[INFO] running `Command { std: "docker" "inspect" "79d6e5a411300085a9049174d32d758507d8f428effe7487f64c3bce8882b7d1", kill_on_drop: false }`
[INFO] running `Command { std: "docker" "rm" "-f" "79d6e5a411300085a9049174d32d758507d8f428effe7487f64c3bce8882b7d1", kill_on_drop: false }`
[INFO] [stdout] 79d6e5a411300085a9049174d32d758507d8f428effe7487f64c3bce8882b7d1
