[INFO] fetching crate wasmcloud-actor-blobstore 0.2.2...
[INFO] testing wasmcloud-actor-blobstore-0.2.2 against 1.75.0 for beta-1.76-1
[INFO] extracting crate wasmcloud-actor-blobstore 0.2.2 into /workspace/builds/worker-6-tc1/source
[INFO] validating manifest of crates.io crate wasmcloud-actor-blobstore 0.2.2 on toolchain 1.75.0
[INFO] running `Command { std: CARGO_HOME="/workspace/cargo-home" RUSTUP_HOME="/workspace/rustup-home" "/workspace/cargo-home/bin/cargo" "+1.75.0" "metadata" "--manifest-path" "Cargo.toml" "--no-deps", kill_on_drop: false }`
[INFO] started tweaking crates.io crate wasmcloud-actor-blobstore 0.2.2
[INFO] finished tweaking crates.io crate wasmcloud-actor-blobstore 0.2.2
[INFO] tweaked toml for crates.io crate wasmcloud-actor-blobstore 0.2.2 written to /workspace/builds/worker-6-tc1/source/Cargo.toml
[INFO] running `Command { std: CARGO_HOME="/workspace/cargo-home" RUSTUP_HOME="/workspace/rustup-home" "/workspace/cargo-home/bin/cargo" "+1.75.0" "generate-lockfile" "--manifest-path" "Cargo.toml", kill_on_drop: false }`
[INFO] [stderr]     Updating crates.io index
[INFO] running `Command { std: CARGO_HOME="/workspace/cargo-home" RUSTUP_HOME="/workspace/rustup-home" "/workspace/cargo-home/bin/cargo" "+1.75.0" "fetch" "--manifest-path" "Cargo.toml", kill_on_drop: false }`
[INFO] [stderr]  Downloading crates ...
[INFO] [stderr]   Downloaded wapc-guest v0.4.0
[INFO] [stderr]   Downloaded wasmcloud-actor-http-server v0.1.2
[INFO] [stderr]   Downloaded wasmcloud-actor-core v0.2.3
[INFO] [stderr]   Downloaded wasmcloud-actor-core-derive v0.1.0
[INFO] running `Command { std: "docker" "create" "-v" "/var/lib/crater-agent-workspace/builds/worker-6-tc1/target:/opt/rustwide/target:rw,Z" "-v" "/var/lib/crater-agent-workspace/builds/worker-6-tc1/source:/opt/rustwide/workdir:ro,Z" "-v" "/var/lib/crater-agent-workspace/cargo-home:/opt/rustwide/cargo-home:ro,Z" "-v" "/var/lib/crater-agent-workspace/rustup-home:/opt/rustwide/rustup-home:ro,Z" "-e" "SOURCE_DIR=/opt/rustwide/workdir" "-e" "CARGO_TARGET_DIR=/opt/rustwide/target" "-e" "CARGO_HOME=/opt/rustwide/cargo-home" "-e" "RUSTUP_HOME=/opt/rustwide/rustup-home" "-w" "/opt/rustwide/workdir" "-m" "1610612736" "--user" "0:0" "--network" "none" "ghcr.io/rust-lang/crates-build-env/linux@sha256:2788e3201cd34a07e3172128adcd8b3090168a8e3bcc40d7c032b9dda1df7d1c" "/opt/rustwide/cargo-home/bin/cargo" "+1.75.0" "metadata" "--no-deps" "--format-version=1", kill_on_drop: false }`
[INFO] [stdout] 3903c1b7b722707a843ac8f2a4d8f3a36bcc9839b5b70e8300b582ce97b0425e
[INFO] running `Command { std: "docker" "start" "-a" "3903c1b7b722707a843ac8f2a4d8f3a36bcc9839b5b70e8300b582ce97b0425e", kill_on_drop: false }`
[INFO] running `Command { std: "docker" "inspect" "3903c1b7b722707a843ac8f2a4d8f3a36bcc9839b5b70e8300b582ce97b0425e", kill_on_drop: false }`
[INFO] running `Command { std: "docker" "rm" "-f" "3903c1b7b722707a843ac8f2a4d8f3a36bcc9839b5b70e8300b582ce97b0425e", kill_on_drop: false }`
[INFO] [stdout] 3903c1b7b722707a843ac8f2a4d8f3a36bcc9839b5b70e8300b582ce97b0425e
[INFO] running `Command { std: "docker" "create" "-v" "/var/lib/crater-agent-workspace/builds/worker-6-tc1/target:/opt/rustwide/target:rw,Z" "-v" "/var/lib/crater-agent-workspace/builds/worker-6-tc1/source:/opt/rustwide/workdir:ro,Z" "-v" "/var/lib/crater-agent-workspace/cargo-home:/opt/rustwide/cargo-home:ro,Z" "-v" "/var/lib/crater-agent-workspace/rustup-home:/opt/rustwide/rustup-home:ro,Z" "-e" "SOURCE_DIR=/opt/rustwide/workdir" "-e" "CARGO_TARGET_DIR=/opt/rustwide/target" "-e" "CARGO_INCREMENTAL=0" "-e" "RUST_BACKTRACE=full" "-e" "RUSTFLAGS=--cap-lints=warn" "-e" "RUSTDOCFLAGS=--cap-lints=warn" "-e" "CARGO_HOME=/opt/rustwide/cargo-home" "-e" "RUSTUP_HOME=/opt/rustwide/rustup-home" "-w" "/opt/rustwide/workdir" "-m" "1610612736" "--user" "0:0" "--network" "none" "ghcr.io/rust-lang/crates-build-env/linux@sha256:2788e3201cd34a07e3172128adcd8b3090168a8e3bcc40d7c032b9dda1df7d1c" "/opt/rustwide/cargo-home/bin/cargo" "+1.75.0" "build" "--frozen" "--message-format=json", kill_on_drop: false }`
[INFO] [stdout] bcf2ee9ae7c424f2978e9c3c450150472729ec94e96e3326e986a50330d97aff
[INFO] running `Command { std: "docker" "start" "-a" "bcf2ee9ae7c424f2978e9c3c450150472729ec94e96e3326e986a50330d97aff", kill_on_drop: false }`
[INFO] [stderr]    Compiling serde v1.0.194
[INFO] [stderr]    Compiling num-traits v0.2.17
[INFO] [stderr]    Compiling byteorder v1.5.0
[INFO] [stderr]    Compiling serde_json v1.0.111
[INFO] [stderr]    Compiling itoa v1.0.10
[INFO] [stderr]    Compiling ryu v1.0.16
[INFO] [stderr]    Compiling serde_derive v1.0.194
[INFO] [stderr]    Compiling rmp v0.8.12
[INFO] [stderr]    Compiling rmp-serde v0.15.5
[INFO] [stderr]    Compiling serde_bytes v0.11.14
[INFO] [stderr]    Compiling wasmcloud-actor-blobstore v0.2.2 (/opt/rustwide/workdir)
[INFO] [stderr]     Finished dev [unoptimized + debuginfo] target(s) in 4.04s
[INFO] running `Command { std: "docker" "inspect" "bcf2ee9ae7c424f2978e9c3c450150472729ec94e96e3326e986a50330d97aff", kill_on_drop: false }`
[INFO] running `Command { std: "docker" "rm" "-f" "bcf2ee9ae7c424f2978e9c3c450150472729ec94e96e3326e986a50330d97aff", kill_on_drop: false }`
[INFO] [stdout] bcf2ee9ae7c424f2978e9c3c450150472729ec94e96e3326e986a50330d97aff
[INFO] running `Command { std: "docker" "create" "-v" "/var/lib/crater-agent-workspace/builds/worker-6-tc1/target:/opt/rustwide/target:rw,Z" "-v" "/var/lib/crater-agent-workspace/builds/worker-6-tc1/source:/opt/rustwide/workdir:ro,Z" "-v" "/var/lib/crater-agent-workspace/cargo-home:/opt/rustwide/cargo-home:ro,Z" "-v" "/var/lib/crater-agent-workspace/rustup-home:/opt/rustwide/rustup-home:ro,Z" "-e" "SOURCE_DIR=/opt/rustwide/workdir" "-e" "CARGO_TARGET_DIR=/opt/rustwide/target" "-e" "CARGO_INCREMENTAL=0" "-e" "RUST_BACKTRACE=full" "-e" "RUSTFLAGS=--cap-lints=warn" "-e" "RUSTDOCFLAGS=--cap-lints=warn" "-e" "CARGO_HOME=/opt/rustwide/cargo-home" "-e" "RUSTUP_HOME=/opt/rustwide/rustup-home" "-w" "/opt/rustwide/workdir" "-m" "1610612736" "--user" "0:0" "--network" "none" "ghcr.io/rust-lang/crates-build-env/linux@sha256:2788e3201cd34a07e3172128adcd8b3090168a8e3bcc40d7c032b9dda1df7d1c" "/opt/rustwide/cargo-home/bin/cargo" "+1.75.0" "test" "--frozen" "--no-run" "--message-format=json", kill_on_drop: false }`
[INFO] [stdout] 1ffe8fea4744db816245b6bc1fb28be0fda04f8012807a2fc1497967e43b453a
[INFO] running `Command { std: "docker" "start" "-a" "1ffe8fea4744db816245b6bc1fb28be0fda04f8012807a2fc1497967e43b453a", kill_on_drop: false }`
[INFO] [stderr]    Compiling version_check v0.9.4
[INFO] [stderr]    Compiling syn v1.0.109
[INFO] [stderr]    Compiling libc v0.2.151
[INFO] [stderr]    Compiling lazy_static v1.4.0
[INFO] [stderr]    Compiling unicode-width v0.1.11
[INFO] [stderr]    Compiling unicode-segmentation v1.10.1
[INFO] [stderr]    Compiling vec_map v0.8.2
[INFO] [stderr]    Compiling bitflags v1.3.2
[INFO] [stderr]    Compiling ansi_term v0.12.1
[INFO] [stderr]    Compiling strsim v0.8.0
[INFO] [stderr]    Compiling base64 v0.13.1
[INFO] [stderr]    Compiling log v0.4.20
[INFO] [stderr]    Compiling wapc-guest v0.4.0
[INFO] [stderr]    Compiling textwrap v0.11.0
[INFO] [stderr]    Compiling wasmcloud-actor-http-server v0.1.2
[INFO] [stderr]    Compiling proc-macro-error-attr v1.0.4
[INFO] [stderr]    Compiling proc-macro-error v1.0.4
[INFO] [stderr]    Compiling heck v0.3.3
[INFO] [stderr]    Compiling atty v0.2.14
[INFO] [stderr]    Compiling clap v2.34.0
[INFO] [stderr]    Compiling structopt-derive v0.4.18
[INFO] [stderr]    Compiling wasmcloud-actor-core-derive v0.1.0
[INFO] [stderr]    Compiling wasmcloud-actor-core v0.2.3
[INFO] [stderr]    Compiling structopt v0.3.26
[INFO] [stderr]    Compiling wasmcloud-actor-blobstore v0.2.2 (/opt/rustwide/workdir)
[INFO] [stderr]     Finished test [unoptimized + debuginfo] target(s) in 3.28s
[INFO] running `Command { std: "docker" "inspect" "1ffe8fea4744db816245b6bc1fb28be0fda04f8012807a2fc1497967e43b453a", kill_on_drop: false }`
[INFO] running `Command { std: "docker" "rm" "-f" "1ffe8fea4744db816245b6bc1fb28be0fda04f8012807a2fc1497967e43b453a", kill_on_drop: false }`
[INFO] [stdout] 1ffe8fea4744db816245b6bc1fb28be0fda04f8012807a2fc1497967e43b453a
[INFO] running `Command { std: "docker" "create" "-v" "/var/lib/crater-agent-workspace/builds/worker-6-tc1/target:/opt/rustwide/target:rw,Z" "-v" "/var/lib/crater-agent-workspace/builds/worker-6-tc1/source:/opt/rustwide/workdir:ro,Z" "-v" "/var/lib/crater-agent-workspace/cargo-home:/opt/rustwide/cargo-home:ro,Z" "-v" "/var/lib/crater-agent-workspace/rustup-home:/opt/rustwide/rustup-home:ro,Z" "-e" "SOURCE_DIR=/opt/rustwide/workdir" "-e" "CARGO_TARGET_DIR=/opt/rustwide/target" "-e" "CARGO_INCREMENTAL=0" "-e" "RUST_BACKTRACE=full" "-e" "RUSTFLAGS=--cap-lints=warn" "-e" "RUSTDOCFLAGS=--cap-lints=warn" "-e" "CARGO_HOME=/opt/rustwide/cargo-home" "-e" "RUSTUP_HOME=/opt/rustwide/rustup-home" "-w" "/opt/rustwide/workdir" "-m" "1610612736" "--user" "0:0" "--network" "none" "ghcr.io/rust-lang/crates-build-env/linux@sha256:2788e3201cd34a07e3172128adcd8b3090168a8e3bcc40d7c032b9dda1df7d1c" "/opt/rustwide/cargo-home/bin/cargo" "+1.75.0" "test" "--frozen", kill_on_drop: false }`
[INFO] [stdout] 31f469a9514aa37af79fd40ed226d9cb0c60a79ca40bee87b6832f4a3ff6397b
[INFO] running `Command { std: "docker" "start" "-a" "31f469a9514aa37af79fd40ed226d9cb0c60a79ca40bee87b6832f4a3ff6397b", kill_on_drop: false }`
[INFO] [stderr]     Finished test [unoptimized + debuginfo] target(s) in 0.02s
[INFO] [stderr]      Running unittests src/lib.rs (/opt/rustwide/target/debug/deps/wasmcloud_actor_blobstore-1cfecab7aa82e259)
[INFO] [stdout] 
[INFO] [stdout] running 0 tests
[INFO] [stdout] 
[INFO] [stdout] test result: ok. 0 passed; 0 failed; 0 ignored; 0 measured; 0 filtered out; finished in 0.00s
[INFO] [stdout] 
[INFO] [stderr]    Doc-tests wasmcloud-actor-blobstore
[INFO] [stdout] 
[INFO] [stdout] running 1 test
[INFO] [stdout] test src/lib.rs - (line 13) ... FAILED
[INFO] [stdout] 
[INFO] [stdout] failures:
[INFO] [stdout] 
[INFO] [stdout] ---- src/lib.rs - (line 13) stdout ----
[INFO] [stdout] error[E0463]: can't find crate for `wapc_guest`
[INFO] [stdout]  --> src/lib.rs:12:1
[INFO] [stdout]   |
[INFO] [stdout] 2 | extern crate wapc_guest as guest;
[INFO] [stdout]   | ^^^^^^^^^^^^^^^^^^^^^^^^^^^^^^^^^ can't find crate
[INFO] [stdout] 
[INFO] [stdout] error[E0433]: failed to resolve: could not find `Handlers` in `blobstore`
[INFO] [stdout]   --> src/lib.rs:28:16
[INFO] [stdout]    |
[INFO] [stdout] 18 |     blobstore::Handlers::register_receive_chunk(handle_chunk);
[INFO] [stdout]    |                ^^^^^^^^ could not find `Handlers` in `blobstore`
[INFO] [stdout]    |
[INFO] [stdout] help: consider importing one of these items
[INFO] [stdout]    |
[INFO] [stdout] 2  + use wasmcloud_actor_core::Handlers;
[INFO] [stdout]    |
[INFO] [stdout] 2  + use wasmcloud_actor_http_server::Handlers;
[INFO] [stdout]    |
[INFO] [stdout] help: if you import `Handlers`, refer to it directly
[INFO] [stdout]    |
[INFO] [stdout] 18 -     blobstore::Handlers::register_receive_chunk(handle_chunk);
[INFO] [stdout] 18 +     Handlers::register_receive_chunk(handle_chunk);
[INFO] [stdout]    |
[INFO] [stdout] 
[INFO] [stdout] error[E0412]: cannot find type `HandlerResult` in this scope
[INFO] [stdout]   --> src/lib.rs:32:41
[INFO] [stdout]    |
[INFO] [stdout] 22 | fn download_poem(req: http::Request) -> HandlerResult<http::Response> {
[INFO] [stdout]    |                                         ^^^^^^^^^^^^^ not found in this scope
[INFO] [stdout] 
[INFO] [stdout] error[E0412]: cannot find type `HandlerResult` in this scope
[INFO] [stdout]   --> src/lib.rs:44:38
[INFO] [stdout]    |
[INFO] [stdout] 34 | fn handle_chunk(chunk: FileChunk) -> HandlerResult<()> {
[INFO] [stdout]    |                                      ^^^^^^^^^^^^^ not found in this scope
[INFO] [stdout] 
[INFO] [stdout] error[E0412]: cannot find type `HandlerResult` in this scope
[INFO] [stdout]   --> src/lib.rs:51:98
[INFO] [stdout]    |
[INFO] [stdout] 41 | fn start_download(id: String, container_id: String, chunk_size: u64, context: Option<String>) -> HandlerResult<()> {
[INFO] [stdout]    |                                                                                                  ^^^^^^^^^^^^^ not found in this scope
[INFO] [stdout] 
[INFO] [stdout] error[E0433]: failed to resolve: use of undeclared crate or module `wapc_guest`
[INFO] [stdout]   --> src/lib.rs:25:1
[INFO] [stdout]    |
[INFO] [stdout] 15 | #[actor::init]
[INFO] [stdout]    | ^^^^^^^^^^^^^^ use of undeclared crate or module `wapc_guest`
[INFO] [stdout]    |
[INFO] [stdout]    = note: this error originates in the attribute macro `actor::init` (in Nightly builds, run with -Z macro-backtrace for more info)
[INFO] [stdout] 
[INFO] [stdout] error: aborting due to 6 previous errors
[INFO] [stdout] 
[INFO] [stdout] Some errors have detailed explanations: E0412, E0433, E0463.
[INFO] [stdout] For more information about an error, try `rustc --explain E0412`.
[INFO] [stdout] Couldn't compile the test.
[INFO] [stdout] 
[INFO] [stdout] failures:
[INFO] [stdout]     src/lib.rs - (line 13)
[INFO] [stdout] 
[INFO] [stdout] test result: FAILED. 0 passed; 1 failed; 0 ignored; 0 measured; 0 filtered out; finished in 0.05s
[INFO] [stdout] 
[INFO] [stderr] error: doctest failed, to rerun pass `--doc`
[INFO] running `Command { std: "docker" "inspect" "31f469a9514aa37af79fd40ed226d9cb0c60a79ca40bee87b6832f4a3ff6397b", kill_on_drop: false }`
[INFO] running `Command { std: "docker" "rm" "-f" "31f469a9514aa37af79fd40ed226d9cb0c60a79ca40bee87b6832f4a3ff6397b", kill_on_drop: false }`
[INFO] [stdout] 31f469a9514aa37af79fd40ed226d9cb0c60a79ca40bee87b6832f4a3ff6397b
