[INFO] fetching crate wasm-bindgen-test-macro 0.3.39...
[INFO] testing wasm-bindgen-test-macro-0.3.39 against 1.75.0 for beta-1.76-1
[INFO] extracting crate wasm-bindgen-test-macro 0.3.39 into /workspace/builds/worker-7-tc1/source
[INFO] validating manifest of crates.io crate wasm-bindgen-test-macro 0.3.39 on toolchain 1.75.0
[INFO] running `Command { std: CARGO_HOME="/workspace/cargo-home" RUSTUP_HOME="/workspace/rustup-home" "/workspace/cargo-home/bin/cargo" "+1.75.0" "metadata" "--manifest-path" "Cargo.toml" "--no-deps", kill_on_drop: false }`
[INFO] started tweaking crates.io crate wasm-bindgen-test-macro 0.3.39
[INFO] finished tweaking crates.io crate wasm-bindgen-test-macro 0.3.39
[INFO] tweaked toml for crates.io crate wasm-bindgen-test-macro 0.3.39 written to /workspace/builds/worker-7-tc1/source/Cargo.toml
[INFO] running `Command { std: CARGO_HOME="/workspace/cargo-home" RUSTUP_HOME="/workspace/rustup-home" "/workspace/cargo-home/bin/cargo" "+1.75.0" "generate-lockfile" "--manifest-path" "Cargo.toml", kill_on_drop: false }`
[INFO] [stderr]     Updating crates.io index
[INFO] running `Command { std: CARGO_HOME="/workspace/cargo-home" RUSTUP_HOME="/workspace/rustup-home" "/workspace/cargo-home/bin/cargo" "+1.75.0" "fetch" "--manifest-path" "Cargo.toml", kill_on_drop: false }`
[INFO] running `Command { std: "docker" "create" "-v" "/var/lib/crater-agent-workspace/builds/worker-7-tc1/target:/opt/rustwide/target:rw,Z" "-v" "/var/lib/crater-agent-workspace/builds/worker-7-tc1/source:/opt/rustwide/workdir:ro,Z" "-v" "/var/lib/crater-agent-workspace/cargo-home:/opt/rustwide/cargo-home:ro,Z" "-v" "/var/lib/crater-agent-workspace/rustup-home:/opt/rustwide/rustup-home:ro,Z" "-e" "SOURCE_DIR=/opt/rustwide/workdir" "-e" "CARGO_TARGET_DIR=/opt/rustwide/target" "-e" "CARGO_HOME=/opt/rustwide/cargo-home" "-e" "RUSTUP_HOME=/opt/rustwide/rustup-home" "-w" "/opt/rustwide/workdir" "-m" "1610612736" "--user" "0:0" "--network" "none" "ghcr.io/rust-lang/crates-build-env/linux@sha256:2788e3201cd34a07e3172128adcd8b3090168a8e3bcc40d7c032b9dda1df7d1c" "/opt/rustwide/cargo-home/bin/cargo" "+1.75.0" "metadata" "--no-deps" "--format-version=1", kill_on_drop: false }`
[INFO] [stdout] 372925464b42246ed97aa963738525db859afd58def091d564ad2adcca0e8bd8
[INFO] running `Command { std: "docker" "start" "-a" "372925464b42246ed97aa963738525db859afd58def091d564ad2adcca0e8bd8", kill_on_drop: false }`
[INFO] running `Command { std: "docker" "inspect" "372925464b42246ed97aa963738525db859afd58def091d564ad2adcca0e8bd8", kill_on_drop: false }`
[INFO] running `Command { std: "docker" "rm" "-f" "372925464b42246ed97aa963738525db859afd58def091d564ad2adcca0e8bd8", kill_on_drop: false }`
[INFO] [stdout] 372925464b42246ed97aa963738525db859afd58def091d564ad2adcca0e8bd8
[INFO] running `Command { std: "docker" "create" "-v" "/var/lib/crater-agent-workspace/builds/worker-7-tc1/target:/opt/rustwide/target:rw,Z" "-v" "/var/lib/crater-agent-workspace/builds/worker-7-tc1/source:/opt/rustwide/workdir:ro,Z" "-v" "/var/lib/crater-agent-workspace/cargo-home:/opt/rustwide/cargo-home:ro,Z" "-v" "/var/lib/crater-agent-workspace/rustup-home:/opt/rustwide/rustup-home:ro,Z" "-e" "SOURCE_DIR=/opt/rustwide/workdir" "-e" "CARGO_TARGET_DIR=/opt/rustwide/target" "-e" "CARGO_INCREMENTAL=0" "-e" "RUST_BACKTRACE=full" "-e" "RUSTFLAGS=--cap-lints=warn" "-e" "RUSTDOCFLAGS=--cap-lints=warn" "-e" "CARGO_HOME=/opt/rustwide/cargo-home" "-e" "RUSTUP_HOME=/opt/rustwide/rustup-home" "-w" "/opt/rustwide/workdir" "-m" "1610612736" "--user" "0:0" "--network" "none" "ghcr.io/rust-lang/crates-build-env/linux@sha256:2788e3201cd34a07e3172128adcd8b3090168a8e3bcc40d7c032b9dda1df7d1c" "/opt/rustwide/cargo-home/bin/cargo" "+1.75.0" "build" "--frozen" "--message-format=json", kill_on_drop: false }`
[INFO] [stdout] 4a9815d6b257a5dec8f35d61c58a519858da53270efafd74e63939c7960f51c6
[INFO] running `Command { std: "docker" "start" "-a" "4a9815d6b257a5dec8f35d61c58a519858da53270efafd74e63939c7960f51c6", kill_on_drop: false }`
[INFO] [stderr]    Compiling syn v2.0.48
[INFO] [stderr]    Compiling wasm-bindgen-test-macro v0.3.39 (/opt/rustwide/workdir)
[INFO] [stderr]     Finished dev [unoptimized + debuginfo] target(s) in 2.34s
[INFO] running `Command { std: "docker" "inspect" "4a9815d6b257a5dec8f35d61c58a519858da53270efafd74e63939c7960f51c6", kill_on_drop: false }`
[INFO] running `Command { std: "docker" "rm" "-f" "4a9815d6b257a5dec8f35d61c58a519858da53270efafd74e63939c7960f51c6", kill_on_drop: false }`
[INFO] [stdout] 4a9815d6b257a5dec8f35d61c58a519858da53270efafd74e63939c7960f51c6
[INFO] running `Command { std: "docker" "create" "-v" "/var/lib/crater-agent-workspace/builds/worker-7-tc1/target:/opt/rustwide/target:rw,Z" "-v" "/var/lib/crater-agent-workspace/builds/worker-7-tc1/source:/opt/rustwide/workdir:ro,Z" "-v" "/var/lib/crater-agent-workspace/cargo-home:/opt/rustwide/cargo-home:ro,Z" "-v" "/var/lib/crater-agent-workspace/rustup-home:/opt/rustwide/rustup-home:ro,Z" "-e" "SOURCE_DIR=/opt/rustwide/workdir" "-e" "CARGO_TARGET_DIR=/opt/rustwide/target" "-e" "CARGO_INCREMENTAL=0" "-e" "RUST_BACKTRACE=full" "-e" "RUSTFLAGS=--cap-lints=warn" "-e" "RUSTDOCFLAGS=--cap-lints=warn" "-e" "CARGO_HOME=/opt/rustwide/cargo-home" "-e" "RUSTUP_HOME=/opt/rustwide/rustup-home" "-w" "/opt/rustwide/workdir" "-m" "1610612736" "--user" "0:0" "--network" "none" "ghcr.io/rust-lang/crates-build-env/linux@sha256:2788e3201cd34a07e3172128adcd8b3090168a8e3bcc40d7c032b9dda1df7d1c" "/opt/rustwide/cargo-home/bin/cargo" "+1.75.0" "test" "--frozen" "--no-run" "--message-format=json", kill_on_drop: false }`
[INFO] [stdout] 6913c5a16a010b2be644c09dee806e1c4f2e08cd7544226c014dcaf388ed5550
[INFO] running `Command { std: "docker" "start" "-a" "6913c5a16a010b2be644c09dee806e1c4f2e08cd7544226c014dcaf388ed5550", kill_on_drop: false }`
[INFO] [stderr]    Compiling proc-macro2 v1.0.75
[INFO] [stderr]    Compiling unicode-ident v1.0.12
[INFO] [stderr]    Compiling trybuild v1.0.87
[INFO] [stderr]    Compiling serde v1.0.194
[INFO] [stderr]    Compiling glob v0.3.1
[INFO] [stderr]    Compiling quote v1.0.35
[INFO] [stderr]    Compiling syn v2.0.48
[INFO] [stderr]    Compiling serde_derive v1.0.194
[INFO] [stderr]    Compiling wasm-bindgen-test-macro v0.3.39 (/opt/rustwide/workdir)
[INFO] [stderr]    Compiling basic-toml v0.1.8
[INFO] [stderr]    Compiling serde_json v1.0.111
[INFO] [stderr]     Finished test [unoptimized + debuginfo] target(s) in 9.16s
[INFO] running `Command { std: "docker" "inspect" "6913c5a16a010b2be644c09dee806e1c4f2e08cd7544226c014dcaf388ed5550", kill_on_drop: false }`
[INFO] running `Command { std: "docker" "rm" "-f" "6913c5a16a010b2be644c09dee806e1c4f2e08cd7544226c014dcaf388ed5550", kill_on_drop: false }`
[INFO] [stdout] 6913c5a16a010b2be644c09dee806e1c4f2e08cd7544226c014dcaf388ed5550
[INFO] running `Command { std: "docker" "create" "-v" "/var/lib/crater-agent-workspace/builds/worker-7-tc1/target:/opt/rustwide/target:rw,Z" "-v" "/var/lib/crater-agent-workspace/builds/worker-7-tc1/source:/opt/rustwide/workdir:ro,Z" "-v" "/var/lib/crater-agent-workspace/cargo-home:/opt/rustwide/cargo-home:ro,Z" "-v" "/var/lib/crater-agent-workspace/rustup-home:/opt/rustwide/rustup-home:ro,Z" "-e" "SOURCE_DIR=/opt/rustwide/workdir" "-e" "CARGO_TARGET_DIR=/opt/rustwide/target" "-e" "CARGO_INCREMENTAL=0" "-e" "RUST_BACKTRACE=full" "-e" "RUSTFLAGS=--cap-lints=warn" "-e" "RUSTDOCFLAGS=--cap-lints=warn" "-e" "CARGO_HOME=/opt/rustwide/cargo-home" "-e" "RUSTUP_HOME=/opt/rustwide/rustup-home" "-w" "/opt/rustwide/workdir" "-m" "1610612736" "--user" "0:0" "--network" "none" "ghcr.io/rust-lang/crates-build-env/linux@sha256:2788e3201cd34a07e3172128adcd8b3090168a8e3bcc40d7c032b9dda1df7d1c" "/opt/rustwide/cargo-home/bin/cargo" "+1.75.0" "test" "--frozen", kill_on_drop: false }`
[INFO] [stdout] ac8d584be22c8361835a96139a623c4f9c1e4019759662f4e6ee01af072050f8
[INFO] running `Command { std: "docker" "start" "-a" "ac8d584be22c8361835a96139a623c4f9c1e4019759662f4e6ee01af072050f8", kill_on_drop: false }`
[INFO] [stderr]     Finished test [unoptimized + debuginfo] target(s) in 0.04s
[INFO] [stderr]      Running unittests src/lib.rs (/opt/rustwide/target/debug/deps/wasm_bindgen_test_macro-7f1c9cc52433c2fd)
[INFO] [stdout] 
[INFO] [stdout] running 0 tests
[INFO] [stdout] 
[INFO] [stdout] test result: ok. 0 passed; 0 failed; 0 ignored; 0 measured; 0 filtered out; finished in 0.00s
[INFO] [stdout] 
[INFO] [stderr]      Running tests/ui.rs (/opt/rustwide/target/debug/deps/ui-8252c7e6b82a3857)
[INFO] [stdout] 
[INFO] [stdout] running 1 test
[INFO] [stderr]    Compiling proc-macro2 v1.0.75
[INFO] [stderr]    Compiling unicode-ident v1.0.12
[INFO] [stderr]    Compiling quote v1.0.35
[INFO] [stderr]    Compiling syn v2.0.48
[INFO] [stderr]    Compiling wasm-bindgen-test-macro v0.3.39 (/opt/rustwide/workdir)
[INFO] [stderr]     Checking wasm-bindgen-test-macro-tests v0.0.0 (/opt/rustwide/target/tests/trybuild/wasm-bindgen-test-macro)
[INFO] [stderr]     Finished dev [unoptimized + debuginfo] target(s) in 3.75s
[INFO] [stderr] 
[INFO] [stderr] 
[INFO] [stderr] test ui-tests/crate.rs ... mismatch
[INFO] [stderr] 
[INFO] [stderr] EXPECTED:
[INFO] [stderr] ┈┈┈┈┈┈┈┈┈┈┈┈┈┈┈┈┈┈┈┈┈┈┈┈┈┈┈┈┈┈┈┈┈┈┈┈┈┈┈┈┈┈┈┈┈┈┈┈┈┈┈┈┈┈┈┈┈┈┈┈
[INFO] [stderr] error[E0433]: failed to resolve: use of undeclared crate or module `foo`
[INFO] [stderr]   --> ui-tests/crate.rs:17:29
[INFO] [stderr]    |
[INFO] [stderr] 17 | #[wasm_bindgen_test(crate = foo)]
[INFO] [stderr]    |                             ^^^ use of undeclared crate or module `foo`
[INFO] [stderr] ┈┈┈┈┈┈┈┈┈┈┈┈┈┈┈┈┈┈┈┈┈┈┈┈┈┈┈┈┈┈┈┈┈┈┈┈┈┈┈┈┈┈┈┈┈┈┈┈┈┈┈┈┈┈┈┈┈┈┈┈
[INFO] [stderr] 
[INFO] [stderr] ACTUAL OUTPUT:
[INFO] [stderr] ┈┈┈┈┈┈┈┈┈┈┈┈┈┈┈┈┈┈┈┈┈┈┈┈┈┈┈┈┈┈┈┈┈┈┈┈┈┈┈┈┈┈┈┈┈┈┈┈┈┈┈┈┈┈┈┈┈┈┈┈
[INFO] [stderr] error[E0463]: can't find crate for `wasm_bindgen_test`
[INFO] [stderr]  --> ui-tests/crate.rs:8:5
[INFO] [stderr]   |
[INFO] [stderr] 8 |     pub extern crate wasm_bindgen_test as test;
[INFO] [stderr]   |     ^^^^^^^^^^^^^^^^^^^^^^^^^^^^^^^^^^^^^^^^^^^ can't find crate
[INFO] [stderr] 
[INFO] [stderr] error[E0433]: failed to resolve: could not find `wasm_bindgen_test` in the list of imported crates
[INFO] [stderr]   --> ui-tests/crate.rs:11:31
[INFO] [stderr]    |
[INFO] [stderr] 11 | #[wasm_bindgen_test(crate = ::wasm_bindgen_test)]
[INFO] [stderr]    |                               ^^^^^^^^^^^^^^^^^ could not find `wasm_bindgen_test` in the list of imported crates
[INFO] [stderr] 
[INFO] [stderr] error[E0433]: failed to resolve: use of undeclared crate or module `foo`
[INFO] [stderr]   --> ui-tests/crate.rs:17:29
[INFO] [stderr]    |
[INFO] [stderr] 17 | #[wasm_bindgen_test(crate = foo)]
[INFO] [stderr]    |                             ^^^ use of undeclared crate or module `foo`
[INFO] [stderr] ┈┈┈┈┈┈┈┈┈┈┈┈┈┈┈┈┈┈┈┈┈┈┈┈┈┈┈┈┈┈┈┈┈┈┈┈┈┈┈┈┈┈┈┈┈┈┈┈┈┈┈┈┈┈┈┈┈┈┈┈
[INFO] [stderr] note: If the actual output is the correct output you can bless it by rerunning
[INFO] [stderr]       your test with the environment variable TRYBUILD=overwrite
[INFO] [stderr] 
[INFO] [stderr] test ui-tests/ignore.rs ... mismatch
[INFO] [stderr] 
[INFO] [stderr] EXPECTED:
[INFO] [stderr] ┈┈┈┈┈┈┈┈┈┈┈┈┈┈┈┈┈┈┈┈┈┈┈┈┈┈┈┈┈┈┈┈┈┈┈┈┈┈┈┈┈┈┈┈┈┈┈┈┈┈┈┈┈┈┈┈┈┈┈┈
[INFO] [stderr] error: malformed `#[ignore = "..."]` attribute
[INFO] [stderr]   --> ui-tests/ignore.rs:24:9
[INFO] [stderr]    |
[INFO] [stderr] 24 | #[ignore::error]
[INFO] [stderr]    |         ^
[INFO] [stderr] 
[INFO] [stderr] error: malformed `#[ignore]` attribute
[INFO] [stderr]   --> ui-tests/ignore.rs:28:12
[INFO] [stderr]    |
[INFO] [stderr] 28 | #[ignore = 42]
[INFO] [stderr]    |            ^^
[INFO] [stderr] 
[INFO] [stderr] error: malformed `#[ignore = "..."]` attribute
[INFO] [stderr]   --> ui-tests/ignore.rs:32:9
[INFO] [stderr]    |
[INFO] [stderr] 32 | #[ignore[]]
[INFO] [stderr]    |         ^^
[INFO] [stderr] 
[INFO] [stderr] error: malformed `#[ignore = "..."]` attribute
[INFO] [stderr]   --> ui-tests/ignore.rs:36:9
[INFO] [stderr]    |
[INFO] [stderr] 36 | #[ignore(42)]
[INFO] [stderr]    |         ^^^^
[INFO] [stderr] 
[INFO] [stderr] error: malformed `#[ignore = "..."]` attribute
[INFO] [stderr]   --> ui-tests/ignore.rs:40:9
[INFO] [stderr]    |
[INFO] [stderr] 40 | #[ignore(test)]
[INFO] [stderr]    |         ^^^^^^
[INFO] [stderr] 
[INFO] [stderr] error: malformed `#[ignore = "..."]` attribute
[INFO] [stderr]   --> ui-tests/ignore.rs:44:9
[INFO] [stderr]    |
[INFO] [stderr] 44 | #[ignore("test")]
[INFO] [stderr]    |         ^^^^^^^^
[INFO] [stderr] 
[INFO] [stderr] error: duplicate `ignore` attribute
[INFO] [stderr]   --> ui-tests/ignore.rs:49:3
[INFO] [stderr]    |
[INFO] [stderr] 49 | #[ignore = "test"]
[INFO] [stderr]    |   ^^^^^^
[INFO] [stderr] ┈┈┈┈┈┈┈┈┈┈┈┈┈┈┈┈┈┈┈┈┈┈┈┈┈┈┈┈┈┈┈┈┈┈┈┈┈┈┈┈┈┈┈┈┈┈┈┈┈┈┈┈┈┈┈┈┈┈┈┈
[INFO] [stderr] 
[INFO] [stderr] ACTUAL OUTPUT:
[INFO] [stderr] ┈┈┈┈┈┈┈┈┈┈┈┈┈┈┈┈┈┈┈┈┈┈┈┈┈┈┈┈┈┈┈┈┈┈┈┈┈┈┈┈┈┈┈┈┈┈┈┈┈┈┈┈┈┈┈┈┈┈┈┈
[INFO] [stderr] error: malformed `#[ignore = "..."]` attribute
[INFO] [stderr]   --> ui-tests/ignore.rs:24:9
[INFO] [stderr]    |
[INFO] [stderr] 24 | #[ignore::error]
[INFO] [stderr]    |         ^
[INFO] [stderr] 
[INFO] [stderr] error: malformed `#[ignore]` attribute
[INFO] [stderr]   --> ui-tests/ignore.rs:28:12
[INFO] [stderr]    |
[INFO] [stderr] 28 | #[ignore = 42]
[INFO] [stderr]    |            ^^
[INFO] [stderr] 
[INFO] [stderr] error: malformed `#[ignore = "..."]` attribute
[INFO] [stderr]   --> ui-tests/ignore.rs:32:9
[INFO] [stderr]    |
[INFO] [stderr] 32 | #[ignore[]]
[INFO] [stderr]    |         ^^
[INFO] [stderr] 
[INFO] [stderr] error: malformed `#[ignore = "..."]` attribute
[INFO] [stderr]   --> ui-tests/ignore.rs:36:9
[INFO] [stderr]    |
[INFO] [stderr] 36 | #[ignore(42)]
[INFO] [stderr]    |         ^^^^
[INFO] [stderr] 
[INFO] [stderr] error: malformed `#[ignore = "..."]` attribute
[INFO] [stderr]   --> ui-tests/ignore.rs:40:9
[INFO] [stderr]    |
[INFO] [stderr] 40 | #[ignore(test)]
[INFO] [stderr]    |         ^^^^^^
[INFO] [stderr] 
[INFO] [stderr] error: malformed `#[ignore = "..."]` attribute
[INFO] [stderr]   --> ui-tests/ignore.rs:44:9
[INFO] [stderr]    |
[INFO] [stderr] 44 | #[ignore("test")]
[INFO] [stderr]    |         ^^^^^^^^
[INFO] [stderr] 
[INFO] [stderr] error: duplicate `ignore` attribute
[INFO] [stderr]   --> ui-tests/ignore.rs:49:3
[INFO] [stderr]    |
[INFO] [stderr] 49 | #[ignore = "test"]
[INFO] [stderr]    |   ^^^^^^
[INFO] [stderr] 
[INFO] [stderr] error[E0433]: failed to resolve: could not find `wasm_bindgen_test` in the list of imported crates
[INFO] [stderr]  --> ui-tests/ignore.rs:7:1
[INFO] [stderr]   |
[INFO] [stderr] 7 | #[wasm_bindgen_test]
[INFO] [stderr]   | ^^^^^^^^^^^^^^^^^^^^ could not find `wasm_bindgen_test` in the list of imported crates
[INFO] [stderr]   |
[INFO] [stderr]   = note: this error originates in the attribute macro `wasm_bindgen_test` (in Nightly builds, run with -Z macro-backtrace for more info)
[INFO] [stderr] 
[INFO] [stderr] error[E0433]: failed to resolve: could not find `wasm_bindgen_test` in the list of imported crates
[INFO] [stderr]   --> ui-tests/ignore.rs:11:1
[INFO] [stderr]    |
[INFO] [stderr] 11 | #[wasm_bindgen_test]
[INFO] [stderr]    | ^^^^^^^^^^^^^^^^^^^^ could not find `wasm_bindgen_test` in the list of imported crates
[INFO] [stderr]    |
[INFO] [stderr]    = note: this error originates in the attribute macro `wasm_bindgen_test` (in Nightly builds, run with -Z macro-backtrace for more info)
[INFO] [stderr] 
[INFO] [stderr] error[E0433]: failed to resolve: could not find `wasm_bindgen_test` in the list of imported crates
[INFO] [stderr]   --> ui-tests/ignore.rs:15:1
[INFO] [stderr]    |
[INFO] [stderr] 15 | #[wasm_bindgen_test]
[INFO] [stderr]    | ^^^^^^^^^^^^^^^^^^^^ could not find `wasm_bindgen_test` in the list of imported crates
[INFO] [stderr]    |
[INFO] [stderr]    = note: this error originates in the attribute macro `wasm_bindgen_test` (in Nightly builds, run with -Z macro-backtrace for more info)
[INFO] [stderr] 
[INFO] [stderr] error[E0433]: failed to resolve: could not find `wasm_bindgen_test` in the list of imported crates
[INFO] [stderr]   --> ui-tests/ignore.rs:19:1
[INFO] [stderr]    |
[INFO] [stderr] 19 | #[wasm_bindgen_test]
[INFO] [stderr]    | ^^^^^^^^^^^^^^^^^^^^ could not find `wasm_bindgen_test` in the list of imported crates
[INFO] [stderr]    |
[INFO] [stderr]    = note: this error originates in the attribute macro `wasm_bindgen_test` (in Nightly builds, run with -Z macro-backtrace for more info)
[INFO] [stderr] ┈┈┈┈┈┈┈┈┈┈┈┈┈┈┈┈┈┈┈┈┈┈┈┈┈┈┈┈┈┈┈┈┈┈┈┈┈┈┈┈┈┈┈┈┈┈┈┈┈┈┈┈┈┈┈┈┈┈┈┈
[INFO] [stderr] note: If the actual output is the correct output you can bless it by rerunning
[INFO] [stderr]       your test with the environment variable TRYBUILD=overwrite
[INFO] [stderr] 
[INFO] [stderr] test ui-tests/should_panic.rs ... mismatch
[INFO] [stderr] 
[INFO] [stderr] EXPECTED:
[INFO] [stderr] ┈┈┈┈┈┈┈┈┈┈┈┈┈┈┈┈┈┈┈┈┈┈┈┈┈┈┈┈┈┈┈┈┈┈┈┈┈┈┈┈┈┈┈┈┈┈┈┈┈┈┈┈┈┈┈┈┈┈┈┈
[INFO] [stderr] error: malformed `#[should_panic = "..."]` attribute
[INFO] [stderr]   --> ui-tests/should_panic.rs:32:15
[INFO] [stderr]    |
[INFO] [stderr] 32 | #[should_panic::error]
[INFO] [stderr]    |               ^
[INFO] [stderr] 
[INFO] [stderr] error: malformed `#[should_panic]` attribute
[INFO] [stderr]   --> ui-tests/should_panic.rs:36:18
[INFO] [stderr]    |
[INFO] [stderr] 36 | #[should_panic = 42]
[INFO] [stderr]    |                  ^^
[INFO] [stderr] 
[INFO] [stderr] error: malformed `#[should_panic = "..."]` attribute
[INFO] [stderr]   --> ui-tests/should_panic.rs:40:15
[INFO] [stderr]    |
[INFO] [stderr] 40 | #[should_panic[]]
[INFO] [stderr]    |               ^^
[INFO] [stderr] 
[INFO] [stderr] error: malformed `#[should_panic(...)]` attribute
[INFO] [stderr]   --> ui-tests/should_panic.rs:44:15
[INFO] [stderr]    |
[INFO] [stderr] 44 | #[should_panic(42)]
[INFO] [stderr]    |               ^^^^
[INFO] [stderr] 
[INFO] [stderr] error: malformed `#[should_panic(...)]` attribute
[INFO] [stderr]   --> ui-tests/should_panic.rs:48:15
[INFO] [stderr]    |
[INFO] [stderr] 48 | #[should_panic(test)]
[INFO] [stderr]    |               ^^^^^^
[INFO] [stderr] 
[INFO] [stderr] error: malformed `#[should_panic(...)]` attribute
[INFO] [stderr]   --> ui-tests/should_panic.rs:52:15
[INFO] [stderr]    |
[INFO] [stderr] 52 | #[should_panic(expected)]
[INFO] [stderr]    |               ^^^^^^^^^^
[INFO] [stderr] 
[INFO] [stderr] error: malformed `#[should_panic(...)]` attribute
[INFO] [stderr]   --> ui-tests/should_panic.rs:56:15
[INFO] [stderr]    |
[INFO] [stderr] 56 | #[should_panic(expected::error)]
[INFO] [stderr]    |               ^^^^^^^^^^^^^^^^^
[INFO] [stderr] 
[INFO] [stderr] error: malformed `#[should_panic]` attribute
[INFO] [stderr]   --> ui-tests/should_panic.rs:60:3
[INFO] [stderr]    |
[INFO] [stderr] 60 | #[should_panic(expected =)]
[INFO] [stderr]    |   ^^^^^^^^^^^^
[INFO] [stderr] 
[INFO] [stderr] error: malformed `#[should_panic]` attribute
[INFO] [stderr]   --> ui-tests/should_panic.rs:64:27
[INFO] [stderr]    |
[INFO] [stderr] 64 | #[should_panic(expected = 5)]
[INFO] [stderr]    |                           ^
[INFO] [stderr] 
[INFO] [stderr] error: duplicate `should_panic` attribute
[INFO] [stderr]   --> ui-tests/should_panic.rs:69:3
[INFO] [stderr]    |
[INFO] [stderr] 69 | #[should_panic = "test"]
[INFO] [stderr]    |   ^^^^^^^^^^^^
[INFO] [stderr] ┈┈┈┈┈┈┈┈┈┈┈┈┈┈┈┈┈┈┈┈┈┈┈┈┈┈┈┈┈┈┈┈┈┈┈┈┈┈┈┈┈┈┈┈┈┈┈┈┈┈┈┈┈┈┈┈┈┈┈┈
[INFO] [stderr] 
[INFO] [stderr] ACTUAL OUTPUT:
[INFO] [stderr] ┈┈┈┈┈┈┈┈┈┈┈┈┈┈┈┈┈┈┈┈┈┈┈┈┈┈┈┈┈┈┈┈┈┈┈┈┈┈┈┈┈┈┈┈┈┈┈┈┈┈┈┈┈┈┈┈┈┈┈┈
[INFO] [stderr] error: malformed `#[should_panic = "..."]` attribute
[INFO] [stderr]   --> ui-tests/should_panic.rs:32:15
[INFO] [stderr]    |
[INFO] [stderr] 32 | #[should_panic::error]
[INFO] [stderr]    |               ^
[INFO] [stderr] 
[INFO] [stderr] error: malformed `#[should_panic]` attribute
[INFO] [stderr]   --> ui-tests/should_panic.rs:36:18
[INFO] [stderr]    |
[INFO] [stderr] 36 | #[should_panic = 42]
[INFO] [stderr]    |                  ^^
[INFO] [stderr] 
[INFO] [stderr] error: malformed `#[should_panic = "..."]` attribute
[INFO] [stderr]   --> ui-tests/should_panic.rs:40:15
[INFO] [stderr]    |
[INFO] [stderr] 40 | #[should_panic[]]
[INFO] [stderr]    |               ^^
[INFO] [stderr] 
[INFO] [stderr] error: malformed `#[should_panic(...)]` attribute
[INFO] [stderr]   --> ui-tests/should_panic.rs:44:15
[INFO] [stderr]    |
[INFO] [stderr] 44 | #[should_panic(42)]
[INFO] [stderr]    |               ^^^^
[INFO] [stderr] 
[INFO] [stderr] error: malformed `#[should_panic(...)]` attribute
[INFO] [stderr]   --> ui-tests/should_panic.rs:48:15
[INFO] [stderr]    |
[INFO] [stderr] 48 | #[should_panic(test)]
[INFO] [stderr]    |               ^^^^^^
[INFO] [stderr] 
[INFO] [stderr] error: malformed `#[should_panic(...)]` attribute
[INFO] [stderr]   --> ui-tests/should_panic.rs:52:15
[INFO] [stderr]    |
[INFO] [stderr] 52 | #[should_panic(expected)]
[INFO] [stderr]    |               ^^^^^^^^^^
[INFO] [stderr] 
[INFO] [stderr] error: malformed `#[should_panic(...)]` attribute
[INFO] [stderr]   --> ui-tests/should_panic.rs:56:15
[INFO] [stderr]    |
[INFO] [stderr] 56 | #[should_panic(expected::error)]
[INFO] [stderr]    |               ^^^^^^^^^^^^^^^^^
[INFO] [stderr] 
[INFO] [stderr] error: malformed `#[should_panic]` attribute
[INFO] [stderr]   --> ui-tests/should_panic.rs:60:3
[INFO] [stderr]    |
[INFO] [stderr] 60 | #[should_panic(expected =)]
[INFO] [stderr]    |   ^^^^^^^^^^^^
[INFO] [stderr] 
[INFO] [stderr] error: malformed `#[should_panic]` attribute
[INFO] [stderr]   --> ui-tests/should_panic.rs:64:27
[INFO] [stderr]    |
[INFO] [stderr] 64 | #[should_panic(expected = 5)]
[INFO] [stderr]    |                           ^
[INFO] [stderr] 
[INFO] [stderr] error: duplicate `should_panic` attribute
[INFO] [stderr]   --> ui-tests/should_panic.rs:69:3
[INFO] [stderr]    |
[INFO] [stderr] 69 | #[should_panic = "test"]
[INFO] [stderr]    |   ^^^^^^^^^^^^
[INFO] [stderr] 
[INFO] [stderr] error[E0433]: failed to resolve: could not find `wasm_bindgen_test` in the list of imported crates
[INFO] [stderr]  --> ui-tests/should_panic.rs:7:1
[INFO] [stderr]   |
[INFO] [stderr] 7 | #[wasm_bindgen_test]
[INFO] [stderr]   | ^^^^^^^^^^^^^^^^^^^^ could not find `wasm_bindgen_test` in the list of imported crates
[INFO] [stderr]   |
[INFO] [stderr]   = note: this error originates in the attribute macro `wasm_bindgen_test` (in Nightly builds, run with -Z macro-backtrace for more info)
[INFO] [stderr] 
[INFO] [stderr] error[E0433]: failed to resolve: could not find `wasm_bindgen_test` in the list of imported crates
[INFO] [stderr]   --> ui-tests/should_panic.rs:11:1
[INFO] [stderr]    |
[INFO] [stderr] 11 | #[wasm_bindgen_test]
[INFO] [stderr]    | ^^^^^^^^^^^^^^^^^^^^ could not find `wasm_bindgen_test` in the list of imported crates
[INFO] [stderr]    |
[INFO] [stderr]    = note: this error originates in the attribute macro `wasm_bindgen_test` (in Nightly builds, run with -Z macro-backtrace for more info)
[INFO] [stderr] 
[INFO] [stderr] error[E0433]: failed to resolve: could not find `wasm_bindgen_test` in the list of imported crates
[INFO] [stderr]   --> ui-tests/should_panic.rs:15:1
[INFO] [stderr]    |
[INFO] [stderr] 15 | #[wasm_bindgen_test]
[INFO] [stderr]    | ^^^^^^^^^^^^^^^^^^^^ could not find `wasm_bindgen_test` in the list of imported crates
[INFO] [stderr]    |
[INFO] [stderr]    = note: this error originates in the attribute macro `wasm_bindgen_test` (in Nightly builds, run with -Z macro-backtrace for more info)
[INFO] [stderr] 
[INFO] [stderr] error[E0433]: failed to resolve: could not find `wasm_bindgen_test` in the list of imported crates
[INFO] [stderr]   --> ui-tests/should_panic.rs:19:1
[INFO] [stderr]    |
[INFO] [stderr] 19 | #[wasm_bindgen_test]
[INFO] [stderr]    | ^^^^^^^^^^^^^^^^^^^^ could not find `wasm_bindgen_test` in the list of imported crates
[INFO] [stderr]    |
[INFO] [stderr]    = note: this error originates in the attribute macro `wasm_bindgen_test` (in Nightly builds, run with -Z macro-backtrace for more info)
[INFO] [stderr] 
[INFO] [stderr] error[E0433]: failed to resolve: could not find `wasm_bindgen_test` in the list of imported crates
[INFO] [stderr]   --> ui-tests/should_panic.rs:23:1
[INFO] [stderr]    |
[INFO] [stderr] 23 | #[wasm_bindgen_test]
[INFO] [stderr]    | ^^^^^^^^^^^^^^^^^^^^ could not find `wasm_bindgen_test` in the list of imported crates
[INFO] [stderr]    |
[INFO] [stderr]    = note: this error originates in the attribute macro `wasm_bindgen_test` (in Nightly builds, run with -Z macro-backtrace for more info)
[INFO] [stderr] 
[INFO] [stderr] error[E0433]: failed to resolve: could not find `wasm_bindgen_test` in the list of imported crates
[INFO] [stderr]   --> ui-tests/should_panic.rs:27:1
[INFO] [stderr]    |
[INFO] [stderr] 27 | #[wasm_bindgen_test]
[INFO] [stderr]    | ^^^^^^^^^^^^^^^^^^^^ could not find `wasm_bindgen_test` in the list of imported crates
[INFO] [stderr]    |
[INFO] [stderr]    = note: this error originates in the attribute macro `wasm_bindgen_test` (in Nightly builds, run with -Z macro-backtrace for more info)
[INFO] [stderr] ┈┈┈┈┈┈┈┈┈┈┈┈┈┈┈┈┈┈┈┈┈┈┈┈┈┈┈┈┈┈┈┈┈┈┈┈┈┈┈┈┈┈┈┈┈┈┈┈┈┈┈┈┈┈┈┈┈┈┈┈
[INFO] [stderr] note: If the actual output is the correct output you can bless it by rerunning
[INFO] [stderr]       your test with the environment variable TRYBUILD=overwrite
[INFO] [stderr] 
[INFO] [stderr] 
[INFO] [stderr] 
[INFO] [stdout] test ui ... FAILED
[INFO] [stdout] 
[INFO] [stdout] failures:
[INFO] [stdout] 
[INFO] [stdout] ---- ui stdout ----
[INFO] [stdout] thread 'ui' panicked at /opt/rustwide/cargo-home/registry/src/index.crates.io-6f17d22bba15001f/trybuild-1.0.87/src/run.rs:101:13:
[INFO] [stdout] 3 of 3 tests failed
[INFO] [stdout] stack backtrace:
[INFO] [stdout]    0:     0x564d389f19ec - std::backtrace_rs::backtrace::libunwind::trace::ha637c64ce894333a
[INFO] [stdout]                                at /rustc/82e1608dfa6e0b5569232559e3d385fea5a93112/library/std/src/../../backtrace/src/backtrace/libunwind.rs:104:5
[INFO] [stdout]    1:     0x564d389f19ec - std::backtrace_rs::backtrace::trace_unsynchronized::h47f62dea28e0c88d
[INFO] [stdout]                                at /rustc/82e1608dfa6e0b5569232559e3d385fea5a93112/library/std/src/../../backtrace/src/backtrace/mod.rs:66:5
[INFO] [stdout]    2:     0x564d389f19ec - std::sys_common::backtrace::_print_fmt::h9eef0abe20ede486
[INFO] [stdout]                                at /rustc/82e1608dfa6e0b5569232559e3d385fea5a93112/library/std/src/sys_common/backtrace.rs:67:5
[INFO] [stdout]    3:     0x564d389f19ec - <std::sys_common::backtrace::_print::DisplayBacktrace as core::fmt::Display>::fmt::hed7f999df88cc644
[INFO] [stdout]                                at /rustc/82e1608dfa6e0b5569232559e3d385fea5a93112/library/std/src/sys_common/backtrace.rs:44:22
[INFO] [stdout]    4:     0x564d38a1ddd0 - core::fmt::rt::Argument::fmt::h1539a9308b8d058d
[INFO] [stdout]                                at /rustc/82e1608dfa6e0b5569232559e3d385fea5a93112/library/core/src/fmt/rt.rs:142:9
[INFO] [stdout]    5:     0x564d38a1ddd0 - core::fmt::write::h3a39390d8560d9c9
[INFO] [stdout]                                at /rustc/82e1608dfa6e0b5569232559e3d385fea5a93112/library/core/src/fmt/mod.rs:1120:17
[INFO] [stdout]    6:     0x564d389ee89f - std::io::Write::write_fmt::h040b369f3a0f9cbc
[INFO] [stdout]                                at /rustc/82e1608dfa6e0b5569232559e3d385fea5a93112/library/std/src/io/mod.rs:1762:15
[INFO] [stdout]    7:     0x564d389f17d4 - std::sys_common::backtrace::_print::h894006fb5c6f3d45
[INFO] [stdout]                                at /rustc/82e1608dfa6e0b5569232559e3d385fea5a93112/library/std/src/sys_common/backtrace.rs:47:5
[INFO] [stdout]    8:     0x564d389f17d4 - std::sys_common::backtrace::print::h23a2d212c6fff936
[INFO] [stdout]                                at /rustc/82e1608dfa6e0b5569232559e3d385fea5a93112/library/std/src/sys_common/backtrace.rs:34:9
[INFO] [stdout]    9:     0x564d389f3497 - std::panicking::default_hook::{{closure}}::h8a1d2ee00185001a
[INFO] [stdout]   10:     0x564d389f3183 - std::panicking::default_hook::h6038f2eba384e475
[INFO] [stdout]                                at /rustc/82e1608dfa6e0b5569232559e3d385fea5a93112/library/std/src/panicking.rs:289:9
[INFO] [stdout]   11:     0x564d389c1c87 - <alloc::boxed::Box<F,A> as core::ops::function::Fn<Args>>::call::h0ad024c9bdc6d768
[INFO] [stdout]                                at /rustc/82e1608dfa6e0b5569232559e3d385fea5a93112/library/alloc/src/boxed.rs:2021:9
[INFO] [stdout]   12:     0x564d389c1c87 - test::test_main::{{closure}}::h7500b54257359db6
[INFO] [stdout]                                at /rustc/82e1608dfa6e0b5569232559e3d385fea5a93112/library/test/src/lib.rs:138:21
[INFO] [stdout]   13:     0x564d389f3aa8 - <alloc::boxed::Box<F,A> as core::ops::function::Fn<Args>>::call::h1f8f335eaa9cfaee
[INFO] [stdout]                                at /rustc/82e1608dfa6e0b5569232559e3d385fea5a93112/library/alloc/src/boxed.rs:2021:9
[INFO] [stdout]   14:     0x564d389f3aa8 - std::panicking::rust_panic_with_hook::h2b5517d590cab22e
[INFO] [stdout]                                at /rustc/82e1608dfa6e0b5569232559e3d385fea5a93112/library/std/src/panicking.rs:783:13
[INFO] [stdout]   15:     0x564d389f37fe - std::panicking::begin_panic_handler::{{closure}}::h233112c06e0ef43e
[INFO] [stdout]                                at /rustc/82e1608dfa6e0b5569232559e3d385fea5a93112/library/std/src/panicking.rs:657:13
[INFO] [stdout]   16:     0x564d389f1eb6 - std::sys_common::backtrace::__rust_end_short_backtrace::h6e893f24d7ebbff8
[INFO] [stdout]                                at /rustc/82e1608dfa6e0b5569232559e3d385fea5a93112/library/std/src/sys_common/backtrace.rs:170:18
[INFO] [stdout]   17:     0x564d389f3562 - rust_begin_unwind
[INFO] [stdout]                                at /rustc/82e1608dfa6e0b5569232559e3d385fea5a93112/library/std/src/panicking.rs:645:5
[INFO] [stdout]   18:     0x564d3879ffc5 - core::panicking::panic_fmt::hbf0e066aabfa482c
[INFO] [stdout]                                at /rustc/82e1608dfa6e0b5569232559e3d385fea5a93112/library/core/src/panicking.rs:72:14
[INFO] [stdout]   19:     0x564d387aeff3 - trybuild::run::<impl trybuild::Runner>::run::hcfe30bdaf7d7f30e
[INFO] [stdout]                                at /opt/rustwide/cargo-home/registry/src/index.crates.io-6f17d22bba15001f/trybuild-1.0.87/src/run.rs:101:13
[INFO] [stdout]   20:     0x564d387b47a8 - <trybuild::TestCases as core::ops::drop::Drop>::drop::h2079a4ca1d85cd8c
[INFO] [stdout]                                at /opt/rustwide/cargo-home/registry/src/index.crates.io-6f17d22bba15001f/trybuild-1.0.87/src/lib.rs:317:13
[INFO] [stdout]   21:     0x564d387a0bc7 - core::ptr::drop_in_place<trybuild::TestCases>::h8cca84a28c00f5b3
[INFO] [stdout]                                at /rustc/82e1608dfa6e0b5569232559e3d385fea5a93112/library/core/src/ptr/mod.rs:498:1
[INFO] [stdout]   22:     0x564d387a1b53 - ui::ui::he8ce22746c3f3d83
[INFO] [stdout]                                at /opt/rustwide/workdir/tests/ui.rs:5:1
[INFO] [stdout]   23:     0x564d387a1ae7 - ui::ui::{{closure}}::hf1b5a7fea1a012b4
[INFO] [stdout]                                at /opt/rustwide/workdir/tests/ui.rs:2:8
[INFO] [stdout]   24:     0x564d387a0b26 - core::ops::function::FnOnce::call_once::h13aafb48cfabedb7
[INFO] [stdout]                                at /rustc/82e1608dfa6e0b5569232559e3d385fea5a93112/library/core/src/ops/function.rs:250:5
[INFO] [stdout]   25:     0x564d389c72df - core::ops::function::FnOnce::call_once::h2b5d431d5046312d
[INFO] [stdout]                                at /rustc/82e1608dfa6e0b5569232559e3d385fea5a93112/library/core/src/ops/function.rs:250:5
[INFO] [stdout]   26:     0x564d389c72df - test::__rust_begin_short_backtrace::h7714669af176e207
[INFO] [stdout]                                at /rustc/82e1608dfa6e0b5569232559e3d385fea5a93112/library/test/src/lib.rs:628:18
[INFO] [stdout]   27:     0x564d389c62f5 - test::run_test_in_process::{{closure}}::h85218797dcbcec12
[INFO] [stdout]                                at /rustc/82e1608dfa6e0b5569232559e3d385fea5a93112/library/test/src/lib.rs:651:60
[INFO] [stdout]   28:     0x564d389c62f5 - <core::panic::unwind_safe::AssertUnwindSafe<F> as core::ops::function::FnOnce<()>>::call_once::h76c106ea31c14d7b
[INFO] [stdout]                                at /rustc/82e1608dfa6e0b5569232559e3d385fea5a93112/library/core/src/panic/unwind_safe.rs:272:9
[INFO] [stdout]   29:     0x564d389c62f5 - std::panicking::try::do_call::h3bd5d0f6620ee946
[INFO] [stdout]                                at /rustc/82e1608dfa6e0b5569232559e3d385fea5a93112/library/std/src/panicking.rs:552:40
[INFO] [stdout]   30:     0x564d389c62f5 - std::panicking::try::h232e535e4744fe31
[INFO] [stdout]                                at /rustc/82e1608dfa6e0b5569232559e3d385fea5a93112/library/std/src/panicking.rs:516:19
[INFO] [stdout]   31:     0x564d389c62f5 - std::panic::catch_unwind::h3ce3bd6ca8dbac68
[INFO] [stdout]                                at /rustc/82e1608dfa6e0b5569232559e3d385fea5a93112/library/std/src/panic.rs:142:14
[INFO] [stdout]   32:     0x564d389c62f5 - test::run_test_in_process::hc97b257c9621286a
[INFO] [stdout]                                at /rustc/82e1608dfa6e0b5569232559e3d385fea5a93112/library/test/src/lib.rs:651:27
[INFO] [stdout]   33:     0x564d389c62f5 - test::run_test::{{closure}}::h2aa798823a438d38
[INFO] [stdout]                                at /rustc/82e1608dfa6e0b5569232559e3d385fea5a93112/library/test/src/lib.rs:574:43
[INFO] [stdout]   34:     0x564d3898e5b6 - test::run_test::{{closure}}::h87d231c78fb59832
[INFO] [stdout]                                at /rustc/82e1608dfa6e0b5569232559e3d385fea5a93112/library/test/src/lib.rs:602:41
[INFO] [stdout]   35:     0x564d3898e5b6 - std::sys_common::backtrace::__rust_begin_short_backtrace::he6df152596625789
[INFO] [stdout]                                at /rustc/82e1608dfa6e0b5569232559e3d385fea5a93112/library/std/src/sys_common/backtrace.rs:154:18
[INFO] [stdout]   36:     0x564d38993667 - std::thread::Builder::spawn_unchecked_::{{closure}}::{{closure}}::ha94be15d1e0acf36
[INFO] [stdout]                                at /rustc/82e1608dfa6e0b5569232559e3d385fea5a93112/library/std/src/thread/mod.rs:529:17
[INFO] [stdout]   37:     0x564d38993667 - <core::panic::unwind_safe::AssertUnwindSafe<F> as core::ops::function::FnOnce<()>>::call_once::h9dc6bd6372f16606
[INFO] [stdout]                                at /rustc/82e1608dfa6e0b5569232559e3d385fea5a93112/library/core/src/panic/unwind_safe.rs:272:9
[INFO] [stdout]   38:     0x564d38993667 - std::panicking::try::do_call::h9057517f80303cd4
[INFO] [stdout]                                at /rustc/82e1608dfa6e0b5569232559e3d385fea5a93112/library/std/src/panicking.rs:552:40
[INFO] [stdout]   39:     0x564d38993667 - std::panicking::try::he3a30b11ee45340c
[INFO] [stdout]                                at /rustc/82e1608dfa6e0b5569232559e3d385fea5a93112/library/std/src/panicking.rs:516:19
[INFO] [stdout]   40:     0x564d38993667 - std::panic::catch_unwind::h410458cfd3528b8b
[INFO] [stdout]                                at /rustc/82e1608dfa6e0b5569232559e3d385fea5a93112/library/std/src/panic.rs:142:14
[INFO] [stdout]   41:     0x564d38993667 - std::thread::Builder::spawn_unchecked_::{{closure}}::h72ac3bdb567b737b
[INFO] [stdout]                                at /rustc/82e1608dfa6e0b5569232559e3d385fea5a93112/library/std/src/thread/mod.rs:528:30
[INFO] [stdout]   42:     0x564d38993667 - core::ops::function::FnOnce::call_once{{vtable.shim}}::h38f34da3654a8344
[INFO] [stdout]                                at /rustc/82e1608dfa6e0b5569232559e3d385fea5a93112/library/core/src/ops/function.rs:250:5
[INFO] [stdout]   43:     0x564d389f9685 - <alloc::boxed::Box<F,A> as core::ops::function::FnOnce<Args>>::call_once::hc7eafaff61e32df9
[INFO] [stdout]                                at /rustc/82e1608dfa6e0b5569232559e3d385fea5a93112/library/alloc/src/boxed.rs:2007:9
[INFO] [stdout]   44:     0x564d389f9685 - <alloc::boxed::Box<F,A> as core::ops::function::FnOnce<Args>>::call_once::h6ba4a5de48dd2304
[INFO] [stdout]                                at /rustc/82e1608dfa6e0b5569232559e3d385fea5a93112/library/alloc/src/boxed.rs:2007:9
[INFO] [stdout]   45:     0x564d389f9685 - std::sys::unix::thread::Thread::new::thread_start::he469335aef763e45
[INFO] [stdout]                                at /rustc/82e1608dfa6e0b5569232559e3d385fea5a93112/library/std/src/sys/unix/thread.rs:108:17
[INFO] [stdout]   46:     0x7f25260a1ac3 - <unknown>
[INFO] [stdout]   47:     0x7f2526132bf4 - __clone
[INFO] [stdout]   48:                0x0 - <unknown>
[INFO] [stdout] 
[INFO] [stdout] 
[INFO] [stdout] failures:
[INFO] [stdout]     ui
[INFO] [stdout] 
[INFO] [stdout] test result: FAILED. 0 passed; 1 failed; 0 ignored; 0 measured; 0 filtered out; finished in 3.95s
[INFO] [stdout] 
[INFO] [stderr] error: test failed, to rerun pass `--test ui`
[INFO] running `Command { std: "docker" "inspect" "ac8d584be22c8361835a96139a623c4f9c1e4019759662f4e6ee01af072050f8", kill_on_drop: false }`
[INFO] running `Command { std: "docker" "rm" "-f" "ac8d584be22c8361835a96139a623c4f9c1e4019759662f4e6ee01af072050f8", kill_on_drop: false }`
[INFO] [stdout] ac8d584be22c8361835a96139a623c4f9c1e4019759662f4e6ee01af072050f8
[INFO] testing wasm-bindgen-test-macro-0.3.39 against beta-2023-12-22 for beta-1.76-1
[INFO] extracting crate wasm-bindgen-test-macro 0.3.39 into /workspace/builds/worker-7-tc2/source
[INFO] validating manifest of crates.io crate wasm-bindgen-test-macro 0.3.39 on toolchain beta-2023-12-22
[INFO] running `Command { std: CARGO_HOME="/workspace/cargo-home" RUSTUP_HOME="/workspace/rustup-home" "/workspace/cargo-home/bin/cargo" "+beta-2023-12-22" "metadata" "--manifest-path" "Cargo.toml" "--no-deps", kill_on_drop: false }`
[INFO] started tweaking crates.io crate wasm-bindgen-test-macro 0.3.39
[INFO] finished tweaking crates.io crate wasm-bindgen-test-macro 0.3.39
[INFO] tweaked toml for crates.io crate wasm-bindgen-test-macro 0.3.39 written to /workspace/builds/worker-7-tc2/source/Cargo.toml
[INFO] running `Command { std: CARGO_HOME="/workspace/cargo-home" RUSTUP_HOME="/workspace/rustup-home" "/workspace/cargo-home/bin/cargo" "+beta-2023-12-22" "generate-lockfile" "--manifest-path" "Cargo.toml", kill_on_drop: false }`
[INFO] [stderr]     Updating crates.io index
[INFO] running `Command { std: CARGO_HOME="/workspace/cargo-home" RUSTUP_HOME="/workspace/rustup-home" "/workspace/cargo-home/bin/cargo" "+beta-2023-12-22" "fetch" "--manifest-path" "Cargo.toml", kill_on_drop: false }`
[INFO] running `Command { std: "docker" "create" "-v" "/var/lib/crater-agent-workspace/builds/worker-7-tc2/target:/opt/rustwide/target:rw,Z" "-v" "/var/lib/crater-agent-workspace/builds/worker-7-tc2/source:/opt/rustwide/workdir:ro,Z" "-v" "/var/lib/crater-agent-workspace/cargo-home:/opt/rustwide/cargo-home:ro,Z" "-v" "/var/lib/crater-agent-workspace/rustup-home:/opt/rustwide/rustup-home:ro,Z" "-e" "SOURCE_DIR=/opt/rustwide/workdir" "-e" "CARGO_TARGET_DIR=/opt/rustwide/target" "-e" "CARGO_HOME=/opt/rustwide/cargo-home" "-e" "RUSTUP_HOME=/opt/rustwide/rustup-home" "-w" "/opt/rustwide/workdir" "-m" "1610612736" "--user" "0:0" "--network" "none" "ghcr.io/rust-lang/crates-build-env/linux@sha256:2788e3201cd34a07e3172128adcd8b3090168a8e3bcc40d7c032b9dda1df7d1c" "/opt/rustwide/cargo-home/bin/cargo" "+beta-2023-12-22" "metadata" "--no-deps" "--format-version=1", kill_on_drop: false }`
[INFO] [stdout] 0f8f8781109056cd563440e878c610abf85d0c58afc17aa73cac980c4f3ba88d
[INFO] running `Command { std: "docker" "start" "-a" "0f8f8781109056cd563440e878c610abf85d0c58afc17aa73cac980c4f3ba88d", kill_on_drop: false }`
[INFO] running `Command { std: "docker" "inspect" "0f8f8781109056cd563440e878c610abf85d0c58afc17aa73cac980c4f3ba88d", kill_on_drop: false }`
[INFO] running `Command { std: "docker" "rm" "-f" "0f8f8781109056cd563440e878c610abf85d0c58afc17aa73cac980c4f3ba88d", kill_on_drop: false }`
[INFO] [stdout] 0f8f8781109056cd563440e878c610abf85d0c58afc17aa73cac980c4f3ba88d
[INFO] running `Command { std: "docker" "create" "-v" "/var/lib/crater-agent-workspace/builds/worker-7-tc2/target:/opt/rustwide/target:rw,Z" "-v" "/var/lib/crater-agent-workspace/builds/worker-7-tc2/source:/opt/rustwide/workdir:ro,Z" "-v" "/var/lib/crater-agent-workspace/cargo-home:/opt/rustwide/cargo-home:ro,Z" "-v" "/var/lib/crater-agent-workspace/rustup-home:/opt/rustwide/rustup-home:ro,Z" "-e" "SOURCE_DIR=/opt/rustwide/workdir" "-e" "CARGO_TARGET_DIR=/opt/rustwide/target" "-e" "CARGO_INCREMENTAL=0" "-e" "RUST_BACKTRACE=full" "-e" "RUSTFLAGS=--cap-lints=warn" "-e" "RUSTDOCFLAGS=--cap-lints=warn" "-e" "CARGO_HOME=/opt/rustwide/cargo-home" "-e" "RUSTUP_HOME=/opt/rustwide/rustup-home" "-w" "/opt/rustwide/workdir" "-m" "1610612736" "--user" "0:0" "--network" "none" "ghcr.io/rust-lang/crates-build-env/linux@sha256:2788e3201cd34a07e3172128adcd8b3090168a8e3bcc40d7c032b9dda1df7d1c" "/opt/rustwide/cargo-home/bin/cargo" "+beta-2023-12-22" "build" "--frozen" "--message-format=json", kill_on_drop: false }`
[INFO] [stdout] 17fbea4292541e7375594235f0a767084c48d4d24f9ec6186f9981bb6fcbdff6
[INFO] running `Command { std: "docker" "start" "-a" "17fbea4292541e7375594235f0a767084c48d4d24f9ec6186f9981bb6fcbdff6", kill_on_drop: false }`
[INFO] [stderr]    Compiling syn v2.0.48
[INFO] [stderr]    Compiling wasm-bindgen-test-macro v0.3.39 (/opt/rustwide/workdir)
[INFO] [stderr]     Finished dev [unoptimized + debuginfo] target(s) in 1.52s
[INFO] running `Command { std: "docker" "inspect" "17fbea4292541e7375594235f0a767084c48d4d24f9ec6186f9981bb6fcbdff6", kill_on_drop: false }`
[INFO] running `Command { std: "docker" "rm" "-f" "17fbea4292541e7375594235f0a767084c48d4d24f9ec6186f9981bb6fcbdff6", kill_on_drop: false }`
[INFO] [stdout] 17fbea4292541e7375594235f0a767084c48d4d24f9ec6186f9981bb6fcbdff6
[INFO] running `Command { std: "docker" "create" "-v" "/var/lib/crater-agent-workspace/builds/worker-7-tc2/target:/opt/rustwide/target:rw,Z" "-v" "/var/lib/crater-agent-workspace/builds/worker-7-tc2/source:/opt/rustwide/workdir:ro,Z" "-v" "/var/lib/crater-agent-workspace/cargo-home:/opt/rustwide/cargo-home:ro,Z" "-v" "/var/lib/crater-agent-workspace/rustup-home:/opt/rustwide/rustup-home:ro,Z" "-e" "SOURCE_DIR=/opt/rustwide/workdir" "-e" "CARGO_TARGET_DIR=/opt/rustwide/target" "-e" "CARGO_INCREMENTAL=0" "-e" "RUST_BACKTRACE=full" "-e" "RUSTFLAGS=--cap-lints=warn" "-e" "RUSTDOCFLAGS=--cap-lints=warn" "-e" "CARGO_HOME=/opt/rustwide/cargo-home" "-e" "RUSTUP_HOME=/opt/rustwide/rustup-home" "-w" "/opt/rustwide/workdir" "-m" "1610612736" "--user" "0:0" "--network" "none" "ghcr.io/rust-lang/crates-build-env/linux@sha256:2788e3201cd34a07e3172128adcd8b3090168a8e3bcc40d7c032b9dda1df7d1c" "/opt/rustwide/cargo-home/bin/cargo" "+beta-2023-12-22" "test" "--frozen" "--no-run" "--message-format=json", kill_on_drop: false }`
[INFO] [stdout] 7f5058aa8657b9db37122cd953eab5a37929ce203d3132dc853386e9989f8717
[INFO] running `Command { std: "docker" "start" "-a" "7f5058aa8657b9db37122cd953eab5a37929ce203d3132dc853386e9989f8717", kill_on_drop: false }`
[INFO] [stderr]    Compiling proc-macro2 v1.0.75
[INFO] [stderr]    Compiling unicode-ident v1.0.12
[INFO] [stderr]    Compiling trybuild v1.0.87
[INFO] [stderr]    Compiling serde v1.0.194
[INFO] [stderr]    Compiling glob v0.3.1
[INFO] [stderr]    Compiling quote v1.0.35
[INFO] [stderr]    Compiling syn v2.0.48
[INFO] [stderr]    Compiling basic-toml v0.1.8
[INFO] [stderr]    Compiling serde_json v1.0.111
[INFO] [stderr]    Compiling serde_derive v1.0.194
[INFO] [stderr]    Compiling wasm-bindgen-test-macro v0.3.39 (/opt/rustwide/workdir)
[INFO] [stderr]     Finished test [unoptimized + debuginfo] target(s) in 6.38s
[INFO] running `Command { std: "docker" "inspect" "7f5058aa8657b9db37122cd953eab5a37929ce203d3132dc853386e9989f8717", kill_on_drop: false }`
[INFO] running `Command { std: "docker" "rm" "-f" "7f5058aa8657b9db37122cd953eab5a37929ce203d3132dc853386e9989f8717", kill_on_drop: false }`
[INFO] [stdout] 7f5058aa8657b9db37122cd953eab5a37929ce203d3132dc853386e9989f8717
[INFO] running `Command { std: "docker" "create" "-v" "/var/lib/crater-agent-workspace/builds/worker-7-tc2/target:/opt/rustwide/target:rw,Z" "-v" "/var/lib/crater-agent-workspace/builds/worker-7-tc2/source:/opt/rustwide/workdir:ro,Z" "-v" "/var/lib/crater-agent-workspace/cargo-home:/opt/rustwide/cargo-home:ro,Z" "-v" "/var/lib/crater-agent-workspace/rustup-home:/opt/rustwide/rustup-home:ro,Z" "-e" "SOURCE_DIR=/opt/rustwide/workdir" "-e" "CARGO_TARGET_DIR=/opt/rustwide/target" "-e" "CARGO_INCREMENTAL=0" "-e" "RUST_BACKTRACE=full" "-e" "RUSTFLAGS=--cap-lints=warn" "-e" "RUSTDOCFLAGS=--cap-lints=warn" "-e" "CARGO_HOME=/opt/rustwide/cargo-home" "-e" "RUSTUP_HOME=/opt/rustwide/rustup-home" "-w" "/opt/rustwide/workdir" "-m" "1610612736" "--user" "0:0" "--network" "none" "ghcr.io/rust-lang/crates-build-env/linux@sha256:2788e3201cd34a07e3172128adcd8b3090168a8e3bcc40d7c032b9dda1df7d1c" "/opt/rustwide/cargo-home/bin/cargo" "+beta-2023-12-22" "test" "--frozen", kill_on_drop: false }`
[INFO] [stdout] 47042337fa5efbfb707762ae6519187afa242e552d8827a67d1f0b4935f8cb8f
[INFO] running `Command { std: "docker" "start" "-a" "47042337fa5efbfb707762ae6519187afa242e552d8827a67d1f0b4935f8cb8f", kill_on_drop: false }`
[INFO] [stderr]     Finished test [unoptimized + debuginfo] target(s) in 0.02s
[INFO] [stderr]      Running unittests src/lib.rs (/opt/rustwide/target/debug/deps/wasm_bindgen_test_macro-06ee06ec27d5dc2c)
[INFO] [stdout] 
[INFO] [stdout] running 0 tests
[INFO] [stdout] 
[INFO] [stdout] test result: ok. 0 passed; 0 failed; 0 ignored; 0 measured; 0 filtered out; finished in 0.00s
[INFO] [stdout] 
[INFO] [stderr]      Running tests/ui.rs (/opt/rustwide/target/debug/deps/ui-0dcdbb7aeffabe63)
[INFO] [stdout] 
[INFO] [stdout] running 1 test
[INFO] [stderr]    Compiling proc-macro2 v1.0.75
[INFO] [stderr]    Compiling unicode-ident v1.0.12
[INFO] [stderr]     Checking quote v1.0.35
[INFO] [stderr]     Checking syn v2.0.48
[INFO] [stderr]    Compiling wasm-bindgen-test-macro v0.3.39 (/opt/rustwide/workdir)
[INFO] [stderr]     Checking wasm-bindgen-test-macro-tests v0.0.0 (/opt/rustwide/target/tests/trybuild/wasm-bindgen-test-macro)
[INFO] [stderr]     Finished dev [unoptimized + debuginfo] target(s) in 3.26s
[INFO] [stderr] 
[INFO] [stderr] 
[INFO] [stderr] test ui-tests/crate.rs ... mismatch
[INFO] [stderr] 
[INFO] [stderr] EXPECTED:
[INFO] [stderr] ┈┈┈┈┈┈┈┈┈┈┈┈┈┈┈┈┈┈┈┈┈┈┈┈┈┈┈┈┈┈┈┈┈┈┈┈┈┈┈┈┈┈┈┈┈┈┈┈┈┈┈┈┈┈┈┈┈┈┈┈
[INFO] [stderr] error[E0433]: failed to resolve: use of undeclared crate or module `foo`
[INFO] [stderr]   --> ui-tests/crate.rs:17:29
[INFO] [stderr]    |
[INFO] [stderr] 17 | #[wasm_bindgen_test(crate = foo)]
[INFO] [stderr]    |                             ^^^ use of undeclared crate or module `foo`
[INFO] [stderr] ┈┈┈┈┈┈┈┈┈┈┈┈┈┈┈┈┈┈┈┈┈┈┈┈┈┈┈┈┈┈┈┈┈┈┈┈┈┈┈┈┈┈┈┈┈┈┈┈┈┈┈┈┈┈┈┈┈┈┈┈
[INFO] [stderr] 
[INFO] [stderr] ACTUAL OUTPUT:
[INFO] [stderr] ┈┈┈┈┈┈┈┈┈┈┈┈┈┈┈┈┈┈┈┈┈┈┈┈┈┈┈┈┈┈┈┈┈┈┈┈┈┈┈┈┈┈┈┈┈┈┈┈┈┈┈┈┈┈┈┈┈┈┈┈
[INFO] [stderr] error[E0463]: can't find crate for `wasm_bindgen_test`
[INFO] [stderr]  --> ui-tests/crate.rs:8:5
[INFO] [stderr]   |
[INFO] [stderr] 8 |     pub extern crate wasm_bindgen_test as test;
[INFO] [stderr]   |     ^^^^^^^^^^^^^^^^^^^^^^^^^^^^^^^^^^^^^^^^^^^ can't find crate
[INFO] [stderr] 
[INFO] [stderr] error[E0433]: failed to resolve: could not find `wasm_bindgen_test` in the list of imported crates
[INFO] [stderr]   --> ui-tests/crate.rs:11:31
[INFO] [stderr]    |
[INFO] [stderr] 11 | #[wasm_bindgen_test(crate = ::wasm_bindgen_test)]
[INFO] [stderr]    |                               ^^^^^^^^^^^^^^^^^ could not find `wasm_bindgen_test` in the list of imported crates
[INFO] [stderr] 
[INFO] [stderr] error[E0433]: failed to resolve: use of undeclared crate or module `foo`
[INFO] [stderr]   --> ui-tests/crate.rs:17:29
[INFO] [stderr]    |
[INFO] [stderr] 17 | #[wasm_bindgen_test(crate = foo)]
[INFO] [stderr]    |                             ^^^ use of undeclared crate or module `foo`
[INFO] [stderr] ┈┈┈┈┈┈┈┈┈┈┈┈┈┈┈┈┈┈┈┈┈┈┈┈┈┈┈┈┈┈┈┈┈┈┈┈┈┈┈┈┈┈┈┈┈┈┈┈┈┈┈┈┈┈┈┈┈┈┈┈
[INFO] [stderr] note: If the actual output is the correct output you can bless it by rerunning
[INFO] [stderr]       your test with the environment variable TRYBUILD=overwrite
[INFO] [stderr] 
[INFO] [stderr] test ui-tests/ignore.rs ... mismatch
[INFO] [stderr] 
[INFO] [stderr] EXPECTED:
[INFO] [stderr] ┈┈┈┈┈┈┈┈┈┈┈┈┈┈┈┈┈┈┈┈┈┈┈┈┈┈┈┈┈┈┈┈┈┈┈┈┈┈┈┈┈┈┈┈┈┈┈┈┈┈┈┈┈┈┈┈┈┈┈┈
[INFO] [stderr] error: malformed `#[ignore = "..."]` attribute
[INFO] [stderr]   --> ui-tests/ignore.rs:24:9
[INFO] [stderr]    |
[INFO] [stderr] 24 | #[ignore::error]
[INFO] [stderr]    |         ^
[INFO] [stderr] 
[INFO] [stderr] error: malformed `#[ignore]` attribute
[INFO] [stderr]   --> ui-tests/ignore.rs:28:12
[INFO] [stderr]    |
[INFO] [stderr] 28 | #[ignore = 42]
[INFO] [stderr]    |            ^^
[INFO] [stderr] 
[INFO] [stderr] error: malformed `#[ignore = "..."]` attribute
[INFO] [stderr]   --> ui-tests/ignore.rs:32:9
[INFO] [stderr]    |
[INFO] [stderr] 32 | #[ignore[]]
[INFO] [stderr]    |         ^^
[INFO] [stderr] 
[INFO] [stderr] error: malformed `#[ignore = "..."]` attribute
[INFO] [stderr]   --> ui-tests/ignore.rs:36:9
[INFO] [stderr]    |
[INFO] [stderr] 36 | #[ignore(42)]
[INFO] [stderr]    |         ^^^^
[INFO] [stderr] 
[INFO] [stderr] error: malformed `#[ignore = "..."]` attribute
[INFO] [stderr]   --> ui-tests/ignore.rs:40:9
[INFO] [stderr]    |
[INFO] [stderr] 40 | #[ignore(test)]
[INFO] [stderr]    |         ^^^^^^
[INFO] [stderr] 
[INFO] [stderr] error: malformed `#[ignore = "..."]` attribute
[INFO] [stderr]   --> ui-tests/ignore.rs:44:9
[INFO] [stderr]    |
[INFO] [stderr] 44 | #[ignore("test")]
[INFO] [stderr]    |         ^^^^^^^^
[INFO] [stderr] 
[INFO] [stderr] error: duplicate `ignore` attribute
[INFO] [stderr]   --> ui-tests/ignore.rs:49:3
[INFO] [stderr]    |
[INFO] [stderr] 49 | #[ignore = "test"]
[INFO] [stderr]    |   ^^^^^^
[INFO] [stderr] ┈┈┈┈┈┈┈┈┈┈┈┈┈┈┈┈┈┈┈┈┈┈┈┈┈┈┈┈┈┈┈┈┈┈┈┈┈┈┈┈┈┈┈┈┈┈┈┈┈┈┈┈┈┈┈┈┈┈┈┈
[INFO] [stderr] 
[INFO] [stderr] ACTUAL OUTPUT:
[INFO] [stderr] ┈┈┈┈┈┈┈┈┈┈┈┈┈┈┈┈┈┈┈┈┈┈┈┈┈┈┈┈┈┈┈┈┈┈┈┈┈┈┈┈┈┈┈┈┈┈┈┈┈┈┈┈┈┈┈┈┈┈┈┈
[INFO] [stderr] error: malformed `#[ignore = "..."]` attribute
[INFO] [stderr]   --> ui-tests/ignore.rs:24:9
[INFO] [stderr]    |
[INFO] [stderr] 24 | #[ignore::error]
[INFO] [stderr]    |         ^
[INFO] [stderr] 
[INFO] [stderr] error: malformed `#[ignore]` attribute
[INFO] [stderr]   --> ui-tests/ignore.rs:28:12
[INFO] [stderr]    |
[INFO] [stderr] 28 | #[ignore = 42]
[INFO] [stderr]    |            ^^
[INFO] [stderr] 
[INFO] [stderr] error: malformed `#[ignore = "..."]` attribute
[INFO] [stderr]   --> ui-tests/ignore.rs:32:9
[INFO] [stderr]    |
[INFO] [stderr] 32 | #[ignore[]]
[INFO] [stderr]    |         ^^
[INFO] [stderr] 
[INFO] [stderr] error: malformed `#[ignore = "..."]` attribute
[INFO] [stderr]   --> ui-tests/ignore.rs:36:9
[INFO] [stderr]    |
[INFO] [stderr] 36 | #[ignore(42)]
[INFO] [stderr]    |         ^^^^
[INFO] [stderr] 
[INFO] [stderr] error: malformed `#[ignore = "..."]` attribute
[INFO] [stderr]   --> ui-tests/ignore.rs:40:9
[INFO] [stderr]    |
[INFO] [stderr] 40 | #[ignore(test)]
[INFO] [stderr]    |         ^^^^^^
[INFO] [stderr] 
[INFO] [stderr] error: malformed `#[ignore = "..."]` attribute
[INFO] [stderr]   --> ui-tests/ignore.rs:44:9
[INFO] [stderr]    |
[INFO] [stderr] 44 | #[ignore("test")]
[INFO] [stderr]    |         ^^^^^^^^
[INFO] [stderr] 
[INFO] [stderr] error: duplicate `ignore` attribute
[INFO] [stderr]   --> ui-tests/ignore.rs:49:3
[INFO] [stderr]    |
[INFO] [stderr] 49 | #[ignore = "test"]
[INFO] [stderr]    |   ^^^^^^
[INFO] [stderr] 
[INFO] [stderr] error[E0433]: failed to resolve: could not find `wasm_bindgen_test` in the list of imported crates
[INFO] [stderr]  --> ui-tests/ignore.rs:7:1
[INFO] [stderr]   |
[INFO] [stderr] 7 | #[wasm_bindgen_test]
[INFO] [stderr]   | ^^^^^^^^^^^^^^^^^^^^ could not find `wasm_bindgen_test` in the list of imported crates
[INFO] [stderr]   |
[INFO] [stderr]   = note: this error originates in the attribute macro `wasm_bindgen_test` (in Nightly builds, run with -Z macro-backtrace for more info)
[INFO] [stderr] 
[INFO] [stderr] error[E0433]: failed to resolve: could not find `wasm_bindgen_test` in the list of imported crates
[INFO] [stderr]   --> ui-tests/ignore.rs:11:1
[INFO] [stderr]    |
[INFO] [stderr] 11 | #[wasm_bindgen_test]
[INFO] [stderr]    | ^^^^^^^^^^^^^^^^^^^^ could not find `wasm_bindgen_test` in the list of imported crates
[INFO] [stderr]    |
[INFO] [stderr]    = note: this error originates in the attribute macro `wasm_bindgen_test` (in Nightly builds, run with -Z macro-backtrace for more info)
[INFO] [stderr] 
[INFO] [stderr] error[E0433]: failed to resolve: could not find `wasm_bindgen_test` in the list of imported crates
[INFO] [stderr]   --> ui-tests/ignore.rs:15:1
[INFO] [stderr]    |
[INFO] [stderr] 15 | #[wasm_bindgen_test]
[INFO] [stderr]    | ^^^^^^^^^^^^^^^^^^^^ could not find `wasm_bindgen_test` in the list of imported crates
[INFO] [stderr]    |
[INFO] [stderr]    = note: this error originates in the attribute macro `wasm_bindgen_test` (in Nightly builds, run with -Z macro-backtrace for more info)
[INFO] [stderr] 
[INFO] [stderr] error[E0433]: failed to resolve: could not find `wasm_bindgen_test` in the list of imported crates
[INFO] [stderr]   --> ui-tests/ignore.rs:19:1
[INFO] [stderr]    |
[INFO] [stderr] 19 | #[wasm_bindgen_test]
[INFO] [stderr]    | ^^^^^^^^^^^^^^^^^^^^ could not find `wasm_bindgen_test` in the list of imported crates
[INFO] [stderr]    |
[INFO] [stderr]    = note: this error originates in the attribute macro `wasm_bindgen_test` (in Nightly builds, run with -Z macro-backtrace for more info)
[INFO] [stderr] ┈┈┈┈┈┈┈┈┈┈┈┈┈┈┈┈┈┈┈┈┈┈┈┈┈┈┈┈┈┈┈┈┈┈┈┈┈┈┈┈┈┈┈┈┈┈┈┈┈┈┈┈┈┈┈┈┈┈┈┈
[INFO] [stderr] note: If the actual output is the correct output you can bless it by rerunning
[INFO] [stderr]       your test with the environment variable TRYBUILD=overwrite
[INFO] [stderr] 
[INFO] [stderr] test ui-tests/should_panic.rs ... mismatch
[INFO] [stderr] 
[INFO] [stderr] EXPECTED:
[INFO] [stderr] ┈┈┈┈┈┈┈┈┈┈┈┈┈┈┈┈┈┈┈┈┈┈┈┈┈┈┈┈┈┈┈┈┈┈┈┈┈┈┈┈┈┈┈┈┈┈┈┈┈┈┈┈┈┈┈┈┈┈┈┈
[INFO] [stderr] error: malformed `#[should_panic = "..."]` attribute
[INFO] [stderr]   --> ui-tests/should_panic.rs:32:15
[INFO] [stderr]    |
[INFO] [stderr] 32 | #[should_panic::error]
[INFO] [stderr]    |               ^
[INFO] [stderr] 
[INFO] [stderr] error: malformed `#[should_panic]` attribute
[INFO] [stderr]   --> ui-tests/should_panic.rs:36:18
[INFO] [stderr]    |
[INFO] [stderr] 36 | #[should_panic = 42]
[INFO] [stderr]    |                  ^^
[INFO] [stderr] 
[INFO] [stderr] error: malformed `#[should_panic = "..."]` attribute
[INFO] [stderr]   --> ui-tests/should_panic.rs:40:15
[INFO] [stderr]    |
[INFO] [stderr] 40 | #[should_panic[]]
[INFO] [stderr]    |               ^^
[INFO] [stderr] 
[INFO] [stderr] error: malformed `#[should_panic(...)]` attribute
[INFO] [stderr]   --> ui-tests/should_panic.rs:44:15
[INFO] [stderr]    |
[INFO] [stderr] 44 | #[should_panic(42)]
[INFO] [stderr]    |               ^^^^
[INFO] [stderr] 
[INFO] [stderr] error: malformed `#[should_panic(...)]` attribute
[INFO] [stderr]   --> ui-tests/should_panic.rs:48:15
[INFO] [stderr]    |
[INFO] [stderr] 48 | #[should_panic(test)]
[INFO] [stderr]    |               ^^^^^^
[INFO] [stderr] 
[INFO] [stderr] error: malformed `#[should_panic(...)]` attribute
[INFO] [stderr]   --> ui-tests/should_panic.rs:52:15
[INFO] [stderr]    |
[INFO] [stderr] 52 | #[should_panic(expected)]
[INFO] [stderr]    |               ^^^^^^^^^^
[INFO] [stderr] 
[INFO] [stderr] error: malformed `#[should_panic(...)]` attribute
[INFO] [stderr]   --> ui-tests/should_panic.rs:56:15
[INFO] [stderr]    |
[INFO] [stderr] 56 | #[should_panic(expected::error)]
[INFO] [stderr]    |               ^^^^^^^^^^^^^^^^^
[INFO] [stderr] 
[INFO] [stderr] error: malformed `#[should_panic]` attribute
[INFO] [stderr]   --> ui-tests/should_panic.rs:60:3
[INFO] [stderr]    |
[INFO] [stderr] 60 | #[should_panic(expected =)]
[INFO] [stderr]    |   ^^^^^^^^^^^^
[INFO] [stderr] 
[INFO] [stderr] error: malformed `#[should_panic]` attribute
[INFO] [stderr]   --> ui-tests/should_panic.rs:64:27
[INFO] [stderr]    |
[INFO] [stderr] 64 | #[should_panic(expected = 5)]
[INFO] [stderr]    |                           ^
[INFO] [stderr] 
[INFO] [stderr] error: duplicate `should_panic` attribute
[INFO] [stderr]   --> ui-tests/should_panic.rs:69:3
[INFO] [stderr]    |
[INFO] [stderr] 69 | #[should_panic = "test"]
[INFO] [stderr]    |   ^^^^^^^^^^^^
[INFO] [stderr] ┈┈┈┈┈┈┈┈┈┈┈┈┈┈┈┈┈┈┈┈┈┈┈┈┈┈┈┈┈┈┈┈┈┈┈┈┈┈┈┈┈┈┈┈┈┈┈┈┈┈┈┈┈┈┈┈┈┈┈┈
[INFO] [stderr] 
[INFO] [stderr] ACTUAL OUTPUT:
[INFO] [stderr] ┈┈┈┈┈┈┈┈┈┈┈┈┈┈┈┈┈┈┈┈┈┈┈┈┈┈┈┈┈┈┈┈┈┈┈┈┈┈┈┈┈┈┈┈┈┈┈┈┈┈┈┈┈┈┈┈┈┈┈┈
[INFO] [stderr] error: malformed `#[should_panic = "..."]` attribute
[INFO] [stderr]   --> ui-tests/should_panic.rs:32:15
[INFO] [stderr]    |
[INFO] [stderr] 32 | #[should_panic::error]
[INFO] [stderr]    |               ^
[INFO] [stderr] 
[INFO] [stderr] error: malformed `#[should_panic]` attribute
[INFO] [stderr]   --> ui-tests/should_panic.rs:36:18
[INFO] [stderr]    |
[INFO] [stderr] 36 | #[should_panic = 42]
[INFO] [stderr]    |                  ^^
[INFO] [stderr] 
[INFO] [stderr] error: malformed `#[should_panic = "..."]` attribute
[INFO] [stderr]   --> ui-tests/should_panic.rs:40:15
[INFO] [stderr]    |
[INFO] [stderr] 40 | #[should_panic[]]
[INFO] [stderr]    |               ^^
[INFO] [stderr] 
[INFO] [stderr] error: malformed `#[should_panic(...)]` attribute
[INFO] [stderr]   --> ui-tests/should_panic.rs:44:15
[INFO] [stderr]    |
[INFO] [stderr] 44 | #[should_panic(42)]
[INFO] [stderr]    |               ^^^^
[INFO] [stderr] 
[INFO] [stderr] error: malformed `#[should_panic(...)]` attribute
[INFO] [stderr]   --> ui-tests/should_panic.rs:48:15
[INFO] [stderr]    |
[INFO] [stderr] 48 | #[should_panic(test)]
[INFO] [stderr]    |               ^^^^^^
[INFO] [stderr] 
[INFO] [stderr] error: malformed `#[should_panic(...)]` attribute
[INFO] [stderr]   --> ui-tests/should_panic.rs:52:15
[INFO] [stderr]    |
[INFO] [stderr] 52 | #[should_panic(expected)]
[INFO] [stderr]    |               ^^^^^^^^^^
[INFO] [stderr] 
[INFO] [stderr] error: malformed `#[should_panic(...)]` attribute
[INFO] [stderr]   --> ui-tests/should_panic.rs:56:15
[INFO] [stderr]    |
[INFO] [stderr] 56 | #[should_panic(expected::error)]
[INFO] [stderr]    |               ^^^^^^^^^^^^^^^^^
[INFO] [stderr] 
[INFO] [stderr] error: malformed `#[should_panic]` attribute
[INFO] [stderr]   --> ui-tests/should_panic.rs:60:3
[INFO] [stderr]    |
[INFO] [stderr] 60 | #[should_panic(expected =)]
[INFO] [stderr]    |   ^^^^^^^^^^^^
[INFO] [stderr] 
[INFO] [stderr] error: malformed `#[should_panic]` attribute
[INFO] [stderr]   --> ui-tests/should_panic.rs:64:27
[INFO] [stderr]    |
[INFO] [stderr] 64 | #[should_panic(expected = 5)]
[INFO] [stderr]    |                           ^
[INFO] [stderr] 
[INFO] [stderr] error: duplicate `should_panic` attribute
[INFO] [stderr]   --> ui-tests/should_panic.rs:69:3
[INFO] [stderr]    |
[INFO] [stderr] 69 | #[should_panic = "test"]
[INFO] [stderr]    |   ^^^^^^^^^^^^
[INFO] [stderr] 
[INFO] [stderr] error[E0433]: failed to resolve: could not find `wasm_bindgen_test` in the list of imported crates
[INFO] [stderr]  --> ui-tests/should_panic.rs:7:1
[INFO] [stderr]   |
[INFO] [stderr] 7 | #[wasm_bindgen_test]
[INFO] [stderr]   | ^^^^^^^^^^^^^^^^^^^^ could not find `wasm_bindgen_test` in the list of imported crates
[INFO] [stderr]   |
[INFO] [stderr]   = note: this error originates in the attribute macro `wasm_bindgen_test` (in Nightly builds, run with -Z macro-backtrace for more info)
[INFO] [stderr] 
[INFO] [stderr] error[E0433]: failed to resolve: could not find `wasm_bindgen_test` in the list of imported crates
[INFO] [stderr]   --> ui-tests/should_panic.rs:11:1
[INFO] [stderr]    |
[INFO] [stderr] 11 | #[wasm_bindgen_test]
[INFO] [stderr]    | ^^^^^^^^^^^^^^^^^^^^ could not find `wasm_bindgen_test` in the list of imported crates
[INFO] [stderr]    |
[INFO] [stderr]    = note: this error originates in the attribute macro `wasm_bindgen_test` (in Nightly builds, run with -Z macro-backtrace for more info)
[INFO] [stderr] 
[INFO] [stderr] error[E0433]: failed to resolve: could not find `wasm_bindgen_test` in the list of imported crates
[INFO] [stderr]   --> ui-tests/should_panic.rs:15:1
[INFO] [stderr]    |
[INFO] [stderr] 15 | #[wasm_bindgen_test]
[INFO] [stderr]    | ^^^^^^^^^^^^^^^^^^^^ could not find `wasm_bindgen_test` in the list of imported crates
[INFO] [stderr]    |
[INFO] [stderr]    = note: this error originates in the attribute macro `wasm_bindgen_test` (in Nightly builds, run with -Z macro-backtrace for more info)
[INFO] [stderr] 
[INFO] [stderr] error[E0433]: failed to resolve: could not find `wasm_bindgen_test` in the list of imported crates
[INFO] [stderr]   --> ui-tests/should_panic.rs:19:1
[INFO] [stderr]    |
[INFO] [stderr] 19 | #[wasm_bindgen_test]
[INFO] [stderr]    | ^^^^^^^^^^^^^^^^^^^^ could not find `wasm_bindgen_test` in the list of imported crates
[INFO] [stderr]    |
[INFO] [stderr]    = note: this error originates in the attribute macro `wasm_bindgen_test` (in Nightly builds, run with -Z macro-backtrace for more info)
[INFO] [stderr] 
[INFO] [stderr] error[E0433]: failed to resolve: could not find `wasm_bindgen_test` in the list of imported crates
[INFO] [stderr]   --> ui-tests/should_panic.rs:23:1
[INFO] [stderr]    |
[INFO] [stderr] 23 | #[wasm_bindgen_test]
[INFO] [stderr]    | ^^^^^^^^^^^^^^^^^^^^ could not find `wasm_bindgen_test` in the list of imported crates
[INFO] [stderr]    |
[INFO] [stderr]    = note: this error originates in the attribute macro `wasm_bindgen_test` (in Nightly builds, run with -Z macro-backtrace for more info)
[INFO] [stderr] 
[INFO] [stderr] error[E0433]: failed to resolve: could not find `wasm_bindgen_test` in the list of imported crates
[INFO] [stderr]   --> ui-tests/should_panic.rs:27:1
[INFO] [stderr]    |
[INFO] [stderr] 27 | #[wasm_bindgen_test]
[INFO] [stderr]    | ^^^^^^^^^^^^^^^^^^^^ could not find `wasm_bindgen_test` in the list of imported crates
[INFO] [stderr]    |
[INFO] [stderr]    = note: this error originates in the attribute macro `wasm_bindgen_test` (in Nightly builds, run with -Z macro-backtrace for more info)
[INFO] [stderr] ┈┈┈┈┈┈┈┈┈┈┈┈┈┈┈┈┈┈┈┈┈┈┈┈┈┈┈┈┈┈┈┈┈┈┈┈┈┈┈┈┈┈┈┈┈┈┈┈┈┈┈┈┈┈┈┈┈┈┈┈
[INFO] [stderr] note: If the actual output is the correct output you can bless it by rerunning
[INFO] [stderr]       your test with the environment variable TRYBUILD=overwrite
[INFO] [stderr] 
[INFO] [stderr] 
[INFO] [stderr] 
[INFO] [stdout] test ui ... FAILED
[INFO] [stdout] 
[INFO] [stdout] failures:
[INFO] [stdout] 
[INFO] [stdout] ---- ui stdout ----
[INFO] [stdout] thread 'ui' panicked at /opt/rustwide/cargo-home/registry/src/index.crates.io-6f17d22bba15001f/trybuild-1.0.87/src/run.rs:101:13:
[INFO] [stdout] 3 of 3 tests failed
[INFO] [stdout] stack backtrace:
[INFO] [stdout]    0:     0x56125690b0c6 - std::backtrace_rs::backtrace::libunwind::trace::h261606ad26a499c1
[INFO] [stdout]                                at /rustc/0e09125c6c3c2fd70d7de961bcf0e51575235fad/library/std/src/../../backtrace/src/backtrace/libunwind.rs:104:5
[INFO] [stdout]    1:     0x56125690b0c6 - std::backtrace_rs::backtrace::trace_unsynchronized::hd183f0625477fb28
[INFO] [stdout]                                at /rustc/0e09125c6c3c2fd70d7de961bcf0e51575235fad/library/std/src/../../backtrace/src/backtrace/mod.rs:66:5
[INFO] [stdout]    2:     0x56125690b0c6 - std::sys_common::backtrace::_print_fmt::hd7f8fef21b4eda67
[INFO] [stdout]                                at /rustc/0e09125c6c3c2fd70d7de961bcf0e51575235fad/library/std/src/sys_common/backtrace.rs:68:5
[INFO] [stdout]    3:     0x56125690b0c6 - <std::sys_common::backtrace::_print::DisplayBacktrace as core::fmt::Display>::fmt::h623d9b51f2f453f1
[INFO] [stdout]                                at /rustc/0e09125c6c3c2fd70d7de961bcf0e51575235fad/library/std/src/sys_common/backtrace.rs:44:22
[INFO] [stdout]    4:     0x5612569367c0 - core::fmt::rt::Argument::fmt::h9f417ac76a86f368
[INFO] [stdout]                                at /rustc/0e09125c6c3c2fd70d7de961bcf0e51575235fad/library/core/src/fmt/rt.rs:142:9
[INFO] [stdout]    5:     0x5612569367c0 - core::fmt::write::hc9b6faf4ac2aeff7
[INFO] [stdout]                                at /rustc/0e09125c6c3c2fd70d7de961bcf0e51575235fad/library/core/src/fmt/mod.rs:1120:17
[INFO] [stdout]    6:     0x5612569080bf - std::io::Write::write_fmt::he04625a3a989fec3
[INFO] [stdout]                                at /rustc/0e09125c6c3c2fd70d7de961bcf0e51575235fad/library/std/src/io/mod.rs:1810:15
[INFO] [stdout]    7:     0x56125690aea4 - std::sys_common::backtrace::_print::hd5d66399c7df88a2
[INFO] [stdout]                                at /rustc/0e09125c6c3c2fd70d7de961bcf0e51575235fad/library/std/src/sys_common/backtrace.rs:47:5
[INFO] [stdout]    8:     0x56125690aea4 - std::sys_common::backtrace::print::he81ed2da642d37e5
[INFO] [stdout]                                at /rustc/0e09125c6c3c2fd70d7de961bcf0e51575235fad/library/std/src/sys_common/backtrace.rs:34:9
[INFO] [stdout]    9:     0x56125690cc17 - std::panicking::default_hook::{{closure}}::h85773f4fa117163d
[INFO] [stdout]   10:     0x56125690c8fd - std::panicking::default_hook::h6a1694a91d09b278
[INFO] [stdout]                                at /rustc/0e09125c6c3c2fd70d7de961bcf0e51575235fad/library/std/src/panicking.rs:289:9
[INFO] [stdout]   11:     0x5612568dab07 - <alloc::boxed::Box<F,A> as core::ops::function::Fn<Args>>::call::h616ac37fa3cd6c8f
[INFO] [stdout]                                at /rustc/0e09125c6c3c2fd70d7de961bcf0e51575235fad/library/alloc/src/boxed.rs:2029:9
[INFO] [stdout]   12:     0x5612568dab07 - test::test_main::{{closure}}::h00d84697cefdcbb6
[INFO] [stdout]                                at /rustc/0e09125c6c3c2fd70d7de961bcf0e51575235fad/library/test/src/lib.rs:138:21
[INFO] [stdout]   13:     0x56125690d236 - <alloc::boxed::Box<F,A> as core::ops::function::Fn<Args>>::call::hcb3fe3b9bb537ba8
[INFO] [stdout]                                at /rustc/0e09125c6c3c2fd70d7de961bcf0e51575235fad/library/alloc/src/boxed.rs:2029:9
[INFO] [stdout]   14:     0x56125690d236 - std::panicking::rust_panic_with_hook::h0a7ad96e90f7145b
[INFO] [stdout]                                at /rustc/0e09125c6c3c2fd70d7de961bcf0e51575235fad/library/std/src/panicking.rs:783:13
[INFO] [stdout]   15:     0x56125690cf82 - std::panicking::begin_panic_handler::{{closure}}::h7919090525c6485e
[INFO] [stdout]                                at /rustc/0e09125c6c3c2fd70d7de961bcf0e51575235fad/library/std/src/panicking.rs:657:13
[INFO] [stdout]   16:     0x56125690b5c6 - std::sys_common::backtrace::__rust_end_short_backtrace::hf3289479464f7dfe
[INFO] [stdout]                                at /rustc/0e09125c6c3c2fd70d7de961bcf0e51575235fad/library/std/src/sys_common/backtrace.rs:171:18
[INFO] [stdout]   17:     0x56125690cce0 - rust_begin_unwind
[INFO] [stdout]                                at /rustc/0e09125c6c3c2fd70d7de961bcf0e51575235fad/library/std/src/panicking.rs:645:5
[INFO] [stdout]   18:     0x5612566b8fc5 - core::panicking::panic_fmt::hcc9f77c5c132af55
[INFO] [stdout]                                at /rustc/0e09125c6c3c2fd70d7de961bcf0e51575235fad/library/core/src/panicking.rs:72:14
[INFO] [stdout]   19:     0x56125671d0a1 - trybuild::run::<impl trybuild::Runner>::run::h7353331ae43d707d
[INFO] [stdout]                                at /opt/rustwide/cargo-home/registry/src/index.crates.io-6f17d22bba15001f/trybuild-1.0.87/src/run.rs:101:13
[INFO] [stdout]   20:     0x561256722858 - <trybuild::TestCases as core::ops::drop::Drop>::drop::hc0e54360f181a1cc
[INFO] [stdout]                                at /opt/rustwide/cargo-home/registry/src/index.crates.io-6f17d22bba15001f/trybuild-1.0.87/src/lib.rs:317:13
[INFO] [stdout]   21:     0x5612566b9bd7 - core::ptr::drop_in_place<trybuild::TestCases>::he4344aff8182fa21
[INFO] [stdout]                                at /rustc/0e09125c6c3c2fd70d7de961bcf0e51575235fad/library/core/src/ptr/mod.rs:507:1
[INFO] [stdout]   22:     0x5612566bab73 - ui::ui::h88c99f8d7462ae5a
[INFO] [stdout]                                at /opt/rustwide/workdir/tests/ui.rs:5:1
[INFO] [stdout]   23:     0x5612566bab07 - ui::ui::{{closure}}::hcf7c076a8e971cbd
[INFO] [stdout]                                at /opt/rustwide/workdir/tests/ui.rs:2:8
[INFO] [stdout]   24:     0x5612566b9b86 - core::ops::function::FnOnce::call_once::hf71f7df7d4365f2c
[INFO] [stdout]                                at /rustc/0e09125c6c3c2fd70d7de961bcf0e51575235fad/library/core/src/ops/function.rs:250:5
[INFO] [stdout]   25:     0x5612568e03df - core::ops::function::FnOnce::call_once::hd64d26f405258157
[INFO] [stdout]                                at /rustc/0e09125c6c3c2fd70d7de961bcf0e51575235fad/library/core/src/ops/function.rs:250:5
[INFO] [stdout]   26:     0x5612568e03df - test::__rust_begin_short_backtrace::he21b0b7a6d731bf9
[INFO] [stdout]                                at /rustc/0e09125c6c3c2fd70d7de961bcf0e51575235fad/library/test/src/lib.rs:627:18
[INFO] [stdout]   27:     0x5612568df161 - test::run_test_in_process::{{closure}}::hf5c73986d7bdfde2
[INFO] [stdout]                                at /rustc/0e09125c6c3c2fd70d7de961bcf0e51575235fad/library/test/src/lib.rs:650:60
[INFO] [stdout]   28:     0x5612568df161 - <core::panic::unwind_safe::AssertUnwindSafe<F> as core::ops::function::FnOnce<()>>::call_once::h330011ad032aadc0
[INFO] [stdout]                                at /rustc/0e09125c6c3c2fd70d7de961bcf0e51575235fad/library/core/src/panic/unwind_safe.rs:272:9
[INFO] [stdout]   29:     0x5612568df161 - std::panicking::try::do_call::he61b0a958b795a41
[INFO] [stdout]                                at /rustc/0e09125c6c3c2fd70d7de961bcf0e51575235fad/library/std/src/panicking.rs:552:40
[INFO] [stdout]   30:     0x5612568df161 - std::panicking::try::h7309da130f906eb7
[INFO] [stdout]                                at /rustc/0e09125c6c3c2fd70d7de961bcf0e51575235fad/library/std/src/panicking.rs:516:19
[INFO] [stdout]   31:     0x5612568df161 - std::panic::catch_unwind::hc5c3a06fdaf0a92a
[INFO] [stdout]                                at /rustc/0e09125c6c3c2fd70d7de961bcf0e51575235fad/library/std/src/panic.rs:142:14
[INFO] [stdout]   32:     0x5612568df161 - test::run_test_in_process::h7e7b7c71c3324e0f
[INFO] [stdout]                                at /rustc/0e09125c6c3c2fd70d7de961bcf0e51575235fad/library/test/src/lib.rs:650:27
[INFO] [stdout]   33:     0x5612568df161 - test::run_test::{{closure}}::h1f509f28f5cf20b1
[INFO] [stdout]                                at /rustc/0e09125c6c3c2fd70d7de961bcf0e51575235fad/library/test/src/lib.rs:573:43
[INFO] [stdout]   34:     0x5612568a6496 - test::run_test::{{closure}}::h1754218abf443f6d
[INFO] [stdout]                                at /rustc/0e09125c6c3c2fd70d7de961bcf0e51575235fad/library/test/src/lib.rs:601:41
[INFO] [stdout]   35:     0x5612568a6496 - std::sys_common::backtrace::__rust_begin_short_backtrace::h2ee174b9d5954948
[INFO] [stdout]                                at /rustc/0e09125c6c3c2fd70d7de961bcf0e51575235fad/library/std/src/sys_common/backtrace.rs:155:18
[INFO] [stdout]   36:     0x5612568ab4f7 - std::thread::Builder::spawn_unchecked_::{{closure}}::{{closure}}::hf60bee9c1a17ef09
[INFO] [stdout]                                at /rustc/0e09125c6c3c2fd70d7de961bcf0e51575235fad/library/std/src/thread/mod.rs:529:17
[INFO] [stdout]   37:     0x5612568ab4f7 - <core::panic::unwind_safe::AssertUnwindSafe<F> as core::ops::function::FnOnce<()>>::call_once::h33d0dddec5216160
[INFO] [stdout]                                at /rustc/0e09125c6c3c2fd70d7de961bcf0e51575235fad/library/core/src/panic/unwind_safe.rs:272:9
[INFO] [stdout]   38:     0x5612568ab4f7 - std::panicking::try::do_call::h144b3048b546f835
[INFO] [stdout]                                at /rustc/0e09125c6c3c2fd70d7de961bcf0e51575235fad/library/std/src/panicking.rs:552:40
[INFO] [stdout]   39:     0x5612568ab4f7 - std::panicking::try::h978244d04646189f
[INFO] [stdout]                                at /rustc/0e09125c6c3c2fd70d7de961bcf0e51575235fad/library/std/src/panicking.rs:516:19
[INFO] [stdout]   40:     0x5612568ab4f7 - std::panic::catch_unwind::hdf436369d188fe86
[INFO] [stdout]                                at /rustc/0e09125c6c3c2fd70d7de961bcf0e51575235fad/library/std/src/panic.rs:142:14
[INFO] [stdout]   41:     0x5612568ab4f7 - std::thread::Builder::spawn_unchecked_::{{closure}}::h87329cbdd33c79ec
[INFO] [stdout]                                at /rustc/0e09125c6c3c2fd70d7de961bcf0e51575235fad/library/std/src/thread/mod.rs:528:30
[INFO] [stdout]   42:     0x5612568ab4f7 - core::ops::function::FnOnce::call_once{{vtable.shim}}::h401abbe67897d450
[INFO] [stdout]                                at /rustc/0e09125c6c3c2fd70d7de961bcf0e51575235fad/library/core/src/ops/function.rs:250:5
[INFO] [stdout]   43:     0x561256912e65 - <alloc::boxed::Box<F,A> as core::ops::function::FnOnce<Args>>::call_once::h5d7c8f150ab9c84c
[INFO] [stdout]                                at /rustc/0e09125c6c3c2fd70d7de961bcf0e51575235fad/library/alloc/src/boxed.rs:2015:9
[INFO] [stdout]   44:     0x561256912e65 - <alloc::boxed::Box<F,A> as core::ops::function::FnOnce<Args>>::call_once::h570d5b005c242c15
[INFO] [stdout]                                at /rustc/0e09125c6c3c2fd70d7de961bcf0e51575235fad/library/alloc/src/boxed.rs:2015:9
[INFO] [stdout]   45:     0x561256912e65 - std::sys::unix::thread::Thread::new::thread_start::h36b0a20c0b2361ad
[INFO] [stdout]                                at /rustc/0e09125c6c3c2fd70d7de961bcf0e51575235fad/library/std/src/sys/unix/thread.rs:108:17
[INFO] [stdout]   46:     0x7f971bd5aac3 - <unknown>
[INFO] [stdout]   47:     0x7f971bdebbf4 - __clone
[INFO] [stdout]   48:                0x0 - <unknown>
[INFO] [stdout] 
[INFO] [stdout] 
[INFO] [stdout] failures:
[INFO] [stdout]     ui
[INFO] [stdout] 
[INFO] [stdout] test result: FAILED. 0 passed; 1 failed; 0 ignored; 0 measured; 0 filtered out; finished in 3.53s
[INFO] [stdout] 
[INFO] [stderr] error: test failed, to rerun pass `--test ui`
[INFO] running `Command { std: "docker" "inspect" "47042337fa5efbfb707762ae6519187afa242e552d8827a67d1f0b4935f8cb8f", kill_on_drop: false }`
[INFO] running `Command { std: "docker" "rm" "-f" "47042337fa5efbfb707762ae6519187afa242e552d8827a67d1f0b4935f8cb8f", kill_on_drop: false }`
[INFO] [stdout] 47042337fa5efbfb707762ae6519187afa242e552d8827a67d1f0b4935f8cb8f
