[INFO] fetching crate wasm-bindgen-macro 0.2.89...
[INFO] testing wasm-bindgen-macro-0.2.89 against 1.75.0 for beta-1.76-1
[INFO] extracting crate wasm-bindgen-macro 0.2.89 into /workspace/builds/worker-0-tc1/source
[INFO] validating manifest of crates.io crate wasm-bindgen-macro 0.2.89 on toolchain 1.75.0
[INFO] running `Command { std: CARGO_HOME="/workspace/cargo-home" RUSTUP_HOME="/workspace/rustup-home" "/workspace/cargo-home/bin/cargo" "+1.75.0" "metadata" "--manifest-path" "Cargo.toml" "--no-deps", kill_on_drop: false }`
[INFO] started tweaking crates.io crate wasm-bindgen-macro 0.2.89
[INFO] finished tweaking crates.io crate wasm-bindgen-macro 0.2.89
[INFO] tweaked toml for crates.io crate wasm-bindgen-macro 0.2.89 written to /workspace/builds/worker-0-tc1/source/Cargo.toml
[INFO] running `Command { std: CARGO_HOME="/workspace/cargo-home" RUSTUP_HOME="/workspace/rustup-home" "/workspace/cargo-home/bin/cargo" "+1.75.0" "generate-lockfile" "--manifest-path" "Cargo.toml", kill_on_drop: false }`
[INFO] [stderr]     Updating crates.io index
[INFO] running `Command { std: CARGO_HOME="/workspace/cargo-home" RUSTUP_HOME="/workspace/rustup-home" "/workspace/cargo-home/bin/cargo" "+1.75.0" "fetch" "--manifest-path" "Cargo.toml", kill_on_drop: false }`
[INFO] running `Command { std: "docker" "create" "-v" "/var/lib/crater-agent-workspace/builds/worker-0-tc1/target:/opt/rustwide/target:rw,Z" "-v" "/var/lib/crater-agent-workspace/builds/worker-0-tc1/source:/opt/rustwide/workdir:ro,Z" "-v" "/var/lib/crater-agent-workspace/cargo-home:/opt/rustwide/cargo-home:ro,Z" "-v" "/var/lib/crater-agent-workspace/rustup-home:/opt/rustwide/rustup-home:ro,Z" "-e" "SOURCE_DIR=/opt/rustwide/workdir" "-e" "CARGO_TARGET_DIR=/opt/rustwide/target" "-e" "CARGO_HOME=/opt/rustwide/cargo-home" "-e" "RUSTUP_HOME=/opt/rustwide/rustup-home" "-w" "/opt/rustwide/workdir" "-m" "1610612736" "--user" "0:0" "--network" "none" "ghcr.io/rust-lang/crates-build-env/linux@sha256:2788e3201cd34a07e3172128adcd8b3090168a8e3bcc40d7c032b9dda1df7d1c" "/opt/rustwide/cargo-home/bin/cargo" "+1.75.0" "metadata" "--no-deps" "--format-version=1", kill_on_drop: false }`
[INFO] [stdout] 2e3a36475a7813bf5ddcdc0f4f95002c3ba0f713bb3550200179ac14219f1920
[INFO] running `Command { std: "docker" "start" "-a" "2e3a36475a7813bf5ddcdc0f4f95002c3ba0f713bb3550200179ac14219f1920", kill_on_drop: false }`
[INFO] running `Command { std: "docker" "inspect" "2e3a36475a7813bf5ddcdc0f4f95002c3ba0f713bb3550200179ac14219f1920", kill_on_drop: false }`
[INFO] running `Command { std: "docker" "rm" "-f" "2e3a36475a7813bf5ddcdc0f4f95002c3ba0f713bb3550200179ac14219f1920", kill_on_drop: false }`
[INFO] [stdout] 2e3a36475a7813bf5ddcdc0f4f95002c3ba0f713bb3550200179ac14219f1920
[INFO] running `Command { std: "docker" "create" "-v" "/var/lib/crater-agent-workspace/builds/worker-0-tc1/target:/opt/rustwide/target:rw,Z" "-v" "/var/lib/crater-agent-workspace/builds/worker-0-tc1/source:/opt/rustwide/workdir:ro,Z" "-v" "/var/lib/crater-agent-workspace/cargo-home:/opt/rustwide/cargo-home:ro,Z" "-v" "/var/lib/crater-agent-workspace/rustup-home:/opt/rustwide/rustup-home:ro,Z" "-e" "SOURCE_DIR=/opt/rustwide/workdir" "-e" "CARGO_TARGET_DIR=/opt/rustwide/target" "-e" "CARGO_INCREMENTAL=0" "-e" "RUST_BACKTRACE=full" "-e" "RUSTFLAGS=--cap-lints=warn" "-e" "RUSTDOCFLAGS=--cap-lints=warn" "-e" "CARGO_HOME=/opt/rustwide/cargo-home" "-e" "RUSTUP_HOME=/opt/rustwide/rustup-home" "-w" "/opt/rustwide/workdir" "-m" "1610612736" "--user" "0:0" "--network" "none" "ghcr.io/rust-lang/crates-build-env/linux@sha256:2788e3201cd34a07e3172128adcd8b3090168a8e3bcc40d7c032b9dda1df7d1c" "/opt/rustwide/cargo-home/bin/cargo" "+1.75.0" "build" "--frozen" "--message-format=json", kill_on_drop: false }`
[INFO] [stdout] 35cc25970bc4ce41899da74fffc390b5fde17b27560180cc312e453706cdb844
[INFO] running `Command { std: "docker" "start" "-a" "35cc25970bc4ce41899da74fffc390b5fde17b27560180cc312e453706cdb844", kill_on_drop: false }`
[INFO] [stderr]    Compiling wasm-bindgen-shared v0.2.89
[INFO] [stderr]    Compiling log v0.4.20
[INFO] [stderr]    Compiling bumpalo v3.14.0
[INFO] [stderr]    Compiling syn v2.0.48
[INFO] [stderr]    Compiling wasm-bindgen-backend v0.2.89
[INFO] [stderr]    Compiling wasm-bindgen-macro-support v0.2.89
[INFO] [stderr]    Compiling wasm-bindgen-macro v0.2.89 (/opt/rustwide/workdir)
[INFO] [stderr]     Finished dev [unoptimized + debuginfo] target(s) in 3.28s
[INFO] running `Command { std: "docker" "inspect" "35cc25970bc4ce41899da74fffc390b5fde17b27560180cc312e453706cdb844", kill_on_drop: false }`
[INFO] running `Command { std: "docker" "rm" "-f" "35cc25970bc4ce41899da74fffc390b5fde17b27560180cc312e453706cdb844", kill_on_drop: false }`
[INFO] [stdout] 35cc25970bc4ce41899da74fffc390b5fde17b27560180cc312e453706cdb844
[INFO] running `Command { std: "docker" "create" "-v" "/var/lib/crater-agent-workspace/builds/worker-0-tc1/target:/opt/rustwide/target:rw,Z" "-v" "/var/lib/crater-agent-workspace/builds/worker-0-tc1/source:/opt/rustwide/workdir:ro,Z" "-v" "/var/lib/crater-agent-workspace/cargo-home:/opt/rustwide/cargo-home:ro,Z" "-v" "/var/lib/crater-agent-workspace/rustup-home:/opt/rustwide/rustup-home:ro,Z" "-e" "SOURCE_DIR=/opt/rustwide/workdir" "-e" "CARGO_TARGET_DIR=/opt/rustwide/target" "-e" "CARGO_INCREMENTAL=0" "-e" "RUST_BACKTRACE=full" "-e" "RUSTFLAGS=--cap-lints=warn" "-e" "RUSTDOCFLAGS=--cap-lints=warn" "-e" "CARGO_HOME=/opt/rustwide/cargo-home" "-e" "RUSTUP_HOME=/opt/rustwide/rustup-home" "-w" "/opt/rustwide/workdir" "-m" "1610612736" "--user" "0:0" "--network" "none" "ghcr.io/rust-lang/crates-build-env/linux@sha256:2788e3201cd34a07e3172128adcd8b3090168a8e3bcc40d7c032b9dda1df7d1c" "/opt/rustwide/cargo-home/bin/cargo" "+1.75.0" "test" "--frozen" "--no-run" "--message-format=json", kill_on_drop: false }`
[INFO] [stdout] c2b813b5f72e257a6a5fdb7160230a539365d7a449bbd8ea2123f87644b78a6e
[INFO] running `Command { std: "docker" "start" "-a" "c2b813b5f72e257a6a5fdb7160230a539365d7a449bbd8ea2123f87644b78a6e", kill_on_drop: false }`
[INFO] [stderr]    Compiling proc-macro2 v1.0.75
[INFO] [stderr]    Compiling unicode-ident v1.0.12
[INFO] [stderr]    Compiling once_cell v1.19.0
[INFO] [stderr]    Compiling bumpalo v3.14.0
[INFO] [stderr]    Compiling log v0.4.20
[INFO] [stderr]    Compiling serde v1.0.194
[INFO] [stderr]    Compiling wasm-bindgen v0.2.89
[INFO] [stderr]    Compiling cfg-if v1.0.0
[INFO] [stderr]    Compiling serde_json v1.0.111
[INFO] [stderr]    Compiling itoa v1.0.10
[INFO] [stderr]    Compiling ryu v1.0.16
[INFO] [stderr]    Compiling trybuild v1.0.87
[INFO] [stderr]    Compiling termcolor v1.4.0
[INFO] [stderr]    Compiling glob v0.3.1
[INFO] [stderr]    Compiling wasm-bindgen-shared v0.2.89
[INFO] [stderr]    Compiling quote v1.0.35
[INFO] [stderr]    Compiling syn v2.0.48
[INFO] [stderr]    Compiling basic-toml v0.1.8
[INFO] [stderr]    Compiling wasm-bindgen-backend v0.2.89
[INFO] [stderr]    Compiling wasm-bindgen-macro-support v0.2.89
[INFO] [stderr]    Compiling serde_derive v1.0.194
[INFO] [stderr]    Compiling wasm-bindgen-macro v0.2.89
[INFO] [stderr]    Compiling wasm-bindgen-macro v0.2.89 (/opt/rustwide/workdir)
[INFO] [stderr]    Compiling js-sys v0.3.66
[INFO] [stderr]    Compiling web-sys v0.3.66
[INFO] [stderr]    Compiling wasm-bindgen-futures v0.4.39
[INFO] [stderr]     Finished test [unoptimized + debuginfo] target(s) in 8.72s
[INFO] running `Command { std: "docker" "inspect" "c2b813b5f72e257a6a5fdb7160230a539365d7a449bbd8ea2123f87644b78a6e", kill_on_drop: false }`
[INFO] running `Command { std: "docker" "rm" "-f" "c2b813b5f72e257a6a5fdb7160230a539365d7a449bbd8ea2123f87644b78a6e", kill_on_drop: false }`
[INFO] [stdout] c2b813b5f72e257a6a5fdb7160230a539365d7a449bbd8ea2123f87644b78a6e
[INFO] running `Command { std: "docker" "create" "-v" "/var/lib/crater-agent-workspace/builds/worker-0-tc1/target:/opt/rustwide/target:rw,Z" "-v" "/var/lib/crater-agent-workspace/builds/worker-0-tc1/source:/opt/rustwide/workdir:ro,Z" "-v" "/var/lib/crater-agent-workspace/cargo-home:/opt/rustwide/cargo-home:ro,Z" "-v" "/var/lib/crater-agent-workspace/rustup-home:/opt/rustwide/rustup-home:ro,Z" "-e" "SOURCE_DIR=/opt/rustwide/workdir" "-e" "CARGO_TARGET_DIR=/opt/rustwide/target" "-e" "CARGO_INCREMENTAL=0" "-e" "RUST_BACKTRACE=full" "-e" "RUSTFLAGS=--cap-lints=warn" "-e" "RUSTDOCFLAGS=--cap-lints=warn" "-e" "CARGO_HOME=/opt/rustwide/cargo-home" "-e" "RUSTUP_HOME=/opt/rustwide/rustup-home" "-w" "/opt/rustwide/workdir" "-m" "1610612736" "--user" "0:0" "--network" "none" "ghcr.io/rust-lang/crates-build-env/linux@sha256:2788e3201cd34a07e3172128adcd8b3090168a8e3bcc40d7c032b9dda1df7d1c" "/opt/rustwide/cargo-home/bin/cargo" "+1.75.0" "test" "--frozen", kill_on_drop: false }`
[INFO] [stdout] ca298d5dd5fc4f5e7f1c02b08d4b0b9e53638caa0896ed1acba060263ac3f90e
[INFO] running `Command { std: "docker" "start" "-a" "ca298d5dd5fc4f5e7f1c02b08d4b0b9e53638caa0896ed1acba060263ac3f90e", kill_on_drop: false }`
[INFO] [stderr]     Finished test [unoptimized + debuginfo] target(s) in 0.04s
[INFO] [stderr]      Running unittests src/lib.rs (/opt/rustwide/target/debug/deps/wasm_bindgen_macro-0bde444aac15f4ed)
[INFO] [stdout] 
[INFO] [stdout] running 0 tests
[INFO] [stdout] 
[INFO] [stdout] test result: ok. 0 passed; 0 failed; 0 ignored; 0 measured; 0 filtered out; finished in 0.00s
[INFO] [stdout] 
[INFO] [stderr]      Running tests/ui.rs (/opt/rustwide/target/debug/deps/ui-aaeebee150429ae8)
[INFO] [stdout] 
[INFO] [stdout] running 1 test
[INFO] [stderr]    Compiling proc-macro2 v1.0.75
[INFO] [stderr]    Compiling wasm-bindgen-shared v0.2.89
[INFO] [stderr]    Compiling unicode-ident v1.0.12
[INFO] [stderr]    Compiling log v0.4.20
[INFO] [stderr]    Compiling once_cell v1.19.0
[INFO] [stderr]    Compiling bumpalo v3.14.0
[INFO] [stderr]    Compiling wasm-bindgen v0.2.89
[INFO] [stderr]     Checking cfg-if v1.0.0
[INFO] [stderr]     Checking quote v1.0.35
[INFO] [stderr]     Checking syn v2.0.48
[INFO] [stderr]     Checking wasm-bindgen-backend v0.2.89
[INFO] [stderr]     Checking wasm-bindgen-macro-support v0.2.89
[INFO] [stderr]    Compiling wasm-bindgen-macro v0.2.89
[INFO] [stderr]    Compiling wasm-bindgen-macro v0.2.89 (/opt/rustwide/workdir)
[INFO] [stderr]     Checking js-sys v0.3.66
[INFO] [stderr]     Checking web-sys v0.3.66
[INFO] [stderr]     Checking wasm-bindgen-futures v0.4.39
[INFO] [stderr]     Checking wasm-bindgen-macro-tests v0.0.0 (/opt/rustwide/target/tests/trybuild/wasm-bindgen-macro)
[INFO] [stderr]     Finished dev [unoptimized + debuginfo] target(s) in 6.61s
[INFO] [stderr] 
[INFO] [stderr] 
[INFO] [stderr] test ui-tests/async-errors.rs ... mismatch
[INFO] [stderr] 
[INFO] [stderr] EXPECTED:
[INFO] [stderr] ┈┈┈┈┈┈┈┈┈┈┈┈┈┈┈┈┈┈┈┈┈┈┈┈┈┈┈┈┈┈┈┈┈┈┈┈┈┈┈┈┈┈┈┈┈┈┈┈┈┈┈┈┈┈┈┈┈┈┈┈
[INFO] [stderr] error[E0277]: the trait bound `Result<(), ()>: IntoJsResult` is not satisfied
[INFO] [stderr]   --> ui-tests/async-errors.rs:30:1
[INFO] [stderr]    |
[INFO] [stderr] 30 | #[wasm_bindgen]
[INFO] [stderr]    | ^^^^^^^^^^^^^^^ the trait `IntoJsResult` is not implemented for `Result<(), ()>`
[INFO] [stderr]    |
[INFO] [stderr]    = help: the following other types implement trait `IntoJsResult`:
[INFO] [stderr]              Result<(), E>
[INFO] [stderr]              Result<T, E>
[INFO] [stderr]    = note: this error originates in the attribute macro `wasm_bindgen` (in Nightly builds, run with -Z macro-backtrace for more info)
[INFO] [stderr] 
[INFO] [stderr] error[E0277]: the trait bound `Result<(), BadType>: IntoJsResult` is not satisfied
[INFO] [stderr]   --> ui-tests/async-errors.rs:32:1
[INFO] [stderr]    |
[INFO] [stderr] 32 | #[wasm_bindgen]
[INFO] [stderr]    | ^^^^^^^^^^^^^^^ the trait `IntoJsResult` is not implemented for `Result<(), BadType>`
[INFO] [stderr]    |
[INFO] [stderr]    = help: the following other types implement trait `IntoJsResult`:
[INFO] [stderr]              Result<(), E>
[INFO] [stderr]              Result<T, E>
[INFO] [stderr]    = note: this error originates in the attribute macro `wasm_bindgen` (in Nightly builds, run with -Z macro-backtrace for more info)
[INFO] [stderr] 
[INFO] [stderr] error[E0277]: the trait bound `wasm_bindgen::JsValue: From<BadType>` is not satisfied
[INFO] [stderr]   --> ui-tests/async-errors.rs:34:1
[INFO] [stderr]    |
[INFO] [stderr] 34 | #[wasm_bindgen]
[INFO] [stderr]    | ^^^^^^^^^^^^^^^ the trait `From<BadType>` is not implemented for `wasm_bindgen::JsValue`
[INFO] [stderr]    |
[INFO] [stderr]    = help: the following other types implement trait `From<T>`:
[INFO] [stderr]              <wasm_bindgen::JsValue as From<&'a String>>
[INFO] [stderr]              <wasm_bindgen::JsValue as From<&'a T>>
[INFO] [stderr]              <wasm_bindgen::JsValue as From<&'a str>>
[INFO] [stderr]              <wasm_bindgen::JsValue as From<*const T>>
[INFO] [stderr]              <wasm_bindgen::JsValue as From<*mut T>>
[INFO] [stderr]              <wasm_bindgen::JsValue as From<Array>>
[INFO] [stderr]              <wasm_bindgen::JsValue as From<ArrayBuffer>>
[INFO] [stderr]              <wasm_bindgen::JsValue as From<BigInt64Array>>
[INFO] [stderr]            and $N others
[INFO] [stderr]    = note: required for `BadType` to implement `Into<wasm_bindgen::JsValue>`
[INFO] [stderr]    = note: required for `BadType` to implement `IntoJsResult`
[INFO] [stderr]    = note: this error originates in the attribute macro `wasm_bindgen` (in Nightly builds, run with -Z macro-backtrace for more info)
[INFO] [stderr] 
[INFO] [stderr] error[E0277]: the trait bound `Result<BadType, wasm_bindgen::JsValue>: IntoJsResult` is not satisfied
[INFO] [stderr]   --> ui-tests/async-errors.rs:36:1
[INFO] [stderr]    |
[INFO] [stderr] 36 | #[wasm_bindgen]
[INFO] [stderr]    | ^^^^^^^^^^^^^^^ the trait `IntoJsResult` is not implemented for `Result<BadType, wasm_bindgen::JsValue>`
[INFO] [stderr]    |
[INFO] [stderr]    = help: the following other types implement trait `IntoJsResult`:
[INFO] [stderr]              Result<(), E>
[INFO] [stderr]              Result<T, E>
[INFO] [stderr]    = note: this error originates in the attribute macro `wasm_bindgen` (in Nightly builds, run with -Z macro-backtrace for more info)
[INFO] [stderr] ┈┈┈┈┈┈┈┈┈┈┈┈┈┈┈┈┈┈┈┈┈┈┈┈┈┈┈┈┈┈┈┈┈┈┈┈┈┈┈┈┈┈┈┈┈┈┈┈┈┈┈┈┈┈┈┈┈┈┈┈
[INFO] [stderr] 
[INFO] [stderr] ACTUAL OUTPUT:
[INFO] [stderr] ┈┈┈┈┈┈┈┈┈┈┈┈┈┈┈┈┈┈┈┈┈┈┈┈┈┈┈┈┈┈┈┈┈┈┈┈┈┈┈┈┈┈┈┈┈┈┈┈┈┈┈┈┈┈┈┈┈┈┈┈
[INFO] [stderr] error[E0277]: the trait bound `Result<(), ()>: IntoJsResult` is not satisfied
[INFO] [stderr]   --> ui-tests/async-errors.rs:31:24
[INFO] [stderr]    |
[INFO] [stderr] 31 | pub async fn bad1() -> Result<(), ()> { loop {} }
[INFO] [stderr]    |                        ^^^^^^^^^^^^^^ the trait `IntoJsResult` is not implemented for `Result<(), ()>`
[INFO] [stderr]    |
[INFO] [stderr]    = help: the following other types implement trait `IntoJsResult`:
[INFO] [stderr]              Result<(), E>
[INFO] [stderr]              Result<T, E>
[INFO] [stderr] 
[INFO] [stderr] error[E0277]: the trait bound `Result<(), BadType>: IntoJsResult` is not satisfied
[INFO] [stderr]   --> ui-tests/async-errors.rs:33:24
[INFO] [stderr]    |
[INFO] [stderr] 33 | pub async fn bad2() -> Result<(), BadType> { loop {} }
[INFO] [stderr]    |                        ^^^^^^^^^^^^^^^^^^^ the trait `IntoJsResult` is not implemented for `Result<(), BadType>`
[INFO] [stderr]    |
[INFO] [stderr]    = help: the following other types implement trait `IntoJsResult`:
[INFO] [stderr]              Result<(), E>
[INFO] [stderr]              Result<T, E>
[INFO] [stderr] 
[INFO] [stderr] error[E0277]: the trait bound `wasm_bindgen::JsValue: From<BadType>` is not satisfied
[INFO] [stderr]   --> ui-tests/async-errors.rs:35:24
[INFO] [stderr]    |
[INFO] [stderr] 35 | pub async fn bad3() -> BadType { loop {} }
[INFO] [stderr]    |                        ^^^^^^^ the trait `From<BadType>` is not implemented for `wasm_bindgen::JsValue`
[INFO] [stderr]    |
[INFO] [stderr]    = help: the following other types implement trait `From<T>`:
[INFO] [stderr]              <wasm_bindgen::JsValue as From<bool>>
[INFO] [stderr]              <wasm_bindgen::JsValue as From<isize>>
[INFO] [stderr]              <wasm_bindgen::JsValue as From<i8>>
[INFO] [stderr]              <wasm_bindgen::JsValue as From<i16>>
[INFO] [stderr]              <wasm_bindgen::JsValue as From<i32>>
[INFO] [stderr]              <wasm_bindgen::JsValue as From<i64>>
[INFO] [stderr]              <wasm_bindgen::JsValue as From<i128>>
[INFO] [stderr]              <wasm_bindgen::JsValue as From<usize>>
[INFO] [stderr]            and $N others
[INFO] [stderr]    = note: required for `BadType` to implement `Into<wasm_bindgen::JsValue>`
[INFO] [stderr]    = note: required for `BadType` to implement `IntoJsResult`
[INFO] [stderr] 
[INFO] [stderr] error[E0277]: the trait bound `Result<BadType, wasm_bindgen::JsValue>: IntoJsResult` is not satisfied
[INFO] [stderr]   --> ui-tests/async-errors.rs:37:24
[INFO] [stderr]    |
[INFO] [stderr] 37 | pub async fn bad4() -> Result<BadType, JsValue> { loop {} }
[INFO] [stderr]    |                        ^^^^^^^^^^^^^^^^^^^^^^^^ the trait `IntoJsResult` is not implemented for `Result<BadType, wasm_bindgen::JsValue>`
[INFO] [stderr]    |
[INFO] [stderr]    = help: the following other types implement trait `IntoJsResult`:
[INFO] [stderr]              Result<(), E>
[INFO] [stderr]              Result<T, E>
[INFO] [stderr] ┈┈┈┈┈┈┈┈┈┈┈┈┈┈┈┈┈┈┈┈┈┈┈┈┈┈┈┈┈┈┈┈┈┈┈┈┈┈┈┈┈┈┈┈┈┈┈┈┈┈┈┈┈┈┈┈┈┈┈┈
[INFO] [stderr] note: If the actual output is the correct output you can bless it by rerunning
[INFO] [stderr]       your test with the environment variable TRYBUILD=overwrite
[INFO] [stderr] 
[INFO] [stderr] test ui-tests/attribute-fails-to-parse.rs ... ok
[INFO] [stderr] test ui-tests/bad-signatures.rs ... ok
[INFO] [stderr] test ui-tests/import-local.rs ... ok
[INFO] [stderr] test ui-tests/invalid-attr.rs ... ok
[INFO] [stderr] test ui-tests/invalid-enums.rs ... ok
[INFO] [stderr] test ui-tests/invalid-imports.rs ... ok
[INFO] [stderr] test ui-tests/invalid-items.rs ... ok
[INFO] [stderr] test ui-tests/invalid-methods.rs ... ok
[INFO] [stderr] test ui-tests/invalid-setter.rs ... ok
[INFO] [stderr] test ui-tests/link-to.rs ... mismatch
[INFO] [stderr] 
[INFO] [stderr] EXPECTED:
[INFO] [stderr] ┈┈┈┈┈┈┈┈┈┈┈┈┈┈┈┈┈┈┈┈┈┈┈┈┈┈┈┈┈┈┈┈┈┈┈┈┈┈┈┈┈┈┈┈┈┈┈┈┈┈┈┈┈┈┈┈┈┈┈┈
[INFO] [stderr] error: `link_to!` does not support module paths.
[INFO] [stderr]   --> ui-tests/link-to.rs:10:37
[INFO] [stderr]    |
[INFO] [stderr] 10 |     wasm_bindgen::link_to!(module = "package/foo.js")
[INFO] [stderr]    |                                     ^^^^^^^^^^^^^^^^
[INFO] [stderr] 
[INFO] [stderr] error: `link_to!` does not support module paths.
[INFO] [stderr]   --> ui-tests/link-to.rs:14:41
[INFO] [stderr]    |
[INFO] [stderr] 14 |     wasm_bindgen::link_to!(raw_module = "package/foo.js")
[INFO] [stderr]    |                                         ^^^^^^^^^^^^^^^^
[INFO] [stderr] 
[INFO] [stderr] error: failed to read file `$WORKSPACE/target/tests/trybuild/wasm-bindgen-macro/src/not-found.js`: No such file or directory (os error 2)
[INFO] [stderr]   --> ui-tests/link-to.rs:18:37
[INFO] [stderr]    |
[INFO] [stderr] 18 |     wasm_bindgen::link_to!(module = "/src/not-found.js")
[INFO] [stderr]    |                                     ^^^^^^^^^^^^^^^^^^^
[INFO] [stderr] 
[INFO] [stderr] error: `link_to!` requires a module.
[INFO] [stderr]   --> ui-tests/link-to.rs:22:5
[INFO] [stderr]    |
[INFO] [stderr] 22 |     wasm_bindgen::link_to!()
[INFO] [stderr]    |     ^^^^^^^^^^^^^^^^^^^^^^^^
[INFO] [stderr]    |
[INFO] [stderr]    = note: this error originates in the macro `wasm_bindgen::link_to` (in Nightly builds, run with -Z macro-backtrace for more info)
[INFO] [stderr] 
[INFO] [stderr] error: unused wasm_bindgen attribute
[INFO] [stderr]   --> ui-tests/link-to.rs:28:9
[INFO] [stderr]    |
[INFO] [stderr] 28 |         js_namespace = foo
[INFO] [stderr]    |         ^^^^^^^^^^^^
[INFO] [stderr] ┈┈┈┈┈┈┈┈┈┈┈┈┈┈┈┈┈┈┈┈┈┈┈┈┈┈┈┈┈┈┈┈┈┈┈┈┈┈┈┈┈┈┈┈┈┈┈┈┈┈┈┈┈┈┈┈┈┈┈┈
[INFO] [stderr] 
[INFO] [stderr] ACTUAL OUTPUT:
[INFO] [stderr] ┈┈┈┈┈┈┈┈┈┈┈┈┈┈┈┈┈┈┈┈┈┈┈┈┈┈┈┈┈┈┈┈┈┈┈┈┈┈┈┈┈┈┈┈┈┈┈┈┈┈┈┈┈┈┈┈┈┈┈┈
[INFO] [stderr] error: `link_to!` does not support module paths.
[INFO] [stderr]   --> ui-tests/link-to.rs:10:37
[INFO] [stderr]    |
[INFO] [stderr] 10 |     wasm_bindgen::link_to!(module = "package/foo.js")
[INFO] [stderr]    |                                     ^^^^^^^^^^^^^^^^
[INFO] [stderr] 
[INFO] [stderr] error: `link_to!` does not support module paths.
[INFO] [stderr]   --> ui-tests/link-to.rs:14:41
[INFO] [stderr]    |
[INFO] [stderr] 14 |     wasm_bindgen::link_to!(raw_module = "package/foo.js")
[INFO] [stderr]    |                                         ^^^^^^^^^^^^^^^^
[INFO] [stderr] 
[INFO] [stderr] error: failed to read file `/opt/rustwide/target/tests/trybuild/wasm-bindgen-macro/src/not-found.js`: No such file or directory (os error 2)
[INFO] [stderr]   --> ui-tests/link-to.rs:18:37
[INFO] [stderr]    |
[INFO] [stderr] 18 |     wasm_bindgen::link_to!(module = "/src/not-found.js")
[INFO] [stderr]    |                                     ^^^^^^^^^^^^^^^^^^^
[INFO] [stderr] 
[INFO] [stderr] error: `link_to!` requires a module.
[INFO] [stderr]   --> ui-tests/link-to.rs:22:5
[INFO] [stderr]    |
[INFO] [stderr] 22 |     wasm_bindgen::link_to!()
[INFO] [stderr]    |     ^^^^^^^^^^^^^^^^^^^^^^^^
[INFO] [stderr]    |
[INFO] [stderr]    = note: this error originates in the macro `wasm_bindgen::link_to` (in Nightly builds, run with -Z macro-backtrace for more info)
[INFO] [stderr] 
[INFO] [stderr] error: unused wasm_bindgen attribute
[INFO] [stderr]   --> ui-tests/link-to.rs:28:9
[INFO] [stderr]    |
[INFO] [stderr] 28 |         js_namespace = foo
[INFO] [stderr]    |         ^^^^^^^^^^^^
[INFO] [stderr] ┈┈┈┈┈┈┈┈┈┈┈┈┈┈┈┈┈┈┈┈┈┈┈┈┈┈┈┈┈┈┈┈┈┈┈┈┈┈┈┈┈┈┈┈┈┈┈┈┈┈┈┈┈┈┈┈┈┈┈┈
[INFO] [stderr] note: If the actual output is the correct output you can bless it by rerunning
[INFO] [stderr]       your test with the environment variable TRYBUILD=overwrite
[INFO] [stderr] 
[INFO] [stderr] test ui-tests/main-async.rs ... ok
[INFO] [stderr] test ui-tests/main-debug.rs ... ok
[INFO] [stderr] test ui-tests/main-infallible.rs ... ok
[INFO] [stderr] test ui-tests/main-jsvalue.rs ... ok
[INFO] [stderr] test ui-tests/main-unit.rs ... ok
[INFO] [stderr] test ui-tests/main.rs ... ok
[INFO] [stderr] test ui-tests/missing-catch.rs ... mismatch
[INFO] [stderr] 
[INFO] [stderr] EXPECTED:
[INFO] [stderr] ┈┈┈┈┈┈┈┈┈┈┈┈┈┈┈┈┈┈┈┈┈┈┈┈┈┈┈┈┈┈┈┈┈┈┈┈┈┈┈┈┈┈┈┈┈┈┈┈┈┈┈┈┈┈┈┈┈┈┈┈
[INFO] [stderr] error[E0277]: the trait bound `Result<wasm_bindgen::JsValue, wasm_bindgen::JsValue>: FromWasmAbi` is not satisfied
[INFO] [stderr]  --> ui-tests/missing-catch.rs:6:9
[INFO] [stderr]   |
[INFO] [stderr] 6 |     pub fn foo() -> Result<JsValue, JsValue>;
[INFO] [stderr]   |            ^^^ the trait `FromWasmAbi` is not implemented for `Result<wasm_bindgen::JsValue, wasm_bindgen::JsValue>`
[INFO] [stderr]   |
[INFO] [stderr]   = help: the following other types implement trait `FromWasmAbi`:
[INFO] [stderr]             *const T
[INFO] [stderr]             *mut T
[INFO] [stderr]             Box<[T]>
[INFO] [stderr]             Clamped<T>
[INFO] [stderr]             Option<T>
[INFO] [stderr]             Option<f32>
[INFO] [stderr]             Option<f64>
[INFO] [stderr]             Option<i32>
[INFO] [stderr]           and $N others
[INFO] [stderr] ┈┈┈┈┈┈┈┈┈┈┈┈┈┈┈┈┈┈┈┈┈┈┈┈┈┈┈┈┈┈┈┈┈┈┈┈┈┈┈┈┈┈┈┈┈┈┈┈┈┈┈┈┈┈┈┈┈┈┈┈
[INFO] [stderr] 
[INFO] [stderr] ACTUAL OUTPUT:
[INFO] [stderr] ┈┈┈┈┈┈┈┈┈┈┈┈┈┈┈┈┈┈┈┈┈┈┈┈┈┈┈┈┈┈┈┈┈┈┈┈┈┈┈┈┈┈┈┈┈┈┈┈┈┈┈┈┈┈┈┈┈┈┈┈
[INFO] [stderr] error[E0277]: the trait bound `Result<wasm_bindgen::JsValue, wasm_bindgen::JsValue>: FromWasmAbi` is not satisfied
[INFO] [stderr]  --> ui-tests/missing-catch.rs:6:9
[INFO] [stderr]   |
[INFO] [stderr] 6 |     pub fn foo() -> Result<JsValue, JsValue>;
[INFO] [stderr]   |            ^^^ the trait `FromWasmAbi` is not implemented for `Result<wasm_bindgen::JsValue, wasm_bindgen::JsValue>`
[INFO] [stderr]   |
[INFO] [stderr]   = help: the following other types implement trait `FromWasmAbi`:
[INFO] [stderr]             bool
[INFO] [stderr]             char
[INFO] [stderr]             isize
[INFO] [stderr]             i8
[INFO] [stderr]             i16
[INFO] [stderr]             i32
[INFO] [stderr]             i64
[INFO] [stderr]             usize
[INFO] [stderr]           and $N others
[INFO] [stderr] ┈┈┈┈┈┈┈┈┈┈┈┈┈┈┈┈┈┈┈┈┈┈┈┈┈┈┈┈┈┈┈┈┈┈┈┈┈┈┈┈┈┈┈┈┈┈┈┈┈┈┈┈┈┈┈┈┈┈┈┈
[INFO] [stderr] note: If the actual output is the correct output you can bless it by rerunning
[INFO] [stderr]       your test with the environment variable TRYBUILD=overwrite
[INFO] [stderr] 
[INFO] [stderr] test ui-tests/non-public-function.rs ... ok
[INFO] [stderr] test ui-tests/pub-not-copy.rs ... ok
[INFO] [stderr] test ui-tests/start-function.rs ... mismatch
[INFO] [stderr] 
[INFO] [stderr] EXPECTED:
[INFO] [stderr] ┈┈┈┈┈┈┈┈┈┈┈┈┈┈┈┈┈┈┈┈┈┈┈┈┈┈┈┈┈┈┈┈┈┈┈┈┈┈┈┈┈┈┈┈┈┈┈┈┈┈┈┈┈┈┈┈┈┈┈┈
[INFO] [stderr] error: the start function cannot have arguments
[INFO] [stderr]  --> ui-tests/start-function.rs:7:9
[INFO] [stderr]   |
[INFO] [stderr] 7 | fn foo2(x: u32) {}
[INFO] [stderr]   |         ^^^^^^
[INFO] [stderr] 
[INFO] [stderr] error: the start function cannot have generics
[INFO] [stderr]   --> ui-tests/start-function.rs:10:8
[INFO] [stderr]    |
[INFO] [stderr] 10 | fn foo3<T>() {}
[INFO] [stderr]    |        ^^^
[INFO] [stderr] 
[INFO] [stderr] error[E0277]: the trait bound `Result<wasm_bindgen::JsValue, ()>: wasm_bindgen::__rt::Start` is not satisfied
[INFO] [stderr]   --> ui-tests/start-function.rs:15:1
[INFO] [stderr]    |
[INFO] [stderr] 15 | #[wasm_bindgen(start)]
[INFO] [stderr]    | ^^^^^^^^^^^^^^^^^^^^^^ the trait `wasm_bindgen::__rt::Start` is not implemented for `Result<wasm_bindgen::JsValue, ()>`
[INFO] [stderr]    |
[INFO] [stderr]    = help: the trait `wasm_bindgen::__rt::Start` is implemented for `Result<(), E>`
[INFO] [stderr]    = note: this error originates in the attribute macro `wasm_bindgen` (in Nightly builds, run with -Z macro-backtrace for more info)
[INFO] [stderr] 
[INFO] [stderr] error[E0277]: the trait bound `Result<wasm_bindgen::JsValue, wasm_bindgen::JsValue>: wasm_bindgen::__rt::Start` is not satisfied
[INFO] [stderr]   --> ui-tests/start-function.rs:18:1
[INFO] [stderr]    |
[INFO] [stderr] 18 | #[wasm_bindgen(start)]
[INFO] [stderr]    | ^^^^^^^^^^^^^^^^^^^^^^ the trait `wasm_bindgen::__rt::Start` is not implemented for `Result<wasm_bindgen::JsValue, wasm_bindgen::JsValue>`
[INFO] [stderr]    |
[INFO] [stderr]    = help: the trait `wasm_bindgen::__rt::Start` is implemented for `Result<(), E>`
[INFO] [stderr]    = note: this error originates in the attribute macro `wasm_bindgen` (in Nightly builds, run with -Z macro-backtrace for more info)
[INFO] [stderr] 
[INFO] [stderr] error[E0277]: the trait bound `Result<wasm_bindgen::JsValue, ()>: wasm_bindgen::__rt::Start` is not satisfied
[INFO] [stderr]   --> ui-tests/start-function.rs:27:1
[INFO] [stderr]    |
[INFO] [stderr] 27 | #[wasm_bindgen(start)]
[INFO] [stderr]    | ^^^^^^^^^^^^^^^^^^^^^^ the trait `wasm_bindgen::__rt::Start` is not implemented for `Result<wasm_bindgen::JsValue, ()>`
[INFO] [stderr]    |
[INFO] [stderr]    = help: the trait `wasm_bindgen::__rt::Start` is implemented for `Result<(), E>`
[INFO] [stderr]    = note: this error originates in the attribute macro `wasm_bindgen` (in Nightly builds, run with -Z macro-backtrace for more info)
[INFO] [stderr] 
[INFO] [stderr] error[E0277]: the trait bound `Result<wasm_bindgen::JsValue, wasm_bindgen::JsValue>: wasm_bindgen::__rt::Start` is not satisfied
[INFO] [stderr]   --> ui-tests/start-function.rs:30:1
[INFO] [stderr]    |
[INFO] [stderr] 30 | #[wasm_bindgen(start)]
[INFO] [stderr]    | ^^^^^^^^^^^^^^^^^^^^^^ the trait `wasm_bindgen::__rt::Start` is not implemented for `Result<wasm_bindgen::JsValue, wasm_bindgen::JsValue>`
[INFO] [stderr]    |
[INFO] [stderr]    = help: the trait `wasm_bindgen::__rt::Start` is implemented for `Result<(), E>`
[INFO] [stderr]    = note: this error originates in the attribute macro `wasm_bindgen` (in Nightly builds, run with -Z macro-backtrace for more info)
[INFO] [stderr] ┈┈┈┈┈┈┈┈┈┈┈┈┈┈┈┈┈┈┈┈┈┈┈┈┈┈┈┈┈┈┈┈┈┈┈┈┈┈┈┈┈┈┈┈┈┈┈┈┈┈┈┈┈┈┈┈┈┈┈┈
[INFO] [stderr] 
[INFO] [stderr] ACTUAL OUTPUT:
[INFO] [stderr] ┈┈┈┈┈┈┈┈┈┈┈┈┈┈┈┈┈┈┈┈┈┈┈┈┈┈┈┈┈┈┈┈┈┈┈┈┈┈┈┈┈┈┈┈┈┈┈┈┈┈┈┈┈┈┈┈┈┈┈┈
[INFO] [stderr] error: the start function cannot have arguments
[INFO] [stderr]  --> ui-tests/start-function.rs:7:9
[INFO] [stderr]   |
[INFO] [stderr] 7 | fn foo2(x: u32) {}
[INFO] [stderr]   |         ^^^^^^
[INFO] [stderr] 
[INFO] [stderr] error: the start function cannot have generics
[INFO] [stderr]   --> ui-tests/start-function.rs:10:8
[INFO] [stderr]    |
[INFO] [stderr] 10 | fn foo3<T>() {}
[INFO] [stderr]    |        ^^^
[INFO] [stderr] 
[INFO] [stderr] error[E0277]: the trait bound `Result<wasm_bindgen::JsValue, ()>: wasm_bindgen::__rt::Start` is not satisfied
[INFO] [stderr]   --> ui-tests/start-function.rs:16:14
[INFO] [stderr]    |
[INFO] [stderr] 16 | fn foo5() -> Result<JsValue, ()> { Err(()) }
[INFO] [stderr]    |              ^^^^^^^^^^^^^^^^^^^ the trait `wasm_bindgen::__rt::Start` is not implemented for `Result<wasm_bindgen::JsValue, ()>`
[INFO] [stderr]    |
[INFO] [stderr]    = help: the trait `wasm_bindgen::__rt::Start` is implemented for `Result<(), E>`
[INFO] [stderr] 
[INFO] [stderr] error[E0277]: the trait bound `Result<wasm_bindgen::JsValue, wasm_bindgen::JsValue>: wasm_bindgen::__rt::Start` is not satisfied
[INFO] [stderr]   --> ui-tests/start-function.rs:19:14
[INFO] [stderr]    |
[INFO] [stderr] 19 | fn foo6() -> Result<JsValue, JsValue> { Ok(JsValue::from(1u32)) }
[INFO] [stderr]    |              ^^^^^^^^^^^^^^^^^^^^^^^^ the trait `wasm_bindgen::__rt::Start` is not implemented for `Result<wasm_bindgen::JsValue, wasm_bindgen::JsValue>`
[INFO] [stderr]    |
[INFO] [stderr]    = help: the trait `wasm_bindgen::__rt::Start` is implemented for `Result<(), E>`
[INFO] [stderr] 
[INFO] [stderr] error[E0277]: the trait bound `Result<wasm_bindgen::JsValue, ()>: wasm_bindgen::__rt::Start` is not satisfied
[INFO] [stderr]   --> ui-tests/start-function.rs:28:26
[INFO] [stderr]    |
[INFO] [stderr] 28 | async fn foo_async3() -> Result<JsValue, ()> { Err(()) }
[INFO] [stderr]    |                          ^^^^^^^^^^^^^^^^^^^ the trait `wasm_bindgen::__rt::Start` is not implemented for `Result<wasm_bindgen::JsValue, ()>`
[INFO] [stderr]    |
[INFO] [stderr]    = help: the trait `wasm_bindgen::__rt::Start` is implemented for `Result<(), E>`
[INFO] [stderr] 
[INFO] [stderr] error[E0277]: the trait bound `Result<wasm_bindgen::JsValue, wasm_bindgen::JsValue>: wasm_bindgen::__rt::Start` is not satisfied
[INFO] [stderr]   --> ui-tests/start-function.rs:31:26
[INFO] [stderr]    |
[INFO] [stderr] 31 | async fn foo_async4() -> Result<JsValue, JsValue> { Ok(JsValue::from(1u32)) }
[INFO] [stderr]    |                          ^^^^^^^^^^^^^^^^^^^^^^^^ the trait `wasm_bindgen::__rt::Start` is not implemented for `Result<wasm_bindgen::JsValue, wasm_bindgen::JsValue>`
[INFO] [stderr]    |
[INFO] [stderr]    = help: the trait `wasm_bindgen::__rt::Start` is implemented for `Result<(), E>`
[INFO] [stderr] ┈┈┈┈┈┈┈┈┈┈┈┈┈┈┈┈┈┈┈┈┈┈┈┈┈┈┈┈┈┈┈┈┈┈┈┈┈┈┈┈┈┈┈┈┈┈┈┈┈┈┈┈┈┈┈┈┈┈┈┈
[INFO] [stderr] note: If the actual output is the correct output you can bless it by rerunning
[INFO] [stderr]       your test with the environment variable TRYBUILD=overwrite
[INFO] [stderr] 
[INFO] [stderr] test ui-tests/struct-fields.rs ... mismatch
[INFO] [stderr] 
[INFO] [stderr] EXPECTED:
[INFO] [stderr] ┈┈┈┈┈┈┈┈┈┈┈┈┈┈┈┈┈┈┈┈┈┈┈┈┈┈┈┈┈┈┈┈┈┈┈┈┈┈┈┈┈┈┈┈┈┈┈┈┈┈┈┈┈┈┈┈┈┈┈┈
[INFO] [stderr] error[E0277]: the trait bound `Foo: std::marker::Copy` is not satisfied
[INFO] [stderr]   --> ui-tests/struct-fields.rs:10:12
[INFO] [stderr]    |
[INFO] [stderr] 10 |     pub a: Foo,
[INFO] [stderr]    |            ^^^ the trait `std::marker::Copy` is not implemented for `Foo`
[INFO] [stderr]    |
[INFO] [stderr] note: required by a bound in `__wbg_get_bar_a::assert_copy`
[INFO] [stderr]   --> ui-tests/struct-fields.rs:8:1
[INFO] [stderr]    |
[INFO] [stderr] 8  | #[wasm_bindgen]
[INFO] [stderr]    | ^^^^^^^^^^^^^^^ required by this bound in `assert_copy`
[INFO] [stderr]    = note: this error originates in the attribute macro `wasm_bindgen` (in Nightly builds, run with -Z macro-backtrace for more info)
[INFO] [stderr] 
[INFO] [stderr] error[E0277]: the trait bound `Foo: Clone` is not satisfied
[INFO] [stderr]   --> ui-tests/struct-fields.rs:11:20
[INFO] [stderr]    |
[INFO] [stderr] 11 |       #[wasm_bindgen(getter_with_clone)]
[INFO] [stderr]    |                      ^----------------
[INFO] [stderr]    |                      |
[INFO] [stderr]    |  ____________________required by a bound introduced by this call
[INFO] [stderr]    | |
[INFO] [stderr] 12 | |     pub b: Foo,
[INFO] [stderr]    | |_________^ the trait `Clone` is not implemented for `Foo`
[INFO] [stderr]    |
[INFO] [stderr] help: consider annotating `Foo` with `#[derive(Clone)]`
[INFO] [stderr]    |
[INFO] [stderr] 3  | #[derive(Clone)]
[INFO] [stderr]    |
[INFO] [stderr] ┈┈┈┈┈┈┈┈┈┈┈┈┈┈┈┈┈┈┈┈┈┈┈┈┈┈┈┈┈┈┈┈┈┈┈┈┈┈┈┈┈┈┈┈┈┈┈┈┈┈┈┈┈┈┈┈┈┈┈┈
[INFO] [stderr] 
[INFO] [stderr] ACTUAL OUTPUT:
[INFO] [stderr] ┈┈┈┈┈┈┈┈┈┈┈┈┈┈┈┈┈┈┈┈┈┈┈┈┈┈┈┈┈┈┈┈┈┈┈┈┈┈┈┈┈┈┈┈┈┈┈┈┈┈┈┈┈┈┈┈┈┈┈┈
[INFO] [stderr] error[E0277]: the trait bound `Foo: std::marker::Copy` is not satisfied
[INFO] [stderr]   --> ui-tests/struct-fields.rs:10:12
[INFO] [stderr]    |
[INFO] [stderr] 10 |     pub a: Foo,
[INFO] [stderr]    |            ^^^ the trait `std::marker::Copy` is not implemented for `Foo`
[INFO] [stderr]    |
[INFO] [stderr] note: required by a bound in `__wbg_get_bar_a::assert_copy`
[INFO] [stderr]   --> ui-tests/struct-fields.rs:8:1
[INFO] [stderr]    |
[INFO] [stderr] 8  | #[wasm_bindgen]
[INFO] [stderr]    | ^^^^^^^^^^^^^^^ required by this bound in `assert_copy`
[INFO] [stderr]    = note: this error originates in the attribute macro `wasm_bindgen` (in Nightly builds, run with -Z macro-backtrace for more info)
[INFO] [stderr] 
[INFO] [stderr] error[E0277]: the trait bound `Foo: Clone` is not satisfied
[INFO] [stderr]   --> ui-tests/struct-fields.rs:12:12
[INFO] [stderr]    |
[INFO] [stderr] 12 |     pub b: Foo,
[INFO] [stderr]    |            ^^^ the trait `Clone` is not implemented for `Foo`
[INFO] [stderr]    |
[INFO] [stderr] help: consider annotating `Foo` with `#[derive(Clone)]`
[INFO] [stderr]    |
[INFO] [stderr] 3  + #[derive(Clone)]
[INFO] [stderr] 4  | #[wasm_bindgen]
[INFO] [stderr]    |
[INFO] [stderr] ┈┈┈┈┈┈┈┈┈┈┈┈┈┈┈┈┈┈┈┈┈┈┈┈┈┈┈┈┈┈┈┈┈┈┈┈┈┈┈┈┈┈┈┈┈┈┈┈┈┈┈┈┈┈┈┈┈┈┈┈
[INFO] [stderr] note: If the actual output is the correct output you can bless it by rerunning
[INFO] [stderr]       your test with the environment variable TRYBUILD=overwrite
[INFO] [stderr] 
[INFO] [stderr] test ui-tests/structural-and-final.rs ... ok
[INFO] [stderr] test ui-tests/traits-not-implemented.rs ... mismatch
[INFO] [stderr] 
[INFO] [stderr] EXPECTED:
[INFO] [stderr] ┈┈┈┈┈┈┈┈┈┈┈┈┈┈┈┈┈┈┈┈┈┈┈┈┈┈┈┈┈┈┈┈┈┈┈┈┈┈┈┈┈┈┈┈┈┈┈┈┈┈┈┈┈┈┈┈┈┈┈┈
[INFO] [stderr] error[E0277]: the trait bound `A: IntoWasmAbi` is not satisfied
[INFO] [stderr]  --> ui-tests/traits-not-implemented.rs:5:1
[INFO] [stderr]   |
[INFO] [stderr] 5 | #[wasm_bindgen]
[INFO] [stderr]   | ^^^^^^^^^^^^^^^ the trait `IntoWasmAbi` is not implemented for `A`
[INFO] [stderr]   |
[INFO] [stderr]   = help: the following other types implement trait `IntoWasmAbi`:
[INFO] [stderr]             &'a (dyn Fn() -> R + 'b)
[INFO] [stderr]             &'a (dyn Fn(A) -> R + 'b)
[INFO] [stderr]             &'a (dyn Fn(A, B) -> R + 'b)
[INFO] [stderr]             &'a (dyn Fn(A, B, C) -> R + 'b)
[INFO] [stderr]             &'a (dyn Fn(A, B, C, D) -> R + 'b)
[INFO] [stderr]             &'a (dyn Fn(A, B, C, D, E) -> R + 'b)
[INFO] [stderr]             &'a (dyn Fn(A, B, C, D, E, F) -> R + 'b)
[INFO] [stderr]             &'a (dyn Fn(A, B, C, D, E, F, G) -> R + 'b)
[INFO] [stderr]           and $N others
[INFO] [stderr]   = note: this error originates in the attribute macro `wasm_bindgen` (in Nightly builds, run with -Z macro-backtrace for more info)
[INFO] [stderr] ┈┈┈┈┈┈┈┈┈┈┈┈┈┈┈┈┈┈┈┈┈┈┈┈┈┈┈┈┈┈┈┈┈┈┈┈┈┈┈┈┈┈┈┈┈┈┈┈┈┈┈┈┈┈┈┈┈┈┈┈
[INFO] [stderr] 
[INFO] [stderr] ACTUAL OUTPUT:
[INFO] [stderr] ┈┈┈┈┈┈┈┈┈┈┈┈┈┈┈┈┈┈┈┈┈┈┈┈┈┈┈┈┈┈┈┈┈┈┈┈┈┈┈┈┈┈┈┈┈┈┈┈┈┈┈┈┈┈┈┈┈┈┈┈
[INFO] [stderr] error[E0277]: the trait bound `A: IntoWasmAbi` is not satisfied
[INFO] [stderr]  --> ui-tests/traits-not-implemented.rs:5:1
[INFO] [stderr]   |
[INFO] [stderr] 5 | #[wasm_bindgen]
[INFO] [stderr]   | ^^^^^^^^^^^^^^^ the trait `IntoWasmAbi` is not implemented for `A`
[INFO] [stderr]   |
[INFO] [stderr]   = help: the following other types implement trait `IntoWasmAbi`:
[INFO] [stderr]             bool
[INFO] [stderr]             char
[INFO] [stderr]             isize
[INFO] [stderr]             i8
[INFO] [stderr]             i16
[INFO] [stderr]             i32
[INFO] [stderr]             i64
[INFO] [stderr]             usize
[INFO] [stderr]           and $N others
[INFO] [stderr]   = note: this error originates in the attribute macro `wasm_bindgen` (in Nightly builds, run with -Z macro-backtrace for more info)
[INFO] [stderr] ┈┈┈┈┈┈┈┈┈┈┈┈┈┈┈┈┈┈┈┈┈┈┈┈┈┈┈┈┈┈┈┈┈┈┈┈┈┈┈┈┈┈┈┈┈┈┈┈┈┈┈┈┈┈┈┈┈┈┈┈
[INFO] [stderr] note: If the actual output is the correct output you can bless it by rerunning
[INFO] [stderr]       your test with the environment variable TRYBUILD=overwrite
[INFO] [stderr] 
[INFO] [stderr] test ui-tests/unknown-type-in-import.rs ... ok
[INFO] [stderr] test ui-tests/unused-attributes.rs ... error
[INFO] [stderr] Expected test case to fail to compile, but it succeeded.
[INFO] [stderr] 
[INFO] [stderr] WARNINGS:
[INFO] [stderr] ┈┈┈┈┈┈┈┈┈┈┈┈┈┈┈┈┈┈┈┈┈┈┈┈┈┈┈┈┈┈┈┈┈┈┈┈┈┈┈┈┈┈┈┈┈┈┈┈┈┈┈┈┈┈┈┈┈┈┈┈
[INFO] [stderr] warning: unused variable: `method`
[INFO] [stderr]  --> ui-tests/unused-attributes.rs:9:20
[INFO] [stderr]   |
[INFO] [stderr] 9 |     #[wasm_bindgen(method)]
[INFO] [stderr]   |                    ^^^^^^ help: if this is intentional, prefix it with an underscore: `_method`
[INFO] [stderr]   |
[INFO] [stderr] note: the lint level is defined here
[INFO] [stderr]  --> ui-tests/unused-attributes.rs:1:9
[INFO] [stderr]   |
[INFO] [stderr] 1 | #![deny(unused_variables)]
[INFO] [stderr]   |         ^^^^^^^^^^^^^^^^
[INFO] [stderr] 
[INFO] [stderr] warning: unused variable: `getter`
[INFO] [stderr]   --> ui-tests/unused-attributes.rs:18:16
[INFO] [stderr]    |
[INFO] [stderr] 18 | #[wasm_bindgen(getter, typescript_custom_section)]
[INFO] [stderr]    |                ^^^^^^ help: if this is intentional, prefix it with an underscore: `_getter`
[INFO] [stderr] 
[INFO] [stderr] warning: unused variable: `readonly`
[INFO] [stderr]   --> ui-tests/unused-attributes.rs:21:16
[INFO] [stderr]    |
[INFO] [stderr] 21 | #[wasm_bindgen(readonly)]
[INFO] [stderr]    |                ^^^^^^^^ help: if this is intentional, prefix it with an underscore: `_readonly`
[INFO] [stderr] 
[INFO] [stderr] warning: unused variable: `typescript_type`
[INFO] [stderr]   --> ui-tests/unused-attributes.rs:26:28
[INFO] [stderr]    |
[INFO] [stderr] 26 |     #[wasm_bindgen(getter, typescript_type = "Thing[]")]
[INFO] [stderr]    |                            ^^^^^^^^^^^^^^^ help: if this is intentional, prefix it with an underscore: `_typescript_type`
[INFO] [stderr] 
[INFO] [stderr] warning: unused variable: `getter_with_clone`
[INFO] [stderr]   --> ui-tests/unused-attributes.rs:24:16
[INFO] [stderr]    |
[INFO] [stderr] 24 | #[wasm_bindgen(getter_with_clone, final)]
[INFO] [stderr]    |                ^^^^^^^^^^^^^^^^^ help: if this is intentional, prefix it with an underscore: `_getter_with_clone`
[INFO] [stderr] 
[INFO] [stderr] warning: unused variable: `final`
[INFO] [stderr]   --> ui-tests/unused-attributes.rs:24:35
[INFO] [stderr]    |
[INFO] [stderr] 24 | #[wasm_bindgen(getter_with_clone, final)]
[INFO] [stderr]    |                                   ^^^^^ help: if this is intentional, prefix it with an underscore: `_final`
[INFO] [stderr] 
[INFO] [stderr] warning: 6 warnings emitted
[INFO] [stderr] ┈┈┈┈┈┈┈┈┈┈┈┈┈┈┈┈┈┈┈┈┈┈┈┈┈┈┈┈┈┈┈┈┈┈┈┈┈┈┈┈┈┈┈┈┈┈┈┈┈┈┈┈┈┈┈┈┈┈┈┈
[INFO] [stderr] 
[INFO] [stderr] test ui-tests/wasm-bindgen.rs ... mismatch
[INFO] [stderr] 
[INFO] [stderr] EXPECTED:
[INFO] [stderr] ┈┈┈┈┈┈┈┈┈┈┈┈┈┈┈┈┈┈┈┈┈┈┈┈┈┈┈┈┈┈┈┈┈┈┈┈┈┈┈┈┈┈┈┈┈┈┈┈┈┈┈┈┈┈┈┈┈┈┈┈
[INFO] [stderr] error[E0433]: failed to resolve: could not find `convert` in `test`
[INFO] [stderr]   --> ui-tests/wasm-bindgen.rs:37:1
[INFO] [stderr]    |
[INFO] [stderr] 37 | #[wasm_bindgen(wasm_bindgen = test)]
[INFO] [stderr]    | ^^^^^^^^^^^^^^^^^^^^^^^^^^^^^^^^^^^^ could not find `convert` in `test`
[INFO] [stderr]    |
[INFO] [stderr]    = note: this error originates in the attribute macro `wasm_bindgen` (in Nightly builds, run with -Z macro-backtrace for more info)
[INFO] [stderr] 
[INFO] [stderr] error[E0425]: cannot find function `future_to_promise` in module `test`
[INFO] [stderr]   --> ui-tests/wasm-bindgen.rs:40:1
[INFO] [stderr]    |
[INFO] [stderr] 40 | #[wasm_bindgen(wasm_bindgen_futures = test)]
[INFO] [stderr]    | ^^^^^^^^^^^^^^^^^^^^^^^^^^^^^^^^^^^^^^^^^^^^ not found in `test`
[INFO] [stderr]    |
[INFO] [stderr]    = note: this error originates in the attribute macro `wasm_bindgen` (in Nightly builds, run with -Z macro-backtrace for more info)
[INFO] [stderr] help: consider importing this function
[INFO] [stderr]    |
[INFO] [stderr] 3  | use wasm_bindgen_futures::future_to_promise;
[INFO] [stderr]    |
[INFO] [stderr] ┈┈┈┈┈┈┈┈┈┈┈┈┈┈┈┈┈┈┈┈┈┈┈┈┈┈┈┈┈┈┈┈┈┈┈┈┈┈┈┈┈┈┈┈┈┈┈┈┈┈┈┈┈┈┈┈┈┈┈┈
[INFO] [stderr] 
[INFO] [stderr] ACTUAL OUTPUT:
[INFO] [stderr] ┈┈┈┈┈┈┈┈┈┈┈┈┈┈┈┈┈┈┈┈┈┈┈┈┈┈┈┈┈┈┈┈┈┈┈┈┈┈┈┈┈┈┈┈┈┈┈┈┈┈┈┈┈┈┈┈┈┈┈┈
[INFO] [stderr] error[E0433]: failed to resolve: could not find `convert` in `test`
[INFO] [stderr]   --> ui-tests/wasm-bindgen.rs:37:1
[INFO] [stderr]    |
[INFO] [stderr] 37 | #[wasm_bindgen(wasm_bindgen = test)]
[INFO] [stderr]    | ^^^^^^^^^^^^^^^^^^^^^^^^^^^^^^^^^^^^ could not find `convert` in `test`
[INFO] [stderr]    |
[INFO] [stderr]    = note: this error originates in the attribute macro `wasm_bindgen` (in Nightly builds, run with -Z macro-backtrace for more info)
[INFO] [stderr] help: consider importing one of these items
[INFO] [stderr]    |
[INFO] [stderr] 3  + use crate::test::test::convert;
[INFO] [stderr]    |
[INFO] [stderr] 3  + use wasm_bindgen::convert;
[INFO] [stderr]    |
[INFO] [stderr] 
[INFO] [stderr] error[E0425]: cannot find function `future_to_promise` in module `test`
[INFO] [stderr]   --> ui-tests/wasm-bindgen.rs:40:1
[INFO] [stderr]    |
[INFO] [stderr] 40 | #[wasm_bindgen(wasm_bindgen_futures = test)]
[INFO] [stderr]    | ^^^^^^^^^^^^^^^^^^^^^^^^^^^^^^^^^^^^^^^^^^^^ not found in `test`
[INFO] [stderr]    |
[INFO] [stderr]    = note: this error originates in the attribute macro `wasm_bindgen` (in Nightly builds, run with -Z macro-backtrace for more info)
[INFO] [stderr] help: consider importing this function
[INFO] [stderr]    |
[INFO] [stderr] 3  + use wasm_bindgen_futures::future_to_promise;
[INFO] [stderr]    |
[INFO] [stderr] ┈┈┈┈┈┈┈┈┈┈┈┈┈┈┈┈┈┈┈┈┈┈┈┈┈┈┈┈┈┈┈┈┈┈┈┈┈┈┈┈┈┈┈┈┈┈┈┈┈┈┈┈┈┈┈┈┈┈┈┈
[INFO] [stderr] note: If the actual output is the correct output you can bless it by rerunning
[INFO] [stderr]       your test with the environment variable TRYBUILD=overwrite
[INFO] [stderr] 
[INFO] [stderr] 
[INFO] [stderr] 
[INFO] [stdout] test ui ... FAILED
[INFO] [stdout] 
[INFO] [stdout] failures:
[INFO] [stdout] 
[INFO] [stdout] ---- ui stdout ----
[INFO] [stdout] thread 'ui' panicked at /opt/rustwide/cargo-home/registry/src/index.crates.io-6f17d22bba15001f/trybuild-1.0.87/src/run.rs:101:13:
[INFO] [stdout] 8 of 27 tests failed
[INFO] [stdout] stack backtrace:
[INFO] [stdout]    0:     0x5627120d29ec - std::backtrace_rs::backtrace::libunwind::trace::ha637c64ce894333a
[INFO] [stdout]                                at /rustc/82e1608dfa6e0b5569232559e3d385fea5a93112/library/std/src/../../backtrace/src/backtrace/libunwind.rs:104:5
[INFO] [stdout]    1:     0x5627120d29ec - std::backtrace_rs::backtrace::trace_unsynchronized::h47f62dea28e0c88d
[INFO] [stdout]                                at /rustc/82e1608dfa6e0b5569232559e3d385fea5a93112/library/std/src/../../backtrace/src/backtrace/mod.rs:66:5
[INFO] [stdout]    2:     0x5627120d29ec - std::sys_common::backtrace::_print_fmt::h9eef0abe20ede486
[INFO] [stdout]                                at /rustc/82e1608dfa6e0b5569232559e3d385fea5a93112/library/std/src/sys_common/backtrace.rs:67:5
[INFO] [stdout]    3:     0x5627120d29ec - <std::sys_common::backtrace::_print::DisplayBacktrace as core::fmt::Display>::fmt::hed7f999df88cc644
[INFO] [stdout]                                at /rustc/82e1608dfa6e0b5569232559e3d385fea5a93112/library/std/src/sys_common/backtrace.rs:44:22
[INFO] [stdout]    4:     0x5627120fedd0 - core::fmt::rt::Argument::fmt::h1539a9308b8d058d
[INFO] [stdout]                                at /rustc/82e1608dfa6e0b5569232559e3d385fea5a93112/library/core/src/fmt/rt.rs:142:9
[INFO] [stdout]    5:     0x5627120fedd0 - core::fmt::write::h3a39390d8560d9c9
[INFO] [stdout]                                at /rustc/82e1608dfa6e0b5569232559e3d385fea5a93112/library/core/src/fmt/mod.rs:1120:17
[INFO] [stdout]    6:     0x5627120cf89f - std::io::Write::write_fmt::h040b369f3a0f9cbc
[INFO] [stdout]                                at /rustc/82e1608dfa6e0b5569232559e3d385fea5a93112/library/std/src/io/mod.rs:1762:15
[INFO] [stdout]    7:     0x5627120d27d4 - std::sys_common::backtrace::_print::h894006fb5c6f3d45
[INFO] [stdout]                                at /rustc/82e1608dfa6e0b5569232559e3d385fea5a93112/library/std/src/sys_common/backtrace.rs:47:5
[INFO] [stdout]    8:     0x5627120d27d4 - std::sys_common::backtrace::print::h23a2d212c6fff936
[INFO] [stdout]                                at /rustc/82e1608dfa6e0b5569232559e3d385fea5a93112/library/std/src/sys_common/backtrace.rs:34:9
[INFO] [stdout]    9:     0x5627120d4497 - std::panicking::default_hook::{{closure}}::h8a1d2ee00185001a
[INFO] [stdout]   10:     0x5627120d4183 - std::panicking::default_hook::h6038f2eba384e475
[INFO] [stdout]                                at /rustc/82e1608dfa6e0b5569232559e3d385fea5a93112/library/std/src/panicking.rs:289:9
[INFO] [stdout]   11:     0x5627120a2c87 - <alloc::boxed::Box<F,A> as core::ops::function::Fn<Args>>::call::h0ad024c9bdc6d768
[INFO] [stdout]                                at /rustc/82e1608dfa6e0b5569232559e3d385fea5a93112/library/alloc/src/boxed.rs:2021:9
[INFO] [stdout]   12:     0x5627120a2c87 - test::test_main::{{closure}}::h7500b54257359db6
[INFO] [stdout]                                at /rustc/82e1608dfa6e0b5569232559e3d385fea5a93112/library/test/src/lib.rs:138:21
[INFO] [stdout]   13:     0x5627120d4aa8 - <alloc::boxed::Box<F,A> as core::ops::function::Fn<Args>>::call::h1f8f335eaa9cfaee
[INFO] [stdout]                                at /rustc/82e1608dfa6e0b5569232559e3d385fea5a93112/library/alloc/src/boxed.rs:2021:9
[INFO] [stdout]   14:     0x5627120d4aa8 - std::panicking::rust_panic_with_hook::h2b5517d590cab22e
[INFO] [stdout]                                at /rustc/82e1608dfa6e0b5569232559e3d385fea5a93112/library/std/src/panicking.rs:783:13
[INFO] [stdout]   15:     0x5627120d47fe - std::panicking::begin_panic_handler::{{closure}}::h233112c06e0ef43e
[INFO] [stdout]                                at /rustc/82e1608dfa6e0b5569232559e3d385fea5a93112/library/std/src/panicking.rs:657:13
[INFO] [stdout]   16:     0x5627120d2eb6 - std::sys_common::backtrace::__rust_end_short_backtrace::h6e893f24d7ebbff8
[INFO] [stdout]                                at /rustc/82e1608dfa6e0b5569232559e3d385fea5a93112/library/std/src/sys_common/backtrace.rs:170:18
[INFO] [stdout]   17:     0x5627120d4562 - rust_begin_unwind
[INFO] [stdout]                                at /rustc/82e1608dfa6e0b5569232559e3d385fea5a93112/library/std/src/panicking.rs:645:5
[INFO] [stdout]   18:     0x562711e80fc5 - core::panicking::panic_fmt::hbf0e066aabfa482c
[INFO] [stdout]                                at /rustc/82e1608dfa6e0b5569232559e3d385fea5a93112/library/core/src/panicking.rs:72:14
[INFO] [stdout]   19:     0x562711e8ffb3 - trybuild::run::<impl trybuild::Runner>::run::h317e3b740926a84b
[INFO] [stdout]                                at /opt/rustwide/cargo-home/registry/src/index.crates.io-6f17d22bba15001f/trybuild-1.0.87/src/run.rs:101:13
[INFO] [stdout]   20:     0x562711e95768 - <trybuild::TestCases as core::ops::drop::Drop>::drop::h44a1c543af4fb87a
[INFO] [stdout]                                at /opt/rustwide/cargo-home/registry/src/index.crates.io-6f17d22bba15001f/trybuild-1.0.87/src/lib.rs:317:13
[INFO] [stdout]   21:     0x562711e81bc7 - core::ptr::drop_in_place<trybuild::TestCases>::hbf879c7d131e733c
[INFO] [stdout]                                at /rustc/82e1608dfa6e0b5569232559e3d385fea5a93112/library/core/src/ptr/mod.rs:498:1
[INFO] [stdout]   22:     0x562711e82b53 - ui::ui::h95066d827a66b56a
[INFO] [stdout]                                at /opt/rustwide/workdir/tests/ui.rs:5:1
[INFO] [stdout]   23:     0x562711e82ae7 - ui::ui::{{closure}}::hf93b85aec8c3610b
[INFO] [stdout]                                at /opt/rustwide/workdir/tests/ui.rs:2:8
[INFO] [stdout]   24:     0x562711e81b26 - core::ops::function::FnOnce::call_once::h884971aa3d54f778
[INFO] [stdout]                                at /rustc/82e1608dfa6e0b5569232559e3d385fea5a93112/library/core/src/ops/function.rs:250:5
[INFO] [stdout]   25:     0x5627120a82df - core::ops::function::FnOnce::call_once::h2b5d431d5046312d
[INFO] [stdout]                                at /rustc/82e1608dfa6e0b5569232559e3d385fea5a93112/library/core/src/ops/function.rs:250:5
[INFO] [stdout]   26:     0x5627120a82df - test::__rust_begin_short_backtrace::h7714669af176e207
[INFO] [stdout]                                at /rustc/82e1608dfa6e0b5569232559e3d385fea5a93112/library/test/src/lib.rs:628:18
[INFO] [stdout]   27:     0x5627120a72f5 - test::run_test_in_process::{{closure}}::h85218797dcbcec12
[INFO] [stdout]                                at /rustc/82e1608dfa6e0b5569232559e3d385fea5a93112/library/test/src/lib.rs:651:60
[INFO] [stdout]   28:     0x5627120a72f5 - <core::panic::unwind_safe::AssertUnwindSafe<F> as core::ops::function::FnOnce<()>>::call_once::h76c106ea31c14d7b
[INFO] [stdout]                                at /rustc/82e1608dfa6e0b5569232559e3d385fea5a93112/library/core/src/panic/unwind_safe.rs:272:9
[INFO] [stdout]   29:     0x5627120a72f5 - std::panicking::try::do_call::h3bd5d0f6620ee946
[INFO] [stdout]                                at /rustc/82e1608dfa6e0b5569232559e3d385fea5a93112/library/std/src/panicking.rs:552:40
[INFO] [stdout]   30:     0x5627120a72f5 - std::panicking::try::h232e535e4744fe31
[INFO] [stdout]                                at /rustc/82e1608dfa6e0b5569232559e3d385fea5a93112/library/std/src/panicking.rs:516:19
[INFO] [stdout]   31:     0x5627120a72f5 - std::panic::catch_unwind::h3ce3bd6ca8dbac68
[INFO] [stdout]                                at /rustc/82e1608dfa6e0b5569232559e3d385fea5a93112/library/std/src/panic.rs:142:14
[INFO] [stdout]   32:     0x5627120a72f5 - test::run_test_in_process::hc97b257c9621286a
[INFO] [stdout]                                at /rustc/82e1608dfa6e0b5569232559e3d385fea5a93112/library/test/src/lib.rs:651:27
[INFO] [stdout]   33:     0x5627120a72f5 - test::run_test::{{closure}}::h2aa798823a438d38
[INFO] [stdout]                                at /rustc/82e1608dfa6e0b5569232559e3d385fea5a93112/library/test/src/lib.rs:574:43
[INFO] [stdout]   34:     0x56271206f5b6 - test::run_test::{{closure}}::h87d231c78fb59832
[INFO] [stdout]                                at /rustc/82e1608dfa6e0b5569232559e3d385fea5a93112/library/test/src/lib.rs:602:41
[INFO] [stdout]   35:     0x56271206f5b6 - std::sys_common::backtrace::__rust_begin_short_backtrace::he6df152596625789
[INFO] [stdout]                                at /rustc/82e1608dfa6e0b5569232559e3d385fea5a93112/library/std/src/sys_common/backtrace.rs:154:18
[INFO] [stdout]   36:     0x562712074667 - std::thread::Builder::spawn_unchecked_::{{closure}}::{{closure}}::ha94be15d1e0acf36
[INFO] [stdout]                                at /rustc/82e1608dfa6e0b5569232559e3d385fea5a93112/library/std/src/thread/mod.rs:529:17
[INFO] [stdout]   37:     0x562712074667 - <core::panic::unwind_safe::AssertUnwindSafe<F> as core::ops::function::FnOnce<()>>::call_once::h9dc6bd6372f16606
[INFO] [stdout]                                at /rustc/82e1608dfa6e0b5569232559e3d385fea5a93112/library/core/src/panic/unwind_safe.rs:272:9
[INFO] [stdout]   38:     0x562712074667 - std::panicking::try::do_call::h9057517f80303cd4
[INFO] [stdout]                                at /rustc/82e1608dfa6e0b5569232559e3d385fea5a93112/library/std/src/panicking.rs:552:40
[INFO] [stdout]   39:     0x562712074667 - std::panicking::try::he3a30b11ee45340c
[INFO] [stdout]                                at /rustc/82e1608dfa6e0b5569232559e3d385fea5a93112/library/std/src/panicking.rs:516:19
[INFO] [stdout]   40:     0x562712074667 - std::panic::catch_unwind::h410458cfd3528b8b
[INFO] [stdout]                                at /rustc/82e1608dfa6e0b5569232559e3d385fea5a93112/library/std/src/panic.rs:142:14
[INFO] [stdout]   41:     0x562712074667 - std::thread::Builder::spawn_unchecked_::{{closure}}::h72ac3bdb567b737b
[INFO] [stdout]                                at /rustc/82e1608dfa6e0b5569232559e3d385fea5a93112/library/std/src/thread/mod.rs:528:30
[INFO] [stdout]   42:     0x562712074667 - core::ops::function::FnOnce::call_once{{vtable.shim}}::h38f34da3654a8344
[INFO] [stdout]                                at /rustc/82e1608dfa6e0b5569232559e3d385fea5a93112/library/core/src/ops/function.rs:250:5
[INFO] [stdout]   43:     0x5627120da685 - <alloc::boxed::Box<F,A> as core::ops::function::FnOnce<Args>>::call_once::hc7eafaff61e32df9
[INFO] [stdout]                                at /rustc/82e1608dfa6e0b5569232559e3d385fea5a93112/library/alloc/src/boxed.rs:2007:9
[INFO] [stdout]   44:     0x5627120da685 - <alloc::boxed::Box<F,A> as core::ops::function::FnOnce<Args>>::call_once::h6ba4a5de48dd2304
[INFO] [stdout]                                at /rustc/82e1608dfa6e0b5569232559e3d385fea5a93112/library/alloc/src/boxed.rs:2007:9
[INFO] [stdout]   45:     0x5627120da685 - std::sys::unix::thread::Thread::new::thread_start::he469335aef763e45
[INFO] [stdout]                                at /rustc/82e1608dfa6e0b5569232559e3d385fea5a93112/library/std/src/sys/unix/thread.rs:108:17
[INFO] [stdout]   46:     0x7f3318c8dac3 - <unknown>
[INFO] [stdout]   47:     0x7f3318d1ebf4 - __clone
[INFO] [stdout]   48:                0x0 - <unknown>
[INFO] [stdout] 
[INFO] [stdout] 
[INFO] [stdout] failures:
[INFO] [stdout]     ui
[INFO] [stdout] 
[INFO] [stdout] test result: FAILED. 0 passed; 1 failed; 0 ignored; 0 measured; 0 filtered out; finished in 6.99s
[INFO] [stdout] 
[INFO] [stderr] error: test failed, to rerun pass `--test ui`
[INFO] running `Command { std: "docker" "inspect" "ca298d5dd5fc4f5e7f1c02b08d4b0b9e53638caa0896ed1acba060263ac3f90e", kill_on_drop: false }`
[INFO] running `Command { std: "docker" "rm" "-f" "ca298d5dd5fc4f5e7f1c02b08d4b0b9e53638caa0896ed1acba060263ac3f90e", kill_on_drop: false }`
[INFO] [stdout] ca298d5dd5fc4f5e7f1c02b08d4b0b9e53638caa0896ed1acba060263ac3f90e
[INFO] testing wasm-bindgen-macro-0.2.89 against beta-2023-12-22 for beta-1.76-1
[INFO] extracting crate wasm-bindgen-macro 0.2.89 into /workspace/builds/worker-0-tc2/source
[INFO] validating manifest of crates.io crate wasm-bindgen-macro 0.2.89 on toolchain beta-2023-12-22
[INFO] running `Command { std: CARGO_HOME="/workspace/cargo-home" RUSTUP_HOME="/workspace/rustup-home" "/workspace/cargo-home/bin/cargo" "+beta-2023-12-22" "metadata" "--manifest-path" "Cargo.toml" "--no-deps", kill_on_drop: false }`
[INFO] started tweaking crates.io crate wasm-bindgen-macro 0.2.89
[INFO] finished tweaking crates.io crate wasm-bindgen-macro 0.2.89
[INFO] tweaked toml for crates.io crate wasm-bindgen-macro 0.2.89 written to /workspace/builds/worker-0-tc2/source/Cargo.toml
[INFO] running `Command { std: CARGO_HOME="/workspace/cargo-home" RUSTUP_HOME="/workspace/rustup-home" "/workspace/cargo-home/bin/cargo" "+beta-2023-12-22" "generate-lockfile" "--manifest-path" "Cargo.toml", kill_on_drop: false }`
[INFO] [stderr]     Updating crates.io index
[INFO] running `Command { std: CARGO_HOME="/workspace/cargo-home" RUSTUP_HOME="/workspace/rustup-home" "/workspace/cargo-home/bin/cargo" "+beta-2023-12-22" "fetch" "--manifest-path" "Cargo.toml", kill_on_drop: false }`
[INFO] running `Command { std: "docker" "create" "-v" "/var/lib/crater-agent-workspace/builds/worker-0-tc2/target:/opt/rustwide/target:rw,Z" "-v" "/var/lib/crater-agent-workspace/builds/worker-0-tc2/source:/opt/rustwide/workdir:ro,Z" "-v" "/var/lib/crater-agent-workspace/cargo-home:/opt/rustwide/cargo-home:ro,Z" "-v" "/var/lib/crater-agent-workspace/rustup-home:/opt/rustwide/rustup-home:ro,Z" "-e" "SOURCE_DIR=/opt/rustwide/workdir" "-e" "CARGO_TARGET_DIR=/opt/rustwide/target" "-e" "CARGO_HOME=/opt/rustwide/cargo-home" "-e" "RUSTUP_HOME=/opt/rustwide/rustup-home" "-w" "/opt/rustwide/workdir" "-m" "1610612736" "--user" "0:0" "--network" "none" "ghcr.io/rust-lang/crates-build-env/linux@sha256:2788e3201cd34a07e3172128adcd8b3090168a8e3bcc40d7c032b9dda1df7d1c" "/opt/rustwide/cargo-home/bin/cargo" "+beta-2023-12-22" "metadata" "--no-deps" "--format-version=1", kill_on_drop: false }`
[INFO] [stdout] d89295f4f93ddc53884857dfefb78cb2785b1458ab163644475689a6d9ce6680
[INFO] running `Command { std: "docker" "start" "-a" "d89295f4f93ddc53884857dfefb78cb2785b1458ab163644475689a6d9ce6680", kill_on_drop: false }`
[INFO] running `Command { std: "docker" "inspect" "d89295f4f93ddc53884857dfefb78cb2785b1458ab163644475689a6d9ce6680", kill_on_drop: false }`
[INFO] running `Command { std: "docker" "rm" "-f" "d89295f4f93ddc53884857dfefb78cb2785b1458ab163644475689a6d9ce6680", kill_on_drop: false }`
[INFO] [stdout] d89295f4f93ddc53884857dfefb78cb2785b1458ab163644475689a6d9ce6680
[INFO] running `Command { std: "docker" "create" "-v" "/var/lib/crater-agent-workspace/builds/worker-0-tc2/target:/opt/rustwide/target:rw,Z" "-v" "/var/lib/crater-agent-workspace/builds/worker-0-tc2/source:/opt/rustwide/workdir:ro,Z" "-v" "/var/lib/crater-agent-workspace/cargo-home:/opt/rustwide/cargo-home:ro,Z" "-v" "/var/lib/crater-agent-workspace/rustup-home:/opt/rustwide/rustup-home:ro,Z" "-e" "SOURCE_DIR=/opt/rustwide/workdir" "-e" "CARGO_TARGET_DIR=/opt/rustwide/target" "-e" "CARGO_INCREMENTAL=0" "-e" "RUST_BACKTRACE=full" "-e" "RUSTFLAGS=--cap-lints=warn" "-e" "RUSTDOCFLAGS=--cap-lints=warn" "-e" "CARGO_HOME=/opt/rustwide/cargo-home" "-e" "RUSTUP_HOME=/opt/rustwide/rustup-home" "-w" "/opt/rustwide/workdir" "-m" "1610612736" "--user" "0:0" "--network" "none" "ghcr.io/rust-lang/crates-build-env/linux@sha256:2788e3201cd34a07e3172128adcd8b3090168a8e3bcc40d7c032b9dda1df7d1c" "/opt/rustwide/cargo-home/bin/cargo" "+beta-2023-12-22" "build" "--frozen" "--message-format=json", kill_on_drop: false }`
[INFO] [stdout] a685e387d7fafe224d1b9778db427c0a2c60c3cd13ac6e8b9c3b5f9ff6274df9
[INFO] running `Command { std: "docker" "start" "-a" "a685e387d7fafe224d1b9778db427c0a2c60c3cd13ac6e8b9c3b5f9ff6274df9", kill_on_drop: false }`
[INFO] [stderr]    Compiling wasm-bindgen-shared v0.2.89
[INFO] [stderr]    Compiling bumpalo v3.14.0
[INFO] [stderr]    Compiling log v0.4.20
[INFO] [stderr]    Compiling syn v2.0.48
[INFO] [stderr]    Compiling wasm-bindgen-backend v0.2.89
[INFO] [stderr]    Compiling wasm-bindgen-macro-support v0.2.89
[INFO] [stderr]    Compiling wasm-bindgen-macro v0.2.89 (/opt/rustwide/workdir)
[INFO] [stderr]     Finished dev [unoptimized + debuginfo] target(s) in 3.08s
[INFO] running `Command { std: "docker" "inspect" "a685e387d7fafe224d1b9778db427c0a2c60c3cd13ac6e8b9c3b5f9ff6274df9", kill_on_drop: false }`
[INFO] running `Command { std: "docker" "rm" "-f" "a685e387d7fafe224d1b9778db427c0a2c60c3cd13ac6e8b9c3b5f9ff6274df9", kill_on_drop: false }`
[INFO] [stdout] a685e387d7fafe224d1b9778db427c0a2c60c3cd13ac6e8b9c3b5f9ff6274df9
[INFO] running `Command { std: "docker" "create" "-v" "/var/lib/crater-agent-workspace/builds/worker-0-tc2/target:/opt/rustwide/target:rw,Z" "-v" "/var/lib/crater-agent-workspace/builds/worker-0-tc2/source:/opt/rustwide/workdir:ro,Z" "-v" "/var/lib/crater-agent-workspace/cargo-home:/opt/rustwide/cargo-home:ro,Z" "-v" "/var/lib/crater-agent-workspace/rustup-home:/opt/rustwide/rustup-home:ro,Z" "-e" "SOURCE_DIR=/opt/rustwide/workdir" "-e" "CARGO_TARGET_DIR=/opt/rustwide/target" "-e" "CARGO_INCREMENTAL=0" "-e" "RUST_BACKTRACE=full" "-e" "RUSTFLAGS=--cap-lints=warn" "-e" "RUSTDOCFLAGS=--cap-lints=warn" "-e" "CARGO_HOME=/opt/rustwide/cargo-home" "-e" "RUSTUP_HOME=/opt/rustwide/rustup-home" "-w" "/opt/rustwide/workdir" "-m" "1610612736" "--user" "0:0" "--network" "none" "ghcr.io/rust-lang/crates-build-env/linux@sha256:2788e3201cd34a07e3172128adcd8b3090168a8e3bcc40d7c032b9dda1df7d1c" "/opt/rustwide/cargo-home/bin/cargo" "+beta-2023-12-22" "test" "--frozen" "--no-run" "--message-format=json", kill_on_drop: false }`
[INFO] [stdout] edfa655742eb3b3a48585d9053970ba203dc76a2cbd6786100612a7fb4ca7b72
[INFO] running `Command { std: "docker" "start" "-a" "edfa655742eb3b3a48585d9053970ba203dc76a2cbd6786100612a7fb4ca7b72", kill_on_drop: false }`
[INFO] [stderr]    Compiling proc-macro2 v1.0.75
[INFO] [stderr]    Compiling unicode-ident v1.0.12
[INFO] [stderr]    Compiling once_cell v1.19.0
[INFO] [stderr]    Compiling log v0.4.20
[INFO] [stderr]    Compiling bumpalo v3.14.0
[INFO] [stderr]    Compiling serde v1.0.194
[INFO] [stderr]    Compiling wasm-bindgen v0.2.89
[INFO] [stderr]    Compiling cfg-if v1.0.0
[INFO] [stderr]    Compiling serde_json v1.0.111
[INFO] [stderr]    Compiling ryu v1.0.16
[INFO] [stderr]    Compiling trybuild v1.0.87
[INFO] [stderr]    Compiling itoa v1.0.10
[INFO] [stderr]    Compiling termcolor v1.4.0
[INFO] [stderr]    Compiling glob v0.3.1
[INFO] [stderr]    Compiling wasm-bindgen-shared v0.2.89
[INFO] [stderr]    Compiling quote v1.0.35
[INFO] [stderr]    Compiling syn v2.0.48
[INFO] [stderr]    Compiling wasm-bindgen-backend v0.2.89
[INFO] [stderr]    Compiling basic-toml v0.1.8
[INFO] [stderr]    Compiling wasm-bindgen-macro-support v0.2.89
[INFO] [stderr]    Compiling serde_derive v1.0.194
[INFO] [stderr]    Compiling wasm-bindgen-macro v0.2.89
[INFO] [stderr]    Compiling wasm-bindgen-macro v0.2.89 (/opt/rustwide/workdir)
[INFO] [stderr]    Compiling js-sys v0.3.66
[INFO] [stderr]    Compiling wasm-bindgen-futures v0.4.39
[INFO] [stderr]    Compiling web-sys v0.3.66
[INFO] [stderr]     Finished test [unoptimized + debuginfo] target(s) in 7.19s
[INFO] running `Command { std: "docker" "inspect" "edfa655742eb3b3a48585d9053970ba203dc76a2cbd6786100612a7fb4ca7b72", kill_on_drop: false }`
[INFO] running `Command { std: "docker" "rm" "-f" "edfa655742eb3b3a48585d9053970ba203dc76a2cbd6786100612a7fb4ca7b72", kill_on_drop: false }`
[INFO] [stdout] edfa655742eb3b3a48585d9053970ba203dc76a2cbd6786100612a7fb4ca7b72
[INFO] running `Command { std: "docker" "create" "-v" "/var/lib/crater-agent-workspace/builds/worker-0-tc2/target:/opt/rustwide/target:rw,Z" "-v" "/var/lib/crater-agent-workspace/builds/worker-0-tc2/source:/opt/rustwide/workdir:ro,Z" "-v" "/var/lib/crater-agent-workspace/cargo-home:/opt/rustwide/cargo-home:ro,Z" "-v" "/var/lib/crater-agent-workspace/rustup-home:/opt/rustwide/rustup-home:ro,Z" "-e" "SOURCE_DIR=/opt/rustwide/workdir" "-e" "CARGO_TARGET_DIR=/opt/rustwide/target" "-e" "CARGO_INCREMENTAL=0" "-e" "RUST_BACKTRACE=full" "-e" "RUSTFLAGS=--cap-lints=warn" "-e" "RUSTDOCFLAGS=--cap-lints=warn" "-e" "CARGO_HOME=/opt/rustwide/cargo-home" "-e" "RUSTUP_HOME=/opt/rustwide/rustup-home" "-w" "/opt/rustwide/workdir" "-m" "1610612736" "--user" "0:0" "--network" "none" "ghcr.io/rust-lang/crates-build-env/linux@sha256:2788e3201cd34a07e3172128adcd8b3090168a8e3bcc40d7c032b9dda1df7d1c" "/opt/rustwide/cargo-home/bin/cargo" "+beta-2023-12-22" "test" "--frozen", kill_on_drop: false }`
[INFO] [stdout] e87ce3100eb891db53755e580d415b82d6fb17e3c1b1cbd517b403a61efcd3e1
[INFO] running `Command { std: "docker" "start" "-a" "e87ce3100eb891db53755e580d415b82d6fb17e3c1b1cbd517b403a61efcd3e1", kill_on_drop: false }`
[INFO] [stderr]     Finished test [unoptimized + debuginfo] target(s) in 0.03s
[INFO] [stderr]      Running unittests src/lib.rs (/opt/rustwide/target/debug/deps/wasm_bindgen_macro-0529d3ee6a172834)
[INFO] [stdout] 
[INFO] [stdout] running 0 tests
[INFO] [stdout] 
[INFO] [stdout] test result: ok. 0 passed; 0 failed; 0 ignored; 0 measured; 0 filtered out; finished in 0.00s
[INFO] [stdout] 
[INFO] [stderr]      Running tests/ui.rs (/opt/rustwide/target/debug/deps/ui-ec20064bcc5707f0)
[INFO] [stdout] 
[INFO] [stdout] running 1 test
[INFO] [stderr]    Compiling proc-macro2 v1.0.75
[INFO] [stderr]    Compiling wasm-bindgen-shared v0.2.89
[INFO] [stderr]    Compiling unicode-ident v1.0.12
[INFO] [stderr]    Compiling once_cell v1.19.0
[INFO] [stderr]    Compiling log v0.4.20
[INFO] [stderr]    Compiling bumpalo v3.14.0
[INFO] [stderr]    Compiling wasm-bindgen v0.2.89
[INFO] [stderr]     Checking cfg-if v1.0.0
[INFO] [stderr]     Checking quote v1.0.35
[INFO] [stderr]     Checking syn v2.0.48
[INFO] [stderr]     Checking wasm-bindgen-backend v0.2.89
[INFO] [stderr]     Checking wasm-bindgen-macro-support v0.2.89
[INFO] [stderr]    Compiling wasm-bindgen-macro v0.2.89
[INFO] [stderr]    Compiling wasm-bindgen-macro v0.2.89 (/opt/rustwide/workdir)
[INFO] [stderr]     Checking js-sys v0.3.66
[INFO] [stderr]     Checking web-sys v0.3.66
[INFO] [stderr]     Checking wasm-bindgen-futures v0.4.39
[INFO] [stderr]     Checking wasm-bindgen-macro-tests v0.0.0 (/opt/rustwide/target/tests/trybuild/wasm-bindgen-macro)
[INFO] [stderr]     Finished dev [unoptimized + debuginfo] target(s) in 6.43s
[INFO] [stderr] 
[INFO] [stderr] 
[INFO] [stderr] test ui-tests/async-errors.rs ... mismatch
[INFO] [stderr] 
[INFO] [stderr] EXPECTED:
[INFO] [stderr] ┈┈┈┈┈┈┈┈┈┈┈┈┈┈┈┈┈┈┈┈┈┈┈┈┈┈┈┈┈┈┈┈┈┈┈┈┈┈┈┈┈┈┈┈┈┈┈┈┈┈┈┈┈┈┈┈┈┈┈┈
[INFO] [stderr] error[E0277]: the trait bound `Result<(), ()>: IntoJsResult` is not satisfied
[INFO] [stderr]   --> ui-tests/async-errors.rs:30:1
[INFO] [stderr]    |
[INFO] [stderr] 30 | #[wasm_bindgen]
[INFO] [stderr]    | ^^^^^^^^^^^^^^^ the trait `IntoJsResult` is not implemented for `Result<(), ()>`
[INFO] [stderr]    |
[INFO] [stderr]    = help: the following other types implement trait `IntoJsResult`:
[INFO] [stderr]              Result<(), E>
[INFO] [stderr]              Result<T, E>
[INFO] [stderr]    = note: this error originates in the attribute macro `wasm_bindgen` (in Nightly builds, run with -Z macro-backtrace for more info)
[INFO] [stderr] 
[INFO] [stderr] error[E0277]: the trait bound `Result<(), BadType>: IntoJsResult` is not satisfied
[INFO] [stderr]   --> ui-tests/async-errors.rs:32:1
[INFO] [stderr]    |
[INFO] [stderr] 32 | #[wasm_bindgen]
[INFO] [stderr]    | ^^^^^^^^^^^^^^^ the trait `IntoJsResult` is not implemented for `Result<(), BadType>`
[INFO] [stderr]    |
[INFO] [stderr]    = help: the following other types implement trait `IntoJsResult`:
[INFO] [stderr]              Result<(), E>
[INFO] [stderr]              Result<T, E>
[INFO] [stderr]    = note: this error originates in the attribute macro `wasm_bindgen` (in Nightly builds, run with -Z macro-backtrace for more info)
[INFO] [stderr] 
[INFO] [stderr] error[E0277]: the trait bound `wasm_bindgen::JsValue: From<BadType>` is not satisfied
[INFO] [stderr]   --> ui-tests/async-errors.rs:34:1
[INFO] [stderr]    |
[INFO] [stderr] 34 | #[wasm_bindgen]
[INFO] [stderr]    | ^^^^^^^^^^^^^^^ the trait `From<BadType>` is not implemented for `wasm_bindgen::JsValue`
[INFO] [stderr]    |
[INFO] [stderr]    = help: the following other types implement trait `From<T>`:
[INFO] [stderr]              <wasm_bindgen::JsValue as From<&'a String>>
[INFO] [stderr]              <wasm_bindgen::JsValue as From<&'a T>>
[INFO] [stderr]              <wasm_bindgen::JsValue as From<&'a str>>
[INFO] [stderr]              <wasm_bindgen::JsValue as From<*const T>>
[INFO] [stderr]              <wasm_bindgen::JsValue as From<*mut T>>
[INFO] [stderr]              <wasm_bindgen::JsValue as From<Array>>
[INFO] [stderr]              <wasm_bindgen::JsValue as From<ArrayBuffer>>
[INFO] [stderr]              <wasm_bindgen::JsValue as From<BigInt64Array>>
[INFO] [stderr]            and $N others
[INFO] [stderr]    = note: required for `BadType` to implement `Into<wasm_bindgen::JsValue>`
[INFO] [stderr]    = note: required for `BadType` to implement `IntoJsResult`
[INFO] [stderr]    = note: this error originates in the attribute macro `wasm_bindgen` (in Nightly builds, run with -Z macro-backtrace for more info)
[INFO] [stderr] 
[INFO] [stderr] error[E0277]: the trait bound `Result<BadType, wasm_bindgen::JsValue>: IntoJsResult` is not satisfied
[INFO] [stderr]   --> ui-tests/async-errors.rs:36:1
[INFO] [stderr]    |
[INFO] [stderr] 36 | #[wasm_bindgen]
[INFO] [stderr]    | ^^^^^^^^^^^^^^^ the trait `IntoJsResult` is not implemented for `Result<BadType, wasm_bindgen::JsValue>`
[INFO] [stderr]    |
[INFO] [stderr]    = help: the following other types implement trait `IntoJsResult`:
[INFO] [stderr]              Result<(), E>
[INFO] [stderr]              Result<T, E>
[INFO] [stderr]    = note: this error originates in the attribute macro `wasm_bindgen` (in Nightly builds, run with -Z macro-backtrace for more info)
[INFO] [stderr] ┈┈┈┈┈┈┈┈┈┈┈┈┈┈┈┈┈┈┈┈┈┈┈┈┈┈┈┈┈┈┈┈┈┈┈┈┈┈┈┈┈┈┈┈┈┈┈┈┈┈┈┈┈┈┈┈┈┈┈┈
[INFO] [stderr] 
[INFO] [stderr] ACTUAL OUTPUT:
[INFO] [stderr] ┈┈┈┈┈┈┈┈┈┈┈┈┈┈┈┈┈┈┈┈┈┈┈┈┈┈┈┈┈┈┈┈┈┈┈┈┈┈┈┈┈┈┈┈┈┈┈┈┈┈┈┈┈┈┈┈┈┈┈┈
[INFO] [stderr] error[E0277]: the trait bound `Result<(), ()>: IntoJsResult` is not satisfied
[INFO] [stderr]   --> ui-tests/async-errors.rs:31:24
[INFO] [stderr]    |
[INFO] [stderr] 31 | pub async fn bad1() -> Result<(), ()> { loop {} }
[INFO] [stderr]    |                        ^^^^^^^^^^^^^^ the trait `IntoJsResult` is not implemented for `Result<(), ()>`
[INFO] [stderr]    |
[INFO] [stderr]    = help: the following other types implement trait `IntoJsResult`:
[INFO] [stderr]              Result<(), E>
[INFO] [stderr]              Result<T, E>
[INFO] [stderr] 
[INFO] [stderr] error[E0277]: the trait bound `Result<(), BadType>: IntoJsResult` is not satisfied
[INFO] [stderr]   --> ui-tests/async-errors.rs:33:24
[INFO] [stderr]    |
[INFO] [stderr] 33 | pub async fn bad2() -> Result<(), BadType> { loop {} }
[INFO] [stderr]    |                        ^^^^^^^^^^^^^^^^^^^ the trait `IntoJsResult` is not implemented for `Result<(), BadType>`
[INFO] [stderr]    |
[INFO] [stderr]    = help: the following other types implement trait `IntoJsResult`:
[INFO] [stderr]              Result<(), E>
[INFO] [stderr]              Result<T, E>
[INFO] [stderr] 
[INFO] [stderr] error[E0277]: the trait bound `wasm_bindgen::JsValue: From<BadType>` is not satisfied
[INFO] [stderr]   --> ui-tests/async-errors.rs:35:24
[INFO] [stderr]    |
[INFO] [stderr] 35 | pub async fn bad3() -> BadType { loop {} }
[INFO] [stderr]    |                        ^^^^^^^ the trait `From<BadType>` is not implemented for `wasm_bindgen::JsValue`
[INFO] [stderr]    |
[INFO] [stderr]    = help: the following other types implement trait `From<T>`:
[INFO] [stderr]              <wasm_bindgen::JsValue as From<bool>>
[INFO] [stderr]              <wasm_bindgen::JsValue as From<isize>>
[INFO] [stderr]              <wasm_bindgen::JsValue as From<i8>>
[INFO] [stderr]              <wasm_bindgen::JsValue as From<i16>>
[INFO] [stderr]              <wasm_bindgen::JsValue as From<i32>>
[INFO] [stderr]              <wasm_bindgen::JsValue as From<i64>>
[INFO] [stderr]              <wasm_bindgen::JsValue as From<i128>>
[INFO] [stderr]              <wasm_bindgen::JsValue as From<usize>>
[INFO] [stderr]            and $N others
[INFO] [stderr]    = note: required for `BadType` to implement `Into<wasm_bindgen::JsValue>`
[INFO] [stderr]    = note: required for `BadType` to implement `IntoJsResult`
[INFO] [stderr] 
[INFO] [stderr] error[E0277]: the trait bound `Result<BadType, wasm_bindgen::JsValue>: IntoJsResult` is not satisfied
[INFO] [stderr]   --> ui-tests/async-errors.rs:37:24
[INFO] [stderr]    |
[INFO] [stderr] 37 | pub async fn bad4() -> Result<BadType, JsValue> { loop {} }
[INFO] [stderr]    |                        ^^^^^^^^^^^^^^^^^^^^^^^^ the trait `IntoJsResult` is not implemented for `Result<BadType, wasm_bindgen::JsValue>`
[INFO] [stderr]    |
[INFO] [stderr]    = help: the following other types implement trait `IntoJsResult`:
[INFO] [stderr]              Result<(), E>
[INFO] [stderr]              Result<T, E>
[INFO] [stderr] ┈┈┈┈┈┈┈┈┈┈┈┈┈┈┈┈┈┈┈┈┈┈┈┈┈┈┈┈┈┈┈┈┈┈┈┈┈┈┈┈┈┈┈┈┈┈┈┈┈┈┈┈┈┈┈┈┈┈┈┈
[INFO] [stderr] note: If the actual output is the correct output you can bless it by rerunning
[INFO] [stderr]       your test with the environment variable TRYBUILD=overwrite
[INFO] [stderr] 
[INFO] [stderr] test ui-tests/attribute-fails-to-parse.rs ... ok
[INFO] [stderr] test ui-tests/bad-signatures.rs ... ok
[INFO] [stderr] test ui-tests/import-local.rs ... ok
[INFO] [stderr] test ui-tests/invalid-attr.rs ... ok
[INFO] [stderr] test ui-tests/invalid-enums.rs ... ok
[INFO] [stderr] test ui-tests/invalid-imports.rs ... ok
[INFO] [stderr] test ui-tests/invalid-items.rs ... ok
[INFO] [stderr] test ui-tests/invalid-methods.rs ... ok
[INFO] [stderr] test ui-tests/invalid-setter.rs ... ok
[INFO] [stderr] test ui-tests/link-to.rs ... mismatch
[INFO] [stderr] 
[INFO] [stderr] EXPECTED:
[INFO] [stderr] ┈┈┈┈┈┈┈┈┈┈┈┈┈┈┈┈┈┈┈┈┈┈┈┈┈┈┈┈┈┈┈┈┈┈┈┈┈┈┈┈┈┈┈┈┈┈┈┈┈┈┈┈┈┈┈┈┈┈┈┈
[INFO] [stderr] error: `link_to!` does not support module paths.
[INFO] [stderr]   --> ui-tests/link-to.rs:10:37
[INFO] [stderr]    |
[INFO] [stderr] 10 |     wasm_bindgen::link_to!(module = "package/foo.js")
[INFO] [stderr]    |                                     ^^^^^^^^^^^^^^^^
[INFO] [stderr] 
[INFO] [stderr] error: `link_to!` does not support module paths.
[INFO] [stderr]   --> ui-tests/link-to.rs:14:41
[INFO] [stderr]    |
[INFO] [stderr] 14 |     wasm_bindgen::link_to!(raw_module = "package/foo.js")
[INFO] [stderr]    |                                         ^^^^^^^^^^^^^^^^
[INFO] [stderr] 
[INFO] [stderr] error: failed to read file `$WORKSPACE/target/tests/trybuild/wasm-bindgen-macro/src/not-found.js`: No such file or directory (os error 2)
[INFO] [stderr]   --> ui-tests/link-to.rs:18:37
[INFO] [stderr]    |
[INFO] [stderr] 18 |     wasm_bindgen::link_to!(module = "/src/not-found.js")
[INFO] [stderr]    |                                     ^^^^^^^^^^^^^^^^^^^
[INFO] [stderr] 
[INFO] [stderr] error: `link_to!` requires a module.
[INFO] [stderr]   --> ui-tests/link-to.rs:22:5
[INFO] [stderr]    |
[INFO] [stderr] 22 |     wasm_bindgen::link_to!()
[INFO] [stderr]    |     ^^^^^^^^^^^^^^^^^^^^^^^^
[INFO] [stderr]    |
[INFO] [stderr]    = note: this error originates in the macro `wasm_bindgen::link_to` (in Nightly builds, run with -Z macro-backtrace for more info)
[INFO] [stderr] 
[INFO] [stderr] error: unused wasm_bindgen attribute
[INFO] [stderr]   --> ui-tests/link-to.rs:28:9
[INFO] [stderr]    |
[INFO] [stderr] 28 |         js_namespace = foo
[INFO] [stderr]    |         ^^^^^^^^^^^^
[INFO] [stderr] ┈┈┈┈┈┈┈┈┈┈┈┈┈┈┈┈┈┈┈┈┈┈┈┈┈┈┈┈┈┈┈┈┈┈┈┈┈┈┈┈┈┈┈┈┈┈┈┈┈┈┈┈┈┈┈┈┈┈┈┈
[INFO] [stderr] 
[INFO] [stderr] ACTUAL OUTPUT:
[INFO] [stderr] ┈┈┈┈┈┈┈┈┈┈┈┈┈┈┈┈┈┈┈┈┈┈┈┈┈┈┈┈┈┈┈┈┈┈┈┈┈┈┈┈┈┈┈┈┈┈┈┈┈┈┈┈┈┈┈┈┈┈┈┈
[INFO] [stderr] error: `link_to!` does not support module paths.
[INFO] [stderr]   --> ui-tests/link-to.rs:10:37
[INFO] [stderr]    |
[INFO] [stderr] 10 |     wasm_bindgen::link_to!(module = "package/foo.js")
[INFO] [stderr]    |                                     ^^^^^^^^^^^^^^^^
[INFO] [stderr] 
[INFO] [stderr] error: `link_to!` does not support module paths.
[INFO] [stderr]   --> ui-tests/link-to.rs:14:41
[INFO] [stderr]    |
[INFO] [stderr] 14 |     wasm_bindgen::link_to!(raw_module = "package/foo.js")
[INFO] [stderr]    |                                         ^^^^^^^^^^^^^^^^
[INFO] [stderr] 
[INFO] [stderr] error: failed to read file `/opt/rustwide/target/tests/trybuild/wasm-bindgen-macro/src/not-found.js`: No such file or directory (os error 2)
[INFO] [stderr]   --> ui-tests/link-to.rs:18:37
[INFO] [stderr]    |
[INFO] [stderr] 18 |     wasm_bindgen::link_to!(module = "/src/not-found.js")
[INFO] [stderr]    |                                     ^^^^^^^^^^^^^^^^^^^
[INFO] [stderr] 
[INFO] [stderr] error: `link_to!` requires a module.
[INFO] [stderr]   --> ui-tests/link-to.rs:22:5
[INFO] [stderr]    |
[INFO] [stderr] 22 |     wasm_bindgen::link_to!()
[INFO] [stderr]    |     ^^^^^^^^^^^^^^^^^^^^^^^^
[INFO] [stderr]    |
[INFO] [stderr]    = note: this error originates in the macro `wasm_bindgen::link_to` (in Nightly builds, run with -Z macro-backtrace for more info)
[INFO] [stderr] 
[INFO] [stderr] error: unused wasm_bindgen attribute
[INFO] [stderr]   --> ui-tests/link-to.rs:28:9
[INFO] [stderr]    |
[INFO] [stderr] 28 |         js_namespace = foo
[INFO] [stderr]    |         ^^^^^^^^^^^^
[INFO] [stderr] ┈┈┈┈┈┈┈┈┈┈┈┈┈┈┈┈┈┈┈┈┈┈┈┈┈┈┈┈┈┈┈┈┈┈┈┈┈┈┈┈┈┈┈┈┈┈┈┈┈┈┈┈┈┈┈┈┈┈┈┈
[INFO] [stderr] note: If the actual output is the correct output you can bless it by rerunning
[INFO] [stderr]       your test with the environment variable TRYBUILD=overwrite
[INFO] [stderr] 
[INFO] [stderr] test ui-tests/main-async.rs ... ok
[INFO] [stderr] test ui-tests/main-debug.rs ... ok
[INFO] [stderr] test ui-tests/main-infallible.rs ... ok
[INFO] [stderr] test ui-tests/main-jsvalue.rs ... ok
[INFO] [stderr] test ui-tests/main-unit.rs ... ok
[INFO] [stderr] test ui-tests/main.rs ... ok
[INFO] [stderr] test ui-tests/missing-catch.rs ... mismatch
[INFO] [stderr] 
[INFO] [stderr] EXPECTED:
[INFO] [stderr] ┈┈┈┈┈┈┈┈┈┈┈┈┈┈┈┈┈┈┈┈┈┈┈┈┈┈┈┈┈┈┈┈┈┈┈┈┈┈┈┈┈┈┈┈┈┈┈┈┈┈┈┈┈┈┈┈┈┈┈┈
[INFO] [stderr] error[E0277]: the trait bound `Result<wasm_bindgen::JsValue, wasm_bindgen::JsValue>: FromWasmAbi` is not satisfied
[INFO] [stderr]  --> ui-tests/missing-catch.rs:6:9
[INFO] [stderr]   |
[INFO] [stderr] 6 |     pub fn foo() -> Result<JsValue, JsValue>;
[INFO] [stderr]   |            ^^^ the trait `FromWasmAbi` is not implemented for `Result<wasm_bindgen::JsValue, wasm_bindgen::JsValue>`
[INFO] [stderr]   |
[INFO] [stderr]   = help: the following other types implement trait `FromWasmAbi`:
[INFO] [stderr]             *const T
[INFO] [stderr]             *mut T
[INFO] [stderr]             Box<[T]>
[INFO] [stderr]             Clamped<T>
[INFO] [stderr]             Option<T>
[INFO] [stderr]             Option<f32>
[INFO] [stderr]             Option<f64>
[INFO] [stderr]             Option<i32>
[INFO] [stderr]           and $N others
[INFO] [stderr] ┈┈┈┈┈┈┈┈┈┈┈┈┈┈┈┈┈┈┈┈┈┈┈┈┈┈┈┈┈┈┈┈┈┈┈┈┈┈┈┈┈┈┈┈┈┈┈┈┈┈┈┈┈┈┈┈┈┈┈┈
[INFO] [stderr] 
[INFO] [stderr] ACTUAL OUTPUT:
[INFO] [stderr] ┈┈┈┈┈┈┈┈┈┈┈┈┈┈┈┈┈┈┈┈┈┈┈┈┈┈┈┈┈┈┈┈┈┈┈┈┈┈┈┈┈┈┈┈┈┈┈┈┈┈┈┈┈┈┈┈┈┈┈┈
[INFO] [stderr] error[E0277]: the trait bound `Result<wasm_bindgen::JsValue, wasm_bindgen::JsValue>: FromWasmAbi` is not satisfied
[INFO] [stderr]  --> ui-tests/missing-catch.rs:6:9
[INFO] [stderr]   |
[INFO] [stderr] 6 |     pub fn foo() -> Result<JsValue, JsValue>;
[INFO] [stderr]   |            ^^^ the trait `FromWasmAbi` is not implemented for `Result<wasm_bindgen::JsValue, wasm_bindgen::JsValue>`
[INFO] [stderr]   |
[INFO] [stderr]   = help: the following other types implement trait `FromWasmAbi`:
[INFO] [stderr]             bool
[INFO] [stderr]             char
[INFO] [stderr]             isize
[INFO] [stderr]             i8
[INFO] [stderr]             i16
[INFO] [stderr]             i32
[INFO] [stderr]             i64
[INFO] [stderr]             usize
[INFO] [stderr]           and $N others
[INFO] [stderr] ┈┈┈┈┈┈┈┈┈┈┈┈┈┈┈┈┈┈┈┈┈┈┈┈┈┈┈┈┈┈┈┈┈┈┈┈┈┈┈┈┈┈┈┈┈┈┈┈┈┈┈┈┈┈┈┈┈┈┈┈
[INFO] [stderr] note: If the actual output is the correct output you can bless it by rerunning
[INFO] [stderr]       your test with the environment variable TRYBUILD=overwrite
[INFO] [stderr] 
[INFO] [stderr] test ui-tests/non-public-function.rs ... ok
[INFO] [stderr] test ui-tests/pub-not-copy.rs ... ok
[INFO] [stderr] test ui-tests/start-function.rs ... mismatch
[INFO] [stderr] 
[INFO] [stderr] EXPECTED:
[INFO] [stderr] ┈┈┈┈┈┈┈┈┈┈┈┈┈┈┈┈┈┈┈┈┈┈┈┈┈┈┈┈┈┈┈┈┈┈┈┈┈┈┈┈┈┈┈┈┈┈┈┈┈┈┈┈┈┈┈┈┈┈┈┈
[INFO] [stderr] error: the start function cannot have arguments
[INFO] [stderr]  --> ui-tests/start-function.rs:7:9
[INFO] [stderr]   |
[INFO] [stderr] 7 | fn foo2(x: u32) {}
[INFO] [stderr]   |         ^^^^^^
[INFO] [stderr] 
[INFO] [stderr] error: the start function cannot have generics
[INFO] [stderr]   --> ui-tests/start-function.rs:10:8
[INFO] [stderr]    |
[INFO] [stderr] 10 | fn foo3<T>() {}
[INFO] [stderr]    |        ^^^
[INFO] [stderr] 
[INFO] [stderr] error[E0277]: the trait bound `Result<wasm_bindgen::JsValue, ()>: wasm_bindgen::__rt::Start` is not satisfied
[INFO] [stderr]   --> ui-tests/start-function.rs:15:1
[INFO] [stderr]    |
[INFO] [stderr] 15 | #[wasm_bindgen(start)]
[INFO] [stderr]    | ^^^^^^^^^^^^^^^^^^^^^^ the trait `wasm_bindgen::__rt::Start` is not implemented for `Result<wasm_bindgen::JsValue, ()>`
[INFO] [stderr]    |
[INFO] [stderr]    = help: the trait `wasm_bindgen::__rt::Start` is implemented for `Result<(), E>`
[INFO] [stderr]    = note: this error originates in the attribute macro `wasm_bindgen` (in Nightly builds, run with -Z macro-backtrace for more info)
[INFO] [stderr] 
[INFO] [stderr] error[E0277]: the trait bound `Result<wasm_bindgen::JsValue, wasm_bindgen::JsValue>: wasm_bindgen::__rt::Start` is not satisfied
[INFO] [stderr]   --> ui-tests/start-function.rs:18:1
[INFO] [stderr]    |
[INFO] [stderr] 18 | #[wasm_bindgen(start)]
[INFO] [stderr]    | ^^^^^^^^^^^^^^^^^^^^^^ the trait `wasm_bindgen::__rt::Start` is not implemented for `Result<wasm_bindgen::JsValue, wasm_bindgen::JsValue>`
[INFO] [stderr]    |
[INFO] [stderr]    = help: the trait `wasm_bindgen::__rt::Start` is implemented for `Result<(), E>`
[INFO] [stderr]    = note: this error originates in the attribute macro `wasm_bindgen` (in Nightly builds, run with -Z macro-backtrace for more info)
[INFO] [stderr] 
[INFO] [stderr] error[E0277]: the trait bound `Result<wasm_bindgen::JsValue, ()>: wasm_bindgen::__rt::Start` is not satisfied
[INFO] [stderr]   --> ui-tests/start-function.rs:27:1
[INFO] [stderr]    |
[INFO] [stderr] 27 | #[wasm_bindgen(start)]
[INFO] [stderr]    | ^^^^^^^^^^^^^^^^^^^^^^ the trait `wasm_bindgen::__rt::Start` is not implemented for `Result<wasm_bindgen::JsValue, ()>`
[INFO] [stderr]    |
[INFO] [stderr]    = help: the trait `wasm_bindgen::__rt::Start` is implemented for `Result<(), E>`
[INFO] [stderr]    = note: this error originates in the attribute macro `wasm_bindgen` (in Nightly builds, run with -Z macro-backtrace for more info)
[INFO] [stderr] 
[INFO] [stderr] error[E0277]: the trait bound `Result<wasm_bindgen::JsValue, wasm_bindgen::JsValue>: wasm_bindgen::__rt::Start` is not satisfied
[INFO] [stderr]   --> ui-tests/start-function.rs:30:1
[INFO] [stderr]    |
[INFO] [stderr] 30 | #[wasm_bindgen(start)]
[INFO] [stderr]    | ^^^^^^^^^^^^^^^^^^^^^^ the trait `wasm_bindgen::__rt::Start` is not implemented for `Result<wasm_bindgen::JsValue, wasm_bindgen::JsValue>`
[INFO] [stderr]    |
[INFO] [stderr]    = help: the trait `wasm_bindgen::__rt::Start` is implemented for `Result<(), E>`
[INFO] [stderr]    = note: this error originates in the attribute macro `wasm_bindgen` (in Nightly builds, run with -Z macro-backtrace for more info)
[INFO] [stderr] ┈┈┈┈┈┈┈┈┈┈┈┈┈┈┈┈┈┈┈┈┈┈┈┈┈┈┈┈┈┈┈┈┈┈┈┈┈┈┈┈┈┈┈┈┈┈┈┈┈┈┈┈┈┈┈┈┈┈┈┈
[INFO] [stderr] 
[INFO] [stderr] ACTUAL OUTPUT:
[INFO] [stderr] ┈┈┈┈┈┈┈┈┈┈┈┈┈┈┈┈┈┈┈┈┈┈┈┈┈┈┈┈┈┈┈┈┈┈┈┈┈┈┈┈┈┈┈┈┈┈┈┈┈┈┈┈┈┈┈┈┈┈┈┈
[INFO] [stderr] error: the start function cannot have arguments
[INFO] [stderr]  --> ui-tests/start-function.rs:7:9
[INFO] [stderr]   |
[INFO] [stderr] 7 | fn foo2(x: u32) {}
[INFO] [stderr]   |         ^^^^^^
[INFO] [stderr] 
[INFO] [stderr] error: the start function cannot have generics
[INFO] [stderr]   --> ui-tests/start-function.rs:10:8
[INFO] [stderr]    |
[INFO] [stderr] 10 | fn foo3<T>() {}
[INFO] [stderr]    |        ^^^
[INFO] [stderr] 
[INFO] [stderr] error[E0277]: the trait bound `Result<wasm_bindgen::JsValue, ()>: wasm_bindgen::__rt::Start` is not satisfied
[INFO] [stderr]   --> ui-tests/start-function.rs:16:14
[INFO] [stderr]    |
[INFO] [stderr] 16 | fn foo5() -> Result<JsValue, ()> { Err(()) }
[INFO] [stderr]    |              ^^^^^^^^^^^^^^^^^^^ the trait `wasm_bindgen::__rt::Start` is not implemented for `Result<wasm_bindgen::JsValue, ()>`
[INFO] [stderr]    |
[INFO] [stderr]    = help: the trait `wasm_bindgen::__rt::Start` is implemented for `Result<(), E>`
[INFO] [stderr] 
[INFO] [stderr] error[E0277]: the trait bound `Result<wasm_bindgen::JsValue, wasm_bindgen::JsValue>: wasm_bindgen::__rt::Start` is not satisfied
[INFO] [stderr]   --> ui-tests/start-function.rs:19:14
[INFO] [stderr]    |
[INFO] [stderr] 19 | fn foo6() -> Result<JsValue, JsValue> { Ok(JsValue::from(1u32)) }
[INFO] [stderr]    |              ^^^^^^^^^^^^^^^^^^^^^^^^ the trait `wasm_bindgen::__rt::Start` is not implemented for `Result<wasm_bindgen::JsValue, wasm_bindgen::JsValue>`
[INFO] [stderr]    |
[INFO] [stderr]    = help: the trait `wasm_bindgen::__rt::Start` is implemented for `Result<(), E>`
[INFO] [stderr] 
[INFO] [stderr] error[E0277]: the trait bound `Result<wasm_bindgen::JsValue, ()>: wasm_bindgen::__rt::Start` is not satisfied
[INFO] [stderr]   --> ui-tests/start-function.rs:28:26
[INFO] [stderr]    |
[INFO] [stderr] 28 | async fn foo_async3() -> Result<JsValue, ()> { Err(()) }
[INFO] [stderr]    |                          ^^^^^^^^^^^^^^^^^^^ the trait `wasm_bindgen::__rt::Start` is not implemented for `Result<wasm_bindgen::JsValue, ()>`
[INFO] [stderr]    |
[INFO] [stderr]    = help: the trait `wasm_bindgen::__rt::Start` is implemented for `Result<(), E>`
[INFO] [stderr] 
[INFO] [stderr] error[E0277]: the trait bound `Result<wasm_bindgen::JsValue, wasm_bindgen::JsValue>: wasm_bindgen::__rt::Start` is not satisfied
[INFO] [stderr]   --> ui-tests/start-function.rs:31:26
[INFO] [stderr]    |
[INFO] [stderr] 31 | async fn foo_async4() -> Result<JsValue, JsValue> { Ok(JsValue::from(1u32)) }
[INFO] [stderr]    |                          ^^^^^^^^^^^^^^^^^^^^^^^^ the trait `wasm_bindgen::__rt::Start` is not implemented for `Result<wasm_bindgen::JsValue, wasm_bindgen::JsValue>`
[INFO] [stderr]    |
[INFO] [stderr]    = help: the trait `wasm_bindgen::__rt::Start` is implemented for `Result<(), E>`
[INFO] [stderr] ┈┈┈┈┈┈┈┈┈┈┈┈┈┈┈┈┈┈┈┈┈┈┈┈┈┈┈┈┈┈┈┈┈┈┈┈┈┈┈┈┈┈┈┈┈┈┈┈┈┈┈┈┈┈┈┈┈┈┈┈
[INFO] [stderr] note: If the actual output is the correct output you can bless it by rerunning
[INFO] [stderr]       your test with the environment variable TRYBUILD=overwrite
[INFO] [stderr] 
[INFO] [stderr] test ui-tests/struct-fields.rs ... mismatch
[INFO] [stderr] 
[INFO] [stderr] EXPECTED:
[INFO] [stderr] ┈┈┈┈┈┈┈┈┈┈┈┈┈┈┈┈┈┈┈┈┈┈┈┈┈┈┈┈┈┈┈┈┈┈┈┈┈┈┈┈┈┈┈┈┈┈┈┈┈┈┈┈┈┈┈┈┈┈┈┈
[INFO] [stderr] error[E0277]: the trait bound `Foo: std::marker::Copy` is not satisfied
[INFO] [stderr]   --> ui-tests/struct-fields.rs:10:12
[INFO] [stderr]    |
[INFO] [stderr] 10 |     pub a: Foo,
[INFO] [stderr]    |            ^^^ the trait `std::marker::Copy` is not implemented for `Foo`
[INFO] [stderr]    |
[INFO] [stderr] note: required by a bound in `__wbg_get_bar_a::assert_copy`
[INFO] [stderr]   --> ui-tests/struct-fields.rs:8:1
[INFO] [stderr]    |
[INFO] [stderr] 8  | #[wasm_bindgen]
[INFO] [stderr]    | ^^^^^^^^^^^^^^^ required by this bound in `assert_copy`
[INFO] [stderr]    = note: this error originates in the attribute macro `wasm_bindgen` (in Nightly builds, run with -Z macro-backtrace for more info)
[INFO] [stderr] 
[INFO] [stderr] error[E0277]: the trait bound `Foo: Clone` is not satisfied
[INFO] [stderr]   --> ui-tests/struct-fields.rs:11:20
[INFO] [stderr]    |
[INFO] [stderr] 11 |       #[wasm_bindgen(getter_with_clone)]
[INFO] [stderr]    |                      ^----------------
[INFO] [stderr]    |                      |
[INFO] [stderr]    |  ____________________required by a bound introduced by this call
[INFO] [stderr]    | |
[INFO] [stderr] 12 | |     pub b: Foo,
[INFO] [stderr]    | |_________^ the trait `Clone` is not implemented for `Foo`
[INFO] [stderr]    |
[INFO] [stderr] help: consider annotating `Foo` with `#[derive(Clone)]`
[INFO] [stderr]    |
[INFO] [stderr] 3  | #[derive(Clone)]
[INFO] [stderr]    |
[INFO] [stderr] ┈┈┈┈┈┈┈┈┈┈┈┈┈┈┈┈┈┈┈┈┈┈┈┈┈┈┈┈┈┈┈┈┈┈┈┈┈┈┈┈┈┈┈┈┈┈┈┈┈┈┈┈┈┈┈┈┈┈┈┈
[INFO] [stderr] 
[INFO] [stderr] ACTUAL OUTPUT:
[INFO] [stderr] ┈┈┈┈┈┈┈┈┈┈┈┈┈┈┈┈┈┈┈┈┈┈┈┈┈┈┈┈┈┈┈┈┈┈┈┈┈┈┈┈┈┈┈┈┈┈┈┈┈┈┈┈┈┈┈┈┈┈┈┈
[INFO] [stderr] error[E0277]: the trait bound `Foo: std::marker::Copy` is not satisfied
[INFO] [stderr]   --> ui-tests/struct-fields.rs:10:12
[INFO] [stderr]    |
[INFO] [stderr] 10 |     pub a: Foo,
[INFO] [stderr]    |            ^^^ the trait `std::marker::Copy` is not implemented for `Foo`
[INFO] [stderr]    |
[INFO] [stderr] note: required by a bound in `__wbg_get_bar_a::assert_copy`
[INFO] [stderr]   --> ui-tests/struct-fields.rs:8:1
[INFO] [stderr]    |
[INFO] [stderr] 8  | #[wasm_bindgen]
[INFO] [stderr]    | ^^^^^^^^^^^^^^^ required by this bound in `assert_copy`
[INFO] [stderr]    = note: this error originates in the attribute macro `wasm_bindgen` (in Nightly builds, run with -Z macro-backtrace for more info)
[INFO] [stderr] 
[INFO] [stderr] error[E0277]: the trait bound `Foo: Clone` is not satisfied
[INFO] [stderr]   --> ui-tests/struct-fields.rs:12:12
[INFO] [stderr]    |
[INFO] [stderr] 12 |     pub b: Foo,
[INFO] [stderr]    |            ^^^ the trait `Clone` is not implemented for `Foo`
[INFO] [stderr]    |
[INFO] [stderr] help: consider annotating `Foo` with `#[derive(Clone)]`
[INFO] [stderr]    |
[INFO] [stderr] 3  + #[derive(Clone)]
[INFO] [stderr] 4  | #[wasm_bindgen]
[INFO] [stderr]    |
[INFO] [stderr] ┈┈┈┈┈┈┈┈┈┈┈┈┈┈┈┈┈┈┈┈┈┈┈┈┈┈┈┈┈┈┈┈┈┈┈┈┈┈┈┈┈┈┈┈┈┈┈┈┈┈┈┈┈┈┈┈┈┈┈┈
[INFO] [stderr] note: If the actual output is the correct output you can bless it by rerunning
[INFO] [stderr]       your test with the environment variable TRYBUILD=overwrite
[INFO] [stderr] 
[INFO] [stderr] test ui-tests/structural-and-final.rs ... ok
[INFO] [stderr] test ui-tests/traits-not-implemented.rs ... mismatch
[INFO] [stderr] 
[INFO] [stderr] EXPECTED:
[INFO] [stderr] ┈┈┈┈┈┈┈┈┈┈┈┈┈┈┈┈┈┈┈┈┈┈┈┈┈┈┈┈┈┈┈┈┈┈┈┈┈┈┈┈┈┈┈┈┈┈┈┈┈┈┈┈┈┈┈┈┈┈┈┈
[INFO] [stderr] error[E0277]: the trait bound `A: IntoWasmAbi` is not satisfied
[INFO] [stderr]  --> ui-tests/traits-not-implemented.rs:5:1
[INFO] [stderr]   |
[INFO] [stderr] 5 | #[wasm_bindgen]
[INFO] [stderr]   | ^^^^^^^^^^^^^^^ the trait `IntoWasmAbi` is not implemented for `A`
[INFO] [stderr]   |
[INFO] [stderr]   = help: the following other types implement trait `IntoWasmAbi`:
[INFO] [stderr]             &'a (dyn Fn() -> R + 'b)
[INFO] [stderr]             &'a (dyn Fn(A) -> R + 'b)
[INFO] [stderr]             &'a (dyn Fn(A, B) -> R + 'b)
[INFO] [stderr]             &'a (dyn Fn(A, B, C) -> R + 'b)
[INFO] [stderr]             &'a (dyn Fn(A, B, C, D) -> R + 'b)
[INFO] [stderr]             &'a (dyn Fn(A, B, C, D, E) -> R + 'b)
[INFO] [stderr]             &'a (dyn Fn(A, B, C, D, E, F) -> R + 'b)
[INFO] [stderr]             &'a (dyn Fn(A, B, C, D, E, F, G) -> R + 'b)
[INFO] [stderr]           and $N others
[INFO] [stderr]   = note: this error originates in the attribute macro `wasm_bindgen` (in Nightly builds, run with -Z macro-backtrace for more info)
[INFO] [stderr] ┈┈┈┈┈┈┈┈┈┈┈┈┈┈┈┈┈┈┈┈┈┈┈┈┈┈┈┈┈┈┈┈┈┈┈┈┈┈┈┈┈┈┈┈┈┈┈┈┈┈┈┈┈┈┈┈┈┈┈┈
[INFO] [stderr] 
[INFO] [stderr] ACTUAL OUTPUT:
[INFO] [stderr] ┈┈┈┈┈┈┈┈┈┈┈┈┈┈┈┈┈┈┈┈┈┈┈┈┈┈┈┈┈┈┈┈┈┈┈┈┈┈┈┈┈┈┈┈┈┈┈┈┈┈┈┈┈┈┈┈┈┈┈┈
[INFO] [stderr] error[E0277]: the trait bound `A: IntoWasmAbi` is not satisfied
[INFO] [stderr]  --> ui-tests/traits-not-implemented.rs:5:1
[INFO] [stderr]   |
[INFO] [stderr] 5 | #[wasm_bindgen]
[INFO] [stderr]   | ^^^^^^^^^^^^^^^ the trait `IntoWasmAbi` is not implemented for `A`
[INFO] [stderr]   |
[INFO] [stderr]   = help: the following other types implement trait `IntoWasmAbi`:
[INFO] [stderr]             bool
[INFO] [stderr]             char
[INFO] [stderr]             isize
[INFO] [stderr]             i8
[INFO] [stderr]             i16
[INFO] [stderr]             i32
[INFO] [stderr]             i64
[INFO] [stderr]             usize
[INFO] [stderr]           and $N others
[INFO] [stderr]   = note: this error originates in the attribute macro `wasm_bindgen` (in Nightly builds, run with -Z macro-backtrace for more info)
[INFO] [stderr] ┈┈┈┈┈┈┈┈┈┈┈┈┈┈┈┈┈┈┈┈┈┈┈┈┈┈┈┈┈┈┈┈┈┈┈┈┈┈┈┈┈┈┈┈┈┈┈┈┈┈┈┈┈┈┈┈┈┈┈┈
[INFO] [stderr] note: If the actual output is the correct output you can bless it by rerunning
[INFO] [stderr]       your test with the environment variable TRYBUILD=overwrite
[INFO] [stderr] 
[INFO] [stderr] test ui-tests/unknown-type-in-import.rs ... ok
[INFO] [stderr] test ui-tests/unused-attributes.rs ... error
[INFO] [stderr] Expected test case to fail to compile, but it succeeded.
[INFO] [stderr] 
[INFO] [stderr] WARNINGS:
[INFO] [stderr] ┈┈┈┈┈┈┈┈┈┈┈┈┈┈┈┈┈┈┈┈┈┈┈┈┈┈┈┈┈┈┈┈┈┈┈┈┈┈┈┈┈┈┈┈┈┈┈┈┈┈┈┈┈┈┈┈┈┈┈┈
[INFO] [stderr] warning: unused variable: `method`
[INFO] [stderr]  --> ui-tests/unused-attributes.rs:9:20
[INFO] [stderr]   |
[INFO] [stderr] 9 |     #[wasm_bindgen(method)]
[INFO] [stderr]   |                    ^^^^^^ help: if this is intentional, prefix it with an underscore: `_method`
[INFO] [stderr]   |
[INFO] [stderr] note: the lint level is defined here
[INFO] [stderr]  --> ui-tests/unused-attributes.rs:1:9
[INFO] [stderr]   |
[INFO] [stderr] 1 | #![deny(unused_variables)]
[INFO] [stderr]   |         ^^^^^^^^^^^^^^^^
[INFO] [stderr] 
[INFO] [stderr] warning: unused variable: `getter`
[INFO] [stderr]   --> ui-tests/unused-attributes.rs:18:16
[INFO] [stderr]    |
[INFO] [stderr] 18 | #[wasm_bindgen(getter, typescript_custom_section)]
[INFO] [stderr]    |                ^^^^^^ help: if this is intentional, prefix it with an underscore: `_getter`
[INFO] [stderr] 
[INFO] [stderr] warning: unused variable: `readonly`
[INFO] [stderr]   --> ui-tests/unused-attributes.rs:21:16
[INFO] [stderr]    |
[INFO] [stderr] 21 | #[wasm_bindgen(readonly)]
[INFO] [stderr]    |                ^^^^^^^^ help: if this is intentional, prefix it with an underscore: `_readonly`
[INFO] [stderr] 
[INFO] [stderr] warning: unused variable: `typescript_type`
[INFO] [stderr]   --> ui-tests/unused-attributes.rs:26:28
[INFO] [stderr]    |
[INFO] [stderr] 26 |     #[wasm_bindgen(getter, typescript_type = "Thing[]")]
[INFO] [stderr]    |                            ^^^^^^^^^^^^^^^ help: if this is intentional, prefix it with an underscore: `_typescript_type`
[INFO] [stderr] 
[INFO] [stderr] warning: unused variable: `getter_with_clone`
[INFO] [stderr]   --> ui-tests/unused-attributes.rs:24:16
[INFO] [stderr]    |
[INFO] [stderr] 24 | #[wasm_bindgen(getter_with_clone, final)]
[INFO] [stderr]    |                ^^^^^^^^^^^^^^^^^ help: if this is intentional, prefix it with an underscore: `_getter_with_clone`
[INFO] [stderr] 
[INFO] [stderr] warning: unused variable: `final`
[INFO] [stderr]   --> ui-tests/unused-attributes.rs:24:35
[INFO] [stderr]    |
[INFO] [stderr] 24 | #[wasm_bindgen(getter_with_clone, final)]
[INFO] [stderr]    |                                   ^^^^^ help: if this is intentional, prefix it with an underscore: `_final`
[INFO] [stderr] 
[INFO] [stderr] warning: 6 warnings emitted
[INFO] [stderr] ┈┈┈┈┈┈┈┈┈┈┈┈┈┈┈┈┈┈┈┈┈┈┈┈┈┈┈┈┈┈┈┈┈┈┈┈┈┈┈┈┈┈┈┈┈┈┈┈┈┈┈┈┈┈┈┈┈┈┈┈
[INFO] [stderr] 
[INFO] [stderr] test ui-tests/wasm-bindgen.rs ... mismatch
[INFO] [stderr] 
[INFO] [stderr] EXPECTED:
[INFO] [stderr] ┈┈┈┈┈┈┈┈┈┈┈┈┈┈┈┈┈┈┈┈┈┈┈┈┈┈┈┈┈┈┈┈┈┈┈┈┈┈┈┈┈┈┈┈┈┈┈┈┈┈┈┈┈┈┈┈┈┈┈┈
[INFO] [stderr] error[E0433]: failed to resolve: could not find `convert` in `test`
[INFO] [stderr]   --> ui-tests/wasm-bindgen.rs:37:1
[INFO] [stderr]    |
[INFO] [stderr] 37 | #[wasm_bindgen(wasm_bindgen = test)]
[INFO] [stderr]    | ^^^^^^^^^^^^^^^^^^^^^^^^^^^^^^^^^^^^ could not find `convert` in `test`
[INFO] [stderr]    |
[INFO] [stderr]    = note: this error originates in the attribute macro `wasm_bindgen` (in Nightly builds, run with -Z macro-backtrace for more info)
[INFO] [stderr] 
[INFO] [stderr] error[E0425]: cannot find function `future_to_promise` in module `test`
[INFO] [stderr]   --> ui-tests/wasm-bindgen.rs:40:1
[INFO] [stderr]    |
[INFO] [stderr] 40 | #[wasm_bindgen(wasm_bindgen_futures = test)]
[INFO] [stderr]    | ^^^^^^^^^^^^^^^^^^^^^^^^^^^^^^^^^^^^^^^^^^^^ not found in `test`
[INFO] [stderr]    |
[INFO] [stderr]    = note: this error originates in the attribute macro `wasm_bindgen` (in Nightly builds, run with -Z macro-backtrace for more info)
[INFO] [stderr] help: consider importing this function
[INFO] [stderr]    |
[INFO] [stderr] 3  | use wasm_bindgen_futures::future_to_promise;
[INFO] [stderr]    |
[INFO] [stderr] ┈┈┈┈┈┈┈┈┈┈┈┈┈┈┈┈┈┈┈┈┈┈┈┈┈┈┈┈┈┈┈┈┈┈┈┈┈┈┈┈┈┈┈┈┈┈┈┈┈┈┈┈┈┈┈┈┈┈┈┈
[INFO] [stderr] 
[INFO] [stderr] ACTUAL OUTPUT:
[INFO] [stderr] ┈┈┈┈┈┈┈┈┈┈┈┈┈┈┈┈┈┈┈┈┈┈┈┈┈┈┈┈┈┈┈┈┈┈┈┈┈┈┈┈┈┈┈┈┈┈┈┈┈┈┈┈┈┈┈┈┈┈┈┈
[INFO] [stderr] error[E0433]: failed to resolve: could not find `convert` in `test`
[INFO] [stderr]   --> ui-tests/wasm-bindgen.rs:37:1
[INFO] [stderr]    |
[INFO] [stderr] 37 | #[wasm_bindgen(wasm_bindgen = test)]
[INFO] [stderr]    | ^^^^^^^^^^^^^^^^^^^^^^^^^^^^^^^^^^^^ could not find `convert` in `test`
[INFO] [stderr]    |
[INFO] [stderr]    = note: this error originates in the attribute macro `wasm_bindgen` (in Nightly builds, run with -Z macro-backtrace for more info)
[INFO] [stderr] help: consider importing one of these items
[INFO] [stderr]    |
[INFO] [stderr] 3  + use crate::test::test::convert;
[INFO] [stderr]    |
[INFO] [stderr] 3  + use wasm_bindgen::convert;
[INFO] [stderr]    |
[INFO] [stderr] 
[INFO] [stderr] error[E0425]: cannot find function `future_to_promise` in module `test`
[INFO] [stderr]   --> ui-tests/wasm-bindgen.rs:40:1
[INFO] [stderr]    |
[INFO] [stderr] 40 | #[wasm_bindgen(wasm_bindgen_futures = test)]
[INFO] [stderr]    | ^^^^^^^^^^^^^^^^^^^^^^^^^^^^^^^^^^^^^^^^^^^^ not found in `test`
[INFO] [stderr]    |
[INFO] [stderr]    = note: this error originates in the attribute macro `wasm_bindgen` (in Nightly builds, run with -Z macro-backtrace for more info)
[INFO] [stderr] help: consider importing this function
[INFO] [stderr]    |
[INFO] [stderr] 3  + use wasm_bindgen_futures::future_to_promise;
[INFO] [stderr]    |
[INFO] [stderr] ┈┈┈┈┈┈┈┈┈┈┈┈┈┈┈┈┈┈┈┈┈┈┈┈┈┈┈┈┈┈┈┈┈┈┈┈┈┈┈┈┈┈┈┈┈┈┈┈┈┈┈┈┈┈┈┈┈┈┈┈
[INFO] [stderr] note: If the actual output is the correct output you can bless it by rerunning
[INFO] [stderr]       your test with the environment variable TRYBUILD=overwrite
[INFO] [stderr] 
[INFO] [stderr] 
[INFO] [stderr] 
[INFO] [stdout] test ui ... FAILED
[INFO] [stdout] 
[INFO] [stdout] failures:
[INFO] [stdout] 
[INFO] [stdout] ---- ui stdout ----
[INFO] [stdout] thread 'ui' panicked at /opt/rustwide/cargo-home/registry/src/index.crates.io-6f17d22bba15001f/trybuild-1.0.87/src/run.rs:101:13:
[INFO] [stdout] 8 of 27 tests failed
[INFO] [stdout] stack backtrace:
[INFO] [stdout]    0:     0x56444c0310c6 - std::backtrace_rs::backtrace::libunwind::trace::h261606ad26a499c1
[INFO] [stdout]                                at /rustc/0e09125c6c3c2fd70d7de961bcf0e51575235fad/library/std/src/../../backtrace/src/backtrace/libunwind.rs:104:5
[INFO] [stdout]    1:     0x56444c0310c6 - std::backtrace_rs::backtrace::trace_unsynchronized::hd183f0625477fb28
[INFO] [stdout]                                at /rustc/0e09125c6c3c2fd70d7de961bcf0e51575235fad/library/std/src/../../backtrace/src/backtrace/mod.rs:66:5
[INFO] [stdout]    2:     0x56444c0310c6 - std::sys_common::backtrace::_print_fmt::hd7f8fef21b4eda67
[INFO] [stdout]                                at /rustc/0e09125c6c3c2fd70d7de961bcf0e51575235fad/library/std/src/sys_common/backtrace.rs:68:5
[INFO] [stdout]    3:     0x56444c0310c6 - <std::sys_common::backtrace::_print::DisplayBacktrace as core::fmt::Display>::fmt::h623d9b51f2f453f1
[INFO] [stdout]                                at /rustc/0e09125c6c3c2fd70d7de961bcf0e51575235fad/library/std/src/sys_common/backtrace.rs:44:22
[INFO] [stdout]    4:     0x56444c05c7c0 - core::fmt::rt::Argument::fmt::h9f417ac76a86f368
[INFO] [stdout]                                at /rustc/0e09125c6c3c2fd70d7de961bcf0e51575235fad/library/core/src/fmt/rt.rs:142:9
[INFO] [stdout]    5:     0x56444c05c7c0 - core::fmt::write::hc9b6faf4ac2aeff7
[INFO] [stdout]                                at /rustc/0e09125c6c3c2fd70d7de961bcf0e51575235fad/library/core/src/fmt/mod.rs:1120:17
[INFO] [stdout]    6:     0x56444c02e0bf - std::io::Write::write_fmt::he04625a3a989fec3
[INFO] [stdout]                                at /rustc/0e09125c6c3c2fd70d7de961bcf0e51575235fad/library/std/src/io/mod.rs:1810:15
[INFO] [stdout]    7:     0x56444c030ea4 - std::sys_common::backtrace::_print::hd5d66399c7df88a2
[INFO] [stdout]                                at /rustc/0e09125c6c3c2fd70d7de961bcf0e51575235fad/library/std/src/sys_common/backtrace.rs:47:5
[INFO] [stdout]    8:     0x56444c030ea4 - std::sys_common::backtrace::print::he81ed2da642d37e5
[INFO] [stdout]                                at /rustc/0e09125c6c3c2fd70d7de961bcf0e51575235fad/library/std/src/sys_common/backtrace.rs:34:9
[INFO] [stdout]    9:     0x56444c032c17 - std::panicking::default_hook::{{closure}}::h85773f4fa117163d
[INFO] [stdout]   10:     0x56444c0328fd - std::panicking::default_hook::h6a1694a91d09b278
[INFO] [stdout]                                at /rustc/0e09125c6c3c2fd70d7de961bcf0e51575235fad/library/std/src/panicking.rs:289:9
[INFO] [stdout]   11:     0x56444c000b07 - <alloc::boxed::Box<F,A> as core::ops::function::Fn<Args>>::call::h616ac37fa3cd6c8f
[INFO] [stdout]                                at /rustc/0e09125c6c3c2fd70d7de961bcf0e51575235fad/library/alloc/src/boxed.rs:2029:9
[INFO] [stdout]   12:     0x56444c000b07 - test::test_main::{{closure}}::h00d84697cefdcbb6
[INFO] [stdout]                                at /rustc/0e09125c6c3c2fd70d7de961bcf0e51575235fad/library/test/src/lib.rs:138:21
[INFO] [stdout]   13:     0x56444c033236 - <alloc::boxed::Box<F,A> as core::ops::function::Fn<Args>>::call::hcb3fe3b9bb537ba8
[INFO] [stdout]                                at /rustc/0e09125c6c3c2fd70d7de961bcf0e51575235fad/library/alloc/src/boxed.rs:2029:9
[INFO] [stdout]   14:     0x56444c033236 - std::panicking::rust_panic_with_hook::h0a7ad96e90f7145b
[INFO] [stdout]                                at /rustc/0e09125c6c3c2fd70d7de961bcf0e51575235fad/library/std/src/panicking.rs:783:13
[INFO] [stdout]   15:     0x56444c032f82 - std::panicking::begin_panic_handler::{{closure}}::h7919090525c6485e
[INFO] [stdout]                                at /rustc/0e09125c6c3c2fd70d7de961bcf0e51575235fad/library/std/src/panicking.rs:657:13
[INFO] [stdout]   16:     0x56444c0315c6 - std::sys_common::backtrace::__rust_end_short_backtrace::hf3289479464f7dfe
[INFO] [stdout]                                at /rustc/0e09125c6c3c2fd70d7de961bcf0e51575235fad/library/std/src/sys_common/backtrace.rs:171:18
[INFO] [stdout]   17:     0x56444c032ce0 - rust_begin_unwind
[INFO] [stdout]                                at /rustc/0e09125c6c3c2fd70d7de961bcf0e51575235fad/library/std/src/panicking.rs:645:5
[INFO] [stdout]   18:     0x56444bddefc5 - core::panicking::panic_fmt::hcc9f77c5c132af55
[INFO] [stdout]                                at /rustc/0e09125c6c3c2fd70d7de961bcf0e51575235fad/library/core/src/panicking.rs:72:14
[INFO] [stdout]   19:     0x56444be43561 - trybuild::run::<impl trybuild::Runner>::run::h351f87cc34921b08
[INFO] [stdout]                                at /opt/rustwide/cargo-home/registry/src/index.crates.io-6f17d22bba15001f/trybuild-1.0.87/src/run.rs:101:13
[INFO] [stdout]   20:     0x56444be48d18 - <trybuild::TestCases as core::ops::drop::Drop>::drop::hcd38338f38c0d29a
[INFO] [stdout]                                at /opt/rustwide/cargo-home/registry/src/index.crates.io-6f17d22bba15001f/trybuild-1.0.87/src/lib.rs:317:13
[INFO] [stdout]   21:     0x56444bddfbd7 - core::ptr::drop_in_place<trybuild::TestCases>::hdb96c0c4a55f75b7
[INFO] [stdout]                                at /rustc/0e09125c6c3c2fd70d7de961bcf0e51575235fad/library/core/src/ptr/mod.rs:507:1
[INFO] [stdout]   22:     0x56444bde0b73 - ui::ui::h5a21b57faa8753bd
[INFO] [stdout]                                at /opt/rustwide/workdir/tests/ui.rs:5:1
[INFO] [stdout]   23:     0x56444bde0b07 - ui::ui::{{closure}}::h210e730cf388ade8
[INFO] [stdout]                                at /opt/rustwide/workdir/tests/ui.rs:2:8
[INFO] [stdout]   24:     0x56444bddfb86 - core::ops::function::FnOnce::call_once::h6fcf15bd849f3bbb
[INFO] [stdout]                                at /rustc/0e09125c6c3c2fd70d7de961bcf0e51575235fad/library/core/src/ops/function.rs:250:5
[INFO] [stdout]   25:     0x56444c0063df - core::ops::function::FnOnce::call_once::hd64d26f405258157
[INFO] [stdout]                                at /rustc/0e09125c6c3c2fd70d7de961bcf0e51575235fad/library/core/src/ops/function.rs:250:5
[INFO] [stdout]   26:     0x56444c0063df - test::__rust_begin_short_backtrace::he21b0b7a6d731bf9
[INFO] [stdout]                                at /rustc/0e09125c6c3c2fd70d7de961bcf0e51575235fad/library/test/src/lib.rs:627:18
[INFO] [stdout]   27:     0x56444c005161 - test::run_test_in_process::{{closure}}::hf5c73986d7bdfde2
[INFO] [stdout]                                at /rustc/0e09125c6c3c2fd70d7de961bcf0e51575235fad/library/test/src/lib.rs:650:60
[INFO] [stdout]   28:     0x56444c005161 - <core::panic::unwind_safe::AssertUnwindSafe<F> as core::ops::function::FnOnce<()>>::call_once::h330011ad032aadc0
[INFO] [stdout]                                at /rustc/0e09125c6c3c2fd70d7de961bcf0e51575235fad/library/core/src/panic/unwind_safe.rs:272:9
[INFO] [stdout]   29:     0x56444c005161 - std::panicking::try::do_call::he61b0a958b795a41
[INFO] [stdout]                                at /rustc/0e09125c6c3c2fd70d7de961bcf0e51575235fad/library/std/src/panicking.rs:552:40
[INFO] [stdout]   30:     0x56444c005161 - std::panicking::try::h7309da130f906eb7
[INFO] [stdout]                                at /rustc/0e09125c6c3c2fd70d7de961bcf0e51575235fad/library/std/src/panicking.rs:516:19
[INFO] [stdout]   31:     0x56444c005161 - std::panic::catch_unwind::hc5c3a06fdaf0a92a
[INFO] [stdout]                                at /rustc/0e09125c6c3c2fd70d7de961bcf0e51575235fad/library/std/src/panic.rs:142:14
[INFO] [stdout]   32:     0x56444c005161 - test::run_test_in_process::h7e7b7c71c3324e0f
[INFO] [stdout]                                at /rustc/0e09125c6c3c2fd70d7de961bcf0e51575235fad/library/test/src/lib.rs:650:27
[INFO] [stdout]   33:     0x56444c005161 - test::run_test::{{closure}}::h1f509f28f5cf20b1
[INFO] [stdout]                                at /rustc/0e09125c6c3c2fd70d7de961bcf0e51575235fad/library/test/src/lib.rs:573:43
[INFO] [stdout]   34:     0x56444bfcc496 - test::run_test::{{closure}}::h1754218abf443f6d
[INFO] [stdout]                                at /rustc/0e09125c6c3c2fd70d7de961bcf0e51575235fad/library/test/src/lib.rs:601:41
[INFO] [stdout]   35:     0x56444bfcc496 - std::sys_common::backtrace::__rust_begin_short_backtrace::h2ee174b9d5954948
[INFO] [stdout]                                at /rustc/0e09125c6c3c2fd70d7de961bcf0e51575235fad/library/std/src/sys_common/backtrace.rs:155:18
[INFO] [stdout]   36:     0x56444bfd14f7 - std::thread::Builder::spawn_unchecked_::{{closure}}::{{closure}}::hf60bee9c1a17ef09
[INFO] [stdout]                                at /rustc/0e09125c6c3c2fd70d7de961bcf0e51575235fad/library/std/src/thread/mod.rs:529:17
[INFO] [stdout]   37:     0x56444bfd14f7 - <core::panic::unwind_safe::AssertUnwindSafe<F> as core::ops::function::FnOnce<()>>::call_once::h33d0dddec5216160
[INFO] [stdout]                                at /rustc/0e09125c6c3c2fd70d7de961bcf0e51575235fad/library/core/src/panic/unwind_safe.rs:272:9
[INFO] [stdout]   38:     0x56444bfd14f7 - std::panicking::try::do_call::h144b3048b546f835
[INFO] [stdout]                                at /rustc/0e09125c6c3c2fd70d7de961bcf0e51575235fad/library/std/src/panicking.rs:552:40
[INFO] [stdout]   39:     0x56444bfd14f7 - std::panicking::try::h978244d04646189f
[INFO] [stdout]                                at /rustc/0e09125c6c3c2fd70d7de961bcf0e51575235fad/library/std/src/panicking.rs:516:19
[INFO] [stdout]   40:     0x56444bfd14f7 - std::panic::catch_unwind::hdf436369d188fe86
[INFO] [stdout]                                at /rustc/0e09125c6c3c2fd70d7de961bcf0e51575235fad/library/std/src/panic.rs:142:14
[INFO] [stdout]   41:     0x56444bfd14f7 - std::thread::Builder::spawn_unchecked_::{{closure}}::h87329cbdd33c79ec
[INFO] [stdout]                                at /rustc/0e09125c6c3c2fd70d7de961bcf0e51575235fad/library/std/src/thread/mod.rs:528:30
[INFO] [stdout]   42:     0x56444bfd14f7 - core::ops::function::FnOnce::call_once{{vtable.shim}}::h401abbe67897d450
[INFO] [stdout]                                at /rustc/0e09125c6c3c2fd70d7de961bcf0e51575235fad/library/core/src/ops/function.rs:250:5
[INFO] [stdout]   43:     0x56444c038e65 - <alloc::boxed::Box<F,A> as core::ops::function::FnOnce<Args>>::call_once::h5d7c8f150ab9c84c
[INFO] [stdout]                                at /rustc/0e09125c6c3c2fd70d7de961bcf0e51575235fad/library/alloc/src/boxed.rs:2015:9
[INFO] [stdout]   44:     0x56444c038e65 - <alloc::boxed::Box<F,A> as core::ops::function::FnOnce<Args>>::call_once::h570d5b005c242c15
[INFO] [stdout]                                at /rustc/0e09125c6c3c2fd70d7de961bcf0e51575235fad/library/alloc/src/boxed.rs:2015:9
[INFO] [stdout]   45:     0x56444c038e65 - std::sys::unix::thread::Thread::new::thread_start::h36b0a20c0b2361ad
[INFO] [stdout]                                at /rustc/0e09125c6c3c2fd70d7de961bcf0e51575235fad/library/std/src/sys/unix/thread.rs:108:17
[INFO] [stdout]   46:     0x7f836f375ac3 - <unknown>
[INFO] [stdout]   47:     0x7f836f406bf4 - __clone
[INFO] [stdout]   48:                0x0 - <unknown>
[INFO] [stdout] 
[INFO] [stdout] 
[INFO] [stdout] failures:
[INFO] [stdout]     ui
[INFO] [stdout] 
[INFO] [stdout] test result: FAILED. 0 passed; 1 failed; 0 ignored; 0 measured; 0 filtered out; finished in 6.80s
[INFO] [stdout] 
[INFO] [stderr] error: test failed, to rerun pass `--test ui`
[INFO] running `Command { std: "docker" "inspect" "e87ce3100eb891db53755e580d415b82d6fb17e3c1b1cbd517b403a61efcd3e1", kill_on_drop: false }`
[INFO] running `Command { std: "docker" "rm" "-f" "e87ce3100eb891db53755e580d415b82d6fb17e3c1b1cbd517b403a61efcd3e1", kill_on_drop: false }`
[INFO] [stdout] e87ce3100eb891db53755e580d415b82d6fb17e3c1b1cbd517b403a61efcd3e1
