[INFO] fetching crate wasi-binio-wasm 0.1.1...
[INFO] testing wasi-binio-wasm-0.1.1 against 1.75.0 for beta-1.76-1
[INFO] extracting crate wasi-binio-wasm 0.1.1 into /workspace/builds/worker-2-tc1/source
[INFO] validating manifest of crates.io crate wasi-binio-wasm 0.1.1 on toolchain 1.75.0
[INFO] running `Command { std: CARGO_HOME="/workspace/cargo-home" RUSTUP_HOME="/workspace/rustup-home" "/workspace/cargo-home/bin/cargo" "+1.75.0" "metadata" "--manifest-path" "Cargo.toml" "--no-deps", kill_on_drop: false }`
[INFO] started tweaking crates.io crate wasi-binio-wasm 0.1.1
[INFO] finished tweaking crates.io crate wasi-binio-wasm 0.1.1
[INFO] tweaked toml for crates.io crate wasi-binio-wasm 0.1.1 written to /workspace/builds/worker-2-tc1/source/Cargo.toml
[INFO] running `Command { std: CARGO_HOME="/workspace/cargo-home" RUSTUP_HOME="/workspace/rustup-home" "/workspace/cargo-home/bin/cargo" "+1.75.0" "generate-lockfile" "--manifest-path" "Cargo.toml", kill_on_drop: false }`
[INFO] [stderr]     Updating crates.io index
[INFO] running `Command { std: CARGO_HOME="/workspace/cargo-home" RUSTUP_HOME="/workspace/rustup-home" "/workspace/cargo-home/bin/cargo" "+1.75.0" "fetch" "--manifest-path" "Cargo.toml", kill_on_drop: false }`
[INFO] [stderr]  Downloading crates ...
[INFO] [stderr]   Downloaded wasi_binio_shared_mods v0.1.0
[INFO] running `Command { std: "docker" "create" "-v" "/var/lib/crater-agent-workspace/builds/worker-2-tc1/target:/opt/rustwide/target:rw,Z" "-v" "/var/lib/crater-agent-workspace/builds/worker-2-tc1/source:/opt/rustwide/workdir:ro,Z" "-v" "/var/lib/crater-agent-workspace/cargo-home:/opt/rustwide/cargo-home:ro,Z" "-v" "/var/lib/crater-agent-workspace/rustup-home:/opt/rustwide/rustup-home:ro,Z" "-e" "SOURCE_DIR=/opt/rustwide/workdir" "-e" "CARGO_TARGET_DIR=/opt/rustwide/target" "-e" "CARGO_HOME=/opt/rustwide/cargo-home" "-e" "RUSTUP_HOME=/opt/rustwide/rustup-home" "-w" "/opt/rustwide/workdir" "-m" "1610612736" "--user" "0:0" "--network" "none" "ghcr.io/rust-lang/crates-build-env/linux@sha256:2788e3201cd34a07e3172128adcd8b3090168a8e3bcc40d7c032b9dda1df7d1c" "/opt/rustwide/cargo-home/bin/cargo" "+1.75.0" "metadata" "--no-deps" "--format-version=1", kill_on_drop: false }`
[INFO] [stdout] f7eec0c8ecedbbe7c286cb2d264cbe32f4417414864ef76656dd1a76ef73fb9f
[INFO] running `Command { std: "docker" "start" "-a" "f7eec0c8ecedbbe7c286cb2d264cbe32f4417414864ef76656dd1a76ef73fb9f", kill_on_drop: false }`
[INFO] running `Command { std: "docker" "inspect" "f7eec0c8ecedbbe7c286cb2d264cbe32f4417414864ef76656dd1a76ef73fb9f", kill_on_drop: false }`
[INFO] running `Command { std: "docker" "rm" "-f" "f7eec0c8ecedbbe7c286cb2d264cbe32f4417414864ef76656dd1a76ef73fb9f", kill_on_drop: false }`
[INFO] [stdout] f7eec0c8ecedbbe7c286cb2d264cbe32f4417414864ef76656dd1a76ef73fb9f
[INFO] running `Command { std: "docker" "create" "-v" "/var/lib/crater-agent-workspace/builds/worker-2-tc1/target:/opt/rustwide/target:rw,Z" "-v" "/var/lib/crater-agent-workspace/builds/worker-2-tc1/source:/opt/rustwide/workdir:ro,Z" "-v" "/var/lib/crater-agent-workspace/cargo-home:/opt/rustwide/cargo-home:ro,Z" "-v" "/var/lib/crater-agent-workspace/rustup-home:/opt/rustwide/rustup-home:ro,Z" "-e" "SOURCE_DIR=/opt/rustwide/workdir" "-e" "CARGO_TARGET_DIR=/opt/rustwide/target" "-e" "CARGO_INCREMENTAL=0" "-e" "RUST_BACKTRACE=full" "-e" "RUSTFLAGS=--cap-lints=warn" "-e" "RUSTDOCFLAGS=--cap-lints=warn" "-e" "CARGO_HOME=/opt/rustwide/cargo-home" "-e" "RUSTUP_HOME=/opt/rustwide/rustup-home" "-w" "/opt/rustwide/workdir" "-m" "1610612736" "--user" "0:0" "--network" "none" "ghcr.io/rust-lang/crates-build-env/linux@sha256:2788e3201cd34a07e3172128adcd8b3090168a8e3bcc40d7c032b9dda1df7d1c" "/opt/rustwide/cargo-home/bin/cargo" "+1.75.0" "build" "--frozen" "--message-format=json", kill_on_drop: false }`
[INFO] [stdout] 5db192c0e77c36277d1d2bfd2a2041371d41d022290f2c81d7a1d6d644027fc1
[INFO] running `Command { std: "docker" "start" "-a" "5db192c0e77c36277d1d2bfd2a2041371d41d022290f2c81d7a1d6d644027fc1", kill_on_drop: false }`
[INFO] [stderr]    Compiling wasi_binio_shared_mods v0.1.0
[INFO] [stderr]    Compiling syn v2.0.48
[INFO] [stderr]    Compiling serde_derive v1.0.194
[INFO] [stderr]    Compiling serde v1.0.194
[INFO] [stderr]    Compiling bincode v1.3.3
[INFO] [stderr]    Compiling wasi-binio-wasm v0.1.1 (/opt/rustwide/workdir)
[INFO] [stderr]     Finished dev [unoptimized + debuginfo] target(s) in 4.48s
[INFO] running `Command { std: "docker" "inspect" "5db192c0e77c36277d1d2bfd2a2041371d41d022290f2c81d7a1d6d644027fc1", kill_on_drop: false }`
[INFO] running `Command { std: "docker" "rm" "-f" "5db192c0e77c36277d1d2bfd2a2041371d41d022290f2c81d7a1d6d644027fc1", kill_on_drop: false }`
[INFO] [stdout] 5db192c0e77c36277d1d2bfd2a2041371d41d022290f2c81d7a1d6d644027fc1
[INFO] running `Command { std: "docker" "create" "-v" "/var/lib/crater-agent-workspace/builds/worker-2-tc1/target:/opt/rustwide/target:rw,Z" "-v" "/var/lib/crater-agent-workspace/builds/worker-2-tc1/source:/opt/rustwide/workdir:ro,Z" "-v" "/var/lib/crater-agent-workspace/cargo-home:/opt/rustwide/cargo-home:ro,Z" "-v" "/var/lib/crater-agent-workspace/rustup-home:/opt/rustwide/rustup-home:ro,Z" "-e" "SOURCE_DIR=/opt/rustwide/workdir" "-e" "CARGO_TARGET_DIR=/opt/rustwide/target" "-e" "CARGO_INCREMENTAL=0" "-e" "RUST_BACKTRACE=full" "-e" "RUSTFLAGS=--cap-lints=warn" "-e" "RUSTDOCFLAGS=--cap-lints=warn" "-e" "CARGO_HOME=/opt/rustwide/cargo-home" "-e" "RUSTUP_HOME=/opt/rustwide/rustup-home" "-w" "/opt/rustwide/workdir" "-m" "1610612736" "--user" "0:0" "--network" "none" "ghcr.io/rust-lang/crates-build-env/linux@sha256:2788e3201cd34a07e3172128adcd8b3090168a8e3bcc40d7c032b9dda1df7d1c" "/opt/rustwide/cargo-home/bin/cargo" "+1.75.0" "test" "--frozen" "--no-run" "--message-format=json", kill_on_drop: false }`
[INFO] [stdout] 4b9d8d78faafa37a888af8683e560ffb37ac509429842999fa05a09adf9ae645
[INFO] running `Command { std: "docker" "start" "-a" "4b9d8d78faafa37a888af8683e560ffb37ac509429842999fa05a09adf9ae645", kill_on_drop: false }`
[INFO] [stderr]    Compiling wasi-binio-wasm v0.1.1 (/opt/rustwide/workdir)
[INFO] [stderr]     Finished test [unoptimized + debuginfo] target(s) in 0.17s
[INFO] running `Command { std: "docker" "inspect" "4b9d8d78faafa37a888af8683e560ffb37ac509429842999fa05a09adf9ae645", kill_on_drop: false }`
[INFO] running `Command { std: "docker" "rm" "-f" "4b9d8d78faafa37a888af8683e560ffb37ac509429842999fa05a09adf9ae645", kill_on_drop: false }`
[INFO] [stdout] 4b9d8d78faafa37a888af8683e560ffb37ac509429842999fa05a09adf9ae645
[INFO] running `Command { std: "docker" "create" "-v" "/var/lib/crater-agent-workspace/builds/worker-2-tc1/target:/opt/rustwide/target:rw,Z" "-v" "/var/lib/crater-agent-workspace/builds/worker-2-tc1/source:/opt/rustwide/workdir:ro,Z" "-v" "/var/lib/crater-agent-workspace/cargo-home:/opt/rustwide/cargo-home:ro,Z" "-v" "/var/lib/crater-agent-workspace/rustup-home:/opt/rustwide/rustup-home:ro,Z" "-e" "SOURCE_DIR=/opt/rustwide/workdir" "-e" "CARGO_TARGET_DIR=/opt/rustwide/target" "-e" "CARGO_INCREMENTAL=0" "-e" "RUST_BACKTRACE=full" "-e" "RUSTFLAGS=--cap-lints=warn" "-e" "RUSTDOCFLAGS=--cap-lints=warn" "-e" "CARGO_HOME=/opt/rustwide/cargo-home" "-e" "RUSTUP_HOME=/opt/rustwide/rustup-home" "-w" "/opt/rustwide/workdir" "-m" "1610612736" "--user" "0:0" "--network" "none" "ghcr.io/rust-lang/crates-build-env/linux@sha256:2788e3201cd34a07e3172128adcd8b3090168a8e3bcc40d7c032b9dda1df7d1c" "/opt/rustwide/cargo-home/bin/cargo" "+1.75.0" "test" "--frozen", kill_on_drop: false }`
[INFO] [stdout] 543df9dcf34b5007ae645197f4e5470dcbd4f4c90577424adb5822488ade6d83
[INFO] running `Command { std: "docker" "start" "-a" "543df9dcf34b5007ae645197f4e5470dcbd4f4c90577424adb5822488ade6d83", kill_on_drop: false }`
[INFO] [stderr]     Finished test [unoptimized + debuginfo] target(s) in 0.01s
[INFO] [stderr]      Running unittests src/lib.rs (/opt/rustwide/target/debug/deps/wasi_binio_wasm-11df7779a54ff9b9)
[INFO] [stdout] 
[INFO] [stdout] running 0 tests
[INFO] [stdout] 
[INFO] [stdout] test result: ok. 0 passed; 0 failed; 0 ignored; 0 measured; 0 filtered out; finished in 0.00s
[INFO] [stdout] 
[INFO] [stderr]    Doc-tests wasi-binio-wasm
[INFO] [stdout] 
[INFO] [stdout] running 5 tests
[INFO] [stdout] test src/lib.rs - wasm_serialize (line 107) ... FAILED
[INFO] [stdout] test src/lib.rs - wasm_deserialize (line 58) ... FAILED
[INFO] [stdout] test src/lib.rs - (line 13) ... FAILED
[INFO] [stdout] test src/lib.rs - (line 18) ... FAILED
[INFO] [stdout] test src/lib.rs - wasm_prepare_buffer (line 41) ... ok
[INFO] [stdout] 
[INFO] [stdout] failures:
[INFO] [stdout] 
[INFO] [stdout] ---- src/lib.rs - wasm_serialize (line 107) stdout ----
[INFO] [stdout] error[E0412]: cannot find type `Point` in this scope
[INFO] [stdout]  --> src/lib.rs:113:23
[INFO] [stdout]   |
[INFO] [stdout] 9 |    let point_tuple : (Point, Point) = wasi_binio_wasm::wasm_deserialize(ptr, buffer_size).unwrap();
[INFO] [stdout]   |                       ^^^^^ not found in this scope
[INFO] [stdout] 
[INFO] [stdout] error[E0412]: cannot find type `Point` in this scope
[INFO] [stdout]  --> src/lib.rs:113:30
[INFO] [stdout]   |
[INFO] [stdout] 9 |    let point_tuple : (Point, Point) = wasi_binio_wasm::wasm_deserialize(ptr, buffer_size).unwrap();
[INFO] [stdout]   |                              ^^^^^ not found in this scope
[INFO] [stdout] 
[INFO] [stdout] error[E0422]: cannot find struct, variant or union type `Rect` in this scope
[INFO] [stdout]   --> src/lib.rs:134:15
[INFO] [stdout]    |
[INFO] [stdout] 30 |    let rect = Rect{left, right, top , bottom};
[INFO] [stdout]    |               ^^^^ not found in this scope
[INFO] [stdout] 
[INFO] [stdout] error: aborting due to 3 previous errors
[INFO] [stdout] 
[INFO] [stdout] Some errors have detailed explanations: E0412, E0422.
[INFO] [stdout] For more information about an error, try `rustc --explain E0412`.
[INFO] [stdout] Couldn't compile the test.
[INFO] [stdout] ---- src/lib.rs - wasm_deserialize (line 58) stdout ----
[INFO] [stdout] error[E0412]: cannot find type `Point` in this scope
[INFO] [stdout]  --> src/lib.rs:64:23
[INFO] [stdout]   |
[INFO] [stdout] 9 |    let point_tuple : (Point, Point) = wasi_binio_wasm::wasm_deserialize(ptr, buffer_size).unwrap();
[INFO] [stdout]   |                       ^^^^^ not found in this scope
[INFO] [stdout] 
[INFO] [stdout] error[E0412]: cannot find type `Point` in this scope
[INFO] [stdout]  --> src/lib.rs:64:30
[INFO] [stdout]   |
[INFO] [stdout] 9 |    let point_tuple : (Point, Point) = wasi_binio_wasm::wasm_deserialize(ptr, buffer_size).unwrap();
[INFO] [stdout]   |                              ^^^^^ not found in this scope
[INFO] [stdout] 
[INFO] [stdout] error[E0422]: cannot find struct, variant or union type `Rect` in this scope
[INFO] [stdout]   --> src/lib.rs:85:15
[INFO] [stdout]    |
[INFO] [stdout] 30 |    let rect = Rect{left, right, top , bottom};
[INFO] [stdout]    |               ^^^^ not found in this scope
[INFO] [stdout] 
[INFO] [stdout] error: aborting due to 3 previous errors
[INFO] [stdout] 
[INFO] [stdout] Some errors have detailed explanations: E0412, E0422.
[INFO] [stdout] For more information about an error, try `rustc --explain E0412`.
[INFO] [stdout] Couldn't compile the test.
[INFO] [stdout] ---- src/lib.rs - (line 13) stdout ----
[INFO] [stdout] error: expected `;`, found `}`
[INFO] [stdout]  --> src/lib.rs:14:73
[INFO] [stdout]   |
[INFO] [stdout] 3 | let result: Rect = call_stub(&instance, &(point1, point2), "do_compute")
[INFO] [stdout]   |                                                                         ^ help: add `;` here
[INFO] [stdout] 4 | } _doctest_main_src_lib_rs_13_0() }
[INFO] [stdout]   | - unexpected token
[INFO] [stdout] 
[INFO] [stdout] error[E0412]: cannot find type `Rect` in this scope
[INFO] [stdout]  --> src/lib.rs:14:13
[INFO] [stdout]   |
[INFO] [stdout] 3 | let result: Rect = call_stub(&instance, &(point1, point2), "do_compute")
[INFO] [stdout]   |             ^^^^ not found in this scope
[INFO] [stdout] 
[INFO] [stdout] error[E0425]: cannot find value `instance` in this scope
[INFO] [stdout]  --> src/lib.rs:14:31
[INFO] [stdout]   |
[INFO] [stdout] 3 | let result: Rect = call_stub(&instance, &(point1, point2), "do_compute")
[INFO] [stdout]   |                               ^^^^^^^^ not found in this scope
[INFO] [stdout] 
[INFO] [stdout] error[E0425]: cannot find value `point1` in this scope
[INFO] [stdout]  --> src/lib.rs:14:43
[INFO] [stdout]   |
[INFO] [stdout] 3 | let result: Rect = call_stub(&instance, &(point1, point2), "do_compute")
[INFO] [stdout]   |                                           ^^^^^^ not found in this scope
[INFO] [stdout] 
[INFO] [stdout] error[E0425]: cannot find value `point2` in this scope
[INFO] [stdout]  --> src/lib.rs:14:51
[INFO] [stdout]   |
[INFO] [stdout] 3 | let result: Rect = call_stub(&instance, &(point1, point2), "do_compute")
[INFO] [stdout]   |                                                   ^^^^^^ not found in this scope
[INFO] [stdout] 
[INFO] [stdout] error[E0425]: cannot find function `call_stub` in this scope
[INFO] [stdout]  --> src/lib.rs:14:20
[INFO] [stdout]   |
[INFO] [stdout] 3 | let result: Rect = call_stub(&instance, &(point1, point2), "do_compute")
[INFO] [stdout]   |                    ^^^^^^^^^ not found in this scope
[INFO] [stdout] 
[INFO] [stdout] error: aborting due to 6 previous errors
[INFO] [stdout] 
[INFO] [stdout] Some errors have detailed explanations: E0412, E0425.
[INFO] [stdout] For more information about an error, try `rustc --explain E0412`.
[INFO] [stdout] Couldn't compile the test.
[INFO] [stdout] ---- src/lib.rs - (line 18) stdout ----
[INFO] [stdout] error: unexpected token: `...`
[INFO] [stdout]  --> src/lib.rs:23:59
[INFO] [stdout]   |
[INFO] [stdout] 8 |    let rect: Rect = some_how_make_a_rect_from_two_points()... /* Your own logic here */
[INFO] [stdout]   |                                                           ^^^
[INFO] [stdout]   |
[INFO] [stdout] help: use `..` for an exclusive range
[INFO] [stdout]   |
[INFO] [stdout] 8 |    let rect: Rect = some_how_make_a_rect_from_two_points().. /* Your own logic here */
[INFO] [stdout]   |                                                           ~~
[INFO] [stdout] help: or `..=` for an inclusive range
[INFO] [stdout]   |
[INFO] [stdout] 8 |    let rect: Rect = some_how_make_a_rect_from_two_points()..= /* Your own logic here */
[INFO] [stdout]   |                                                           ~~~
[INFO] [stdout] 
[INFO] [stdout] error: expected `;`, found `}`
[INFO] [stdout]   --> src/lib.rs:24:51
[INFO] [stdout]    |
[INFO] [stdout] 9  |    wasi_binio_wasm::wasm_serialize(&rect).unwrap()
[INFO] [stdout]    |                                                   ^ help: add `;` here
[INFO] [stdout] 10 | }
[INFO] [stdout]    | - unexpected token
[INFO] [stdout] 
[INFO] [stdout] error: expected one of `!`, `.`, `::`, `;`, `?`, `{`, `}`, or an operator, found `wasm`
[INFO] [stdout]   --> src/lib.rs:26:7
[INFO] [stdout]    |
[INFO] [stdout] 11 | Since wasm and wasi are under active development. Wasi will soon provide complex arguments support.
[INFO] [stdout]    |       ^^^^ expected one of 8 possible tokens
[INFO] [stdout] 
[INFO] [stdout] error[E0412]: cannot find type `Point` in this scope
[INFO] [stdout]  --> src/lib.rs:22:23
[INFO] [stdout]   |
[INFO] [stdout] 7 |    let point_tuple : (Point, Point) = wasi_binio_wasm::wasm_deserialize(ptr, buffer_size).unwrap();
[INFO] [stdout]   |                       ^^^^^ not found in this scope
[INFO] [stdout] 
[INFO] [stdout] error[E0412]: cannot find type `Point` in this scope
[INFO] [stdout]  --> src/lib.rs:22:30
[INFO] [stdout]   |
[INFO] [stdout] 7 |    let point_tuple : (Point, Point) = wasi_binio_wasm::wasm_deserialize(ptr, buffer_size).unwrap();
[INFO] [stdout]   |                              ^^^^^ not found in this scope
[INFO] [stdout] 
[INFO] [stdout] error[E0412]: cannot find type `Rect` in this scope
[INFO] [stdout]  --> src/lib.rs:23:14
[INFO] [stdout]   |
[INFO] [stdout] 8 |    let rect: Rect = some_how_make_a_rect_from_two_points()... /* Your own logic here */
[INFO] [stdout]   |              ^^^^ not found in this scope
[INFO] [stdout] 
[INFO] [stdout] error[E0425]: cannot find value `rect` in this scope
[INFO] [stdout]  --> src/lib.rs:24:37
[INFO] [stdout]   |
[INFO] [stdout] 9 |    wasi_binio_wasm::wasm_serialize(&rect).unwrap()
[INFO] [stdout]   |                                     ^^^^ not found in this scope
[INFO] [stdout] 
[INFO] [stdout] error[E0425]: cannot find function `some_how_make_a_rect_from_two_points` in this scope
[INFO] [stdout]  --> src/lib.rs:23:21
[INFO] [stdout]   |
[INFO] [stdout] 8 |    let rect: Rect = some_how_make_a_rect_from_two_points()... /* Your own logic here */
[INFO] [stdout]   |                     ^^^^^^^^^^^^^^^^^^^^^^^^^^^^^^^^^^^^ not found in this scope
[INFO] [stdout] 
[INFO] [stdout] error[E0308]: mismatched types
[INFO] [stdout]  --> src/lib.rs:21:43
[INFO] [stdout]   |
[INFO] [stdout] 6 | fn do_compute(ptr:i32, buffer_size: i32)->i64{
[INFO] [stdout]   |    ----------                             ^^^ expected `i64`, found `()`
[INFO] [stdout]   |    |
[INFO] [stdout]   |    implicitly returns `()` as its body has no tail or `return` expression
[INFO] [stdout] 
[INFO] [stdout] error: aborting due to 9 previous errors
[INFO] [stdout] 
[INFO] [stdout] Some errors have detailed explanations: E0308, E0412, E0425.
[INFO] [stdout] For more information about an error, try `rustc --explain E0308`.
[INFO] [stdout] Couldn't compile the test.
[INFO] [stdout] 
[INFO] [stdout] failures:
[INFO] [stdout]     src/lib.rs - (line 13)
[INFO] [stdout]     src/lib.rs - (line 18)
[INFO] [stdout]     src/lib.rs - wasm_deserialize (line 58)
[INFO] [stdout]     src/lib.rs - wasm_serialize (line 107)
[INFO] [stdout] 
[INFO] [stdout] test result: FAILED. 1 passed; 4 failed; 0 ignored; 0 measured; 0 filtered out; finished in 0.13s
[INFO] [stdout] 
[INFO] [stderr] error: doctest failed, to rerun pass `--doc`
[INFO] running `Command { std: "docker" "inspect" "543df9dcf34b5007ae645197f4e5470dcbd4f4c90577424adb5822488ade6d83", kill_on_drop: false }`
[INFO] running `Command { std: "docker" "rm" "-f" "543df9dcf34b5007ae645197f4e5470dcbd4f4c90577424adb5822488ade6d83", kill_on_drop: false }`
[INFO] [stdout] 543df9dcf34b5007ae645197f4e5470dcbd4f4c90577424adb5822488ade6d83
