[INFO] fetching crate warp-protobuf 0.1.0...
[INFO] testing warp-protobuf-0.1.0 against 1.75.0 for beta-1.76-1
[INFO] extracting crate warp-protobuf 0.1.0 into /workspace/builds/worker-0-tc1/source
[INFO] validating manifest of crates.io crate warp-protobuf 0.1.0 on toolchain 1.75.0
[INFO] running `Command { std: CARGO_HOME="/workspace/cargo-home" RUSTUP_HOME="/workspace/rustup-home" "/workspace/cargo-home/bin/cargo" "+1.75.0" "metadata" "--manifest-path" "Cargo.toml" "--no-deps", kill_on_drop: false }`
[INFO] started tweaking crates.io crate warp-protobuf 0.1.0
[INFO] finished tweaking crates.io crate warp-protobuf 0.1.0
[INFO] tweaked toml for crates.io crate warp-protobuf 0.1.0 written to /workspace/builds/worker-0-tc1/source/Cargo.toml
[INFO] running `Command { std: CARGO_HOME="/workspace/cargo-home" RUSTUP_HOME="/workspace/rustup-home" "/workspace/cargo-home/bin/cargo" "+1.75.0" "generate-lockfile" "--manifest-path" "Cargo.toml", kill_on_drop: false }`
[INFO] [stderr]     Updating crates.io index
[INFO] running `Command { std: CARGO_HOME="/workspace/cargo-home" RUSTUP_HOME="/workspace/rustup-home" "/workspace/cargo-home/bin/cargo" "+1.75.0" "fetch" "--manifest-path" "Cargo.toml", kill_on_drop: false }`
[INFO] [stderr]  Downloading crates ...
[INFO] [stderr]   Downloaded warp v0.2.5
[INFO] running `Command { std: "docker" "create" "-v" "/var/lib/crater-agent-workspace/builds/worker-0-tc1/target:/opt/rustwide/target:rw,Z" "-v" "/var/lib/crater-agent-workspace/builds/worker-0-tc1/source:/opt/rustwide/workdir:ro,Z" "-v" "/var/lib/crater-agent-workspace/cargo-home:/opt/rustwide/cargo-home:ro,Z" "-v" "/var/lib/crater-agent-workspace/rustup-home:/opt/rustwide/rustup-home:ro,Z" "-e" "SOURCE_DIR=/opt/rustwide/workdir" "-e" "CARGO_TARGET_DIR=/opt/rustwide/target" "-e" "CARGO_HOME=/opt/rustwide/cargo-home" "-e" "RUSTUP_HOME=/opt/rustwide/rustup-home" "-w" "/opt/rustwide/workdir" "-m" "1610612736" "--user" "0:0" "--network" "none" "ghcr.io/rust-lang/crates-build-env/linux@sha256:2788e3201cd34a07e3172128adcd8b3090168a8e3bcc40d7c032b9dda1df7d1c" "/opt/rustwide/cargo-home/bin/cargo" "+1.75.0" "metadata" "--no-deps" "--format-version=1", kill_on_drop: false }`
[INFO] [stdout] 0a5b90b11fc14356d5f785c3d4608909b50380fd8bb6574507abdaab91a83fe1
[INFO] running `Command { std: "docker" "start" "-a" "0a5b90b11fc14356d5f785c3d4608909b50380fd8bb6574507abdaab91a83fe1", kill_on_drop: false }`
[INFO] running `Command { std: "docker" "inspect" "0a5b90b11fc14356d5f785c3d4608909b50380fd8bb6574507abdaab91a83fe1", kill_on_drop: false }`
[INFO] running `Command { std: "docker" "rm" "-f" "0a5b90b11fc14356d5f785c3d4608909b50380fd8bb6574507abdaab91a83fe1", kill_on_drop: false }`
[INFO] [stdout] 0a5b90b11fc14356d5f785c3d4608909b50380fd8bb6574507abdaab91a83fe1
[INFO] running `Command { std: "docker" "create" "-v" "/var/lib/crater-agent-workspace/builds/worker-0-tc1/target:/opt/rustwide/target:rw,Z" "-v" "/var/lib/crater-agent-workspace/builds/worker-0-tc1/source:/opt/rustwide/workdir:ro,Z" "-v" "/var/lib/crater-agent-workspace/cargo-home:/opt/rustwide/cargo-home:ro,Z" "-v" "/var/lib/crater-agent-workspace/rustup-home:/opt/rustwide/rustup-home:ro,Z" "-e" "SOURCE_DIR=/opt/rustwide/workdir" "-e" "CARGO_TARGET_DIR=/opt/rustwide/target" "-e" "CARGO_INCREMENTAL=0" "-e" "RUST_BACKTRACE=full" "-e" "RUSTFLAGS=--cap-lints=warn" "-e" "RUSTDOCFLAGS=--cap-lints=warn" "-e" "CARGO_HOME=/opt/rustwide/cargo-home" "-e" "RUSTUP_HOME=/opt/rustwide/rustup-home" "-w" "/opt/rustwide/workdir" "-m" "1610612736" "--user" "0:0" "--network" "none" "ghcr.io/rust-lang/crates-build-env/linux@sha256:2788e3201cd34a07e3172128adcd8b3090168a8e3bcc40d7c032b9dda1df7d1c" "/opt/rustwide/cargo-home/bin/cargo" "+1.75.0" "build" "--frozen" "--message-format=json", kill_on_drop: false }`
[INFO] [stdout] 09fb95891e50d8067b76ce276ba23e8ed1d3131b95ce75d47dc12f1eb77ed563
[INFO] running `Command { std: "docker" "start" "-a" "09fb95891e50d8067b76ce276ba23e8ed1d3131b95ce75d47dc12f1eb77ed563", kill_on_drop: false }`
[INFO] [stderr]    Compiling libc v0.2.151
[INFO] [stderr]    Compiling proc-macro2 v1.0.75
[INFO] [stderr]    Compiling unicode-ident v1.0.12
[INFO] [stderr]    Compiling typenum v1.17.0
[INFO] [stderr]    Compiling generic-array v0.14.7
[INFO] [stderr]    Compiling fnv v1.0.7
[INFO] [stderr]    Compiling slab v0.4.9
[INFO] [stderr]    Compiling log v0.4.20
[INFO] [stderr]    Compiling bytes v0.5.6
[INFO] [stderr]    Compiling itoa v1.0.10
[INFO] [stderr]    Compiling getrandom v0.1.16
[INFO] [stderr]    Compiling memchr v2.7.1
[INFO] [stderr]    Compiling bytes v1.5.0
[INFO] [stderr]    Compiling futures-core v0.3.30
[INFO] [stderr]    Compiling syn v1.0.109
[INFO] [stderr]    Compiling cfg-if v0.1.10
[INFO] [stderr]    Compiling futures-sink v0.3.30
[INFO] [stderr]    Compiling http v0.2.11
[INFO] [stderr]    Compiling pin-project-lite v0.2.13
[INFO] [stderr]    Compiling unicase v2.7.0
[INFO] [stderr]    Compiling httparse v1.8.0
[INFO] [stderr]    Compiling unicode-normalization v0.1.22
[INFO] [stderr]    Compiling quote v1.0.35
[INFO] [stderr]    Compiling syn v2.0.48
[INFO] [stderr]    Compiling cpufeatures v0.2.12
[INFO] [stderr]    Compiling percent-encoding v2.3.1
[INFO] [stderr]    Compiling lazy_static v1.4.0
[INFO] [stderr]    Compiling unicode-bidi v0.3.14
[INFO] [stderr]    Compiling pin-project-lite v0.1.12
[INFO] [stderr]    Compiling once_cell v1.19.0
[INFO] [stderr]    Compiling futures-task v0.3.30
[INFO] [stderr]    Compiling pin-utils v0.1.0
[INFO] [stderr]    Compiling tracing-core v0.1.32
[INFO] [stderr]    Compiling futures-util v0.3.30
[INFO] [stderr]    Compiling net2 v0.2.39
[INFO] [stderr]    Compiling iovec v0.1.4
[INFO] [stderr]    Compiling mio v0.6.23
[INFO] [stderr]    Compiling rand_core v0.5.1
[INFO] [stderr]    Compiling idna v0.5.0
[INFO] [stderr]    Compiling form_urlencoded v1.2.1
[INFO] [stderr]    Compiling rand_chacha v0.2.2
[INFO] [stderr]    Compiling indexmap v1.9.3
[INFO] [stderr]    Compiling rustix v0.38.28
[INFO] [stderr]    Compiling tokio v0.2.25
[INFO] [stderr]    Compiling serde v1.0.194
[INFO] [stderr]    Compiling pin-project-internal v0.4.30
[INFO] [stderr]    Compiling url v2.5.0
[INFO] [stderr]    Compiling rand v0.7.3
[INFO] [stderr]    Compiling mime_guess v2.0.4
[INFO] [stderr]    Compiling tracing v0.1.40
[INFO] [stderr]    Compiling crypto-common v0.1.6
[INFO] [stderr]    Compiling digest v0.9.0
[INFO] [stderr]    Compiling block-buffer v0.9.0
[INFO] [stderr]    Compiling block-buffer v0.10.4
[INFO] [stderr]    Compiling anyhow v1.0.79
[INFO] [stderr]    Compiling hashbrown v0.12.3
[INFO] [stderr]    Compiling linux-raw-sys v0.4.12
[INFO] [stderr]    Compiling mime v0.3.17
[INFO] [stderr]    Compiling bitflags v2.4.1
[INFO] [stderr]    Compiling sha-1 v0.9.8
[INFO] [stderr]    Compiling digest v0.10.7
[INFO] [stderr]    Compiling futures-channel v0.3.30
[INFO] [stderr]    Compiling input_buffer v0.3.1
[INFO] [stderr]    Compiling fastrand v2.0.1
[INFO] [stderr]    Compiling base64 v0.12.3
[INFO] [stderr]    Compiling safemem v0.3.3
[INFO] [stderr]    Compiling byteorder v1.5.0
[INFO] [stderr]    Compiling try-lock v0.2.5
[INFO] [stderr]    Compiling utf-8 v0.7.6
[INFO] [stderr]    Compiling itoa v0.4.8
[INFO] [stderr]    Compiling serde_json v1.0.111
[INFO] [stderr]    Compiling either v1.9.0
[INFO] [stderr]    Compiling tungstenite v0.11.1
[INFO] [stderr]    Compiling itertools v0.8.2
[INFO] [stderr]    Compiling want v0.3.1
[INFO] [stderr]    Compiling buf_redux v0.8.4
[INFO] [stderr]    Compiling sha1 v0.10.6
[INFO] [stderr]    Compiling tokio-util v0.3.1
[INFO] [stderr]    Compiling pin-project-internal v1.1.3
[INFO] [stderr]    Compiling tempfile v3.9.0
[INFO] [stderr]    Compiling socket2 v0.3.19
[INFO] [stderr]    Compiling http-body v0.3.1
[INFO] [stderr]    Compiling headers-core v0.2.0
[INFO] [stderr]    Compiling twoway v0.1.8
[INFO] [stderr]    Compiling httpdate v1.0.3
[INFO] [stderr]    Compiling base64 v0.21.5
[INFO] [stderr]    Compiling quick-error v1.2.3
[INFO] [stderr]    Compiling dtoa v0.4.8
[INFO] [stderr]    Compiling httpdate v0.3.2
[INFO] [stderr]    Compiling ryu v1.0.16
[INFO] [stderr]    Compiling futures-io v0.3.30
[INFO] [stderr]    Compiling tower-service v0.3.2
[INFO] [stderr]    Compiling futures v0.3.30
[INFO] [stderr]    Compiling headers v0.3.9
[INFO] [stderr]    Compiling multipart v0.17.1
[INFO] [stderr]    Compiling urlencoding v1.3.3
[INFO] [stderr]    Compiling scoped-tls v1.0.1
[INFO] [stderr]    Compiling serde_urlencoded v0.6.1
[INFO] [stderr]    Compiling pin-project v1.1.3
[INFO] [stderr]    Compiling prost-derive v0.6.1
[INFO] [stderr]    Compiling tracing-futures v0.2.5
[INFO] [stderr]    Compiling h2 v0.2.7
[INFO] [stderr]    Compiling pin-project v0.4.30
[INFO] [stderr]    Compiling tokio-tungstenite v0.11.0
[INFO] [stderr]    Compiling prost v0.6.1
[INFO] [stderr]    Compiling hyper v0.13.10
[INFO] [stderr]    Compiling warp v0.2.5
[INFO] [stderr]    Compiling warp-protobuf v0.1.0 (/opt/rustwide/workdir)
[INFO] [stdout] warning: field `cause` is never read
[INFO] [stdout]   --> src/lib.rs:12:9
[INFO] [stdout]    |
[INFO] [stdout] 11 |     struct ProtobufDeseralizeError {
[INFO] [stdout]    |            ----------------------- field in this struct
[INFO] [stdout] 12 |         cause: Box<dyn std::error::Error + Send + Sync>,
[INFO] [stdout]    |         ^^^^^
[INFO] [stdout]    |
[INFO] [stdout]    = note: `ProtobufDeseralizeError` has a derived impl for the trait `Debug`, but this is intentionally ignored during dead code analysis
[INFO] [stdout]    = note: `#[warn(dead_code)]` on by default
[INFO] [stdout] 
[INFO] [stdout] 
[INFO] [stdout] warning: 1 warning emitted
[INFO] [stdout] 
[INFO] [stdout] 
[INFO] [stderr]     Finished dev [unoptimized + debuginfo] target(s) in 51.46s
[INFO] [stderr] warning: the following packages contain code that will be rejected by a future version of Rust: buf_redux v0.8.4, multipart v0.17.1
[INFO] [stderr] note: to see what the problems were, use the option `--future-incompat-report`, or run `cargo report future-incompatibilities --id 1`
[INFO] running `Command { std: "docker" "inspect" "09fb95891e50d8067b76ce276ba23e8ed1d3131b95ce75d47dc12f1eb77ed563", kill_on_drop: false }`
[INFO] running `Command { std: "docker" "rm" "-f" "09fb95891e50d8067b76ce276ba23e8ed1d3131b95ce75d47dc12f1eb77ed563", kill_on_drop: false }`
[INFO] [stdout] 09fb95891e50d8067b76ce276ba23e8ed1d3131b95ce75d47dc12f1eb77ed563
[INFO] running `Command { std: "docker" "create" "-v" "/var/lib/crater-agent-workspace/builds/worker-0-tc1/target:/opt/rustwide/target:rw,Z" "-v" "/var/lib/crater-agent-workspace/builds/worker-0-tc1/source:/opt/rustwide/workdir:ro,Z" "-v" "/var/lib/crater-agent-workspace/cargo-home:/opt/rustwide/cargo-home:ro,Z" "-v" "/var/lib/crater-agent-workspace/rustup-home:/opt/rustwide/rustup-home:ro,Z" "-e" "SOURCE_DIR=/opt/rustwide/workdir" "-e" "CARGO_TARGET_DIR=/opt/rustwide/target" "-e" "CARGO_INCREMENTAL=0" "-e" "RUST_BACKTRACE=full" "-e" "RUSTFLAGS=--cap-lints=warn" "-e" "RUSTDOCFLAGS=--cap-lints=warn" "-e" "CARGO_HOME=/opt/rustwide/cargo-home" "-e" "RUSTUP_HOME=/opt/rustwide/rustup-home" "-w" "/opt/rustwide/workdir" "-m" "1610612736" "--user" "0:0" "--network" "none" "ghcr.io/rust-lang/crates-build-env/linux@sha256:2788e3201cd34a07e3172128adcd8b3090168a8e3bcc40d7c032b9dda1df7d1c" "/opt/rustwide/cargo-home/bin/cargo" "+1.75.0" "test" "--frozen" "--no-run" "--message-format=json", kill_on_drop: false }`
[INFO] [stdout] 337057696b18ba549b442cb90ffd451b55b6008e1015153149dc6f9126228aaa
[INFO] running `Command { std: "docker" "start" "-a" "337057696b18ba549b442cb90ffd451b55b6008e1015153149dc6f9126228aaa", kill_on_drop: false }`
[INFO] [stdout] warning: field `cause` is never read
[INFO] [stdout]   --> src/lib.rs:12:9
[INFO] [stdout]    |
[INFO] [stdout] 11 |     struct ProtobufDeseralizeError {
[INFO] [stdout]    |            ----------------------- field in this struct
[INFO] [stdout] 12 |         cause: Box<dyn std::error::Error + Send + Sync>,
[INFO] [stdout]    |         ^^^^^
[INFO] [stdout]    |
[INFO] [stdout]    = note: `ProtobufDeseralizeError` has a derived impl for the trait `Debug`, but this is intentionally ignored during dead code analysis
[INFO] [stdout]    = note: `#[warn(dead_code)]` on by default
[INFO] [stdout] 
[INFO] [stdout] 
[INFO] [stdout] warning: 1 warning emitted
[INFO] [stdout] 
[INFO] [stdout] 
[INFO] [stderr]    Compiling warp-protobuf v0.1.0 (/opt/rustwide/workdir)
[INFO] [stdout] warning: field `cause` is never read
[INFO] [stdout]   --> src/lib.rs:12:9
[INFO] [stdout]    |
[INFO] [stdout] 11 |     struct ProtobufDeseralizeError {
[INFO] [stdout]    |            ----------------------- field in this struct
[INFO] [stdout] 12 |         cause: Box<dyn std::error::Error + Send + Sync>,
[INFO] [stdout]    |         ^^^^^
[INFO] [stdout]    |
[INFO] [stdout]    = note: `ProtobufDeseralizeError` has a derived impl for the trait `Debug`, but this is intentionally ignored during dead code analysis
[INFO] [stdout]    = note: `#[warn(dead_code)]` on by default
[INFO] [stdout] 
[INFO] [stdout] 
[INFO] [stdout] warning: 1 warning emitted
[INFO] [stdout] 
[INFO] [stdout] 
[INFO] [stderr]     Finished test [unoptimized + debuginfo] target(s) in 0.54s
[INFO] [stderr] warning: the following packages contain code that will be rejected by a future version of Rust: buf_redux v0.8.4, multipart v0.17.1
[INFO] [stderr] note: to see what the problems were, use the option `--future-incompat-report`, or run `cargo report future-incompatibilities --id 1`
[INFO] running `Command { std: "docker" "inspect" "337057696b18ba549b442cb90ffd451b55b6008e1015153149dc6f9126228aaa", kill_on_drop: false }`
[INFO] running `Command { std: "docker" "rm" "-f" "337057696b18ba549b442cb90ffd451b55b6008e1015153149dc6f9126228aaa", kill_on_drop: false }`
[INFO] [stdout] 337057696b18ba549b442cb90ffd451b55b6008e1015153149dc6f9126228aaa
[INFO] running `Command { std: "docker" "create" "-v" "/var/lib/crater-agent-workspace/builds/worker-0-tc1/target:/opt/rustwide/target:rw,Z" "-v" "/var/lib/crater-agent-workspace/builds/worker-0-tc1/source:/opt/rustwide/workdir:ro,Z" "-v" "/var/lib/crater-agent-workspace/cargo-home:/opt/rustwide/cargo-home:ro,Z" "-v" "/var/lib/crater-agent-workspace/rustup-home:/opt/rustwide/rustup-home:ro,Z" "-e" "SOURCE_DIR=/opt/rustwide/workdir" "-e" "CARGO_TARGET_DIR=/opt/rustwide/target" "-e" "CARGO_INCREMENTAL=0" "-e" "RUST_BACKTRACE=full" "-e" "RUSTFLAGS=--cap-lints=warn" "-e" "RUSTDOCFLAGS=--cap-lints=warn" "-e" "CARGO_HOME=/opt/rustwide/cargo-home" "-e" "RUSTUP_HOME=/opt/rustwide/rustup-home" "-w" "/opt/rustwide/workdir" "-m" "1610612736" "--user" "0:0" "--network" "none" "ghcr.io/rust-lang/crates-build-env/linux@sha256:2788e3201cd34a07e3172128adcd8b3090168a8e3bcc40d7c032b9dda1df7d1c" "/opt/rustwide/cargo-home/bin/cargo" "+1.75.0" "test" "--frozen", kill_on_drop: false }`
[INFO] [stdout] 41ddabab7c6c10b0a65f8681ebc715d27ccdd505c207e761640eb7baf50dff10
[INFO] running `Command { std: "docker" "start" "-a" "41ddabab7c6c10b0a65f8681ebc715d27ccdd505c207e761640eb7baf50dff10", kill_on_drop: false }`
[INFO] [stderr] warning: field `cause` is never read
[INFO] [stderr]   --> src/lib.rs:12:9
[INFO] [stderr]    |
[INFO] [stderr] 11 |     struct ProtobufDeseralizeError {
[INFO] [stderr]    |            ----------------------- field in this struct
[INFO] [stderr] 12 |         cause: Box<dyn std::error::Error + Send + Sync>,
[INFO] [stderr]    |         ^^^^^
[INFO] [stderr]    |
[INFO] [stderr]    = note: `ProtobufDeseralizeError` has a derived impl for the trait `Debug`, but this is intentionally ignored during dead code analysis
[INFO] [stderr]    = note: `#[warn(dead_code)]` on by default
[INFO] [stderr] 
[INFO] [stderr] warning: `warp-protobuf` (lib) generated 1 warning
[INFO] [stderr] warning: `warp-protobuf` (lib test) generated 1 warning (1 duplicate)
[INFO] [stderr]     Finished test [unoptimized + debuginfo] target(s) in 0.11s
[INFO] [stderr] warning: the following packages contain code that will be rejected by a future version of Rust: buf_redux v0.8.4, multipart v0.17.1
[INFO] [stderr] note: to see what the problems were, use the option `--future-incompat-report`, or run `cargo report future-incompatibilities --id 1`
[INFO] [stderr]      Running unittests src/lib.rs (/opt/rustwide/target/debug/deps/warp_protobuf-a88fd646a9064960)
[INFO] [stdout] 
[INFO] [stdout] running 0 tests
[INFO] [stdout] 
[INFO] [stdout] test result: ok. 0 passed; 0 failed; 0 ignored; 0 measured; 0 filtered out; finished in 0.00s
[INFO] [stdout] 
[INFO] [stderr]    Doc-tests warp-protobuf
[INFO] [stdout] 
[INFO] [stdout] running 2 tests
[INFO] [stdout] test src/lib.rs - body::protobuf (line 27) ... FAILED
[INFO] [stdout] test src/lib.rs - reply::protobuf (line 72) ... ok
[INFO] [stdout] 
[INFO] [stdout] failures:
[INFO] [stdout] 
[INFO] [stdout] ---- src/lib.rs - body::protobuf (line 27) stdout ----
[INFO] [stdout] error[E0412]: cannot find type `HelloUser` in this scope
[INFO] [stdout]   --> src/lib.rs:38:25
[INFO] [stdout]    |
[INFO] [stdout] 14 |             .map(|user: HelloUser| {
[INFO] [stdout]    |                         ^^^^^^^^^ not found in this scope
[INFO] [stdout] 
[INFO] [stdout] error[E0599]: no method named `and` found for opaque type `impl warp::Filter + warp::filter::FilterBase<Extract = (), Error = Rejection> + Copy` in the current scope
[INFO] [stdout]    --> src/lib.rs:37:14
[INFO] [stdout]     |
[INFO] [stdout] 12  |   let route = warp::body::content_length_limit(1024 * 16)
[INFO] [stdout]     |  _____________-
[INFO] [stdout] 13  | |             .and(warp_protobuf::body::protobuf())
[INFO] [stdout]     | |             -^^^ method not found in `impl Filter + FilterBase<Extract = (), Error = Rejection> + Copy`
[INFO] [stdout]     | |_____________|
[INFO] [stdout]     | 
[INFO] [stdout]     |
[INFO] [stdout]    ::: /opt/rustwide/cargo-home/registry/src/index.crates.io-6f17d22bba15001f/warp-0.2.5/src/filter/mod.rs:112:8
[INFO] [stdout]     |
[INFO] [stdout] 112 |       fn and<F>(self, other: F) -> And<Self, F>
[INFO] [stdout]     |          --- the method is available for `impl warp::Filter + warp::filter::FilterBase<Extract = (), Error = Rejection> + Copy` here
[INFO] [stdout]     |
[INFO] [stdout]     = help: items from traits can only be used if the trait is in scope
[INFO] [stdout] help: the following trait is implemented but not in scope; perhaps add a `use` for it:
[INFO] [stdout]     |
[INFO] [stdout] 3   + use warp::Filter;
[INFO] [stdout]     |
[INFO] [stdout] 
[INFO] [stdout] error: aborting due to 2 previous errors
[INFO] [stdout] 
[INFO] [stdout] Some errors have detailed explanations: E0412, E0599.
[INFO] [stdout] For more information about an error, try `rustc --explain E0412`.
[INFO] [stdout] Couldn't compile the test.
[INFO] [stdout] 
[INFO] [stdout] failures:
[INFO] [stdout]     src/lib.rs - body::protobuf (line 27)
[INFO] [stdout] 
[INFO] [stdout] test result: FAILED. 1 passed; 1 failed; 0 ignored; 0 measured; 0 filtered out; finished in 0.83s
[INFO] [stdout] 
[INFO] [stderr] error: doctest failed, to rerun pass `--doc`
[INFO] running `Command { std: "docker" "inspect" "41ddabab7c6c10b0a65f8681ebc715d27ccdd505c207e761640eb7baf50dff10", kill_on_drop: false }`
[INFO] running `Command { std: "docker" "rm" "-f" "41ddabab7c6c10b0a65f8681ebc715d27ccdd505c207e761640eb7baf50dff10", kill_on_drop: false }`
[INFO] [stdout] 41ddabab7c6c10b0a65f8681ebc715d27ccdd505c207e761640eb7baf50dff10
