[INFO] fetching crate walleth 0.1.0...
[INFO] testing walleth-0.1.0 against 1.75.0 for beta-1.76-1
[INFO] extracting crate walleth 0.1.0 into /workspace/builds/worker-4-tc1/source
[INFO] validating manifest of crates.io crate walleth 0.1.0 on toolchain 1.75.0
[INFO] running `Command { std: CARGO_HOME="/workspace/cargo-home" RUSTUP_HOME="/workspace/rustup-home" "/workspace/cargo-home/bin/cargo" "+1.75.0" "metadata" "--manifest-path" "Cargo.toml" "--no-deps", kill_on_drop: false }`
[INFO] started tweaking crates.io crate walleth 0.1.0
[INFO] finished tweaking crates.io crate walleth 0.1.0
[INFO] tweaked toml for crates.io crate walleth 0.1.0 written to /workspace/builds/worker-4-tc1/source/Cargo.toml
[INFO] crate crates.io crate walleth 0.1.0 already has a lockfile, it will not be regenerated
[INFO] running `Command { std: CARGO_HOME="/workspace/cargo-home" RUSTUP_HOME="/workspace/rustup-home" "/workspace/cargo-home/bin/cargo" "+1.75.0" "fetch" "--manifest-path" "Cargo.toml", kill_on_drop: false }`
[INFO] [stderr]     Blocking waiting for file lock on package cache
[INFO] [stderr]     Updating crates.io index
[INFO] [stderr]  Downloading crates ...
[INFO] [stderr]   Downloaded bip32 v0.5.1
[INFO] running `Command { std: "docker" "create" "-v" "/var/lib/crater-agent-workspace/builds/worker-4-tc1/target:/opt/rustwide/target:rw,Z" "-v" "/var/lib/crater-agent-workspace/builds/worker-4-tc1/source:/opt/rustwide/workdir:ro,Z" "-v" "/var/lib/crater-agent-workspace/cargo-home:/opt/rustwide/cargo-home:ro,Z" "-v" "/var/lib/crater-agent-workspace/rustup-home:/opt/rustwide/rustup-home:ro,Z" "-e" "SOURCE_DIR=/opt/rustwide/workdir" "-e" "CARGO_TARGET_DIR=/opt/rustwide/target" "-e" "CARGO_HOME=/opt/rustwide/cargo-home" "-e" "RUSTUP_HOME=/opt/rustwide/rustup-home" "-w" "/opt/rustwide/workdir" "-m" "1610612736" "--user" "0:0" "--network" "none" "ghcr.io/rust-lang/crates-build-env/linux@sha256:2788e3201cd34a07e3172128adcd8b3090168a8e3bcc40d7c032b9dda1df7d1c" "/opt/rustwide/cargo-home/bin/cargo" "+1.75.0" "metadata" "--no-deps" "--format-version=1", kill_on_drop: false }`
[INFO] [stdout] d1591bebdf041a23a960921467924aa3c46a0ff27f647a5716bbd361a4e9eeec
[INFO] running `Command { std: "docker" "start" "-a" "d1591bebdf041a23a960921467924aa3c46a0ff27f647a5716bbd361a4e9eeec", kill_on_drop: false }`
[INFO] running `Command { std: "docker" "inspect" "d1591bebdf041a23a960921467924aa3c46a0ff27f647a5716bbd361a4e9eeec", kill_on_drop: false }`
[INFO] running `Command { std: "docker" "rm" "-f" "d1591bebdf041a23a960921467924aa3c46a0ff27f647a5716bbd361a4e9eeec", kill_on_drop: false }`
[INFO] [stdout] d1591bebdf041a23a960921467924aa3c46a0ff27f647a5716bbd361a4e9eeec
[INFO] running `Command { std: "docker" "create" "-v" "/var/lib/crater-agent-workspace/builds/worker-4-tc1/target:/opt/rustwide/target:rw,Z" "-v" "/var/lib/crater-agent-workspace/builds/worker-4-tc1/source:/opt/rustwide/workdir:ro,Z" "-v" "/var/lib/crater-agent-workspace/cargo-home:/opt/rustwide/cargo-home:ro,Z" "-v" "/var/lib/crater-agent-workspace/rustup-home:/opt/rustwide/rustup-home:ro,Z" "-e" "SOURCE_DIR=/opt/rustwide/workdir" "-e" "CARGO_TARGET_DIR=/opt/rustwide/target" "-e" "CARGO_INCREMENTAL=0" "-e" "RUST_BACKTRACE=full" "-e" "RUSTFLAGS=--cap-lints=warn" "-e" "RUSTDOCFLAGS=--cap-lints=warn" "-e" "CARGO_HOME=/opt/rustwide/cargo-home" "-e" "RUSTUP_HOME=/opt/rustwide/rustup-home" "-w" "/opt/rustwide/workdir" "-m" "1610612736" "--user" "0:0" "--network" "none" "ghcr.io/rust-lang/crates-build-env/linux@sha256:2788e3201cd34a07e3172128adcd8b3090168a8e3bcc40d7c032b9dda1df7d1c" "/opt/rustwide/cargo-home/bin/cargo" "+1.75.0" "build" "--frozen" "--message-format=json", kill_on_drop: false }`
[INFO] [stdout] 0e6ffe5985882d2929da5aaabda5f9705b5e3340a4d094415fdeb95da4db5f30
[INFO] running `Command { std: "docker" "start" "-a" "0e6ffe5985882d2929da5aaabda5f9705b5e3340a4d094415fdeb95da4db5f30", kill_on_drop: false }`
[INFO] [stderr]    Compiling zeroize v1.6.0
[INFO] [stderr]    Compiling subtle v2.4.1
[INFO] [stderr]    Compiling libc v0.2.148
[INFO] [stderr]    Compiling const-oid v0.9.5
[INFO] [stderr]    Compiling cpufeatures v0.2.9
[INFO] [stderr]    Compiling base16ct v0.2.0
[INFO] [stderr]    Compiling bitcoin-internals v0.2.0
[INFO] [stderr]    Compiling opaque-debug v0.3.0
[INFO] [stderr]    Compiling once_cell v1.18.0
[INFO] [stderr]    Compiling keccak v0.1.4
[INFO] [stderr]    Compiling hex-conservative v0.1.1
[INFO] [stderr]    Compiling hex v0.4.3
[INFO] [stderr]    Compiling generic-array v0.14.7
[INFO] [stderr]    Compiling der v0.7.8
[INFO] [stderr]    Compiling bitcoin_hashes v0.13.0
[INFO] [stderr]    Compiling block-buffer v0.10.4
[INFO] [stderr]    Compiling crypto-common v0.1.6
[INFO] [stderr]    Compiling sec1 v0.7.3
[INFO] [stderr]    Compiling universal-hash v0.4.1
[INFO] [stderr]    Compiling cipher v0.3.0
[INFO] [stderr]    Compiling aead v0.4.3
[INFO] [stderr]    Compiling getrandom v0.2.10
[INFO] [stderr]    Compiling cc v1.0.83
[INFO] [stderr]    Compiling poly1305 v0.7.2
[INFO] [stderr]    Compiling digest v0.10.7
[INFO] [stderr]    Compiling chacha20 v0.8.2
[INFO] [stderr]    Compiling rand_core v0.6.4
[INFO] [stderr]    Compiling hmac v0.12.1
[INFO] [stderr]    Compiling sha2 v0.10.7
[INFO] [stderr]    Compiling ripemd v0.1.3
[INFO] [stderr]    Compiling sha3 v0.10.8
[INFO] [stderr]    Compiling chacha20poly1305 v0.9.1
[INFO] [stderr]    Compiling ff v0.13.0
[INFO] [stderr]    Compiling crypto-bigint v0.5.3
[INFO] [stderr]    Compiling signature v2.1.0
[INFO] [stderr]    Compiling rfc6979 v0.4.0
[INFO] [stderr]    Compiling pbkdf2 v0.12.2
[INFO] [stderr]    Compiling group v0.13.0
[INFO] [stderr]    Compiling bs58 v0.5.0
[INFO] [stderr]    Compiling secp256k1-sys v0.8.1
[INFO] [stderr]    Compiling elliptic-curve v0.13.5
[INFO] [stderr]    Compiling ecdsa v0.16.8
[INFO] [stderr]    Compiling k256 v0.13.1
[INFO] [stderr]    Compiling bip32 v0.5.1
[INFO] [stderr]    Compiling secp256k1 v0.27.0
[INFO] [stderr]    Compiling walleth v0.1.0 (/opt/rustwide/workdir)
[INFO] [stderr]     Finished dev [unoptimized + debuginfo] target(s) in 9.15s
[INFO] running `Command { std: "docker" "inspect" "0e6ffe5985882d2929da5aaabda5f9705b5e3340a4d094415fdeb95da4db5f30", kill_on_drop: false }`
[INFO] running `Command { std: "docker" "rm" "-f" "0e6ffe5985882d2929da5aaabda5f9705b5e3340a4d094415fdeb95da4db5f30", kill_on_drop: false }`
[INFO] [stdout] 0e6ffe5985882d2929da5aaabda5f9705b5e3340a4d094415fdeb95da4db5f30
[INFO] running `Command { std: "docker" "create" "-v" "/var/lib/crater-agent-workspace/builds/worker-4-tc1/target:/opt/rustwide/target:rw,Z" "-v" "/var/lib/crater-agent-workspace/builds/worker-4-tc1/source:/opt/rustwide/workdir:ro,Z" "-v" "/var/lib/crater-agent-workspace/cargo-home:/opt/rustwide/cargo-home:ro,Z" "-v" "/var/lib/crater-agent-workspace/rustup-home:/opt/rustwide/rustup-home:ro,Z" "-e" "SOURCE_DIR=/opt/rustwide/workdir" "-e" "CARGO_TARGET_DIR=/opt/rustwide/target" "-e" "CARGO_INCREMENTAL=0" "-e" "RUST_BACKTRACE=full" "-e" "RUSTFLAGS=--cap-lints=warn" "-e" "RUSTDOCFLAGS=--cap-lints=warn" "-e" "CARGO_HOME=/opt/rustwide/cargo-home" "-e" "RUSTUP_HOME=/opt/rustwide/rustup-home" "-w" "/opt/rustwide/workdir" "-m" "1610612736" "--user" "0:0" "--network" "none" "ghcr.io/rust-lang/crates-build-env/linux@sha256:2788e3201cd34a07e3172128adcd8b3090168a8e3bcc40d7c032b9dda1df7d1c" "/opt/rustwide/cargo-home/bin/cargo" "+1.75.0" "test" "--frozen" "--no-run" "--message-format=json", kill_on_drop: false }`
[INFO] [stdout] 80c4835582d3ba844507b2b8a4aed8ff39673a0752421f1027992de9b55e2b34
[INFO] running `Command { std: "docker" "start" "-a" "80c4835582d3ba844507b2b8a4aed8ff39673a0752421f1027992de9b55e2b34", kill_on_drop: false }`
[INFO] [stderr]    Compiling walleth v0.1.0 (/opt/rustwide/workdir)
[INFO] [stderr]     Finished test [unoptimized + debuginfo] target(s) in 0.90s
[INFO] running `Command { std: "docker" "inspect" "80c4835582d3ba844507b2b8a4aed8ff39673a0752421f1027992de9b55e2b34", kill_on_drop: false }`
[INFO] running `Command { std: "docker" "rm" "-f" "80c4835582d3ba844507b2b8a4aed8ff39673a0752421f1027992de9b55e2b34", kill_on_drop: false }`
[INFO] [stdout] 80c4835582d3ba844507b2b8a4aed8ff39673a0752421f1027992de9b55e2b34
[INFO] running `Command { std: "docker" "create" "-v" "/var/lib/crater-agent-workspace/builds/worker-4-tc1/target:/opt/rustwide/target:rw,Z" "-v" "/var/lib/crater-agent-workspace/builds/worker-4-tc1/source:/opt/rustwide/workdir:ro,Z" "-v" "/var/lib/crater-agent-workspace/cargo-home:/opt/rustwide/cargo-home:ro,Z" "-v" "/var/lib/crater-agent-workspace/rustup-home:/opt/rustwide/rustup-home:ro,Z" "-e" "SOURCE_DIR=/opt/rustwide/workdir" "-e" "CARGO_TARGET_DIR=/opt/rustwide/target" "-e" "CARGO_INCREMENTAL=0" "-e" "RUST_BACKTRACE=full" "-e" "RUSTFLAGS=--cap-lints=warn" "-e" "RUSTDOCFLAGS=--cap-lints=warn" "-e" "CARGO_HOME=/opt/rustwide/cargo-home" "-e" "RUSTUP_HOME=/opt/rustwide/rustup-home" "-w" "/opt/rustwide/workdir" "-m" "1610612736" "--user" "0:0" "--network" "none" "ghcr.io/rust-lang/crates-build-env/linux@sha256:2788e3201cd34a07e3172128adcd8b3090168a8e3bcc40d7c032b9dda1df7d1c" "/opt/rustwide/cargo-home/bin/cargo" "+1.75.0" "test" "--frozen", kill_on_drop: false }`
[INFO] [stdout] 0b71a12560428b3bd0cf648c44152f0939b3dc7913a969acb4362cdbc5320c18
[INFO] running `Command { std: "docker" "start" "-a" "0b71a12560428b3bd0cf648c44152f0939b3dc7913a969acb4362cdbc5320c18", kill_on_drop: false }`
[INFO] [stderr]     Finished test [unoptimized + debuginfo] target(s) in 0.04s
[INFO] [stderr]      Running unittests src/lib.rs (/opt/rustwide/target/debug/deps/walleth-106db1cd5686303a)
[INFO] [stdout] 
[INFO] [stdout] running 0 tests
[INFO] [stdout] 
[INFO] [stdout] test result: ok. 0 passed; 0 failed; 0 ignored; 0 measured; 0 filtered out; finished in 0.00s
[INFO] [stdout] 
[INFO] [stderr]      Running unittests src/main.rs (/opt/rustwide/target/debug/deps/walleth-f758350a41d01770)
[INFO] [stdout] 
[INFO] [stdout] running 0 tests
[INFO] [stdout] 
[INFO] [stderr]      Running tests/keychain.rs (/opt/rustwide/target/debug/deps/keychain-9ee06f15293978a8)
[INFO] [stdout] test result: ok. 0 passed; 0 failed; 0 ignored; 0 measured; 0 filtered out; finished in 0.00s
[INFO] [stdout] 
[INFO] [stdout] 
[INFO] [stdout] running 5 tests
[INFO] [stdout] test it_creates_new_vault ... ok
[INFO] [stdout] test it_adds_a_new_account ... ok
[INFO] [stdout] test it_signs_a_message_with_use_signer_hook ... ok
[INFO] [stdout] test it_creates_new_vault_from_existing_mnemonic ... ok
[INFO] [stdout] test it_adds_the_same_key_given_the_same_mnemonic ... ok
[INFO] [stdout] 
[INFO] [stdout] test result: ok. 5 passed; 0 failed; 0 ignored; 0 measured; 0 filtered out; finished in 0.13s
[INFO] [stdout] 
[INFO] [stderr]      Running tests/observable.rs (/opt/rustwide/target/debug/deps/observable-650bba2fc8accd04)
[INFO] [stdout] 
[INFO] [stdout] running 5 tests
[INFO] [stdout] test it_creates_emitter_store ... ok
[INFO] [stdout] test it_calls_subscriber_callback_everytime_when_setting_state ... ok
[INFO] [stdout] test it_calls_subscriber_callback_when_setting_state ... ok
[INFO] [stdout] test it_stops_calling_callback_after_unsubscribe ... ok
[INFO] [stdout] test it_sets_the_state ... ok
[INFO] [stdout] 
[INFO] [stdout] test result: ok. 5 passed; 0 failed; 0 ignored; 0 measured; 0 filtered out; finished in 0.00s
[INFO] [stdout] 
[INFO] [stderr]    Doc-tests walleth
[INFO] [stdout] 
[INFO] [stdout] running 45 tests
[INFO] [stdout] test src/account/keychain/keychain.rs - account::keychain::keychain::Keychain::use_signer (line 81) ... FAILED
[INFO] [stdout] test src/account/keychain/keychain.rs - account::keychain::keychain::Keychain::lock (line 114) ... FAILED
[INFO] [stdout] test src/account/keychain/account.rs - account::keychain::account::assert_is_valid_hex_address (line 26) ... FAILED
[INFO] [stdout] test src/account/keychain/keychain.rs - account::keychain::keychain::Keychain::update (line 159) ... FAILED
[INFO] [stdout] test src/account/signer/signer.rs - account::signer::signer::Signer::new (line 27) ... FAILED
[INFO] [stdout] test src/account/signer/signer.rs - account::signer::signer::Signer (line 11) ... FAILED
[INFO] [stdout] test src/account/signer/signer.rs - account::signer::signer::get_secret_key_from_private_key (line 76) ... FAILED
[INFO] [stdout] test src/account/signer/signer.rs - account::signer::signer::parse_message_digest (line 59) ... FAILED
[INFO] [stdout] test src/account/vault/vault.rs - account::vault::vault::Vault (line 13) ... FAILED
[INFO] [stdout] test src/account/signer/signer.rs - account::signer::signer::Signer::sign (line 43) ... FAILED
[INFO] [stdout] test src/account/vault/vault.rs - account::vault::vault::Vault::lock (line 156) ... FAILED
[INFO] [stdout] test src/account/vault/vault.rs - account::vault::vault::Vault::unlock (line 193) ... FAILED
[INFO] [stdout] test src/account/vault/vault.rs - account::vault::vault::Vault::use_signer (line 131) ... FAILED
[INFO] [stdout] test src/account/keychain/account.rs - account::keychain::account::assert_is_hex (line 50) ... FAILED
[INFO] [stdout] test src/account/keychain/keychain.rs - account::keychain::keychain::Keychain::from_mnemonic (line 43) ... ok
[INFO] [stdout] test src/account/keychain/account.rs - account::keychain::account::add0x (line 85) ... ok
[INFO] [stdout] test src/account/keychain/account.rs - account::keychain::account::remove0x (line 66) ... ok
[INFO] [stdout] test src/account/keychain/keychain.rs - account::keychain::keychain::Keychain::unlock (line 128) ... ok
[INFO] [stdout] test src/account/keychain/keychain.rs - account::keychain::keychain::Keychain::subscribe (line 179) ... ok
[INFO] [stdout] test src/account/keychain/keychain.rs - account::keychain::keychain::Keychain::new (line 26) ... ok
[INFO] [stdout] test src/account/keychain/keychain.rs - account::keychain::keychain::Keychain::add_account (line 61) ... ok
[INFO] [stdout] test src/account/vault/vault.rs - account::vault::vault::Vault::from_phrase (line 72) ... ok
[INFO] [stdout] test src/account/keychain/keychain.rs - account::keychain::keychain::Keychain::unsubscribe (line 199) ... ok
[INFO] [stdout] test src/utils/hdwallet/hdwallet.rs - utils::hdwallet::hdwallet::HDWallet::from_bytes (line 30) ... ok
[INFO] [stdout] test src/account/vault/vault.rs - account::vault::vault::Vault::add_key (line 90) ... ok
[INFO] [stdout] test src/account/vault/vault.rs - account::vault::vault::Vault::new (line 54) ... ok
[INFO] [stdout] test src/account/keychain/keychain.rs - account::keychain::keychain::Keychain::get_state (line 144) ... ok
[INFO] [stdout] test src/account/vault/vault.rs - account::vault::vault::Vault::pop_key (line 111) ... ok
[INFO] [stdout] test src/utils/safe/safe.rs - utils::safe::safe::Safe<T>::decrypt (line 65) ... FAILED
[INFO] [stdout] test src/utils/safe/safe.rs - utils::safe::safe::Safe (line 14) ... FAILED
[INFO] [stdout] test src/utils/hdwallet/hdwallet.rs - utils::hdwallet::hdwallet::HDWallet::from_mnemonic_str (line 45) ... ok
[INFO] [stdout] test src/utils/safe/safe.rs - utils::safe::safe::Safe<T>::from_plain_bytes (line 39) ... FAILED
[INFO] [stdout] test src/utils/hdwallet/hdwallet.rs - utils::hdwallet::hdwallet::HDWallet::public_key_at_path (line 84) ... ok
[INFO] [stdout] test src/utils/hdwallet/hdwallet.rs - utils::hdwallet::hdwallet::HDWallet::new (line 15) ... ok
[INFO] [stdout] test src/utils/observable/observable.rs - utils::observable::observable::Observable<S>::update (line 39) ... ok
[INFO] [stdout] test src/utils/hdwallet/utils.rs - utils::hdwallet::utils::generate_boxed_seed_bytes (line 49) ... ok
[INFO] [stdout] test src/utils/hdwallet/hdwallet.rs - utils::hdwallet::hdwallet::HDWallet::to_bytes (line 128) ... ok
[INFO] [stdout] test src/utils/hdwallet/utils.rs - utils::hdwallet::utils::box_seed (line 34) ... ok
[INFO] [stdout] test src/utils/hdwallet/utils.rs - utils::hdwallet::utils::generate_english_mnemonic (line 8) ... ok
[INFO] [stdout] test src/utils/hdwallet/hdwallet.rs - utils::hdwallet::hdwallet::HDWallet::private_key_at_path (line 62) ... ok
[INFO] [stdout] test src/utils/hdwallet/hdwallet.rs - utils::hdwallet::hdwallet::HDWallet::keypair_at_path (line 106) ... ok
[INFO] [stdout] test src/utils/hdwallet/utils.rs - utils::hdwallet::utils::get_derivation_path (line 82) ... ok
[INFO] [stdout] test src/utils/safe/encryption_key.rs - utils::safe::encryption_key::EncryptionKey (line 11) ... ok
[INFO] [stdout] test src/utils/hdwallet/utils.rs - utils::hdwallet::utils::generate_seed (line 21) ... ok
[INFO] [stdout] test src/utils/hdwallet/utils.rs - utils::hdwallet::utils::parse_mnemonic (line 66) ... ok
[INFO] [stdout] 
[INFO] [stdout] failures:
[INFO] [stdout] 
[INFO] [stdout] ---- src/account/keychain/keychain.rs - account::keychain::keychain::Keychain::use_signer (line 81) stdout ----
[INFO] [stdout] error: mismatched closing delimiter: `)`
[INFO] [stdout]   --> src/account/keychain/keychain.rs:82:95
[INFO] [stdout]    |
[INFO] [stdout] 4  | fn main() { #[allow(non_snake_case)] fn _doctest_main_src_account_keychain_keychain_rs_81_0() {
[INFO] [stdout]    |                                                                                               ^ unclosed delimiter
[INFO] [stdout] ...
[INFO] [stdout] 13 | })
[INFO] [stdout]    |  ^ mismatched closing delimiter
[INFO] [stdout] 
[INFO] [stdout] error: unexpected closing delimiter: `}`
[INFO] [stdout]   --> src/account/keychain/keychain.rs:92:57
[INFO] [stdout]    |
[INFO] [stdout] 13 | })
[INFO] [stdout]    |  - missing open `(` for this delimiter
[INFO] [stdout] 14 | } _doctest_main_src_account_keychain_keychain_rs_81_0() }
[INFO] [stdout]    |                                                         ^ unexpected closing delimiter
[INFO] [stdout] 
[INFO] [stdout] error: aborting due to 2 previous errors
[INFO] [stdout] 
[INFO] [stdout] Couldn't compile the test.
[INFO] [stdout] ---- src/account/keychain/keychain.rs - account::keychain::keychain::Keychain::lock (line 114) stdout ----
[INFO] [stdout] error[E0061]: this method takes 1 argument but 0 arguments were supplied
[INFO] [stdout]    --> src/account/keychain/keychain.rs:119:10
[INFO] [stdout]     |
[INFO] [stdout] 8   | keychain.lock();
[INFO] [stdout]     |          ^^^^-- an argument of type `&str` is missing
[INFO] [stdout]     |
[INFO] [stdout] note: method defined here
[INFO] [stdout]    --> /opt/rustwide/workdir/src/account/keychain/keychain.rs:120:9
[INFO] [stdout]     |
[INFO] [stdout] 120 |     pub fn lock(&mut self, password: &str) -> Result<(), String> {
[INFO] [stdout]     |            ^^^^
[INFO] [stdout] help: provide the argument
[INFO] [stdout]     |
[INFO] [stdout] 8   | keychain.lock(/* &str */);
[INFO] [stdout]     |              ~~~~~~~~~~~~
[INFO] [stdout] 
[INFO] [stdout] error: aborting due to previous error
[INFO] [stdout] 
[INFO] [stdout] For more information about this error, try `rustc --explain E0061`.
[INFO] [stdout] Couldn't compile the test.
[INFO] [stdout] ---- src/account/keychain/account.rs - account::keychain::account::assert_is_valid_hex_address (line 26) stdout ----
[INFO] [stdout] error[E0432]: unresolved import `walleth::assert_is_valid_hex_address`
[INFO] [stdout]  --> src/account/keychain/account.rs:28:5
[INFO] [stdout]   |
[INFO] [stdout] 5 | use walleth::assert_is_valid_hex_address;
[INFO] [stdout]   |     ^^^^^^^^^^^^^^^^^^^^^^^^^^^^^^^^^^^^ no `assert_is_valid_hex_address` in the root
[INFO] [stdout] 
[INFO] [stdout] error: aborting due to previous error
[INFO] [stdout] 
[INFO] [stdout] For more information about this error, try `rustc --explain E0432`.
[INFO] [stdout] Couldn't compile the test.
[INFO] [stdout] ---- src/account/keychain/keychain.rs - account::keychain::keychain::Keychain::update (line 159) stdout ----
[INFO] [stdout] error[E0433]: failed to resolve: use of undeclared type `Key`
[INFO] [stdout]   --> src/account/keychain/keychain.rs:166:22
[INFO] [stdout]    |
[INFO] [stdout] 10 |  state.accounts.push(Key::from_extended_public_key(&[0; 64]).unwrap());
[INFO] [stdout]    |                      ^^^ use of undeclared type `Key`
[INFO] [stdout]    |
[INFO] [stdout] help: consider importing one of these items
[INFO] [stdout]    |
[INFO] [stdout] 2  + use chacha20poly1305::Key;
[INFO] [stdout]    |
[INFO] [stdout] 2  + use std::thread::local_impl::Key;
[INFO] [stdout]    |
[INFO] [stdout] 
[INFO] [stdout] error: aborting due to previous error
[INFO] [stdout] 
[INFO] [stdout] For more information about this error, try `rustc --explain E0433`.
[INFO] [stdout] Couldn't compile the test.
[INFO] [stdout] ---- src/account/signer/signer.rs - account::signer::signer::Signer::new (line 27) stdout ----
[INFO] [stdout] error[E0425]: cannot find value `private_key` in this scope
[INFO] [stdout]  --> src/account/signer/signer.rs:31:26
[INFO] [stdout]   |
[INFO] [stdout] 7 | let signer = Signer::new(private_key);
[INFO] [stdout]   |                          ^^^^^^^^^^^ not found in this scope
[INFO] [stdout] 
[INFO] [stdout] error: aborting due to previous error
[INFO] [stdout] 
[INFO] [stdout] For more information about this error, try `rustc --explain E0425`.
[INFO] [stdout] Couldn't compile the test.
[INFO] [stdout] ---- src/account/signer/signer.rs - account::signer::signer::Signer (line 11) stdout ----
[INFO] [stdout] error[E0425]: cannot find value `private_key` in this scope
[INFO] [stdout]  --> src/account/signer/signer.rs:15:26
[INFO] [stdout]   |
[INFO] [stdout] 7 | let signer = Signer::new(private_key);
[INFO] [stdout]   |                          ^^^^^^^^^^^ not found in this scope
[INFO] [stdout] 
[INFO] [stdout] error[E0599]: no method named `sign` found for enum `Result` in the current scope
[INFO] [stdout]   --> src/account/signer/signer.rs:16:24
[INFO] [stdout]    |
[INFO] [stdout] 8  | let signature = signer.sign(&[0; 32]);
[INFO] [stdout]    |                        ^^^^ method not found in `Result<Signer, String>`
[INFO] [stdout]    |
[INFO] [stdout] note: the method `sign` exists on the type `Signer`
[INFO] [stdout]   --> /opt/rustwide/workdir/src/account/signer/signer.rs:49:2
[INFO] [stdout]    |
[INFO] [stdout] 49 |     pub fn sign(&self, signable: &Signable) -> Result<Signature, String> {
[INFO] [stdout]    |     ^^^^^^^^^^^^^^^^^^^^^^^^^^^^^^^^^^^^^^^^^^^^^^^^^^^^^^^^^^^^^^^^^^^^
[INFO] [stdout] help: consider using `Result::expect` to unwrap the `Signer` value, panicking if the value is a `Result::Err`
[INFO] [stdout]    |
[INFO] [stdout] 8  | let signature = signer.expect("REASON").sign(&[0; 32]);
[INFO] [stdout]    |                       +++++++++++++++++
[INFO] [stdout] 
[INFO] [stdout] error: aborting due to 2 previous errors
[INFO] [stdout] 
[INFO] [stdout] Some errors have detailed explanations: E0425, E0599.
[INFO] [stdout] For more information about an error, try `rustc --explain E0425`.
[INFO] [stdout] Couldn't compile the test.
[INFO] [stdout] ---- src/account/signer/signer.rs - account::signer::signer::get_secret_key_from_private_key (line 76) stdout ----
[INFO] [stdout] error[E0432]: unresolved import `walleth::get_secret_key_from_private_key`
[INFO] [stdout]  --> src/account/signer/signer.rs:78:5
[INFO] [stdout]   |
[INFO] [stdout] 5 | use walleth::get_secret_key_from_private_key;
[INFO] [stdout]   |     ^^^^^^^^^^^^^^^^^^^^^^^^^^^^^^^^^^^^^^^^ no `get_secret_key_from_private_key` in the root
[INFO] [stdout] 
[INFO] [stdout] error[E0425]: cannot find value `private_key` in this scope
[INFO] [stdout]  --> src/account/signer/signer.rs:80:51
[INFO] [stdout]   |
[INFO] [stdout] 7 | let secret_key = get_secret_key_from_private_key(&private_key);
[INFO] [stdout]   |                                                   ^^^^^^^^^^^ not found in this scope
[INFO] [stdout] 
[INFO] [stdout] error: aborting due to 2 previous errors
[INFO] [stdout] 
[INFO] [stdout] Some errors have detailed explanations: E0425, E0432.
[INFO] [stdout] For more information about an error, try `rustc --explain E0425`.
[INFO] [stdout] Couldn't compile the test.
[INFO] [stdout] ---- src/account/signer/signer.rs - account::signer::signer::parse_message_digest (line 59) stdout ----
[INFO] [stdout] error[E0432]: unresolved import `walleth::signer::parse_message_digest`
[INFO] [stdout]  --> src/account/signer/signer.rs:61:5
[INFO] [stdout]   |
[INFO] [stdout] 5 | use walleth::signer::parse_message_digest;
[INFO] [stdout]   |     ^^^^^^^^^^^^^^^^^^^^^^^^^^^^^^^^^^^^^ no `parse_message_digest` in `account::signer`
[INFO] [stdout] 
[INFO] [stdout] error: aborting due to previous error
[INFO] [stdout] 
[INFO] [stdout] For more information about this error, try `rustc --explain E0432`.
[INFO] [stdout] Couldn't compile the test.
[INFO] [stdout] ---- src/account/vault/vault.rs - account::vault::vault::Vault (line 13) stdout ----
[INFO] [stdout] error[E0308]: mismatched types
[INFO] [stdout]   --> src/account/vault/vault.rs:32:14
[INFO] [stdout]    |
[INFO] [stdout] 22 |  signer.sign(&[0; 32])
[INFO] [stdout]    |         ---- ^^^^^^^^ expected `&Signable`, found `&[{integer}; 32]`
[INFO] [stdout]    |         |
[INFO] [stdout]    |         arguments to this method are incorrect
[INFO] [stdout]    |
[INFO] [stdout]    = note: expected reference `&Signable`
[INFO] [stdout]               found reference `&[{integer}; 32]`
[INFO] [stdout] note: method defined here
[INFO] [stdout]   --> /opt/rustwide/workdir/src/account/signer/signer.rs:49:9
[INFO] [stdout]    |
[INFO] [stdout] 49 |     pub fn sign(&self, signable: &Signable) -> Result<Signature, String> {
[INFO] [stdout]    |            ^^^^
[INFO] [stdout] 
[INFO] [stdout] error: aborting due to previous error
[INFO] [stdout] 
[INFO] [stdout] For more information about this error, try `rustc --explain E0308`.
[INFO] [stdout] Couldn't compile the test.
[INFO] [stdout] ---- src/account/signer/signer.rs - account::signer::signer::Signer::sign (line 43) stdout ----
[INFO] [stdout] error[E0425]: cannot find value `private_key` in this scope
[INFO] [stdout]  --> src/account/signer/signer.rs:47:26
[INFO] [stdout]   |
[INFO] [stdout] 7 | let signer = Signer::new(private_key);
[INFO] [stdout]   |                          ^^^^^^^^^^^ not found in this scope
[INFO] [stdout] 
[INFO] [stdout] error[E0599]: no method named `sign` found for enum `Result` in the current scope
[INFO] [stdout]   --> src/account/signer/signer.rs:48:24
[INFO] [stdout]    |
[INFO] [stdout] 8  | let signature = signer.sign(&[0; 32]);
[INFO] [stdout]    |                        ^^^^ method not found in `Result<Signer, String>`
[INFO] [stdout]    |
[INFO] [stdout] note: the method `sign` exists on the type `Signer`
[INFO] [stdout]   --> /opt/rustwide/workdir/src/account/signer/signer.rs:49:2
[INFO] [stdout]    |
[INFO] [stdout] 49 |     pub fn sign(&self, signable: &Signable) -> Result<Signature, String> {
[INFO] [stdout]    |     ^^^^^^^^^^^^^^^^^^^^^^^^^^^^^^^^^^^^^^^^^^^^^^^^^^^^^^^^^^^^^^^^^^^^
[INFO] [stdout] help: consider using `Result::expect` to unwrap the `Signer` value, panicking if the value is a `Result::Err`
[INFO] [stdout]    |
[INFO] [stdout] 8  | let signature = signer.expect("REASON").sign(&[0; 32]);
[INFO] [stdout]    |                       +++++++++++++++++
[INFO] [stdout] 
[INFO] [stdout] error: aborting due to 2 previous errors
[INFO] [stdout] 
[INFO] [stdout] Some errors have detailed explanations: E0425, E0599.
[INFO] [stdout] For more information about an error, try `rustc --explain E0425`.
[INFO] [stdout] Couldn't compile the test.
[INFO] [stdout] ---- src/account/vault/vault.rs - account::vault::vault::Vault::lock (line 156) stdout ----
[INFO] [stdout] error[E0061]: this method takes 1 argument but 0 arguments were supplied
[INFO] [stdout]    --> src/account/vault/vault.rs:161:7
[INFO] [stdout]     |
[INFO] [stdout] 8   | vault.lock();
[INFO] [stdout]     |       ^^^^-- an argument of type `&[u8]` is missing
[INFO] [stdout]     |
[INFO] [stdout] note: method defined here
[INFO] [stdout]    --> /opt/rustwide/workdir/src/account/vault/vault.rs:162:9
[INFO] [stdout]     |
[INFO] [stdout] 162 |     pub fn lock(&mut self, password: &[u8]) -> Result<(), String> {
[INFO] [stdout]     |            ^^^^
[INFO] [stdout] help: provide the argument
[INFO] [stdout]     |
[INFO] [stdout] 8   | vault.lock(/* &[u8] */);
[INFO] [stdout]     |           ~~~~~~~~~~~~~
[INFO] [stdout] 
[INFO] [stdout] error: aborting due to previous error
[INFO] [stdout] 
[INFO] [stdout] For more information about this error, try `rustc --explain E0061`.
[INFO] [stdout] Couldn't compile the test.
[INFO] [stdout] ---- src/account/vault/vault.rs - account::vault::vault::Vault::unlock (line 193) stdout ----
[INFO] [stdout] error[E0616]: field `private_keys` of struct `Vault` is private
[INFO] [stdout]   --> src/account/vault/vault.rs:204:18
[INFO] [stdout]    |
[INFO] [stdout] 14 | assert_eq!(vault.private_keys.len(), 1);
[INFO] [stdout]    |                  ^^^^^^^^^^^^ private field
[INFO] [stdout] 
[INFO] [stdout] error: aborting due to previous error
[INFO] [stdout] 
[INFO] [stdout] For more information about this error, try `rustc --explain E0616`.
[INFO] [stdout] Couldn't compile the test.
[INFO] [stdout] ---- src/account/vault/vault.rs - account::vault::vault::Vault::use_signer (line 131) stdout ----
[INFO] [stdout] error[E0308]: mismatched types
[INFO] [stdout]   --> src/account/vault/vault.rs:137:14
[INFO] [stdout]    |
[INFO] [stdout] 9  |  signer.sign(&[0; 32])
[INFO] [stdout]    |         ---- ^^^^^^^^ expected `&Signable`, found `&[{integer}; 32]`
[INFO] [stdout]    |         |
[INFO] [stdout]    |         arguments to this method are incorrect
[INFO] [stdout]    |
[INFO] [stdout]    = note: expected reference `&Signable`
[INFO] [stdout]               found reference `&[{integer}; 32]`
[INFO] [stdout] note: method defined here
[INFO] [stdout]   --> /opt/rustwide/workdir/src/account/signer/signer.rs:49:9
[INFO] [stdout]    |
[INFO] [stdout] 49 |     pub fn sign(&self, signable: &Signable) -> Result<Signature, String> {
[INFO] [stdout]    |            ^^^^
[INFO] [stdout] 
[INFO] [stdout] error: aborting due to previous error
[INFO] [stdout] 
[INFO] [stdout] For more information about this error, try `rustc --explain E0308`.
[INFO] [stdout] Couldn't compile the test.
[INFO] [stdout] ---- src/account/keychain/account.rs - account::keychain::account::assert_is_hex (line 50) stdout ----
[INFO] [stdout] Test executable failed (exit status: 101).
[INFO] [stdout] 
[INFO] [stdout] stderr:
[INFO] [stdout] thread 'main' panicked at src/account/keychain/account.rs:7:1:
[INFO] [stdout] assertion `left == right` failed
[INFO] [stdout]   left: false
[INFO] [stdout]  right: true
[INFO] [stdout] stack backtrace:
[INFO] [stdout]    0:     0x5565e086866c - std::backtrace_rs::backtrace::libunwind::trace::ha637c64ce894333a
[INFO] [stdout]                                at /rustc/82e1608dfa6e0b5569232559e3d385fea5a93112/library/std/src/../../backtrace/src/backtrace/libunwind.rs:104:5
[INFO] [stdout]    1:     0x5565e086866c - std::backtrace_rs::backtrace::trace_unsynchronized::h47f62dea28e0c88d
[INFO] [stdout]                                at /rustc/82e1608dfa6e0b5569232559e3d385fea5a93112/library/std/src/../../backtrace/src/backtrace/mod.rs:66:5
[INFO] [stdout]    2:     0x5565e086866c - std::sys_common::backtrace::_print_fmt::h9eef0abe20ede486
[INFO] [stdout]                                at /rustc/82e1608dfa6e0b5569232559e3d385fea5a93112/library/std/src/sys_common/backtrace.rs:67:5
[INFO] [stdout]    3:     0x5565e086866c - <std::sys_common::backtrace::_print::DisplayBacktrace as core::fmt::Display>::fmt::hed7f999df88cc644
[INFO] [stdout]                                at /rustc/82e1608dfa6e0b5569232559e3d385fea5a93112/library/std/src/sys_common/backtrace.rs:44:22
[INFO] [stdout]    4:     0x5565e0887f50 - core::fmt::rt::Argument::fmt::h1539a9308b8d058d
[INFO] [stdout]                                at /rustc/82e1608dfa6e0b5569232559e3d385fea5a93112/library/core/src/fmt/rt.rs:142:9
[INFO] [stdout]    5:     0x5565e0887f50 - core::fmt::write::h3a39390d8560d9c9
[INFO] [stdout]                                at /rustc/82e1608dfa6e0b5569232559e3d385fea5a93112/library/core/src/fmt/mod.rs:1120:17
[INFO] [stdout]    6:     0x5565e0866b1f - std::io::Write::write_fmt::h5fc9997dfe05f882
[INFO] [stdout]                                at /rustc/82e1608dfa6e0b5569232559e3d385fea5a93112/library/std/src/io/mod.rs:1762:15
[INFO] [stdout]    7:     0x5565e0868454 - std::sys_common::backtrace::_print::h894006fb5c6f3d45
[INFO] [stdout]                                at /rustc/82e1608dfa6e0b5569232559e3d385fea5a93112/library/std/src/sys_common/backtrace.rs:47:5
[INFO] [stdout]    8:     0x5565e0868454 - std::sys_common::backtrace::print::h23a2d212c6fff936
[INFO] [stdout]                                at /rustc/82e1608dfa6e0b5569232559e3d385fea5a93112/library/std/src/sys_common/backtrace.rs:34:9
[INFO] [stdout]    9:     0x5565e0869967 - std::panicking::default_hook::{{closure}}::h8a1d2ee00185001a
[INFO] [stdout]   10:     0x5565e08696cf - std::panicking::default_hook::h6038f2eba384e475
[INFO] [stdout]                                at /rustc/82e1608dfa6e0b5569232559e3d385fea5a93112/library/std/src/panicking.rs:292:9
[INFO] [stdout]   11:     0x5565e0869de8 - std::panicking::rust_panic_with_hook::h2b5517d590cab22e
[INFO] [stdout]                                at /rustc/82e1608dfa6e0b5569232559e3d385fea5a93112/library/std/src/panicking.rs:779:13
[INFO] [stdout]   12:     0x5565e0869cce - std::panicking::begin_panic_handler::{{closure}}::h233112c06e0ef43e
[INFO] [stdout]                                at /rustc/82e1608dfa6e0b5569232559e3d385fea5a93112/library/std/src/panicking.rs:657:13
[INFO] [stdout]   13:     0x5565e0868b36 - std::sys_common::backtrace::__rust_end_short_backtrace::h6e893f24d7ebbff8
[INFO] [stdout]                                at /rustc/82e1608dfa6e0b5569232559e3d385fea5a93112/library/std/src/sys_common/backtrace.rs:170:18
[INFO] [stdout]   14:     0x5565e0869a32 - rust_begin_unwind
[INFO] [stdout]                                at /rustc/82e1608dfa6e0b5569232559e3d385fea5a93112/library/std/src/panicking.rs:645:5
[INFO] [stdout]   15:     0x5565e0846e05 - core::panicking::panic_fmt::hbf0e066aabfa482c
[INFO] [stdout]                                at /rustc/82e1608dfa6e0b5569232559e3d385fea5a93112/library/core/src/panicking.rs:72:14
[INFO] [stdout]   16:     0x5565e08470eb - core::panicking::assert_failed_inner::h0bba8b7c26ee4492
[INFO] [stdout]   17:     0x5565e084778a - ripemd::c160::compress::hbb223c1fe2e13876
[INFO] [stdout]                                at /opt/rustwide/cargo-home/registry/src/index.crates.io-6f17d22bba15001f/ripemd-0.1.3/src/c160.rs:119:5
[INFO] [stdout]   18:     0x5565e0847875 - ripemd::c160::compress::hbb223c1fe2e13876
[INFO] [stdout]                                at /opt/rustwide/cargo-home/registry/src/index.crates.io-6f17d22bba15001f/ripemd-0.1.3/src/c160.rs:119:5
[INFO] [stdout]   19:     0x5565e08477a6 - ripemd::c160::compress::hbb223c1fe2e13876
[INFO] [stdout]                                at /opt/rustwide/cargo-home/registry/src/index.crates.io-6f17d22bba15001f/ripemd-0.1.3/src/c160.rs:119:24
[INFO] [stdout]   20:     0x5565e0847693 - ripemd::c160::compress::hbb223c1fe2e13876
[INFO] [stdout]                                at /opt/rustwide/cargo-home/registry/src/index.crates.io-6f17d22bba15001f/ripemd-0.1.3/src/c160.rs:119:5
[INFO] [stdout]   21:     0x5565e08475f6 - ripemd::c160::compress::hbb223c1fe2e13876
[INFO] [stdout]                                at /rustc/82e1608dfa6e0b5569232559e3d385fea5a93112/library/core/src/num/uint_macros.rs:235:13
[INFO] [stdout]   22:     0x5565e0847649 - ripemd::c160::compress::hbb223c1fe2e13876
[INFO] [stdout]                                at /opt/rustwide/cargo-home/registry/src/index.crates.io-6f17d22bba15001f/ripemd-0.1.3/src/c160.rs:119:24
[INFO] [stdout]   23:     0x5565e0864b67 - core::ops::function::impls::<impl core::ops::function::FnOnce<A> for &F>::call_once::hd95060ecd5e1ca24
[INFO] [stdout]                                at /rustc/82e1608dfa6e0b5569232559e3d385fea5a93112/library/core/src/ops/function.rs:284:13
[INFO] [stdout]   24:     0x5565e0864b67 - std::panicking::try::do_call::h6e8cf51db32a6e4b
[INFO] [stdout]                                at /rustc/82e1608dfa6e0b5569232559e3d385fea5a93112/library/std/src/panicking.rs:552:40
[INFO] [stdout]   25:     0x5565e0864b67 - std::panicking::try::h3a52eefe24fe3c29
[INFO] [stdout]                                at /rustc/82e1608dfa6e0b5569232559e3d385fea5a93112/library/std/src/panicking.rs:516:19
[INFO] [stdout]   26:     0x5565e0864b67 - std::panic::catch_unwind::h24c28c23c02c3841
[INFO] [stdout]                                at /rustc/82e1608dfa6e0b5569232559e3d385fea5a93112/library/std/src/panic.rs:142:14
[INFO] [stdout]   27:     0x5565e0864b67 - std::rt::lang_start_internal::{{closure}}::h705d3c9cbc06ef47
[INFO] [stdout]                                at /rustc/82e1608dfa6e0b5569232559e3d385fea5a93112/library/std/src/rt.rs:148:48
[INFO] [stdout]   28:     0x5565e0864b67 - std::panicking::try::do_call::ha21f52ba13158470
[INFO] [stdout]                                at /rustc/82e1608dfa6e0b5569232559e3d385fea5a93112/library/std/src/panicking.rs:552:40
[INFO] [stdout]   29:     0x5565e0864b67 - std::panicking::try::h5581346bf6aeb1f8
[INFO] [stdout]                                at /rustc/82e1608dfa6e0b5569232559e3d385fea5a93112/library/std/src/panicking.rs:516:19
[INFO] [stdout]   30:     0x5565e0864b67 - std::panic::catch_unwind::h7919645a6b72e25b
[INFO] [stdout]                                at /rustc/82e1608dfa6e0b5569232559e3d385fea5a93112/library/std/src/panic.rs:142:14
[INFO] [stdout]   31:     0x5565e0864b67 - std::rt::lang_start_internal::h12de51168669836e
[INFO] [stdout]                                at /rustc/82e1608dfa6e0b5569232559e3d385fea5a93112/library/std/src/rt.rs:148:20
[INFO] [stdout]   32:     0x5565e0847627 - ripemd::c160::compress::hbb223c1fe2e13876
[INFO] [stdout]                                at /opt/rustwide/cargo-home/registry/src/index.crates.io-6f17d22bba15001f/ripemd-0.1.3/src/c160.rs:119:5
[INFO] [stdout]   33:     0x5565e08478c5 - ripemd::c160::compress::hbb223c1fe2e13876
[INFO] [stdout]                                at /opt/rustwide/cargo-home/registry/src/index.crates.io-6f17d22bba15001f/ripemd-0.1.3/src/c160.rs:119:5
[INFO] [stdout]   34:     0x7f8f2eb9dd90 - <unknown>
[INFO] [stdout]   35:     0x7f8f2eb9de40 - __libc_start_main
[INFO] [stdout]   36:     0x5565e0847525 - ripemd::c160::compress::hbb223c1fe2e13876
[INFO] [stdout]                                at /opt/rustwide/cargo-home/registry/src/index.crates.io-6f17d22bba15001f/ripemd-0.1.3/src/c160.rs:119:5
[INFO] [stdout]   37:                0x0 - <unknown>
[INFO] [stdout] 
[INFO] [stdout] 
[INFO] [stdout] ---- src/utils/safe/safe.rs - utils::safe::safe::Safe<T>::decrypt (line 65) stdout ----
[INFO] [stdout] error[E0432]: unresolved import `walleth::Cipher`
[INFO] [stdout]  --> src/utils/safe/safe.rs:67:21
[INFO] [stdout]   |
[INFO] [stdout] 5 | use walleth::{Safe, Cipher};
[INFO] [stdout]   |                     ^^^^^^
[INFO] [stdout]   |                     |
[INFO] [stdout]   |                     no `Cipher` in the root
[INFO] [stdout]   |                     help: a similar name exists in the module (notice the capitalization): `cipher`
[INFO] [stdout] 
[INFO] [stdout] error[E0308]: mismatched types
[INFO] [stdout]   --> src/utils/safe/safe.rs:69:47
[INFO] [stdout]    |
[INFO] [stdout] 7  | let safe = Safe::from_plain_bytes("metadata", &[0, 32], &[0, 1, 2, 3, 4]).unwrap();
[INFO] [stdout]    |            ----------------------             ^^^^^^^^ expected an array with a fixed size of 32 elements, found one with 2 elements
[INFO] [stdout]    |            |
[INFO] [stdout]    |            arguments to this function are incorrect
[INFO] [stdout]    |
[INFO] [stdout] note: associated function defined here
[INFO] [stdout]   --> /opt/rustwide/workdir/src/utils/safe/safe.rs:47:9
[INFO] [stdout]    |
[INFO] [stdout] 47 |     pub fn from_plain_bytes(
[INFO] [stdout]    |            ^^^^^^^^^^^^^^^^
[INFO] [stdout] 
[INFO] [stdout] error[E0308]: mismatched types
[INFO] [stdout]   --> src/utils/safe/safe.rs:71:36
[INFO] [stdout]    |
[INFO] [stdout] 9  | let decrypted_bytes = safe.decrypt(&[0, 32]).unwrap();
[INFO] [stdout]    |                            ------- ^^^^^^^^ expected an array with a fixed size of 32 elements, found one with 2 elements
[INFO] [stdout]    |                            |
[INFO] [stdout]    |                            arguments to this method are incorrect
[INFO] [stdout]    |
[INFO] [stdout] note: method defined here
[INFO] [stdout]   --> /opt/rustwide/workdir/src/utils/safe/safe.rs:72:9
[INFO] [stdout]    |
[INFO] [stdout] 72 |     pub fn decrypt(&self, key: &CipherKey) -> Result<Vec<u8>, String>    {
[INFO] [stdout]    |            ^^^^^^^
[INFO] [stdout] 
[INFO] [stdout] error: aborting due to 3 previous errors
[INFO] [stdout] 
[INFO] [stdout] Some errors have detailed explanations: E0308, E0432.
[INFO] [stdout] For more information about an error, try `rustc --explain E0308`.
[INFO] [stdout] Couldn't compile the test.
[INFO] [stdout] ---- src/utils/safe/safe.rs - utils::safe::safe::Safe (line 14) stdout ----
[INFO] [stdout] error[E0599]: no function or associated item named `new` found for struct `Safe` in the current scope
[INFO] [stdout]   --> src/utils/safe/safe.rs:18:18
[INFO] [stdout]    |
[INFO] [stdout] 7  | let safe = Safe::new("metadata", &[0, 1, 2, 3]);
[INFO] [stdout]    |                  ^^^ function or associated item not found in `Safe<_>`
[INFO] [stdout]    |
[INFO] [stdout] note: if you're trying to build a new `Safe<_>`, consider using `Safe::<T>::from_plain_bytes` which returns `Result<Safe<T>, String>`
[INFO] [stdout]   --> /opt/rustwide/workdir/src/utils/safe/safe.rs:47:2
[INFO] [stdout]    |
[INFO] [stdout] 47 | /     pub fn from_plain_bytes(
[INFO] [stdout] 48 | |         metadata: T,
[INFO] [stdout] 49 | |         key: &CipherKey,
[INFO] [stdout] 50 | |         plain_bytes: &[u8],
[INFO] [stdout] 51 | |     ) -> Result<Self, String> {
[INFO] [stdout]    | |_____________________________^
[INFO] [stdout] 
[INFO] [stdout] error[E0308]: mismatched types
[INFO] [stdout]   --> src/utils/safe/safe.rs:23:47
[INFO] [stdout]    |
[INFO] [stdout] 12 | let safe = Safe::from_plain_bytes("metadata", &[0, 32], &[0, 1, 2, 3, 4]).unwrap();
[INFO] [stdout]    |            ----------------------             ^^^^^^^^ expected an array with a fixed size of 32 elements, found one with 2 elements
[INFO] [stdout]    |            |
[INFO] [stdout]    |            arguments to this function are incorrect
[INFO] [stdout]    |
[INFO] [stdout] note: associated function defined here
[INFO] [stdout]   --> /opt/rustwide/workdir/src/utils/safe/safe.rs:47:9
[INFO] [stdout]    |
[INFO] [stdout] 47 |     pub fn from_plain_bytes(
[INFO] [stdout]    |            ^^^^^^^^^^^^^^^^
[INFO] [stdout] 
[INFO] [stdout] error: aborting due to 2 previous errors
[INFO] [stdout] 
[INFO] [stdout] Some errors have detailed explanations: E0308, E0599.
[INFO] [stdout] For more information about an error, try `rustc --explain E0308`.
[INFO] [stdout] Couldn't compile the test.
[INFO] [stdout] ---- src/utils/safe/safe.rs - utils::safe::safe::Safe<T>::from_plain_bytes (line 39) stdout ----
[INFO] [stdout] error[E0432]: unresolved import `walleth::Cipher`
[INFO] [stdout]  --> src/utils/safe/safe.rs:41:21
[INFO] [stdout]   |
[INFO] [stdout] 5 | use walleth::{Safe, Cipher};
[INFO] [stdout]   |                     ^^^^^^
[INFO] [stdout]   |                     |
[INFO] [stdout]   |                     no `Cipher` in the root
[INFO] [stdout]   |                     help: a similar name exists in the module (notice the capitalization): `cipher`
[INFO] [stdout] 
[INFO] [stdout] error[E0308]: mismatched types
[INFO] [stdout]   --> src/utils/safe/safe.rs:43:47
[INFO] [stdout]    |
[INFO] [stdout] 7  | let safe = Safe::from_plain_bytes("metadata", &[0, 32], &[0, 1, 2, 3, 4]).unwrap();
[INFO] [stdout]    |            ----------------------             ^^^^^^^^ expected an array with a fixed size of 32 elements, found one with 2 elements
[INFO] [stdout]    |            |
[INFO] [stdout]    |            arguments to this function are incorrect
[INFO] [stdout]    |
[INFO] [stdout] note: associated function defined here
[INFO] [stdout]   --> /opt/rustwide/workdir/src/utils/safe/safe.rs:47:9
[INFO] [stdout]    |
[INFO] [stdout] 47 |     pub fn from_plain_bytes(
[INFO] [stdout]    |            ^^^^^^^^^^^^^^^^
[INFO] [stdout] 
[INFO] [stdout] error: aborting due to 2 previous errors
[INFO] [stdout] 
[INFO] [stdout] Some errors have detailed explanations: E0308, E0432.
[INFO] [stdout] For more information about an error, try `rustc --explain E0308`.
[INFO] [stdout] Couldn't compile the test.
[INFO] [stdout] 
[INFO] [stdout] failures:
[INFO] [stdout]     src/account/keychain/account.rs - account::keychain::account::assert_is_hex (line 50)
[INFO] [stdout]     src/account/keychain/account.rs - account::keychain::account::assert_is_valid_hex_address (line 26)
[INFO] [stdout]     src/account/keychain/keychain.rs - account::keychain::keychain::Keychain::lock (line 114)
[INFO] [stdout]     src/account/keychain/keychain.rs - account::keychain::keychain::Keychain::update (line 159)
[INFO] [stdout]     src/account/keychain/keychain.rs - account::keychain::keychain::Keychain::use_signer (line 81)
[INFO] [stdout]     src/account/signer/signer.rs - account::signer::signer::Signer (line 11)
[INFO] [stdout]     src/account/signer/signer.rs - account::signer::signer::Signer::new (line 27)
[INFO] [stdout]     src/account/signer/signer.rs - account::signer::signer::Signer::sign (line 43)
[INFO] [stdout]     src/account/signer/signer.rs - account::signer::signer::get_secret_key_from_private_key (line 76)
[INFO] [stdout]     src/account/signer/signer.rs - account::signer::signer::parse_message_digest (line 59)
[INFO] [stdout]     src/account/vault/vault.rs - account::vault::vault::Vault (line 13)
[INFO] [stdout]     src/account/vault/vault.rs - account::vault::vault::Vault::lock (line 156)
[INFO] [stdout]     src/account/vault/vault.rs - account::vault::vault::Vault::unlock (line 193)
[INFO] [stdout]     src/account/vault/vault.rs - account::vault::vault::Vault::use_signer (line 131)
[INFO] [stdout]     src/utils/safe/safe.rs - utils::safe::safe::Safe (line 14)
[INFO] [stdout]     src/utils/safe/safe.rs - utils::safe::safe::Safe<T>::decrypt (line 65)
[INFO] [stdout]     src/utils/safe/safe.rs - utils::safe::safe::Safe<T>::from_plain_bytes (line 39)
[INFO] [stdout] 
[INFO] [stdout] test result: FAILED. 28 passed; 17 failed; 0 ignored; 0 measured; 0 filtered out; finished in 2.26s
[INFO] [stdout] 
[INFO] [stderr] error: doctest failed, to rerun pass `--doc`
[INFO] running `Command { std: "docker" "inspect" "0b71a12560428b3bd0cf648c44152f0939b3dc7913a969acb4362cdbc5320c18", kill_on_drop: false }`
[INFO] running `Command { std: "docker" "rm" "-f" "0b71a12560428b3bd0cf648c44152f0939b3dc7913a969acb4362cdbc5320c18", kill_on_drop: false }`
[INFO] [stdout] 0b71a12560428b3bd0cf648c44152f0939b3dc7913a969acb4362cdbc5320c18
[INFO] testing walleth-0.1.0 against beta-2023-12-22 for beta-1.76-1
[INFO] extracting crate walleth 0.1.0 into /workspace/builds/worker-4-tc2/source
[INFO] validating manifest of crates.io crate walleth 0.1.0 on toolchain beta-2023-12-22
[INFO] running `Command { std: CARGO_HOME="/workspace/cargo-home" RUSTUP_HOME="/workspace/rustup-home" "/workspace/cargo-home/bin/cargo" "+beta-2023-12-22" "metadata" "--manifest-path" "Cargo.toml" "--no-deps", kill_on_drop: false }`
[INFO] started tweaking crates.io crate walleth 0.1.0
[INFO] finished tweaking crates.io crate walleth 0.1.0
[INFO] tweaked toml for crates.io crate walleth 0.1.0 written to /workspace/builds/worker-4-tc2/source/Cargo.toml
[INFO] crate crates.io crate walleth 0.1.0 already has a lockfile, it will not be regenerated
[INFO] running `Command { std: CARGO_HOME="/workspace/cargo-home" RUSTUP_HOME="/workspace/rustup-home" "/workspace/cargo-home/bin/cargo" "+beta-2023-12-22" "fetch" "--manifest-path" "Cargo.toml", kill_on_drop: false }`
[INFO] running `Command { std: "docker" "create" "-v" "/var/lib/crater-agent-workspace/builds/worker-4-tc2/target:/opt/rustwide/target:rw,Z" "-v" "/var/lib/crater-agent-workspace/builds/worker-4-tc2/source:/opt/rustwide/workdir:ro,Z" "-v" "/var/lib/crater-agent-workspace/cargo-home:/opt/rustwide/cargo-home:ro,Z" "-v" "/var/lib/crater-agent-workspace/rustup-home:/opt/rustwide/rustup-home:ro,Z" "-e" "SOURCE_DIR=/opt/rustwide/workdir" "-e" "CARGO_TARGET_DIR=/opt/rustwide/target" "-e" "CARGO_HOME=/opt/rustwide/cargo-home" "-e" "RUSTUP_HOME=/opt/rustwide/rustup-home" "-w" "/opt/rustwide/workdir" "-m" "1610612736" "--user" "0:0" "--network" "none" "ghcr.io/rust-lang/crates-build-env/linux@sha256:2788e3201cd34a07e3172128adcd8b3090168a8e3bcc40d7c032b9dda1df7d1c" "/opt/rustwide/cargo-home/bin/cargo" "+beta-2023-12-22" "metadata" "--no-deps" "--format-version=1", kill_on_drop: false }`
[INFO] [stdout] 9326155bd6be5e8033231b0d553291d9030ec5e52e4a3853e520402e226973fe
[INFO] running `Command { std: "docker" "start" "-a" "9326155bd6be5e8033231b0d553291d9030ec5e52e4a3853e520402e226973fe", kill_on_drop: false }`
[INFO] running `Command { std: "docker" "inspect" "9326155bd6be5e8033231b0d553291d9030ec5e52e4a3853e520402e226973fe", kill_on_drop: false }`
[INFO] running `Command { std: "docker" "rm" "-f" "9326155bd6be5e8033231b0d553291d9030ec5e52e4a3853e520402e226973fe", kill_on_drop: false }`
[INFO] [stdout] 9326155bd6be5e8033231b0d553291d9030ec5e52e4a3853e520402e226973fe
[INFO] running `Command { std: "docker" "create" "-v" "/var/lib/crater-agent-workspace/builds/worker-4-tc2/target:/opt/rustwide/target:rw,Z" "-v" "/var/lib/crater-agent-workspace/builds/worker-4-tc2/source:/opt/rustwide/workdir:ro,Z" "-v" "/var/lib/crater-agent-workspace/cargo-home:/opt/rustwide/cargo-home:ro,Z" "-v" "/var/lib/crater-agent-workspace/rustup-home:/opt/rustwide/rustup-home:ro,Z" "-e" "SOURCE_DIR=/opt/rustwide/workdir" "-e" "CARGO_TARGET_DIR=/opt/rustwide/target" "-e" "CARGO_INCREMENTAL=0" "-e" "RUST_BACKTRACE=full" "-e" "RUSTFLAGS=--cap-lints=warn" "-e" "RUSTDOCFLAGS=--cap-lints=warn" "-e" "CARGO_HOME=/opt/rustwide/cargo-home" "-e" "RUSTUP_HOME=/opt/rustwide/rustup-home" "-w" "/opt/rustwide/workdir" "-m" "1610612736" "--user" "0:0" "--network" "none" "ghcr.io/rust-lang/crates-build-env/linux@sha256:2788e3201cd34a07e3172128adcd8b3090168a8e3bcc40d7c032b9dda1df7d1c" "/opt/rustwide/cargo-home/bin/cargo" "+beta-2023-12-22" "build" "--frozen" "--message-format=json", kill_on_drop: false }`
[INFO] [stdout] 70c4c817be4ff899d42a1954ccc797ed52d79290847f65d8b5c1316a4a1ae65a
[INFO] running `Command { std: "docker" "start" "-a" "70c4c817be4ff899d42a1954ccc797ed52d79290847f65d8b5c1316a4a1ae65a", kill_on_drop: false }`
[INFO] [stderr]    Compiling generic-array v0.14.7
[INFO] [stderr]    Compiling zeroize v1.6.0
[INFO] [stderr]    Compiling subtle v2.4.1
[INFO] [stderr]    Compiling libc v0.2.148
[INFO] [stderr]    Compiling const-oid v0.9.5
[INFO] [stderr]    Compiling cpufeatures v0.2.9
[INFO] [stderr]    Compiling base16ct v0.2.0
[INFO] [stderr]    Compiling bitcoin-internals v0.2.0
[INFO] [stderr]    Compiling opaque-debug v0.3.0
[INFO] [stderr]    Compiling hex-conservative v0.1.1
[INFO] [stderr]    Compiling once_cell v1.18.0
[INFO] [stderr]    Compiling keccak v0.1.4
[INFO] [stderr]    Compiling hex v0.4.3
[INFO] [stderr]    Compiling der v0.7.8
[INFO] [stderr]    Compiling bitcoin_hashes v0.13.0
[INFO] [stderr]    Compiling block-buffer v0.10.4
[INFO] [stderr]    Compiling crypto-common v0.1.6
[INFO] [stderr]    Compiling sec1 v0.7.3
[INFO] [stderr]    Compiling cipher v0.3.0
[INFO] [stderr]    Compiling universal-hash v0.4.1
[INFO] [stderr]    Compiling aead v0.4.3
[INFO] [stderr]    Compiling getrandom v0.2.10
[INFO] [stderr]    Compiling cc v1.0.83
[INFO] [stderr]    Compiling poly1305 v0.7.2
[INFO] [stderr]    Compiling digest v0.10.7
[INFO] [stderr]    Compiling rand_core v0.6.4
[INFO] [stderr]    Compiling chacha20 v0.8.2
[INFO] [stderr]    Compiling hmac v0.12.1
[INFO] [stderr]    Compiling sha2 v0.10.7
[INFO] [stderr]    Compiling ripemd v0.1.3
[INFO] [stderr]    Compiling sha3 v0.10.8
[INFO] [stderr]    Compiling rfc6979 v0.4.0
[INFO] [stderr]    Compiling pbkdf2 v0.12.2
[INFO] [stderr]    Compiling chacha20poly1305 v0.9.1
[INFO] [stderr]    Compiling ff v0.13.0
[INFO] [stderr]    Compiling crypto-bigint v0.5.3
[INFO] [stderr]    Compiling signature v2.1.0
[INFO] [stderr]    Compiling group v0.13.0
[INFO] [stderr]    Compiling bs58 v0.5.0
[INFO] [stderr]    Compiling secp256k1-sys v0.8.1
[INFO] [stderr]    Compiling elliptic-curve v0.13.5
[INFO] [stderr]    Compiling ecdsa v0.16.8
[INFO] [stderr]    Compiling k256 v0.13.1
[INFO] [stderr]    Compiling bip32 v0.5.1
[INFO] [stderr]    Compiling secp256k1 v0.27.0
[INFO] [stderr]    Compiling walleth v0.1.0 (/opt/rustwide/workdir)
[INFO] [stderr]     Finished dev [unoptimized + debuginfo] target(s) in 8.11s
[INFO] running `Command { std: "docker" "inspect" "70c4c817be4ff899d42a1954ccc797ed52d79290847f65d8b5c1316a4a1ae65a", kill_on_drop: false }`
[INFO] running `Command { std: "docker" "rm" "-f" "70c4c817be4ff899d42a1954ccc797ed52d79290847f65d8b5c1316a4a1ae65a", kill_on_drop: false }`
[INFO] [stdout] 70c4c817be4ff899d42a1954ccc797ed52d79290847f65d8b5c1316a4a1ae65a
[INFO] running `Command { std: "docker" "create" "-v" "/var/lib/crater-agent-workspace/builds/worker-4-tc2/target:/opt/rustwide/target:rw,Z" "-v" "/var/lib/crater-agent-workspace/builds/worker-4-tc2/source:/opt/rustwide/workdir:ro,Z" "-v" "/var/lib/crater-agent-workspace/cargo-home:/opt/rustwide/cargo-home:ro,Z" "-v" "/var/lib/crater-agent-workspace/rustup-home:/opt/rustwide/rustup-home:ro,Z" "-e" "SOURCE_DIR=/opt/rustwide/workdir" "-e" "CARGO_TARGET_DIR=/opt/rustwide/target" "-e" "CARGO_INCREMENTAL=0" "-e" "RUST_BACKTRACE=full" "-e" "RUSTFLAGS=--cap-lints=warn" "-e" "RUSTDOCFLAGS=--cap-lints=warn" "-e" "CARGO_HOME=/opt/rustwide/cargo-home" "-e" "RUSTUP_HOME=/opt/rustwide/rustup-home" "-w" "/opt/rustwide/workdir" "-m" "1610612736" "--user" "0:0" "--network" "none" "ghcr.io/rust-lang/crates-build-env/linux@sha256:2788e3201cd34a07e3172128adcd8b3090168a8e3bcc40d7c032b9dda1df7d1c" "/opt/rustwide/cargo-home/bin/cargo" "+beta-2023-12-22" "test" "--frozen" "--no-run" "--message-format=json", kill_on_drop: false }`
[INFO] [stdout] 5a2a1cf9c2149a99dc5cee1bdc92c886e931cf68a70502b93a7bd995a77b83da
[INFO] running `Command { std: "docker" "start" "-a" "5a2a1cf9c2149a99dc5cee1bdc92c886e931cf68a70502b93a7bd995a77b83da", kill_on_drop: false }`
[INFO] [stderr]    Compiling walleth v0.1.0 (/opt/rustwide/workdir)
[INFO] [stderr]     Finished test [unoptimized + debuginfo] target(s) in 0.79s
[INFO] running `Command { std: "docker" "inspect" "5a2a1cf9c2149a99dc5cee1bdc92c886e931cf68a70502b93a7bd995a77b83da", kill_on_drop: false }`
[INFO] running `Command { std: "docker" "rm" "-f" "5a2a1cf9c2149a99dc5cee1bdc92c886e931cf68a70502b93a7bd995a77b83da", kill_on_drop: false }`
[INFO] [stdout] 5a2a1cf9c2149a99dc5cee1bdc92c886e931cf68a70502b93a7bd995a77b83da
[INFO] running `Command { std: "docker" "create" "-v" "/var/lib/crater-agent-workspace/builds/worker-4-tc2/target:/opt/rustwide/target:rw,Z" "-v" "/var/lib/crater-agent-workspace/builds/worker-4-tc2/source:/opt/rustwide/workdir:ro,Z" "-v" "/var/lib/crater-agent-workspace/cargo-home:/opt/rustwide/cargo-home:ro,Z" "-v" "/var/lib/crater-agent-workspace/rustup-home:/opt/rustwide/rustup-home:ro,Z" "-e" "SOURCE_DIR=/opt/rustwide/workdir" "-e" "CARGO_TARGET_DIR=/opt/rustwide/target" "-e" "CARGO_INCREMENTAL=0" "-e" "RUST_BACKTRACE=full" "-e" "RUSTFLAGS=--cap-lints=warn" "-e" "RUSTDOCFLAGS=--cap-lints=warn" "-e" "CARGO_HOME=/opt/rustwide/cargo-home" "-e" "RUSTUP_HOME=/opt/rustwide/rustup-home" "-w" "/opt/rustwide/workdir" "-m" "1610612736" "--user" "0:0" "--network" "none" "ghcr.io/rust-lang/crates-build-env/linux@sha256:2788e3201cd34a07e3172128adcd8b3090168a8e3bcc40d7c032b9dda1df7d1c" "/opt/rustwide/cargo-home/bin/cargo" "+beta-2023-12-22" "test" "--frozen", kill_on_drop: false }`
[INFO] [stdout] d8bb3e4d3dbe04d62fc8110ef8ff9ff35f83791471d7b7714e44b9028fa601df
[INFO] running `Command { std: "docker" "start" "-a" "d8bb3e4d3dbe04d62fc8110ef8ff9ff35f83791471d7b7714e44b9028fa601df", kill_on_drop: false }`
[INFO] [stderr]     Finished test [unoptimized + debuginfo] target(s) in 0.05s
[INFO] [stderr]      Running unittests src/lib.rs (/opt/rustwide/target/debug/deps/walleth-98ba758127b61827)
[INFO] [stdout] 
[INFO] [stdout] running 0 tests
[INFO] [stdout] 
[INFO] [stdout] test result: ok. 0 passed; 0 failed; 0 ignored; 0 measured; 0 filtered out; finished in 0.00s
[INFO] [stdout] 
[INFO] [stderr]      Running unittests src/main.rs (/opt/rustwide/target/debug/deps/walleth-ff09b0bd6a2ec311)
[INFO] [stderr]      Running tests/keychain.rs (/opt/rustwide/target/debug/deps/keychain-53e797ec8712f9ae)
[INFO] [stdout] 
[INFO] [stdout] running 0 tests
[INFO] [stdout] 
[INFO] [stdout] test result: ok. 0 passed; 0 failed; 0 ignored; 0 measured; 0 filtered out; finished in 0.00s
[INFO] [stdout] 
[INFO] [stdout] 
[INFO] [stdout] running 5 tests
[INFO] [stdout] test it_adds_the_same_key_given_the_same_mnemonic ... ok
[INFO] [stdout] test it_adds_a_new_account ... ok
[INFO] [stdout] test it_creates_new_vault_from_existing_mnemonic ... ok
[INFO] [stdout] test it_signs_a_message_with_use_signer_hook ... ok
[INFO] [stdout] test it_creates_new_vault ... ok
[INFO] [stdout] 
[INFO] [stdout] test result: ok. 5 passed; 0 failed; 0 ignored; 0 measured; 0 filtered out; finished in 0.15s
[INFO] [stdout] 
[INFO] [stderr]      Running tests/observable.rs (/opt/rustwide/target/debug/deps/observable-a3f72d6c022d16bf)
[INFO] [stdout] 
[INFO] [stdout] running 5 tests
[INFO] [stdout] test it_creates_emitter_store ... ok
[INFO] [stdout] test it_calls_subscriber_callback_everytime_when_setting_state ... ok
[INFO] [stdout] test it_sets_the_state ... ok
[INFO] [stdout] test it_calls_subscriber_callback_when_setting_state ... ok
[INFO] [stdout] test it_stops_calling_callback_after_unsubscribe ... ok
[INFO] [stdout] 
[INFO] [stdout] test result: ok. 5 passed; 0 failed; 0 ignored; 0 measured; 0 filtered out; finished in 0.00s
[INFO] [stdout] 
[INFO] [stderr]    Doc-tests walleth
[INFO] [stdout] 
[INFO] [stdout] running 45 tests
[INFO] [stdout] test src/account/keychain/keychain.rs - account::keychain::keychain::Keychain::use_signer (line 81) ... FAILED
[INFO] [stdout] test src/account/keychain/keychain.rs - account::keychain::keychain::Keychain::lock (line 114) ... FAILED
[INFO] [stdout] test src/account/keychain/account.rs - account::keychain::account::assert_is_valid_hex_address (line 26) ... FAILED
[INFO] [stdout] test src/account/signer/signer.rs - account::signer::signer::Signer::new (line 27) ... FAILED
[INFO] [stdout] test src/account/keychain/keychain.rs - account::keychain::keychain::Keychain::update (line 159) ... FAILED
[INFO] [stdout] test src/account/signer/signer.rs - account::signer::signer::get_secret_key_from_private_key (line 76) ... FAILED
[INFO] [stdout] test src/account/signer/signer.rs - account::signer::signer::parse_message_digest (line 59) ... FAILED
[INFO] [stdout] test src/account/signer/signer.rs - account::signer::signer::Signer::sign (line 43) ... FAILED
[INFO] [stdout] test src/account/signer/signer.rs - account::signer::signer::Signer (line 11) ... FAILED
[INFO] [stdout] test src/account/vault/vault.rs - account::vault::vault::Vault (line 13) ... FAILED
[INFO] [stdout] test src/account/vault/vault.rs - account::vault::vault::Vault::lock (line 156) ... FAILED
[INFO] [stdout] test src/account/vault/vault.rs - account::vault::vault::Vault::unlock (line 193) ... FAILED
[INFO] [stdout] test src/account/vault/vault.rs - account::vault::vault::Vault::use_signer (line 131) ... FAILED
[INFO] [stdout] test src/account/keychain/account.rs - account::keychain::account::remove0x (line 66) ... ok
[INFO] [stdout] test src/account/keychain/keychain.rs - account::keychain::keychain::Keychain::unsubscribe (line 199) ... ok
[INFO] [stdout] test src/account/keychain/keychain.rs - account::keychain::keychain::Keychain::get_state (line 144) ... ok
[INFO] [stdout] test src/account/keychain/keychain.rs - account::keychain::keychain::Keychain::add_account (line 61) ... ok
[INFO] [stdout] test src/account/keychain/keychain.rs - account::keychain::keychain::Keychain::unlock (line 128) ... ok
[INFO] [stdout] test src/account/keychain/account.rs - account::keychain::account::assert_is_hex (line 50) ... FAILED
[INFO] [stdout] test src/account/keychain/account.rs - account::keychain::account::add0x (line 85) ... ok
[INFO] [stdout] test src/account/vault/vault.rs - account::vault::vault::Vault::from_phrase (line 72) ... ok
[INFO] [stdout] test src/account/keychain/keychain.rs - account::keychain::keychain::Keychain::subscribe (line 179) ... ok
[INFO] [stdout] test src/utils/hdwallet/hdwallet.rs - utils::hdwallet::hdwallet::HDWallet::from_bytes (line 30) ... ok
[INFO] [stdout] test src/account/keychain/keychain.rs - account::keychain::keychain::Keychain::from_mnemonic (line 43) ... ok
[INFO] [stdout] test src/account/keychain/keychain.rs - account::keychain::keychain::Keychain::new (line 26) ... ok
[INFO] [stdout] test src/account/vault/vault.rs - account::vault::vault::Vault::new (line 54) ... ok
[INFO] [stdout] test src/account/vault/vault.rs - account::vault::vault::Vault::add_key (line 90) ... ok
[INFO] [stdout] test src/account/vault/vault.rs - account::vault::vault::Vault::pop_key (line 111) ... ok
[INFO] [stdout] test src/utils/hdwallet/hdwallet.rs - utils::hdwallet::hdwallet::HDWallet::from_mnemonic_str (line 45) ... ok
[INFO] [stdout] test src/utils/safe/safe.rs - utils::safe::safe::Safe (line 14) ... FAILED
[INFO] [stdout] test src/utils/safe/safe.rs - utils::safe::safe::Safe<T>::decrypt (line 65) ... FAILED
[INFO] [stdout] test src/utils/hdwallet/hdwallet.rs - utils::hdwallet::hdwallet::HDWallet::keypair_at_path (line 106) ... ok
[INFO] [stdout] test src/utils/safe/safe.rs - utils::safe::safe::Safe<T>::from_plain_bytes (line 39) ... FAILED
[INFO] [stdout] test src/utils/hdwallet/utils.rs - utils::hdwallet::utils::get_derivation_path (line 82) ... ok
[INFO] [stdout] test src/utils/observable/observable.rs - utils::observable::observable::Observable<S>::update (line 39) ... ok
[INFO] [stdout] test src/utils/hdwallet/hdwallet.rs - utils::hdwallet::hdwallet::HDWallet::private_key_at_path (line 62) ... ok
[INFO] [stdout] test src/utils/hdwallet/hdwallet.rs - utils::hdwallet::hdwallet::HDWallet::new (line 15) ... ok
[INFO] [stdout] test src/utils/hdwallet/hdwallet.rs - utils::hdwallet::hdwallet::HDWallet::to_bytes (line 128) ... ok
[INFO] [stdout] test src/utils/hdwallet/utils.rs - utils::hdwallet::utils::box_seed (line 34) ... ok
[INFO] [stdout] test src/utils/hdwallet/hdwallet.rs - utils::hdwallet::hdwallet::HDWallet::public_key_at_path (line 84) ... ok
[INFO] [stdout] test src/utils/safe/encryption_key.rs - utils::safe::encryption_key::EncryptionKey (line 11) ... ok
[INFO] [stdout] test src/utils/hdwallet/utils.rs - utils::hdwallet::utils::generate_boxed_seed_bytes (line 49) ... ok
[INFO] [stdout] test src/utils/hdwallet/utils.rs - utils::hdwallet::utils::parse_mnemonic (line 66) ... ok
[INFO] [stdout] test src/utils/hdwallet/utils.rs - utils::hdwallet::utils::generate_english_mnemonic (line 8) ... ok
[INFO] [stdout] test src/utils/hdwallet/utils.rs - utils::hdwallet::utils::generate_seed (line 21) ... ok
[INFO] [stdout] 
[INFO] [stdout] failures:
[INFO] [stdout] 
[INFO] [stdout] ---- src/account/keychain/keychain.rs - account::keychain::keychain::Keychain::use_signer (line 81) stdout ----
[INFO] [stdout] error: mismatched closing delimiter: `)`
[INFO] [stdout]   --> src/account/keychain/keychain.rs:82:95
[INFO] [stdout]    |
[INFO] [stdout] 4  | fn main() { #[allow(non_snake_case)] fn _doctest_main_src_account_keychain_keychain_rs_81_0() {
[INFO] [stdout]    |                                                                                               ^ unclosed delimiter
[INFO] [stdout] ...
[INFO] [stdout] 13 | })
[INFO] [stdout]    |  ^ mismatched closing delimiter
[INFO] [stdout] 
[INFO] [stdout] error: unexpected closing delimiter: `}`
[INFO] [stdout]   --> src/account/keychain/keychain.rs:92:57
[INFO] [stdout]    |
[INFO] [stdout] 13 | })
[INFO] [stdout]    |  - missing open `(` for this delimiter
[INFO] [stdout] 14 | } _doctest_main_src_account_keychain_keychain_rs_81_0() }
[INFO] [stdout]    |                                                         ^ unexpected closing delimiter
[INFO] [stdout] 
[INFO] [stdout] error: aborting due to 2 previous errors
[INFO] [stdout] 
[INFO] [stdout] Couldn't compile the test.
[INFO] [stdout] ---- src/account/keychain/keychain.rs - account::keychain::keychain::Keychain::lock (line 114) stdout ----
[INFO] [stdout] error[E0061]: this method takes 1 argument but 0 arguments were supplied
[INFO] [stdout]    --> src/account/keychain/keychain.rs:119:10
[INFO] [stdout]     |
[INFO] [stdout] 8   | keychain.lock();
[INFO] [stdout]     |          ^^^^-- an argument of type `&str` is missing
[INFO] [stdout]     |
[INFO] [stdout] note: method defined here
[INFO] [stdout]    --> /opt/rustwide/workdir/src/account/keychain/keychain.rs:120:9
[INFO] [stdout]     |
[INFO] [stdout] 120 |     pub fn lock(&mut self, password: &str) -> Result<(), String> {
[INFO] [stdout]     |            ^^^^
[INFO] [stdout] help: provide the argument
[INFO] [stdout]     |
[INFO] [stdout] 8   | keychain.lock(/* &str */);
[INFO] [stdout]     |              ~~~~~~~~~~~~
[INFO] [stdout] 
[INFO] [stdout] error: aborting due to 1 previous error
[INFO] [stdout] 
[INFO] [stdout] For more information about this error, try `rustc --explain E0061`.
[INFO] [stdout] Couldn't compile the test.
[INFO] [stdout] ---- src/account/keychain/account.rs - account::keychain::account::assert_is_valid_hex_address (line 26) stdout ----
[INFO] [stdout] error[E0432]: unresolved import `walleth::assert_is_valid_hex_address`
[INFO] [stdout]  --> src/account/keychain/account.rs:28:5
[INFO] [stdout]   |
[INFO] [stdout] 5 | use walleth::assert_is_valid_hex_address;
[INFO] [stdout]   |     ^^^^^^^^^^^^^^^^^^^^^^^^^^^^^^^^^^^^ no `assert_is_valid_hex_address` in the root
[INFO] [stdout] 
[INFO] [stdout] error: aborting due to 1 previous error
[INFO] [stdout] 
[INFO] [stdout] For more information about this error, try `rustc --explain E0432`.
[INFO] [stdout] Couldn't compile the test.
[INFO] [stdout] ---- src/account/signer/signer.rs - account::signer::signer::Signer::new (line 27) stdout ----
[INFO] [stdout] error[E0425]: cannot find value `private_key` in this scope
[INFO] [stdout]  --> src/account/signer/signer.rs:31:26
[INFO] [stdout]   |
[INFO] [stdout] 7 | let signer = Signer::new(private_key);
[INFO] [stdout]   |                          ^^^^^^^^^^^ not found in this scope
[INFO] [stdout] 
[INFO] [stdout] error: aborting due to 1 previous error
[INFO] [stdout] 
[INFO] [stdout] For more information about this error, try `rustc --explain E0425`.
[INFO] [stdout] Couldn't compile the test.
[INFO] [stdout] ---- src/account/keychain/keychain.rs - account::keychain::keychain::Keychain::update (line 159) stdout ----
[INFO] [stdout] error[E0433]: failed to resolve: use of undeclared type `Key`
[INFO] [stdout]   --> src/account/keychain/keychain.rs:166:22
[INFO] [stdout]    |
[INFO] [stdout] 10 |  state.accounts.push(Key::from_extended_public_key(&[0; 64]).unwrap());
[INFO] [stdout]    |                      ^^^ use of undeclared type `Key`
[INFO] [stdout]    |
[INFO] [stdout] help: consider importing one of these items
[INFO] [stdout]    |
[INFO] [stdout] 2  + use chacha20poly1305::Key;
[INFO] [stdout]    |
[INFO] [stdout] 2  + use std::thread::local_impl::Key;
[INFO] [stdout]    |
[INFO] [stdout] 
[INFO] [stdout] error: aborting due to 1 previous error
[INFO] [stdout] 
[INFO] [stdout] For more information about this error, try `rustc --explain E0433`.
[INFO] [stdout] Couldn't compile the test.
[INFO] [stdout] ---- src/account/signer/signer.rs - account::signer::signer::get_secret_key_from_private_key (line 76) stdout ----
[INFO] [stdout] error[E0432]: unresolved import `walleth::get_secret_key_from_private_key`
[INFO] [stdout]  --> src/account/signer/signer.rs:78:5
[INFO] [stdout]   |
[INFO] [stdout] 5 | use walleth::get_secret_key_from_private_key;
[INFO] [stdout]   |     ^^^^^^^^^^^^^^^^^^^^^^^^^^^^^^^^^^^^^^^^ no `get_secret_key_from_private_key` in the root
[INFO] [stdout] 
[INFO] [stdout] error[E0425]: cannot find value `private_key` in this scope
[INFO] [stdout]  --> src/account/signer/signer.rs:80:51
[INFO] [stdout]   |
[INFO] [stdout] 7 | let secret_key = get_secret_key_from_private_key(&private_key);
[INFO] [stdout]   |                                                   ^^^^^^^^^^^ not found in this scope
[INFO] [stdout] 
[INFO] [stdout] error: aborting due to 2 previous errors
[INFO] [stdout] 
[INFO] [stdout] Some errors have detailed explanations: E0425, E0432.
[INFO] [stdout] For more information about an error, try `rustc --explain E0425`.
[INFO] [stdout] Couldn't compile the test.
[INFO] [stdout] ---- src/account/signer/signer.rs - account::signer::signer::parse_message_digest (line 59) stdout ----
[INFO] [stdout] error[E0432]: unresolved import `walleth::signer::parse_message_digest`
[INFO] [stdout]  --> src/account/signer/signer.rs:61:5
[INFO] [stdout]   |
[INFO] [stdout] 5 | use walleth::signer::parse_message_digest;
[INFO] [stdout]   |     ^^^^^^^^^^^^^^^^^^^^^^^^^^^^^^^^^^^^^ no `parse_message_digest` in `account::signer`
[INFO] [stdout] 
[INFO] [stdout] error: aborting due to 1 previous error
[INFO] [stdout] 
[INFO] [stdout] For more information about this error, try `rustc --explain E0432`.
[INFO] [stdout] Couldn't compile the test.
[INFO] [stdout] ---- src/account/signer/signer.rs - account::signer::signer::Signer::sign (line 43) stdout ----
[INFO] [stdout] error[E0425]: cannot find value `private_key` in this scope
[INFO] [stdout]  --> src/account/signer/signer.rs:47:26
[INFO] [stdout]   |
[INFO] [stdout] 7 | let signer = Signer::new(private_key);
[INFO] [stdout]   |                          ^^^^^^^^^^^ not found in this scope
[INFO] [stdout] 
[INFO] [stdout] error[E0599]: no method named `sign` found for enum `Result` in the current scope
[INFO] [stdout]   --> src/account/signer/signer.rs:48:24
[INFO] [stdout]    |
[INFO] [stdout] 8  | let signature = signer.sign(&[0; 32]);
[INFO] [stdout]    |                        ^^^^ method not found in `Result<Signer, String>`
[INFO] [stdout]    |
[INFO] [stdout] note: the method `sign` exists on the type `Signer`
[INFO] [stdout]   --> /opt/rustwide/workdir/src/account/signer/signer.rs:49:2
[INFO] [stdout]    |
[INFO] [stdout] 49 |     pub fn sign(&self, signable: &Signable) -> Result<Signature, String> {
[INFO] [stdout]    |     ^^^^^^^^^^^^^^^^^^^^^^^^^^^^^^^^^^^^^^^^^^^^^^^^^^^^^^^^^^^^^^^^^^^^
[INFO] [stdout] help: consider using `Result::expect` to unwrap the `Signer` value, panicking if the value is a `Result::Err`
[INFO] [stdout]    |
[INFO] [stdout] 8  | let signature = signer.expect("REASON").sign(&[0; 32]);
[INFO] [stdout]    |                       +++++++++++++++++
[INFO] [stdout] 
[INFO] [stdout] error: aborting due to 2 previous errors
[INFO] [stdout] 
[INFO] [stdout] Some errors have detailed explanations: E0425, E0599.
[INFO] [stdout] For more information about an error, try `rustc --explain E0425`.
[INFO] [stdout] Couldn't compile the test.
[INFO] [stdout] ---- src/account/signer/signer.rs - account::signer::signer::Signer (line 11) stdout ----
[INFO] [stdout] error[E0425]: cannot find value `private_key` in this scope
[INFO] [stdout]  --> src/account/signer/signer.rs:15:26
[INFO] [stdout]   |
[INFO] [stdout] 7 | let signer = Signer::new(private_key);
[INFO] [stdout]   |                          ^^^^^^^^^^^ not found in this scope
[INFO] [stdout] 
[INFO] [stdout] error[E0599]: no method named `sign` found for enum `Result` in the current scope
[INFO] [stdout]   --> src/account/signer/signer.rs:16:24
[INFO] [stdout]    |
[INFO] [stdout] 8  | let signature = signer.sign(&[0; 32]);
[INFO] [stdout]    |                        ^^^^ method not found in `Result<Signer, String>`
[INFO] [stdout]    |
[INFO] [stdout] note: the method `sign` exists on the type `Signer`
[INFO] [stdout]   --> /opt/rustwide/workdir/src/account/signer/signer.rs:49:2
[INFO] [stdout]    |
[INFO] [stdout] 49 |     pub fn sign(&self, signable: &Signable) -> Result<Signature, String> {
[INFO] [stdout]    |     ^^^^^^^^^^^^^^^^^^^^^^^^^^^^^^^^^^^^^^^^^^^^^^^^^^^^^^^^^^^^^^^^^^^^
[INFO] [stdout] help: consider using `Result::expect` to unwrap the `Signer` value, panicking if the value is a `Result::Err`
[INFO] [stdout]    |
[INFO] [stdout] 8  | let signature = signer.expect("REASON").sign(&[0; 32]);
[INFO] [stdout]    |                       +++++++++++++++++
[INFO] [stdout] 
[INFO] [stdout] error: aborting due to 2 previous errors
[INFO] [stdout] 
[INFO] [stdout] Some errors have detailed explanations: E0425, E0599.
[INFO] [stdout] For more information about an error, try `rustc --explain E0425`.
[INFO] [stdout] Couldn't compile the test.
[INFO] [stdout] ---- src/account/vault/vault.rs - account::vault::vault::Vault (line 13) stdout ----
[INFO] [stdout] error[E0308]: mismatched types
[INFO] [stdout]   --> src/account/vault/vault.rs:32:14
[INFO] [stdout]    |
[INFO] [stdout] 22 |  signer.sign(&[0; 32])
[INFO] [stdout]    |         ---- ^^^^^^^^ expected `&Signable`, found `&[{integer}; 32]`
[INFO] [stdout]    |         |
[INFO] [stdout]    |         arguments to this method are incorrect
[INFO] [stdout]    |
[INFO] [stdout]    = note: expected reference `&Signable`
[INFO] [stdout]               found reference `&[{integer}; 32]`
[INFO] [stdout] note: method defined here
[INFO] [stdout]   --> /opt/rustwide/workdir/src/account/signer/signer.rs:49:9
[INFO] [stdout]    |
[INFO] [stdout] 49 |     pub fn sign(&self, signable: &Signable) -> Result<Signature, String> {
[INFO] [stdout]    |            ^^^^
[INFO] [stdout] 
[INFO] [stdout] error: aborting due to 1 previous error
[INFO] [stdout] 
[INFO] [stdout] For more information about this error, try `rustc --explain E0308`.
[INFO] [stdout] Couldn't compile the test.
[INFO] [stdout] ---- src/account/vault/vault.rs - account::vault::vault::Vault::lock (line 156) stdout ----
[INFO] [stdout] error[E0061]: this method takes 1 argument but 0 arguments were supplied
[INFO] [stdout]    --> src/account/vault/vault.rs:161:7
[INFO] [stdout]     |
[INFO] [stdout] 8   | vault.lock();
[INFO] [stdout]     |       ^^^^-- an argument of type `&[u8]` is missing
[INFO] [stdout]     |
[INFO] [stdout] note: method defined here
[INFO] [stdout]    --> /opt/rustwide/workdir/src/account/vault/vault.rs:162:9
[INFO] [stdout]     |
[INFO] [stdout] 162 |     pub fn lock(&mut self, password: &[u8]) -> Result<(), String> {
[INFO] [stdout]     |            ^^^^
[INFO] [stdout] help: provide the argument
[INFO] [stdout]     |
[INFO] [stdout] 8   | vault.lock(/* &[u8] */);
[INFO] [stdout]     |           ~~~~~~~~~~~~~
[INFO] [stdout] 
[INFO] [stdout] error: aborting due to 1 previous error
[INFO] [stdout] 
[INFO] [stdout] For more information about this error, try `rustc --explain E0061`.
[INFO] [stdout] Couldn't compile the test.
[INFO] [stdout] ---- src/account/vault/vault.rs - account::vault::vault::Vault::unlock (line 193) stdout ----
[INFO] [stdout] error[E0616]: field `private_keys` of struct `Vault` is private
[INFO] [stdout]   --> src/account/vault/vault.rs:204:18
[INFO] [stdout]    |
[INFO] [stdout] 14 | assert_eq!(vault.private_keys.len(), 1);
[INFO] [stdout]    |                  ^^^^^^^^^^^^ private field
[INFO] [stdout] 
[INFO] [stdout] error: aborting due to 1 previous error
[INFO] [stdout] 
[INFO] [stdout] For more information about this error, try `rustc --explain E0616`.
[INFO] [stdout] Couldn't compile the test.
[INFO] [stdout] ---- src/account/vault/vault.rs - account::vault::vault::Vault::use_signer (line 131) stdout ----
[INFO] [stdout] error[E0308]: mismatched types
[INFO] [stdout]   --> src/account/vault/vault.rs:137:14
[INFO] [stdout]    |
[INFO] [stdout] 9  |  signer.sign(&[0; 32])
[INFO] [stdout]    |         ---- ^^^^^^^^ expected `&Signable`, found `&[{integer}; 32]`
[INFO] [stdout]    |         |
[INFO] [stdout]    |         arguments to this method are incorrect
[INFO] [stdout]    |
[INFO] [stdout]    = note: expected reference `&Signable`
[INFO] [stdout]               found reference `&[{integer}; 32]`
[INFO] [stdout] note: method defined here
[INFO] [stdout]   --> /opt/rustwide/workdir/src/account/signer/signer.rs:49:9
[INFO] [stdout]    |
[INFO] [stdout] 49 |     pub fn sign(&self, signable: &Signable) -> Result<Signature, String> {
[INFO] [stdout]    |            ^^^^
[INFO] [stdout] 
[INFO] [stdout] error: aborting due to 1 previous error
[INFO] [stdout] 
[INFO] [stdout] For more information about this error, try `rustc --explain E0308`.
[INFO] [stdout] Couldn't compile the test.
[INFO] [stdout] ---- src/account/keychain/account.rs - account::keychain::account::assert_is_hex (line 50) stdout ----
[INFO] [stdout] Test executable failed (exit status: 101).
[INFO] [stdout] 
[INFO] [stdout] stderr:
[INFO] [stdout] thread 'main' panicked at src/account/keychain/account.rs:7:1:
[INFO] [stdout] assertion `left == right` failed
[INFO] [stdout]   left: false
[INFO] [stdout]  right: true
[INFO] [stdout] stack backtrace:
[INFO] [stdout]    0:     0x561dab779e26 - std::backtrace_rs::backtrace::libunwind::trace::h261606ad26a499c1
[INFO] [stdout]                                at /rustc/0e09125c6c3c2fd70d7de961bcf0e51575235fad/library/std/src/../../backtrace/src/backtrace/libunwind.rs:104:5
[INFO] [stdout]    1:     0x561dab779e26 - std::backtrace_rs::backtrace::trace_unsynchronized::hd183f0625477fb28
[INFO] [stdout]                                at /rustc/0e09125c6c3c2fd70d7de961bcf0e51575235fad/library/std/src/../../backtrace/src/backtrace/mod.rs:66:5
[INFO] [stdout]    2:     0x561dab779e26 - std::sys_common::backtrace::_print_fmt::hd7f8fef21b4eda67
[INFO] [stdout]                                at /rustc/0e09125c6c3c2fd70d7de961bcf0e51575235fad/library/std/src/sys_common/backtrace.rs:68:5
[INFO] [stdout]    3:     0x561dab779e26 - <std::sys_common::backtrace::_print::DisplayBacktrace as core::fmt::Display>::fmt::h623d9b51f2f453f1
[INFO] [stdout]                                at /rustc/0e09125c6c3c2fd70d7de961bcf0e51575235fad/library/std/src/sys_common/backtrace.rs:44:22
[INFO] [stdout]    4:     0x561dab798850 - core::fmt::rt::Argument::fmt::h9f417ac76a86f368
[INFO] [stdout]                                at /rustc/0e09125c6c3c2fd70d7de961bcf0e51575235fad/library/core/src/fmt/rt.rs:142:9
[INFO] [stdout]    5:     0x561dab798850 - core::fmt::write::hc9b6faf4ac2aeff7
[INFO] [stdout]                                at /rustc/0e09125c6c3c2fd70d7de961bcf0e51575235fad/library/core/src/fmt/mod.rs:1120:17
[INFO] [stdout]    6:     0x561dab7782df - std::io::Write::write_fmt::hfead1eee52c2e65e
[INFO] [stdout]                                at /rustc/0e09125c6c3c2fd70d7de961bcf0e51575235fad/library/std/src/io/mod.rs:1810:15
[INFO] [stdout]    7:     0x561dab779c04 - std::sys_common::backtrace::_print::hd5d66399c7df88a2
[INFO] [stdout]                                at /rustc/0e09125c6c3c2fd70d7de961bcf0e51575235fad/library/std/src/sys_common/backtrace.rs:47:5
[INFO] [stdout]    8:     0x561dab779c04 - std::sys_common::backtrace::print::he81ed2da642d37e5
[INFO] [stdout]                                at /rustc/0e09125c6c3c2fd70d7de961bcf0e51575235fad/library/std/src/sys_common/backtrace.rs:34:9
[INFO] [stdout]    9:     0x561dab77b167 - std::panicking::default_hook::{{closure}}::h85773f4fa117163d
[INFO] [stdout]   10:     0x561dab77aec9 - std::panicking::default_hook::h6a1694a91d09b278
[INFO] [stdout]                                at /rustc/0e09125c6c3c2fd70d7de961bcf0e51575235fad/library/std/src/panicking.rs:292:9
[INFO] [stdout]   11:     0x561dab77b5f8 - std::panicking::rust_panic_with_hook::h0a7ad96e90f7145b
[INFO] [stdout]                                at /rustc/0e09125c6c3c2fd70d7de961bcf0e51575235fad/library/std/src/panicking.rs:779:13
[INFO] [stdout]   12:     0x561dab77b4d2 - std::panicking::begin_panic_handler::{{closure}}::h7919090525c6485e
[INFO] [stdout]                                at /rustc/0e09125c6c3c2fd70d7de961bcf0e51575235fad/library/std/src/panicking.rs:657:13
[INFO] [stdout]   13:     0x561dab77a326 - std::sys_common::backtrace::__rust_end_short_backtrace::hf3289479464f7dfe
[INFO] [stdout]                                at /rustc/0e09125c6c3c2fd70d7de961bcf0e51575235fad/library/std/src/sys_common/backtrace.rs:171:18
[INFO] [stdout]   14:     0x561dab77b230 - rust_begin_unwind
[INFO] [stdout]                                at /rustc/0e09125c6c3c2fd70d7de961bcf0e51575235fad/library/std/src/panicking.rs:645:5
[INFO] [stdout]   15:     0x561dab759e05 - core::panicking::panic_fmt::hcc9f77c5c132af55
[INFO] [stdout]                                at /rustc/0e09125c6c3c2fd70d7de961bcf0e51575235fad/library/core/src/panicking.rs:72:14
[INFO] [stdout]   16:     0x561dab75a10b - core::panicking::assert_failed_inner::h9f13e27dd63c3a08
[INFO] [stdout]                                at /rustc/0e09125c6c3c2fd70d7de961bcf0e51575235fad/library/core/src/panicking.rs:342:17
[INFO] [stdout]   17:     0x561dab75a7ba - ripemd::c160::compress::h1ec121ed6182e80f
[INFO] [stdout]                                at /opt/rustwide/cargo-home/registry/src/index.crates.io-6f17d22bba15001f/ripemd-0.1.3/src/c160.rs:119:5
[INFO] [stdout]   18:     0x561dab75a8a5 - ripemd::c160::compress::h1ec121ed6182e80f
[INFO] [stdout]                                at /rustc/0e09125c6c3c2fd70d7de961bcf0e51575235fad/library/core/src/num/uint_macros.rs:1189:13
[INFO] [stdout]   19:     0x561dab75a7d6 - ripemd::c160::compress::h1ec121ed6182e80f
[INFO] [stdout]                                at /opt/rustwide/cargo-home/registry/src/index.crates.io-6f17d22bba15001f/ripemd-0.1.3/src/c160.rs:119:5
[INFO] [stdout]   20:     0x561dab75a6a3 - ripemd::c160::compress::h1ec121ed6182e80f
[INFO] [stdout]                                at /opt/rustwide/cargo-home/registry/src/index.crates.io-6f17d22bba15001f/ripemd-0.1.3/src/c160.rs:119:5
[INFO] [stdout]   21:     0x561dab75a606 - ripemd::c160::compress::h1ec121ed6182e80f
[INFO] [stdout]                                at /rustc/0e09125c6c3c2fd70d7de961bcf0e51575235fad/library/core/src/num/uint_macros.rs:1189:13
[INFO] [stdout]   22:     0x561dab75a659 - ripemd::c160::compress::h1ec121ed6182e80f
[INFO] [stdout]                                at /opt/rustwide/cargo-home/registry/src/index.crates.io-6f17d22bba15001f/ripemd-0.1.3/src/c160.rs:119:5
[INFO] [stdout]   23:     0x561dab776221 - core::ops::function::impls::<impl core::ops::function::FnOnce<A> for &F>::call_once::h4eb4c5e1620f29b0
[INFO] [stdout]                                at /rustc/0e09125c6c3c2fd70d7de961bcf0e51575235fad/library/core/src/ops/function.rs:284:13
[INFO] [stdout]   24:     0x561dab776221 - std::panicking::try::do_call::h73fd26535faffcdf
[INFO] [stdout]                                at /rustc/0e09125c6c3c2fd70d7de961bcf0e51575235fad/library/std/src/panicking.rs:552:40
[INFO] [stdout]   25:     0x561dab776221 - std::panicking::try::h77ff1d98f0fb9f39
[INFO] [stdout]                                at /rustc/0e09125c6c3c2fd70d7de961bcf0e51575235fad/library/std/src/panicking.rs:516:19
[INFO] [stdout]   26:     0x561dab776221 - std::panic::catch_unwind::hab3caf2448b95e37
[INFO] [stdout]                                at /rustc/0e09125c6c3c2fd70d7de961bcf0e51575235fad/library/std/src/panic.rs:142:14
[INFO] [stdout]   27:     0x561dab776221 - std::rt::lang_start_internal::{{closure}}::h8086711f9c783f78
[INFO] [stdout]                                at /rustc/0e09125c6c3c2fd70d7de961bcf0e51575235fad/library/std/src/rt.rs:148:48
[INFO] [stdout]   28:     0x561dab776221 - std::panicking::try::do_call::hf920d4dc291cd6ca
[INFO] [stdout]                                at /rustc/0e09125c6c3c2fd70d7de961bcf0e51575235fad/library/std/src/panicking.rs:552:40
[INFO] [stdout]   29:     0x561dab776221 - std::panicking::try::h2b806ccc0a85db74
[INFO] [stdout]                                at /rustc/0e09125c6c3c2fd70d7de961bcf0e51575235fad/library/std/src/panicking.rs:516:19
[INFO] [stdout]   30:     0x561dab776221 - std::panic::catch_unwind::h038489539c507df2
[INFO] [stdout]                                at /rustc/0e09125c6c3c2fd70d7de961bcf0e51575235fad/library/std/src/panic.rs:142:14
[INFO] [stdout]   31:     0x561dab776221 - std::rt::lang_start_internal::h28503b88912e8a5c
[INFO] [stdout]                                at /rustc/0e09125c6c3c2fd70d7de961bcf0e51575235fad/library/std/src/rt.rs:148:20
[INFO] [stdout]   32:     0x561dab75a637 - ripemd::c160::compress::h1ec121ed6182e80f
[INFO] [stdout]                                at /rustc/0e09125c6c3c2fd70d7de961bcf0e51575235fad/library/core/src/num/uint_macros.rs:235:13
[INFO] [stdout]   33:     0x561dab75a8f5 - ripemd::c160::compress::h1ec121ed6182e80f
[INFO] [stdout]                                at /opt/rustwide/cargo-home/registry/src/index.crates.io-6f17d22bba15001f/ripemd-0.1.3/src/c160.rs:119:5
[INFO] [stdout]   34:     0x7f50118c8d90 - <unknown>
[INFO] [stdout]   35:     0x7f50118c8e40 - __libc_start_main
[INFO] [stdout]   36:     0x561dab75a535 - ripemd::c160::compress::h1ec121ed6182e80f
[INFO] [stdout]                                at /opt/rustwide/cargo-home/registry/src/index.crates.io-6f17d22bba15001f/ripemd-0.1.3/src/c160.rs:119:5
[INFO] [stdout]   37:                0x0 - <unknown>
[INFO] [stdout] 
[INFO] [stdout] 
[INFO] [stdout] ---- src/utils/safe/safe.rs - utils::safe::safe::Safe (line 14) stdout ----
[INFO] [stdout] error[E0599]: no function or associated item named `new` found for struct `Safe` in the current scope
[INFO] [stdout]   --> src/utils/safe/safe.rs:18:18
[INFO] [stdout]    |
[INFO] [stdout] 7  | let safe = Safe::new("metadata", &[0, 1, 2, 3]);
[INFO] [stdout]    |                  ^^^ function or associated item not found in `Safe<_>`
[INFO] [stdout]    |
[INFO] [stdout] note: if you're trying to build a new `Safe<_>`, consider using `Safe::<T>::from_plain_bytes` which returns `Result<Safe<T>, String>`
[INFO] [stdout]   --> /opt/rustwide/workdir/src/utils/safe/safe.rs:47:2
[INFO] [stdout]    |
[INFO] [stdout] 47 | /     pub fn from_plain_bytes(
[INFO] [stdout] 48 | |         metadata: T,
[INFO] [stdout] 49 | |         key: &CipherKey,
[INFO] [stdout] 50 | |         plain_bytes: &[u8],
[INFO] [stdout] 51 | |     ) -> Result<Self, String> {
[INFO] [stdout]    | |_____________________________^
[INFO] [stdout] 
[INFO] [stdout] error[E0308]: mismatched types
[INFO] [stdout]   --> src/utils/safe/safe.rs:23:47
[INFO] [stdout]    |
[INFO] [stdout] 12 | let safe = Safe::from_plain_bytes("metadata", &[0, 32], &[0, 1, 2, 3, 4]).unwrap();
[INFO] [stdout]    |            ----------------------             ^^^^^^^^ expected an array with a fixed size of 32 elements, found one with 2 elements
[INFO] [stdout]    |            |
[INFO] [stdout]    |            arguments to this function are incorrect
[INFO] [stdout]    |
[INFO] [stdout] note: associated function defined here
[INFO] [stdout]   --> /opt/rustwide/workdir/src/utils/safe/safe.rs:47:9
[INFO] [stdout]    |
[INFO] [stdout] 47 |     pub fn from_plain_bytes(
[INFO] [stdout]    |            ^^^^^^^^^^^^^^^^
[INFO] [stdout] 
[INFO] [stdout] error: aborting due to 2 previous errors
[INFO] [stdout] 
[INFO] [stdout] Some errors have detailed explanations: E0308, E0599.
[INFO] [stdout] For more information about an error, try `rustc --explain E0308`.
[INFO] [stdout] Couldn't compile the test.
[INFO] [stdout] ---- src/utils/safe/safe.rs - utils::safe::safe::Safe<T>::decrypt (line 65) stdout ----
[INFO] [stdout] error[E0432]: unresolved import `walleth::Cipher`
[INFO] [stdout]  --> src/utils/safe/safe.rs:67:21
[INFO] [stdout]   |
[INFO] [stdout] 5 | use walleth::{Safe, Cipher};
[INFO] [stdout]   |                     ^^^^^^
[INFO] [stdout]   |                     |
[INFO] [stdout]   |                     no `Cipher` in the root
[INFO] [stdout]   |                     help: a similar name exists in the module (notice the capitalization): `cipher`
[INFO] [stdout] 
[INFO] [stdout] error[E0308]: mismatched types
[INFO] [stdout]   --> src/utils/safe/safe.rs:69:47
[INFO] [stdout]    |
[INFO] [stdout] 7  | let safe = Safe::from_plain_bytes("metadata", &[0, 32], &[0, 1, 2, 3, 4]).unwrap();
[INFO] [stdout]    |            ----------------------             ^^^^^^^^ expected an array with a fixed size of 32 elements, found one with 2 elements
[INFO] [stdout]    |            |
[INFO] [stdout]    |            arguments to this function are incorrect
[INFO] [stdout]    |
[INFO] [stdout] note: associated function defined here
[INFO] [stdout]   --> /opt/rustwide/workdir/src/utils/safe/safe.rs:47:9
[INFO] [stdout]    |
[INFO] [stdout] 47 |     pub fn from_plain_bytes(
[INFO] [stdout]    |            ^^^^^^^^^^^^^^^^
[INFO] [stdout] 
[INFO] [stdout] error[E0308]: mismatched types
[INFO] [stdout]   --> src/utils/safe/safe.rs:71:36
[INFO] [stdout]    |
[INFO] [stdout] 9  | let decrypted_bytes = safe.decrypt(&[0, 32]).unwrap();
[INFO] [stdout]    |                            ------- ^^^^^^^^ expected an array with a fixed size of 32 elements, found one with 2 elements
[INFO] [stdout]    |                            |
[INFO] [stdout]    |                            arguments to this method are incorrect
[INFO] [stdout]    |
[INFO] [stdout] note: method defined here
[INFO] [stdout]   --> /opt/rustwide/workdir/src/utils/safe/safe.rs:72:9
[INFO] [stdout]    |
[INFO] [stdout] 72 |     pub fn decrypt(&self, key: &CipherKey) -> Result<Vec<u8>, String>    {
[INFO] [stdout]    |            ^^^^^^^
[INFO] [stdout] 
[INFO] [stdout] error: aborting due to 3 previous errors
[INFO] [stdout] 
[INFO] [stdout] Some errors have detailed explanations: E0308, E0432.
[INFO] [stdout] For more information about an error, try `rustc --explain E0308`.
[INFO] [stdout] Couldn't compile the test.
[INFO] [stdout] ---- src/utils/safe/safe.rs - utils::safe::safe::Safe<T>::from_plain_bytes (line 39) stdout ----
[INFO] [stdout] error[E0432]: unresolved import `walleth::Cipher`
[INFO] [stdout]  --> src/utils/safe/safe.rs:41:21
[INFO] [stdout]   |
[INFO] [stdout] 5 | use walleth::{Safe, Cipher};
[INFO] [stdout]   |                     ^^^^^^
[INFO] [stdout]   |                     |
[INFO] [stdout]   |                     no `Cipher` in the root
[INFO] [stdout]   |                     help: a similar name exists in the module (notice the capitalization): `cipher`
[INFO] [stdout] 
[INFO] [stdout] error[E0308]: mismatched types
[INFO] [stdout]   --> src/utils/safe/safe.rs:43:47
[INFO] [stdout]    |
[INFO] [stdout] 7  | let safe = Safe::from_plain_bytes("metadata", &[0, 32], &[0, 1, 2, 3, 4]).unwrap();
[INFO] [stdout]    |            ----------------------             ^^^^^^^^ expected an array with a fixed size of 32 elements, found one with 2 elements
[INFO] [stdout]    |            |
[INFO] [stdout]    |            arguments to this function are incorrect
[INFO] [stdout]    |
[INFO] [stdout] note: associated function defined here
[INFO] [stdout]   --> /opt/rustwide/workdir/src/utils/safe/safe.rs:47:9
[INFO] [stdout]    |
[INFO] [stdout] 47 |     pub fn from_plain_bytes(
[INFO] [stdout]    |            ^^^^^^^^^^^^^^^^
[INFO] [stdout] 
[INFO] [stdout] error: aborting due to 2 previous errors
[INFO] [stdout] 
[INFO] [stdout] Some errors have detailed explanations: E0308, E0432.
[INFO] [stdout] For more information about an error, try `rustc --explain E0308`.
[INFO] [stdout] Couldn't compile the test.
[INFO] [stdout] 
[INFO] [stdout] failures:
[INFO] [stdout]     src/account/keychain/account.rs - account::keychain::account::assert_is_hex (line 50)
[INFO] [stdout]     src/account/keychain/account.rs - account::keychain::account::assert_is_valid_hex_address (line 26)
[INFO] [stdout]     src/account/keychain/keychain.rs - account::keychain::keychain::Keychain::lock (line 114)
[INFO] [stdout]     src/account/keychain/keychain.rs - account::keychain::keychain::Keychain::update (line 159)
[INFO] [stdout]     src/account/keychain/keychain.rs - account::keychain::keychain::Keychain::use_signer (line 81)
[INFO] [stdout]     src/account/signer/signer.rs - account::signer::signer::Signer (line 11)
[INFO] [stdout]     src/account/signer/signer.rs - account::signer::signer::Signer::new (line 27)
[INFO] [stdout]     src/account/signer/signer.rs - account::signer::signer::Signer::sign (line 43)
[INFO] [stdout]     src/account/signer/signer.rs - account::signer::signer::get_secret_key_from_private_key (line 76)
[INFO] [stdout]     src/account/signer/signer.rs - account::signer::signer::parse_message_digest (line 59)
[INFO] [stdout]     src/account/vault/vault.rs - account::vault::vault::Vault (line 13)
[INFO] [stdout]     src/account/vault/vault.rs - account::vault::vault::Vault::lock (line 156)
[INFO] [stdout]     src/account/vault/vault.rs - account::vault::vault::Vault::unlock (line 193)
[INFO] [stdout]     src/account/vault/vault.rs - account::vault::vault::Vault::use_signer (line 131)
[INFO] [stdout]     src/utils/safe/safe.rs - utils::safe::safe::Safe (line 14)
[INFO] [stdout]     src/utils/safe/safe.rs - utils::safe::safe::Safe<T>::decrypt (line 65)
[INFO] [stdout]     src/utils/safe/safe.rs - utils::safe::safe::Safe<T>::from_plain_bytes (line 39)
[INFO] [stdout] 
[INFO] [stdout] test result: FAILED. 28 passed; 17 failed; 0 ignored; 0 measured; 0 filtered out; finished in 3.31s
[INFO] [stdout] 
[INFO] [stderr] error: doctest failed, to rerun pass `--doc`
[INFO] running `Command { std: "docker" "inspect" "d8bb3e4d3dbe04d62fc8110ef8ff9ff35f83791471d7b7714e44b9028fa601df", kill_on_drop: false }`
[INFO] running `Command { std: "docker" "rm" "-f" "d8bb3e4d3dbe04d62fc8110ef8ff9ff35f83791471d7b7714e44b9028fa601df", kill_on_drop: false }`
[INFO] [stdout] d8bb3e4d3dbe04d62fc8110ef8ff9ff35f83791471d7b7714e44b9028fa601df
