[INFO] fetching crate waffles-solana-program 1.16.0-alpha.11...
[INFO] testing waffles-solana-program-1.16.0-alpha.11 against 1.75.0 for beta-1.76-1
[INFO] extracting crate waffles-solana-program 1.16.0-alpha.11 into /workspace/builds/worker-1-tc1/source
[INFO] validating manifest of crates.io crate waffles-solana-program 1.16.0-alpha.11 on toolchain 1.75.0
[INFO] running `Command { std: CARGO_HOME="/workspace/cargo-home" RUSTUP_HOME="/workspace/rustup-home" "/workspace/cargo-home/bin/cargo" "+1.75.0" "metadata" "--manifest-path" "Cargo.toml" "--no-deps", kill_on_drop: false }`
[INFO] started tweaking crates.io crate waffles-solana-program 1.16.0-alpha.11
[INFO] finished tweaking crates.io crate waffles-solana-program 1.16.0-alpha.11
[INFO] tweaked toml for crates.io crate waffles-solana-program 1.16.0-alpha.11 written to /workspace/builds/worker-1-tc1/source/Cargo.toml
[INFO] running `Command { std: CARGO_HOME="/workspace/cargo-home" RUSTUP_HOME="/workspace/rustup-home" "/workspace/cargo-home/bin/cargo" "+1.75.0" "generate-lockfile" "--manifest-path" "Cargo.toml", kill_on_drop: false }`
[INFO] [stderr]     Updating crates.io index
[INFO] running `Command { std: CARGO_HOME="/workspace/cargo-home" RUSTUP_HOME="/workspace/rustup-home" "/workspace/cargo-home/bin/cargo" "+1.75.0" "fetch" "--manifest-path" "Cargo.toml", kill_on_drop: false }`
[INFO] [stderr]  Downloading crates ...
[INFO] [stderr]   Downloaded waffles-solana-frozen-abi-macro v1.16.0-alpha.10
[INFO] [stderr]   Downloaded ark-ec v0.3.0
[INFO] [stderr]   Downloaded ark-bn254 v0.3.0
[INFO] [stderr]   Downloaded ark-ff-asm v0.3.0
[INFO] [stderr]   Downloaded waffles-solana-logger v1.16.0-alpha.10
[INFO] [stderr]   Downloaded ark-serialize v0.3.0
[INFO] [stderr]   Downloaded waffles-solana-sdk-macro v1.16.0-alpha.10
[INFO] [stderr]   Downloaded ark-ff-macros v0.3.0
[INFO] [stderr]   Downloaded ark-ff v0.3.0
[INFO] [stderr]   Downloaded waffles-solana-frozen-abi v1.16.0-alpha.10
[INFO] running `Command { std: "docker" "create" "-v" "/var/lib/crater-agent-workspace/builds/worker-1-tc1/target:/opt/rustwide/target:rw,Z" "-v" "/var/lib/crater-agent-workspace/builds/worker-1-tc1/source:/opt/rustwide/workdir:ro,Z" "-v" "/var/lib/crater-agent-workspace/cargo-home:/opt/rustwide/cargo-home:ro,Z" "-v" "/var/lib/crater-agent-workspace/rustup-home:/opt/rustwide/rustup-home:ro,Z" "-e" "SOURCE_DIR=/opt/rustwide/workdir" "-e" "CARGO_TARGET_DIR=/opt/rustwide/target" "-e" "CARGO_HOME=/opt/rustwide/cargo-home" "-e" "RUSTUP_HOME=/opt/rustwide/rustup-home" "-w" "/opt/rustwide/workdir" "-m" "1610612736" "--user" "0:0" "--network" "none" "ghcr.io/rust-lang/crates-build-env/linux@sha256:2788e3201cd34a07e3172128adcd8b3090168a8e3bcc40d7c032b9dda1df7d1c" "/opt/rustwide/cargo-home/bin/cargo" "+1.75.0" "metadata" "--no-deps" "--format-version=1", kill_on_drop: false }`
[INFO] [stdout] 9bd4fd2dd2cc4a5fec137ee9ace30a3f8d948eb42cbb262801205f17ea46be24
[INFO] running `Command { std: "docker" "start" "-a" "9bd4fd2dd2cc4a5fec137ee9ace30a3f8d948eb42cbb262801205f17ea46be24", kill_on_drop: false }`
[INFO] running `Command { std: "docker" "inspect" "9bd4fd2dd2cc4a5fec137ee9ace30a3f8d948eb42cbb262801205f17ea46be24", kill_on_drop: false }`
[INFO] running `Command { std: "docker" "rm" "-f" "9bd4fd2dd2cc4a5fec137ee9ace30a3f8d948eb42cbb262801205f17ea46be24", kill_on_drop: false }`
[INFO] [stdout] 9bd4fd2dd2cc4a5fec137ee9ace30a3f8d948eb42cbb262801205f17ea46be24
[INFO] running `Command { std: "docker" "create" "-v" "/var/lib/crater-agent-workspace/builds/worker-1-tc1/target:/opt/rustwide/target:rw,Z" "-v" "/var/lib/crater-agent-workspace/builds/worker-1-tc1/source:/opt/rustwide/workdir:ro,Z" "-v" "/var/lib/crater-agent-workspace/cargo-home:/opt/rustwide/cargo-home:ro,Z" "-v" "/var/lib/crater-agent-workspace/rustup-home:/opt/rustwide/rustup-home:ro,Z" "-e" "SOURCE_DIR=/opt/rustwide/workdir" "-e" "CARGO_TARGET_DIR=/opt/rustwide/target" "-e" "CARGO_INCREMENTAL=0" "-e" "RUST_BACKTRACE=full" "-e" "RUSTFLAGS=--cap-lints=warn" "-e" "RUSTDOCFLAGS=--cap-lints=warn" "-e" "CARGO_HOME=/opt/rustwide/cargo-home" "-e" "RUSTUP_HOME=/opt/rustwide/rustup-home" "-w" "/opt/rustwide/workdir" "-m" "1610612736" "--user" "0:0" "--network" "none" "ghcr.io/rust-lang/crates-build-env/linux@sha256:2788e3201cd34a07e3172128adcd8b3090168a8e3bcc40d7c032b9dda1df7d1c" "/opt/rustwide/cargo-home/bin/cargo" "+1.75.0" "build" "--frozen" "--message-format=json", kill_on_drop: false }`
[INFO] [stdout] 24935b3dc7d9354e67f13954d26ff18140010e3fd05604e04fa2bdac181b0d73
[INFO] running `Command { std: "docker" "start" "-a" "24935b3dc7d9354e67f13954d26ff18140010e3fd05604e04fa2bdac181b0d73", kill_on_drop: false }`
[INFO] [stderr]    Compiling serde v1.0.194
[INFO] [stderr]    Compiling libc v0.2.151
[INFO] [stderr]    Compiling generic-array v0.14.7
[INFO] [stderr]    Compiling syn v1.0.109
[INFO] [stderr]    Compiling subtle v2.5.0
[INFO] [stderr]    Compiling syn v2.0.48
[INFO] [stderr]    Compiling semver v1.0.21
[INFO] [stderr]    Compiling num-traits v0.2.17
[INFO] [stderr]    Compiling memchr v2.7.1
[INFO] [stderr]    Compiling crunchy v0.2.2
[INFO] [stderr]    Compiling getrandom v0.1.16
[INFO] [stderr]    Compiling ucd-trie v0.1.6
[INFO] [stderr]    Compiling rustc_version v0.4.0
[INFO] [stderr]    Compiling crossbeam-utils v0.8.18
[INFO] [stderr]    Compiling jobserver v0.1.27
[INFO] [stderr]    Compiling num-integer v0.1.45
[INFO] [stderr]    Compiling digest v0.9.0
[INFO] [stderr]    Compiling cc v1.0.83
[INFO] [stderr]    Compiling getrandom v0.2.11
[INFO] [stderr]    Compiling rand_core v0.6.4
[INFO] [stderr]    Compiling rand_chacha v0.3.1
[INFO] [stderr]    Compiling ahash v0.7.7
[INFO] [stderr]    Compiling num-bigint v0.4.4
[INFO] [stderr]    Compiling wasm-bindgen-shared v0.2.89
[INFO] [stderr]    Compiling libsecp256k1-core v0.2.2
[INFO] [stderr]    Compiling crossbeam-epoch v0.9.17
[INFO] [stderr]    Compiling rand v0.8.5
[INFO] [stderr]    Compiling rand_core v0.5.1
[INFO] [stderr]    Compiling paste v1.0.14
[INFO] [stderr]    Compiling block-padding v0.2.1
[INFO] [stderr]    Compiling rayon-core v1.12.0
[INFO] [stderr]    Compiling ark-std v0.3.0
[INFO] [stderr]    Compiling crossbeam-deque v0.8.4
[INFO] [stderr]    Compiling bumpalo v3.14.0
[INFO] [stderr]    Compiling feature-probe v0.1.1
[INFO] [stderr]    Compiling log v0.4.20
[INFO] [stderr]    Compiling blake3 v1.5.0
[INFO] [stderr]    Compiling bv v0.11.1
[INFO] [stderr]    Compiling wasm-bindgen-backend v0.2.89
[INFO] [stderr]    Compiling libsecp256k1-gen-ecmult v0.2.1
[INFO] [stderr]    Compiling libsecp256k1-gen-genmult v0.2.1
[INFO] [stderr]    Compiling rand_chacha v0.2.2
[INFO] [stderr]    Compiling waffles-solana-frozen-abi-macro v1.16.0-alpha.10
[INFO] [stderr]    Compiling bitmaps v2.1.0
[INFO] [stderr]    Compiling im v15.1.0
[INFO] [stderr]    Compiling arrayref v0.3.7
[INFO] [stderr]    Compiling serde_json v1.0.111
[INFO] [stderr]    Compiling rustversion v1.0.14
[INFO] [stderr]    Compiling rand v0.7.3
[INFO] [stderr]    Compiling libsecp256k1 v0.6.0
[INFO] [stderr]    Compiling wasm-bindgen-macro-support v0.2.89
[INFO] [stderr]    Compiling sized-chunks v0.6.5
[INFO] [stderr]    Compiling serde_derive v1.0.194
[INFO] [stderr]    Compiling thiserror-impl v1.0.56
[INFO] [stderr]    Compiling zeroize_derive v1.4.2
[INFO] [stderr]    Compiling toml v0.5.11
[INFO] [stderr]    Compiling rayon v1.8.0
[INFO] [stderr]    Compiling borsh-derive-internal v0.9.3
[INFO] [stderr]    Compiling ark-ff-macros v0.3.0
[INFO] [stderr]    Compiling zeroize v1.3.0
[INFO] [stderr]    Compiling ark-ff-asm v0.3.0
[INFO] [stderr]    Compiling derivative v2.2.0
[INFO] [stderr]    Compiling proc-macro-crate v0.1.5
[INFO] [stderr]    Compiling borsh-schema-derive-internal v0.9.3
[INFO] [stderr]    Compiling thiserror v1.0.56
[INFO] [stderr]    Compiling pest v2.7.6
[INFO] [stderr]    Compiling rand_xoshiro v0.6.0
[INFO] [stderr]    Compiling waffles-solana-frozen-abi v1.16.0-alpha.10
[INFO] [stderr]    Compiling memoffset v0.8.0
[INFO] [stderr]    Compiling bs58 v0.4.0
[INFO] [stderr]    Compiling constant_time_eq v0.3.0
[INFO] [stderr]    Compiling arrayvec v0.7.4
[INFO] [stderr]    Compiling byteorder v1.5.0
[INFO] [stderr]    Compiling wasm-bindgen v0.2.89
[INFO] [stderr]    Compiling borsh-derive v0.9.3
[INFO] [stderr]    Compiling wasm-bindgen-macro v0.2.89
[INFO] [stderr]    Compiling bytemuck_derive v1.5.0
[INFO] [stderr]    Compiling semver-parser v0.10.2
[INFO] [stderr]    Compiling waffles-solana-program v1.16.0-alpha.11 (/opt/rustwide/workdir)
[INFO] [stderr]    Compiling hashbrown v0.11.2
[INFO] [stderr]    Compiling hashbrown v0.12.3
[INFO] [stderr]    Compiling semver v0.11.0
[INFO] [stderr]    Compiling memmap2 v0.5.10
[INFO] [stderr]    Compiling rustc_version v0.3.3
[INFO] [stderr]    Compiling base64 v0.12.3
[INFO] [stderr]    Compiling rustc-hash v1.1.0
[INFO] [stderr]    Compiling keccak v0.1.4
[INFO] [stderr]    Compiling borsh v0.9.3
[INFO] [stderr]    Compiling ark-ff v0.3.0
[INFO] [stderr]    Compiling waffles-solana-sdk-macro v1.16.0-alpha.10
[INFO] [stderr]    Compiling bytemuck v1.14.0
[INFO] [stderr]    Compiling num-derive v0.3.3
[INFO] [stderr]    Compiling itertools v0.10.5
[INFO] [stderr]    Compiling base64 v0.13.1
[INFO] [stderr]    Compiling array-bytes v1.4.1
[INFO] [stderr]    Compiling serde_bytes v0.11.14
[INFO] [stderr]    Compiling bincode v1.3.3
[INFO] [stderr]    Compiling crypto-mac v0.8.0
[INFO] [stderr]    Compiling block-buffer v0.10.4
[INFO] [stderr]    Compiling crypto-common v0.1.6
[INFO] [stderr]    Compiling block-buffer v0.9.0
[INFO] [stderr]    Compiling pbkdf2 v0.4.0
[INFO] [stderr]    Compiling ark-serialize v0.3.0
[INFO] [stderr]    Compiling hmac v0.8.1
[INFO] [stderr]    Compiling sha2 v0.9.9
[INFO] [stderr]    Compiling digest v0.10.7
[INFO] [stderr]    Compiling hmac-drbg v0.3.0
[INFO] [stderr]    Compiling curve25519-dalek v3.2.1
[INFO] [stderr]    Compiling sha2 v0.10.8
[INFO] [stderr]    Compiling tiny-bip39 v0.8.2
[INFO] [stderr]    Compiling sha3 v0.10.8
[INFO] [stderr]    Compiling ark-ec v0.3.0
[INFO] [stderr]    Compiling ark-bn254 v0.3.0
[INFO] [stdout] warning: unused doc comment
[INFO] [stdout]   --> src/vote/state/vote_state_versions.rs:23:21
[INFO] [stdout]    |
[INFO] [stdout] 23 |                     /// the signer for withdrawals
[INFO] [stdout]    |                     ^^^^^^^^^^^^^^^^^^^^^^^^^^^^^^
[INFO] [stdout] 24 |                     authorized_withdrawer: state.authorized_withdrawer,
[INFO] [stdout]    |                     -------------------------------------------------- rustdoc does not generate documentation for expression fields
[INFO] [stdout]    |
[INFO] [stdout]    = help: use `//` for a plain comment
[INFO] [stdout]    = note: `#[warn(unused_doc_comments)]` on by default
[INFO] [stdout] 
[INFO] [stdout] 
[INFO] [stdout] warning: unused doc comment
[INFO] [stdout]   --> src/vote/state/vote_state_versions.rs:26:21
[INFO] [stdout]    |
[INFO] [stdout] 26 | /                     /// percentage (0-100) that represents what part of a rewards
[INFO] [stdout] 27 | |                     ///  payout should be given to this VoteAccount
[INFO] [stdout]    | |___________________________________________________________________^
[INFO] [stdout] 28 |                       commission: state.commission,
[INFO] [stdout]    |                       ---------------------------- rustdoc does not generate documentation for expression fields
[INFO] [stdout]    |
[INFO] [stdout]    = help: use `//` for a plain comment
[INFO] [stdout] 
[INFO] [stdout] 
[INFO] [stdout] warning: unused doc comment
[INFO] [stdout]   --> src/vote/state/vote_state_versions.rs:34:21
[INFO] [stdout]    |
[INFO] [stdout] 34 |                     /// the signer for vote transactions
[INFO] [stdout]    |                     ^^^^^^^^^^^^^^^^^^^^^^^^^^^^^^^^^^^^
[INFO] [stdout] 35 |                     authorized_voters,
[INFO] [stdout]    |                     ----------------- rustdoc does not generate documentation for expression fields
[INFO] [stdout]    |
[INFO] [stdout]    = help: use `//` for a plain comment
[INFO] [stdout] 
[INFO] [stdout] 
[INFO] [stdout] warning: unused doc comment
[INFO] [stdout]   --> src/vote/state/vote_state_versions.rs:37:21
[INFO] [stdout]    |
[INFO] [stdout] 37 | /                     /// history of prior authorized voters and the epochs for which
[INFO] [stdout] 38 | |                     /// they were set, the bottom end of the range is inclusive,
[INFO] [stdout] 39 | |                     /// the top of the range is exclusive
[INFO] [stdout]    | |_________________________________________________________^
[INFO] [stdout] 40 |                       prior_voters: CircBuf::default(),
[INFO] [stdout]    |                       -------------------------------- rustdoc does not generate documentation for expression fields
[INFO] [stdout]    |
[INFO] [stdout]    = help: use `//` for a plain comment
[INFO] [stdout] 
[INFO] [stdout] 
[INFO] [stdout] warning: unused doc comment
[INFO] [stdout]   --> src/vote/state/vote_state_versions.rs:42:21
[INFO] [stdout]    |
[INFO] [stdout] 42 | /                     /// history of how many credits earned by the end of each epoch
[INFO] [stdout] 43 | |                     ///  each tuple is (Epoch, credits, prev_credits)
[INFO] [stdout]    | |_____________________________________________________________________^
[INFO] [stdout] 44 |                       epoch_credits: state.epoch_credits.clone(),
[INFO] [stdout]    |                       ------------------------------------------ rustdoc does not generate documentation for expression fields
[INFO] [stdout]    |
[INFO] [stdout]    = help: use `//` for a plain comment
[INFO] [stdout] 
[INFO] [stdout] 
[INFO] [stdout] warning: unused doc comment
[INFO] [stdout]   --> src/vote/state/vote_state_versions.rs:46:21
[INFO] [stdout]    |
[INFO] [stdout] 46 |                     /// most recent timestamp submitted with a vote
[INFO] [stdout]    |                     ^^^^^^^^^^^^^^^^^^^^^^^^^^^^^^^^^^^^^^^^^^^^^^^
[INFO] [stdout] 47 |                     last_timestamp: state.last_timestamp.clone(),
[INFO] [stdout]    |                     -------------------------------------------- rustdoc does not generate documentation for expression fields
[INFO] [stdout]    |
[INFO] [stdout]    = help: use `//` for a plain comment
[INFO] [stdout] 
[INFO] [stdout] 
[INFO] [stdout] warning: variable does not need to be mutable
[INFO] [stdout]   --> src/message/compiled_keys.rs:43:17
[INFO] [stdout]    |
[INFO] [stdout] 43 |             let mut meta = key_meta_map.entry(ix.program_id).or_default();
[INFO] [stdout]    |                 ----^^^^
[INFO] [stdout]    |                 |
[INFO] [stdout]    |                 help: remove this `mut`
[INFO] [stdout]    |
[INFO] [stdout]    = note: `#[warn(unused_mut)]` on by default
[INFO] [stdout] 
[INFO] [stdout] 
[INFO] [stdout] warning: variable does not need to be mutable
[INFO] [stdout]   --> src/message/compiled_keys.rs:52:17
[INFO] [stdout]    |
[INFO] [stdout] 52 |             let mut meta = key_meta_map.entry(*payer).or_default();
[INFO] [stdout]    |                 ----^^^^
[INFO] [stdout]    |                 |
[INFO] [stdout]    |                 help: remove this `mut`
[INFO] [stdout] 
[INFO] [stdout] 
[INFO] [stdout] warning: assigning to `&T` is undefined behavior, consider using an `UnsafeCell`
[INFO] [stdout]    --> src/account_info.rs:188:13
[INFO] [stdout]     |
[INFO] [stdout] 188 | /             std::ptr::write_volatile(
[INFO] [stdout] 189 | |                 self.owner as *const Pubkey as *mut [u8; 32],
[INFO] [stdout] 190 | |                 new_owner.to_bytes(),
[INFO] [stdout] 191 | |             );
[INFO] [stdout]     | |_____________^
[INFO] [stdout]     |
[INFO] [stdout]     = note: for more information, visit <https://doc.rust-lang.org/book/ch15-05-interior-mutability.html>
[INFO] [stdout]     = note: `#[warn(invalid_reference_casting)]` on by default
[INFO] [stdout] 
[INFO] [stdout] 
[INFO] [stdout] warning: 9 warnings emitted
[INFO] [stdout] 
[INFO] [stdout] 
[INFO] [stderr]     Finished dev [unoptimized + debuginfo] target(s) in 47.70s
[INFO] running `Command { std: "docker" "inspect" "24935b3dc7d9354e67f13954d26ff18140010e3fd05604e04fa2bdac181b0d73", kill_on_drop: false }`
[INFO] running `Command { std: "docker" "rm" "-f" "24935b3dc7d9354e67f13954d26ff18140010e3fd05604e04fa2bdac181b0d73", kill_on_drop: false }`
[INFO] [stdout] 24935b3dc7d9354e67f13954d26ff18140010e3fd05604e04fa2bdac181b0d73
[INFO] running `Command { std: "docker" "create" "-v" "/var/lib/crater-agent-workspace/builds/worker-1-tc1/target:/opt/rustwide/target:rw,Z" "-v" "/var/lib/crater-agent-workspace/builds/worker-1-tc1/source:/opt/rustwide/workdir:ro,Z" "-v" "/var/lib/crater-agent-workspace/cargo-home:/opt/rustwide/cargo-home:ro,Z" "-v" "/var/lib/crater-agent-workspace/rustup-home:/opt/rustwide/rustup-home:ro,Z" "-e" "SOURCE_DIR=/opt/rustwide/workdir" "-e" "CARGO_TARGET_DIR=/opt/rustwide/target" "-e" "CARGO_INCREMENTAL=0" "-e" "RUST_BACKTRACE=full" "-e" "RUSTFLAGS=--cap-lints=warn" "-e" "RUSTDOCFLAGS=--cap-lints=warn" "-e" "CARGO_HOME=/opt/rustwide/cargo-home" "-e" "RUSTUP_HOME=/opt/rustwide/rustup-home" "-w" "/opt/rustwide/workdir" "-m" "1610612736" "--user" "0:0" "--network" "none" "ghcr.io/rust-lang/crates-build-env/linux@sha256:2788e3201cd34a07e3172128adcd8b3090168a8e3bcc40d7c032b9dda1df7d1c" "/opt/rustwide/cargo-home/bin/cargo" "+1.75.0" "test" "--frozen" "--no-run" "--message-format=json", kill_on_drop: false }`
[INFO] [stdout] 9d53f139a2888a5fb97a4cc84be292ab0c390a2cc5e7be25a43bc2d65a8b25f5
[INFO] running `Command { std: "docker" "start" "-a" "9d53f139a2888a5fb97a4cc84be292ab0c390a2cc5e7be25a43bc2d65a8b25f5", kill_on_drop: false }`
[INFO] [stderr]    Compiling pest v2.7.6
[INFO] [stderr]    Compiling regex-syntax v0.8.2
[INFO] [stderr]    Compiling atty v0.2.14
[INFO] [stderr]    Compiling humantime v2.1.0
[INFO] [stderr]    Compiling assert_matches v1.5.0
[INFO] [stderr]    Compiling regex-automata v0.4.3
[INFO] [stderr]    Compiling semver-parser v0.10.2
[INFO] [stderr]    Compiling semver v0.11.0
[INFO] [stderr]    Compiling rustc_version v0.3.3
[INFO] [stderr]    Compiling ark-ff v0.3.0
[INFO] [stderr]    Compiling regex v1.10.2
[INFO] [stderr]    Compiling env_logger v0.9.3
[INFO] [stderr]    Compiling waffles-solana-logger v1.16.0-alpha.10
[INFO] [stderr]    Compiling ark-ec v0.3.0
[INFO] [stderr]    Compiling ark-bn254 v0.3.0
[INFO] [stderr]    Compiling waffles-solana-program v1.16.0-alpha.11 (/opt/rustwide/workdir)
[INFO] [stdout] warning: unused doc comment
[INFO] [stdout]   --> src/vote/state/vote_state_versions.rs:23:21
[INFO] [stdout]    |
[INFO] [stdout] 23 |                     /// the signer for withdrawals
[INFO] [stdout]    |                     ^^^^^^^^^^^^^^^^^^^^^^^^^^^^^^
[INFO] [stdout] 24 |                     authorized_withdrawer: state.authorized_withdrawer,
[INFO] [stdout]    |                     -------------------------------------------------- rustdoc does not generate documentation for expression fields
[INFO] [stdout]    |
[INFO] [stdout]    = help: use `//` for a plain comment
[INFO] [stdout]    = note: `#[warn(unused_doc_comments)]` on by default
[INFO] [stdout] 
[INFO] [stdout] 
[INFO] [stdout] warning: unused doc comment
[INFO] [stdout]   --> src/vote/state/vote_state_versions.rs:26:21
[INFO] [stdout]    |
[INFO] [stdout] 26 | /                     /// percentage (0-100) that represents what part of a rewards
[INFO] [stdout] 27 | |                     ///  payout should be given to this VoteAccount
[INFO] [stdout]    | |___________________________________________________________________^
[INFO] [stdout] 28 |                       commission: state.commission,
[INFO] [stdout]    |                       ---------------------------- rustdoc does not generate documentation for expression fields
[INFO] [stdout]    |
[INFO] [stdout]    = help: use `//` for a plain comment
[INFO] [stdout] 
[INFO] [stdout] 
[INFO] [stdout] warning: unused doc comment
[INFO] [stdout]   --> src/vote/state/vote_state_versions.rs:34:21
[INFO] [stdout]    |
[INFO] [stdout] 34 |                     /// the signer for vote transactions
[INFO] [stdout]    |                     ^^^^^^^^^^^^^^^^^^^^^^^^^^^^^^^^^^^^
[INFO] [stdout] 35 |                     authorized_voters,
[INFO] [stdout]    |                     ----------------- rustdoc does not generate documentation for expression fields
[INFO] [stdout]    |
[INFO] [stdout]    = help: use `//` for a plain comment
[INFO] [stdout] 
[INFO] [stdout] 
[INFO] [stdout] warning: unused doc comment
[INFO] [stdout]   --> src/vote/state/vote_state_versions.rs:37:21
[INFO] [stdout]    |
[INFO] [stdout] 37 | /                     /// history of prior authorized voters and the epochs for which
[INFO] [stdout] 38 | |                     /// they were set, the bottom end of the range is inclusive,
[INFO] [stdout] 39 | |                     /// the top of the range is exclusive
[INFO] [stdout]    | |_________________________________________________________^
[INFO] [stdout] 40 |                       prior_voters: CircBuf::default(),
[INFO] [stdout]    |                       -------------------------------- rustdoc does not generate documentation for expression fields
[INFO] [stdout]    |
[INFO] [stdout]    = help: use `//` for a plain comment
[INFO] [stdout] 
[INFO] [stdout] 
[INFO] [stdout] warning: unused doc comment
[INFO] [stdout]   --> src/vote/state/vote_state_versions.rs:42:21
[INFO] [stdout]    |
[INFO] [stdout] 42 | /                     /// history of how many credits earned by the end of each epoch
[INFO] [stdout] 43 | |                     ///  each tuple is (Epoch, credits, prev_credits)
[INFO] [stdout]    | |_____________________________________________________________________^
[INFO] [stdout] 44 |                       epoch_credits: state.epoch_credits.clone(),
[INFO] [stdout]    |                       ------------------------------------------ rustdoc does not generate documentation for expression fields
[INFO] [stdout]    |
[INFO] [stdout]    = help: use `//` for a plain comment
[INFO] [stdout] 
[INFO] [stdout] 
[INFO] [stdout] warning: unused doc comment
[INFO] [stdout]   --> src/vote/state/vote_state_versions.rs:46:21
[INFO] [stdout]    |
[INFO] [stdout] 46 |                     /// most recent timestamp submitted with a vote
[INFO] [stdout]    |                     ^^^^^^^^^^^^^^^^^^^^^^^^^^^^^^^^^^^^^^^^^^^^^^^
[INFO] [stdout] 47 |                     last_timestamp: state.last_timestamp.clone(),
[INFO] [stdout]    |                     -------------------------------------------- rustdoc does not generate documentation for expression fields
[INFO] [stdout]    |
[INFO] [stdout]    = help: use `//` for a plain comment
[INFO] [stdout] 
[INFO] [stdout] 
[INFO] [stdout] warning: unused doc comment
[INFO] [stdout]   --> src/vote/state/vote_state_versions.rs:23:21
[INFO] [stdout]    |
[INFO] [stdout] 23 |                     /// the signer for withdrawals
[INFO] [stdout]    |                     ^^^^^^^^^^^^^^^^^^^^^^^^^^^^^^
[INFO] [stdout] 24 |                     authorized_withdrawer: state.authorized_withdrawer,
[INFO] [stdout]    |                     -------------------------------------------------- rustdoc does not generate documentation for expression fields
[INFO] [stdout]    |
[INFO] [stdout]    = help: use `//` for a plain comment
[INFO] [stdout]    = note: `#[warn(unused_doc_comments)]` on by default
[INFO] [stdout] 
[INFO] [stdout] 
[INFO] [stdout] warning: unused doc comment
[INFO] [stdout]   --> src/vote/state/vote_state_versions.rs:26:21
[INFO] [stdout]    |
[INFO] [stdout] 26 | /                     /// percentage (0-100) that represents what part of a rewards
[INFO] [stdout] 27 | |                     ///  payout should be given to this VoteAccount
[INFO] [stdout]    | |___________________________________________________________________^
[INFO] [stdout] 28 |                       commission: state.commission,
[INFO] [stdout]    |                       ---------------------------- rustdoc does not generate documentation for expression fields
[INFO] [stdout]    |
[INFO] [stdout]    = help: use `//` for a plain comment
[INFO] [stdout] 
[INFO] [stdout] 
[INFO] [stdout] warning: unused doc comment
[INFO] [stdout]   --> src/vote/state/vote_state_versions.rs:34:21
[INFO] [stdout]    |
[INFO] [stdout] 34 |                     /// the signer for vote transactions
[INFO] [stdout]    |                     ^^^^^^^^^^^^^^^^^^^^^^^^^^^^^^^^^^^^
[INFO] [stdout] 35 |                     authorized_voters,
[INFO] [stdout]    |                     ----------------- rustdoc does not generate documentation for expression fields
[INFO] [stdout]    |
[INFO] [stdout]    = help: use `//` for a plain comment
[INFO] [stdout] 
[INFO] [stdout] 
[INFO] [stdout] warning: unused doc comment
[INFO] [stdout]   --> src/vote/state/vote_state_versions.rs:37:21
[INFO] [stdout]    |
[INFO] [stdout] 37 | /                     /// history of prior authorized voters and the epochs for which
[INFO] [stdout] 38 | |                     /// they were set, the bottom end of the range is inclusive,
[INFO] [stdout] 39 | |                     /// the top of the range is exclusive
[INFO] [stdout]    | |_________________________________________________________^
[INFO] [stdout] 40 |                       prior_voters: CircBuf::default(),
[INFO] [stdout]    |                       -------------------------------- rustdoc does not generate documentation for expression fields
[INFO] [stdout]    |
[INFO] [stdout]    = help: use `//` for a plain comment
[INFO] [stdout] 
[INFO] [stdout] 
[INFO] [stdout] warning: unused doc comment
[INFO] [stdout]   --> src/vote/state/vote_state_versions.rs:42:21
[INFO] [stdout]    |
[INFO] [stdout] 42 | /                     /// history of how many credits earned by the end of each epoch
[INFO] [stdout] 43 | |                     ///  each tuple is (Epoch, credits, prev_credits)
[INFO] [stdout]    | |_____________________________________________________________________^
[INFO] [stdout] 44 |                       epoch_credits: state.epoch_credits.clone(),
[INFO] [stdout]    |                       ------------------------------------------ rustdoc does not generate documentation for expression fields
[INFO] [stdout]    |
[INFO] [stdout]    = help: use `//` for a plain comment
[INFO] [stdout] 
[INFO] [stdout] 
[INFO] [stdout] warning: unused doc comment
[INFO] [stdout]   --> src/vote/state/vote_state_versions.rs:46:21
[INFO] [stdout]    |
[INFO] [stdout] 46 |                     /// most recent timestamp submitted with a vote
[INFO] [stdout]    |                     ^^^^^^^^^^^^^^^^^^^^^^^^^^^^^^^^^^^^^^^^^^^^^^^
[INFO] [stdout] 47 |                     last_timestamp: state.last_timestamp.clone(),
[INFO] [stdout]    |                     -------------------------------------------- rustdoc does not generate documentation for expression fields
[INFO] [stdout]    |
[INFO] [stdout]    = help: use `//` for a plain comment
[INFO] [stdout] 
[INFO] [stdout] 
[INFO] [stdout] warning: variable does not need to be mutable
[INFO] [stdout]   --> src/message/compiled_keys.rs:43:17
[INFO] [stdout]    |
[INFO] [stdout] 43 |             let mut meta = key_meta_map.entry(ix.program_id).or_default();
[INFO] [stdout]    |                 ----^^^^
[INFO] [stdout]    |                 |
[INFO] [stdout]    |                 help: remove this `mut`
[INFO] [stdout]    |
[INFO] [stdout]    = note: `#[warn(unused_mut)]` on by default
[INFO] [stdout] 
[INFO] [stdout] 
[INFO] [stdout] warning: variable does not need to be mutable
[INFO] [stdout]   --> src/message/compiled_keys.rs:52:17
[INFO] [stdout]    |
[INFO] [stdout] 52 |             let mut meta = key_meta_map.entry(*payer).or_default();
[INFO] [stdout]    |                 ----^^^^
[INFO] [stdout]    |                 |
[INFO] [stdout]    |                 help: remove this `mut`
[INFO] [stdout] 
[INFO] [stdout] 
[INFO] [stdout] warning: variable does not need to be mutable
[INFO] [stdout]   --> src/message/compiled_keys.rs:43:17
[INFO] [stdout]    |
[INFO] [stdout] 43 |             let mut meta = key_meta_map.entry(ix.program_id).or_default();
[INFO] [stdout]    |                 ----^^^^
[INFO] [stdout]    |                 |
[INFO] [stdout]    |                 help: remove this `mut`
[INFO] [stdout]    |
[INFO] [stdout]    = note: `#[warn(unused_mut)]` on by default
[INFO] [stdout] 
[INFO] [stdout] 
[INFO] [stdout] warning: variable does not need to be mutable
[INFO] [stdout]   --> src/message/compiled_keys.rs:52:17
[INFO] [stdout]    |
[INFO] [stdout] 52 |             let mut meta = key_meta_map.entry(*payer).or_default();
[INFO] [stdout]    |                 ----^^^^
[INFO] [stdout]    |                 |
[INFO] [stdout]    |                 help: remove this `mut`
[INFO] [stdout] 
[INFO] [stdout] 
[INFO] [stdout] warning: assigning to `&T` is undefined behavior, consider using an `UnsafeCell`
[INFO] [stdout]    --> src/account_info.rs:188:13
[INFO] [stdout]     |
[INFO] [stdout] 188 | /             std::ptr::write_volatile(
[INFO] [stdout] 189 | |                 self.owner as *const Pubkey as *mut [u8; 32],
[INFO] [stdout] 190 | |                 new_owner.to_bytes(),
[INFO] [stdout] 191 | |             );
[INFO] [stdout]     | |_____________^
[INFO] [stdout]     |
[INFO] [stdout]     = note: for more information, visit <https://doc.rust-lang.org/book/ch15-05-interior-mutability.html>
[INFO] [stdout]     = note: `#[warn(invalid_reference_casting)]` on by default
[INFO] [stdout] 
[INFO] [stdout] 
[INFO] [stdout] warning: assigning to `&T` is undefined behavior, consider using an `UnsafeCell`
[INFO] [stdout]    --> src/account_info.rs:188:13
[INFO] [stdout]     |
[INFO] [stdout] 188 | /             std::ptr::write_volatile(
[INFO] [stdout] 189 | |                 self.owner as *const Pubkey as *mut [u8; 32],
[INFO] [stdout] 190 | |                 new_owner.to_bytes(),
[INFO] [stdout] 191 | |             );
[INFO] [stdout]     | |_____________^
[INFO] [stdout]     |
[INFO] [stdout]     = note: for more information, visit <https://doc.rust-lang.org/book/ch15-05-interior-mutability.html>
[INFO] [stdout]     = note: `#[warn(invalid_reference_casting)]` on by default
[INFO] [stdout] 
[INFO] [stdout] 
[INFO] [stdout] warning: 9 warnings emitted
[INFO] [stdout] 
[INFO] [stdout] 
[INFO] [stdout] warning: 9 warnings emitted
[INFO] [stdout] 
[INFO] [stdout] 
[INFO] [stderr]     Finished test [unoptimized + debuginfo] target(s) in 30.06s
[INFO] running `Command { std: "docker" "inspect" "9d53f139a2888a5fb97a4cc84be292ab0c390a2cc5e7be25a43bc2d65a8b25f5", kill_on_drop: false }`
[INFO] running `Command { std: "docker" "rm" "-f" "9d53f139a2888a5fb97a4cc84be292ab0c390a2cc5e7be25a43bc2d65a8b25f5", kill_on_drop: false }`
[INFO] [stdout] 9d53f139a2888a5fb97a4cc84be292ab0c390a2cc5e7be25a43bc2d65a8b25f5
[INFO] running `Command { std: "docker" "create" "-v" "/var/lib/crater-agent-workspace/builds/worker-1-tc1/target:/opt/rustwide/target:rw,Z" "-v" "/var/lib/crater-agent-workspace/builds/worker-1-tc1/source:/opt/rustwide/workdir:ro,Z" "-v" "/var/lib/crater-agent-workspace/cargo-home:/opt/rustwide/cargo-home:ro,Z" "-v" "/var/lib/crater-agent-workspace/rustup-home:/opt/rustwide/rustup-home:ro,Z" "-e" "SOURCE_DIR=/opt/rustwide/workdir" "-e" "CARGO_TARGET_DIR=/opt/rustwide/target" "-e" "CARGO_INCREMENTAL=0" "-e" "RUST_BACKTRACE=full" "-e" "RUSTFLAGS=--cap-lints=warn" "-e" "RUSTDOCFLAGS=--cap-lints=warn" "-e" "CARGO_HOME=/opt/rustwide/cargo-home" "-e" "RUSTUP_HOME=/opt/rustwide/rustup-home" "-w" "/opt/rustwide/workdir" "-m" "1610612736" "--user" "0:0" "--network" "none" "ghcr.io/rust-lang/crates-build-env/linux@sha256:2788e3201cd34a07e3172128adcd8b3090168a8e3bcc40d7c032b9dda1df7d1c" "/opt/rustwide/cargo-home/bin/cargo" "+1.75.0" "test" "--frozen", kill_on_drop: false }`
[INFO] [stdout] 431d8bd285cef432bfb8d03e822b242a70ec5bba32627ed8b2b422a43ece606f
[INFO] running `Command { std: "docker" "start" "-a" "431d8bd285cef432bfb8d03e822b242a70ec5bba32627ed8b2b422a43ece606f", kill_on_drop: false }`
[INFO] [stderr] warning: unused doc comment
[INFO] [stderr]   --> src/vote/state/vote_state_versions.rs:23:21
[INFO] [stderr]    |
[INFO] [stderr] 23 |                     /// the signer for withdrawals
[INFO] [stderr]    |                     ^^^^^^^^^^^^^^^^^^^^^^^^^^^^^^
[INFO] [stderr] 24 |                     authorized_withdrawer: state.authorized_withdrawer,
[INFO] [stderr]    |                     -------------------------------------------------- rustdoc does not generate documentation for expression fields
[INFO] [stderr]    |
[INFO] [stderr]    = help: use `//` for a plain comment
[INFO] [stderr]    = note: `#[warn(unused_doc_comments)]` on by default
[INFO] [stderr] 
[INFO] [stderr] warning: unused doc comment
[INFO] [stderr]   --> src/vote/state/vote_state_versions.rs:26:21
[INFO] [stderr]    |
[INFO] [stderr] 26 | /                     /// percentage (0-100) that represents what part of a rewards
[INFO] [stderr] 27 | |                     ///  payout should be given to this VoteAccount
[INFO] [stderr]    | |___________________________________________________________________^
[INFO] [stderr] 28 |                       commission: state.commission,
[INFO] [stderr]    |                       ---------------------------- rustdoc does not generate documentation for expression fields
[INFO] [stderr]    |
[INFO] [stderr]    = help: use `//` for a plain comment
[INFO] [stderr] 
[INFO] [stderr] warning: unused doc comment
[INFO] [stderr]   --> src/vote/state/vote_state_versions.rs:34:21
[INFO] [stderr]    |
[INFO] [stderr] 34 |                     /// the signer for vote transactions
[INFO] [stderr]    |                     ^^^^^^^^^^^^^^^^^^^^^^^^^^^^^^^^^^^^
[INFO] [stderr] 35 |                     authorized_voters,
[INFO] [stderr]    |                     ----------------- rustdoc does not generate documentation for expression fields
[INFO] [stderr]    |
[INFO] [stderr]    = help: use `//` for a plain comment
[INFO] [stderr] 
[INFO] [stderr] warning: unused doc comment
[INFO] [stderr]   --> src/vote/state/vote_state_versions.rs:37:21
[INFO] [stderr]    |
[INFO] [stderr] 37 | /                     /// history of prior authorized voters and the epochs for which
[INFO] [stderr] 38 | |                     /// they were set, the bottom end of the range is inclusive,
[INFO] [stderr] 39 | |                     /// the top of the range is exclusive
[INFO] [stderr]    | |_________________________________________________________^
[INFO] [stderr] 40 |                       prior_voters: CircBuf::default(),
[INFO] [stderr]    |                       -------------------------------- rustdoc does not generate documentation for expression fields
[INFO] [stderr]    |
[INFO] [stderr]    = help: use `//` for a plain comment
[INFO] [stderr] 
[INFO] [stderr] warning: unused doc comment
[INFO] [stderr]   --> src/vote/state/vote_state_versions.rs:42:21
[INFO] [stderr]    |
[INFO] [stderr] 42 | /                     /// history of how many credits earned by the end of each epoch
[INFO] [stderr] 43 | |                     ///  each tuple is (Epoch, credits, prev_credits)
[INFO] [stderr]    | |_____________________________________________________________________^
[INFO] [stderr] 44 |                       epoch_credits: state.epoch_credits.clone(),
[INFO] [stderr]    |                       ------------------------------------------ rustdoc does not generate documentation for expression fields
[INFO] [stderr]    |
[INFO] [stderr]    = help: use `//` for a plain comment
[INFO] [stderr] 
[INFO] [stderr] warning: unused doc comment
[INFO] [stderr]   --> src/vote/state/vote_state_versions.rs:46:21
[INFO] [stderr]    |
[INFO] [stderr] 46 |                     /// most recent timestamp submitted with a vote
[INFO] [stderr]    |                     ^^^^^^^^^^^^^^^^^^^^^^^^^^^^^^^^^^^^^^^^^^^^^^^
[INFO] [stderr] 47 |                     last_timestamp: state.last_timestamp.clone(),
[INFO] [stderr]    |                     -------------------------------------------- rustdoc does not generate documentation for expression fields
[INFO] [stderr]    |
[INFO] [stderr]    = help: use `//` for a plain comment
[INFO] [stderr] 
[INFO] [stderr] warning: variable does not need to be mutable
[INFO] [stderr]   --> src/message/compiled_keys.rs:43:17
[INFO] [stderr]    |
[INFO] [stderr] 43 |             let mut meta = key_meta_map.entry(ix.program_id).or_default();
[INFO] [stderr]    |                 ----^^^^
[INFO] [stderr]    |                 |
[INFO] [stderr]    |                 help: remove this `mut`
[INFO] [stderr]    |
[INFO] [stderr]    = note: `#[warn(unused_mut)]` on by default
[INFO] [stderr] 
[INFO] [stderr] warning: variable does not need to be mutable
[INFO] [stderr]   --> src/message/compiled_keys.rs:52:17
[INFO] [stderr]    |
[INFO] [stderr] 52 |             let mut meta = key_meta_map.entry(*payer).or_default();
[INFO] [stderr]    |                 ----^^^^
[INFO] [stderr]    |                 |
[INFO] [stderr]    |                 help: remove this `mut`
[INFO] [stderr] 
[INFO] [stderr] warning: assigning to `&T` is undefined behavior, consider using an `UnsafeCell`
[INFO] [stderr]    --> src/account_info.rs:188:13
[INFO] [stderr]     |
[INFO] [stderr] 188 | /             std::ptr::write_volatile(
[INFO] [stderr] 189 | |                 self.owner as *const Pubkey as *mut [u8; 32],
[INFO] [stderr] 190 | |                 new_owner.to_bytes(),
[INFO] [stderr] 191 | |             );
[INFO] [stderr]     | |_____________^
[INFO] [stderr]     |
[INFO] [stderr]     = note: for more information, visit <https://doc.rust-lang.org/book/ch15-05-interior-mutability.html>
[INFO] [stderr]     = note: `#[warn(invalid_reference_casting)]` on by default
[INFO] [stderr] 
[INFO] [stderr] warning: `waffles-solana-program` (lib) generated 9 warnings (run `cargo fix --lib -p waffles-solana-program` to apply 2 suggestions)
[INFO] [stderr] warning: `waffles-solana-program` (lib test) generated 9 warnings (9 duplicates)
[INFO] [stderr]     Finished test [unoptimized + debuginfo] target(s) in 0.84s
[INFO] [stderr]      Running unittests src/lib.rs (/opt/rustwide/target/debug/deps/waffles_solana_program-2a83325eb4f36ea4)
[INFO] [stdout] 
[INFO] [stdout] running 229 tests
[INFO] [stdout] test account_info::tests::test_account_info_as_ref ... ok
[INFO] [stdout] test account_info::tests::test_account_info_debug_data ... ok
[INFO] [stdout] test account_info::tests::test_next_account_infos ... ok
[INFO] [stdout] test blake3::tests::test_extend_and_hash ... ok
[INFO] [stdout] test blake3::tests::test_new_unique ... ok
[INFO] [stdout] test blake3::tests::test_hash_fromstr ... ok
[INFO] [stdout] test alt_bn128::tests::alt_bn128_addition_test ... ok
[INFO] [stdout] test borsh::tests::instance_packed_len_matches_packed_len ... ok
[INFO] [stdout] test borsh::tests::instance_packed_len_with_varying_sizes_in_hashmap ... ok
[INFO] [stdout] test big_mod_exp::tests::big_mod_exp_test ... ok
[INFO] [stdout] test borsh::tests::instance_packed_len_with_vec ... ok
[INFO] [stdout] test borsh::tests::unchecked_deserialization ... ok
[INFO] [stdout] test bpf_loader_upgradeable::test_id ... ok
[INFO] [stdout] test bpf_loader_upgradeable::tests::test_account_lengths ... ok
[INFO] [stdout] test bpf_loader_upgradeable::tests::test_is_set_authority_checked_instruction ... ok
[INFO] [stdout] test bpf_loader_upgradeable::tests::test_is_set_authority_instruction ... ok
[INFO] [stdout] test borsh::tests::packed_len ... ok
[INFO] [stdout] test bpf_loader_deprecated::test_id ... ok
[INFO] [stdout] test bpf_loader_upgradeable::tests::test_is_upgrade_instruction ... ok
[INFO] [stdout] test bpf_loader_upgradeable::tests::test_state_size_of_buffer_metadata ... ok
[INFO] [stdout] test bpf_loader_upgradeable::tests::test_state_size_of_program ... ok
[INFO] [stdout] test bpf_loader::test_id ... ok
[INFO] [stdout] test bpf_loader_upgradeable::tests::test_state_size_of_uninitialized ... ok
[INFO] [stdout] test config::program::test_id ... ok
[INFO] [stdout] test decode_error::tests::test_decode_custom_error_to_enum ... ok
[INFO] [stdout] test ed25519_program::test_id ... ok
[INFO] [stdout] test bpf_loader_upgradeable::tests::test_state_size_of_programdata_metadata ... ok
[INFO] [stdout] test clock::tests::test_clone ... ok
[INFO] [stdout] test epoch_schedule::tests::test_clone ... ok
[INFO] [stdout] test example_mocks::solana_address_lookup_table_program::test_id ... ok
[INFO] [stdout] test alt_bn128::tests::alt_bn128_multiplication_test ... ok
[INFO] [stdout] test entrypoint::test::test_bump_allocator ... ok
[INFO] [stdout] test fee_calculator::tests::test_fee_calculator_calculate_fee ... ok
[INFO] [stdout] test fee_calculator::tests::test_fee_calculator_calculate_fee_secp256k1 ... ok
[INFO] [stdout] test fee_calculator::tests::test_fee_rate_governor_burn ... ok
[INFO] [stdout] test fee_calculator::tests::test_fee_rate_governor_derived_adjust ... ok
[INFO] [stdout] test fee_calculator::tests::test_fee_rate_governor_derived_default ... ok
[INFO] [stdout] test hash::tests::test_hash_fromstr ... ok
[INFO] [stdout] test incinerator::test_id ... ok
[INFO] [stdout] test feature::test_id ... ok
[INFO] [stdout] test message::compiled_keys::tests::test_compile_with_dup_signer_mismatch ... ok
[INFO] [stdout] test hash::tests::test_new_unique ... ok
[INFO] [stdout] test message::compiled_keys::tests::test_compile_with_dup_nonsigner_writable_mismatch ... ok
[INFO] [stdout] test message::compiled_keys::tests::test_compile_with_dup_payer ... ok
[INFO] [stdout] test message::compiled_keys::tests::test_compile_with_dup_signer_writable_mismatch ... ok
[INFO] [stdout] test message::compiled_keys::tests::test_compile_with_dups ... ok
[INFO] [stdout] test message::compiled_keys::tests::test_try_drain_keys_found_in_lookup_table_with_empty_table ... ok
[INFO] [stdout] test message::compiled_keys::tests::test_try_drain_keys_found_in_lookup_table ... ok
[INFO] [stdout] test message::compiled_keys::tests::test_try_drain_keys_found_in_lookup_table_with_empty_keys ... ok
[INFO] [stdout] test message::compiled_keys::tests::test_try_drain_keys_found_in_lookup_table_with_too_many_addresses ... ok
[INFO] [stdout] test message::compiled_keys::tests::test_try_extract_table_lookup_returns_none ... ok
[INFO] [stdout] test feature::test::test_feature_size_of ... ok
[INFO] [stdout] test epoch_schedule::tests::test_epoch_schedule ... ok
[INFO] [stdout] test message::compiled_keys::tests::test_try_into_message_components_with_too_many_keys ... ok
[INFO] [stdout] test message::compiled_keys::tests::test_try_extract_table_lookup ... ok
[INFO] [stdout] test message::compiled_keys::tests::test_try_extract_table_lookup_for_invalid_table ... ok
[INFO] [stdout] test message::legacy::tests::test_builtin_program_keys ... ok
[INFO] [stdout] test message::legacy::tests::test_is_key_passed_to_program ... ok
[INFO] [stdout] test message::legacy::tests::test_builtin_program_keys_abi_freeze ... ok
[INFO] [stdout] test message::legacy::tests::test_get_account_keys_by_lock_type ... ok
[INFO] [stdout] test message::legacy::tests::test_is_non_loader_key ... ok
[INFO] [stdout] test message::compiled_keys::tests::test_try_into_message_components ... ok
[INFO] [stdout] test message::legacy::tests::test_is_writable ... ok
[INFO] [stdout] test message::legacy::tests::test_message_payer_first ... ok
[INFO] [stdout] test message::legacy::tests::test_message_kitchen_sink ... ok
[INFO] [stdout] test message::legacy::tests::test_message_signed_keys_len ... ok
[INFO] [stdout] test message::legacy::tests::test_message_hash ... ok
[INFO] [stdout] test message::non_bpf_modules::account_keys::tests::test_iter ... ok
[INFO] [stdout] test message::non_bpf_modules::account_keys::tests::test_iter_with_dynamic_keys ... ok
[INFO] [stdout] test message::non_bpf_modules::account_keys::tests::test_get_with_dynamic_keys ... ok
[INFO] [stdout] test message::legacy::tests::test_program_ids ... ok
[INFO] [stdout] test message::non_bpf_modules::account_keys::tests::test_get ... ok
[INFO] [stdout] test message::legacy::tests::test_message_header_len_constant ... ok
[INFO] [stdout] test message::non_bpf_modules::account_keys::tests::test_key_segment_iter ... ok
[INFO] [stdout] test message::legacy::tests::test_program_position ... ok
[INFO] [stdout] test message::non_bpf_modules::account_keys::tests::test_try_compile_instructions ... ok
[INFO] [stdout] test message::non_bpf_modules::account_keys::tests::test_len ... ok
[INFO] [stdout] test message::non_bpf_modules::account_keys::tests::test_len_with_dynamic_keys ... ok
[INFO] [stdout] test message::non_bpf_modules::account_keys::tests::test_try_compile_instructions_with_too_many_account_keys ... ok
[INFO] [stdout] test message::non_bpf_modules::sanitized::tests::test_is_writable_account_cache ... ok
[INFO] [stdout] test message::non_bpf_modules::sanitized::tests::test_num_readonly_accounts ... ok
[INFO] [stdout] test message::non_bpf_modules::sanitized::tests::test_try_from_message ... ok
[INFO] [stdout] test message::non_bpf_modules::account_keys::tests::test_try_compile_instructions_with_unknown_key ... ok
[INFO] [stdout] test message::non_bpf_modules::versions::tests::test_legacy_message_serialization ... ok
[INFO] [stdout] test message::non_bpf_modules::versions::tests::test_versioned_message_serialization ... ok
[INFO] [stdout] test message::non_bpf_modules::versions::v0::loaded::tests::test_has_duplicates ... ok
[INFO] [stdout] test message::non_bpf_modules::versions::v0::loaded::tests::test_is_writable ... ok
[INFO] [stdout] test message::non_bpf_modules::versions::v0::loaded::tests::test_is_writable_index ... ok
[INFO] [stdout] test message::non_bpf_modules::versions::v0::tests::test_sanitize ... ok
[INFO] [stdout] test message::non_bpf_modules::versions::v0::tests::test_sanitize_with_empty_table_lookup ... ok
[INFO] [stdout] test message::non_bpf_modules::versions::v0::loaded::tests::test_demote_writable_program ... ok
[INFO] [stdout] test message::non_bpf_modules::versions::v0::tests::test_sanitize_with_invalid_ix_program_id ... ok
[INFO] [stdout] test message::non_bpf_modules::sanitized::tests::test_is_non_loader_key ... ok
[INFO] [stdout] test message::non_bpf_modules::versions::v0::loaded::tests::test_has_duplicates_with_dupe_keys ... ok
[INFO] [stdout] test message::non_bpf_modules::versions::v0::tests::test_sanitize_with_instruction ... ok
[INFO] [stdout] test message::non_bpf_modules::versions::v0::tests::test_sanitize_with_table_lookup ... ok
[INFO] [stdout] test message::non_bpf_modules::versions::v0::tests::test_sanitize_with_table_lookup_and_ix_with_static_program_id ... ok
[INFO] [stdout] test message::non_bpf_modules::versions::v0::tests::test_sanitize_with_table_lookup_and_ix_with_dynamic_program_id ... ok
[INFO] [stdout] test message::non_bpf_modules::versions::v0::tests::test_sanitize_with_too_many_account_keys ... ok
[INFO] [stdout] test message::non_bpf_modules::sanitized::tests::test_get_ix_signers ... ok
[INFO] [stdout] test message::non_bpf_modules::versions::v0::tests::test_sanitize_with_invalid_ix_account ... ok
[INFO] [stdout] test message::non_bpf_modules::versions::v0::tests::test_sanitize_with_max_table_loaded_keys ... ok
[INFO] [stdout] test message::non_bpf_modules::versions::v0::tests::test_try_compile ... ok
[INFO] [stdout] test nonce::state::current::test::default_is_uninitialized ... ok
[INFO] [stdout] test message::non_bpf_modules::versions::v0::tests::test_sanitize_without_writable_signer ... ok
[INFO] [stdout] test message::non_bpf_modules::versions::v0::tests::test_serialize ... ok
[INFO] [stdout] test instruction::test_account_meta_layout ... FAILED
[INFO] [stdout] test message::non_bpf_modules::versions::v0::tests::test_sanitize_with_max_account_keys ... ok
[INFO] [stdout] test nonce::state::current::test::test_nonce_state_size ... ok
[INFO] [stdout] test message::non_bpf_modules::versions::v0::tests::test_sanitize_with_too_many_table_loaded_keys ... ok
[INFO] [stdout] test nonce::state::tests::test_nonce_versions_upgrade ... ok
[INFO] [stdout] test nonce::state::tests::test_nonce_versions_authorize ... ok
[INFO] [stdout] test nonce::state::tests::test_verify_recent_blockhash ... ok
[INFO] [stdout] test program_utils::tests::test_limited_deserialize_advance_nonce_account ... ok
[INFO] [stdout] test program::tests::test_check_type_assumptions ... ok
[INFO] [stdout] test program_stubs::tests::test_is_nonoverlapping ... ok
[INFO] [stdout] test pubkey::tests::pubkey_fromstr ... ok
[INFO] [stdout] test program_option::test::test_from_rust_option ... ok
[INFO] [stdout] test pubkey::tests::test_create_program_address ... ok
[INFO] [stdout] test pubkey::tests::test_create_with_seed ... ok
[INFO] [stdout] test pubkey::tests::test_create_with_seed_rejects_illegal_owner ... ok
[INFO] [stdout] test message::non_bpf_modules::versions::v0::tests::test_sanitize_without_signer ... ok
[INFO] [stdout] test pubkey::tests::test_new_unique ... ok
[INFO] [stdout] test rent::tests::test_clone ... ok
[INFO] [stdout] test rent::tests::test_rent_due_lamports ... ok
[INFO] [stdout] test rent::tests::test_due ... ok
[INFO] [stdout] test rent::tests::test_rent_due_is_exempt ... ok
[INFO] [stdout] test secp256k1_program::test_id ... ok
[INFO] [stdout] test serde_varint::tests::test_serde_varint ... ok
[INFO] [stdout] test serde_varint::tests::test_serde_varint_max ... ok
[INFO] [stdout] test serde_varint::tests::test_serde_varint_last_byte_truncated ... ok
[INFO] [stdout] test serde_varint::tests::test_serde_varint_short_buffer ... ok
[INFO] [stdout] test serde_varint::tests::test_serde_varint_trailing_zeros ... ok
[INFO] [stdout] test serde_varint::tests::test_serde_varint_zero ... ok
[INFO] [stdout] test short_vec::tests::test_deserialize ... ok
[INFO] [stdout] test serde_varint::tests::test_serde_varint_shift_overflow ... ok
[INFO] [stdout] test short_vec::tests::test_short_vec_aliased_length ... ok
[INFO] [stdout] test short_vec::tests::test_short_vec_json ... ok
[INFO] [stdout] test short_vec::tests::test_short_vec_u8 ... ok
[INFO] [stdout] test short_vec::tests::test_short_vec_encode_len ... ok
[INFO] [stdout] test short_vec::tests::test_short_vec_u8_too_long ... ok
[INFO] [stdout] test slot_hashes::tests::test ... ok
[INFO] [stdout] test pubkey::tests::test_pubkey_off_curve ... ok
[INFO] [stdout] test pubkey::tests::test_find_program_address ... ok
[INFO] [stdout] test slot_history::tests::test_older_slot ... ok
[INFO] [stdout] test slot_history::tests::slot_history_test_same_index ... ok
[INFO] [stdout] test stable_layout::stable_instruction::tests::test_memory_layout ... ok
[INFO] [stdout] test stable_layout::stable_rc::tests::test_memory_layout ... ok
[INFO] [stdout] test stable_layout::stable_ref_cell::tests::test_memory_layout ... ok
[INFO] [stdout] test stable_layout::stable_slice::tests::test_memory_layout ... ok
[INFO] [stdout] test alt_bn128::tests::alt_bn128_pairing_test ... ok
[INFO] [stdout] test stable_layout::stable_vec::tests::test_memory_layout ... ok
[INFO] [stdout] test stake::config::test_id ... ok
[INFO] [stdout] test stake::program::test_id ... ok
[INFO] [stdout] test stake::state::test::bincode_vs_borsh_deserialization ... ok
[INFO] [stdout] test stake::instruction::tests::test_custom_error_decode ... ok
[INFO] [stdout] test stake::state::test::borsh_deserialization_live_data ... ok
[INFO] [stdout] test stake::state::test::bincode_vs_borsh_serialization ... ok
[INFO] [stdout] test stake::state::test::test_size_of ... ok
[INFO] [stdout] test stake::tools::tests::test_eligible_for_deactivate_delinquent ... ok
[INFO] [stdout] test stake::tools::tests::test_acceptable_reference_epoch_credits ... ok
[INFO] [stdout] test stake_history::tests::test_stake_history ... ok
[INFO] [stdout] test system_instruction::tests::test_create_nonce_account ... ok
[INFO] [stdout] test system_instruction::tests::test_move_many ... ok
[INFO] [stdout] test system_instruction::tests::test_instruction_to_nonce_error ... ok
[INFO] [stdout] test system_instruction::tests::test_nonce_error_adapter_compat ... ok
[INFO] [stdout] test system_instruction::tests::test_nonce_error_decode ... ok
[INFO] [stdout] test system_program::test_id ... ok
[INFO] [stdout] test sysvar::clock::test_id ... ok
[INFO] [stdout] test sysvar::clock::test_sysvar_id ... ok
[INFO] [stdout] test system_instruction::tests::test_nonce_to_instruction_error ... ok
[INFO] [stdout] test sysvar::epoch_schedule::test_sysvar_id ... ok
[INFO] [stdout] test sysvar::fees::test_id ... ok
[INFO] [stdout] test sysvar::fees::test_sysvar_id ... ok
[INFO] [stdout] test sysvar::epoch_schedule::test_id ... ok
[INFO] [stdout] test sysvar::fees::tests::test_clone ... ok
[INFO] [stdout] test slot_history::tests::test_oldest ... ok
[INFO] [stdout] test sysvar::instructions::tests::test_decompile_instructions_out_of_bounds ... ok
[INFO] [stdout] test sysvar::instructions::tests::test_get_instruction_relative ... ok
[INFO] [stdout] test sysvar::instructions::tests::test_load_current_index_checked ... ok
[INFO] [stdout] test sysvar::instructions::tests::test_load_instruction_at_checked ... ok
[INFO] [stdout] test sysvar::instructions::tests::test_load_store_instruction ... ok
[INFO] [stdout] test sysvar::instructions::tests::test_serialize_instructions ... ok
[INFO] [stdout] test sysvar::recent_blockhashes::test_id ... ok
[INFO] [stdout] test sysvar::recent_blockhashes::test_sysvar_id ... ok
[INFO] [stdout] test sysvar::recent_blockhashes::tests::test_size_of ... ok
[INFO] [stdout] test sysvar::recent_blockhashes::tests::test_sysvar_can_hold_all_active_blockhashes ... ok
[INFO] [stdout] test sysvar::rent::test_id ... ok
[INFO] [stdout] test sysvar::rent::test_sysvar_id ... ok
[INFO] [stdout] test sysvar::instructions::test_id ... ok
[INFO] [stdout] test sysvar::instructions::test_sysvar_id ... ok
[INFO] [stdout] test sysvar::slot_hashes::test_id ... ok
[INFO] [stdout] test sysvar::rewards::test_id ... ok
[INFO] [stdout] test sysvar::rewards::test_sysvar_id ... ok
[INFO] [stdout] test sysvar::slot_history::test_id ... ok
[INFO] [stdout] test sysvar::slot_history::test_sysvar_id ... ok
[INFO] [stdout] test sysvar::slot_hashes::test_sysvar_id ... ok
[INFO] [stdout] test sysvar::stake_history::test_id ... ok
[INFO] [stdout] test sysvar::stake_history::test_sysvar_id ... ok
[INFO] [stdout] test sysvar::slot_hashes::tests::test_size_of ... ok
[INFO] [stdout] test sysvar::stake_history::tests::test_create_account ... ok
[INFO] [stdout] test sysvar::slot_history::tests::test_size_of ... ok
[INFO] [stdout] test sysvar::tests::test_id ... ok
[INFO] [stdout] test sysvar::stake_history::tests::test_size_of ... ok
[INFO] [stdout] test sysvar::test_id ... ok
[INFO] [stdout] test sysvar::tests::test_sysvar_account_info_to_from ... ok
[INFO] [stdout] test tests::test_unchecked_div_by_const ... ok
[INFO] [stdout] test vote::error::tests::test_custom_error_decode ... ok
[INFO] [stdout] test vote::state::tests::test_authorized_voter_is_locked_within_epoch ... ok
[INFO] [stdout] test vote::state::tests::test_default_vote_state_is_uninitialized ... ok
[INFO] [stdout] test vote::program::test_id ... ok
[INFO] [stdout] test vote::state::tests::test_is_correct_size_and_initialized ... ok
[INFO] [stdout] test vote::state::tests::test_get_and_update_authorized_voter ... ok
[INFO] [stdout] test vote::state::tests::test_minimum_balance ... ok
[INFO] [stdout] test vote::state::tests::test_vote_process_timestamp ... ok
[INFO] [stdout] test vote::state::tests::test_set_new_authorized_voter ... ok
[INFO] [stdout] test vote::state::tests::test_vote_state_commission_split ... ok
[INFO] [stdout] test vote::state::tests::test_vote_serialize ... ok
[INFO] [stdout] test vote::state::tests::test_vote_state_epoch0_no_credits ... ok
[INFO] [stdout] test vote::state::tests::test_vote_state_increment_credits ... ok
[INFO] [stdout] test vote::state::tests::test_vote_state_epoch_credits ... ok
[INFO] [stdout] test vote::state::tests::test_vote_state_size_of ... ok
[INFO] [stdout] test vote::state::tests::test_vote_state_max_size ... ok
[INFO] [stdout] test slot_history::tests::slot_history_test_wrap ... ok
[INFO] [stdout] test slot_history::tests::slot_history_test1 ... ok
[INFO] [stdout] test serde_varint::tests::test_serde_varint_cross_fuzz ... ok
[INFO] [stdout] test serde_varint::tests::test_serde_varint_rand ... ok
[INFO] [stdout] test serde_varint::tests::test_serde_varint_fuzz ... ok
[INFO] [stdout] test vote::state::tests::test_serde_compact_vote_state_update ... ok
[INFO] [stdout] 
[INFO] [stdout] failures:
[INFO] [stdout] 
[INFO] [stdout] ---- instruction::test_account_meta_layout stdout ----
[INFO] [stdout] thread 'instruction::test_account_meta_layout' panicked at src/instruction.rs:771:5:
[INFO] [stdout] assertion `left == right` failed
[INFO] [stdout]   left: 2
[INFO] [stdout]  right: 0
[INFO] [stdout] stack backtrace:
[INFO] [stdout]    0:     0x564b5558e62c - std::backtrace_rs::backtrace::libunwind::trace::ha637c64ce894333a
[INFO] [stdout]                                at /rustc/82e1608dfa6e0b5569232559e3d385fea5a93112/library/std/src/../../backtrace/src/backtrace/libunwind.rs:104:5
[INFO] [stdout]    1:     0x564b5558e62c - std::backtrace_rs::backtrace::trace_unsynchronized::h47f62dea28e0c88d
[INFO] [stdout]                                at /rustc/82e1608dfa6e0b5569232559e3d385fea5a93112/library/std/src/../../backtrace/src/backtrace/mod.rs:66:5
[INFO] [stdout]    2:     0x564b5558e62c - std::sys_common::backtrace::_print_fmt::h9eef0abe20ede486
[INFO] [stdout]                                at /rustc/82e1608dfa6e0b5569232559e3d385fea5a93112/library/std/src/sys_common/backtrace.rs:67:5
[INFO] [stdout]    3:     0x564b5558e62c - <std::sys_common::backtrace::_print::DisplayBacktrace as core::fmt::Display>::fmt::hed7f999df88cc644
[INFO] [stdout]                                at /rustc/82e1608dfa6e0b5569232559e3d385fea5a93112/library/std/src/sys_common/backtrace.rs:44:22
[INFO] [stdout]    4:     0x564b555b8c80 - core::fmt::rt::Argument::fmt::h1539a9308b8d058d
[INFO] [stdout]                                at /rustc/82e1608dfa6e0b5569232559e3d385fea5a93112/library/core/src/fmt/rt.rs:142:9
[INFO] [stdout]    5:     0x564b555b8c80 - core::fmt::write::h3a39390d8560d9c9
[INFO] [stdout]                                at /rustc/82e1608dfa6e0b5569232559e3d385fea5a93112/library/core/src/fmt/mod.rs:1120:17
[INFO] [stdout]    6:     0x564b5558bfdf - std::io::Write::write_fmt::h040b369f3a0f9cbc
[INFO] [stdout]                                at /rustc/82e1608dfa6e0b5569232559e3d385fea5a93112/library/std/src/io/mod.rs:1762:15
[INFO] [stdout]    7:     0x564b5558e414 - std::sys_common::backtrace::_print::h894006fb5c6f3d45
[INFO] [stdout]                                at /rustc/82e1608dfa6e0b5569232559e3d385fea5a93112/library/std/src/sys_common/backtrace.rs:47:5
[INFO] [stdout]    8:     0x564b5558e414 - std::sys_common::backtrace::print::h23a2d212c6fff936
[INFO] [stdout]                                at /rustc/82e1608dfa6e0b5569232559e3d385fea5a93112/library/std/src/sys_common/backtrace.rs:34:9
[INFO] [stdout]    9:     0x564b555900d7 - std::panicking::default_hook::{{closure}}::h8a1d2ee00185001a
[INFO] [stdout]   10:     0x564b5558fdc3 - std::panicking::default_hook::h6038f2eba384e475
[INFO] [stdout]                                at /rustc/82e1608dfa6e0b5569232559e3d385fea5a93112/library/std/src/panicking.rs:289:9
[INFO] [stdout]   11:     0x564b554ab5c7 - <alloc::boxed::Box<F,A> as core::ops::function::Fn<Args>>::call::h0ad024c9bdc6d768
[INFO] [stdout]                                at /rustc/82e1608dfa6e0b5569232559e3d385fea5a93112/library/alloc/src/boxed.rs:2021:9
[INFO] [stdout]   12:     0x564b554ab5c7 - test::test_main::{{closure}}::h7500b54257359db6
[INFO] [stdout]                                at /rustc/82e1608dfa6e0b5569232559e3d385fea5a93112/library/test/src/lib.rs:138:21
[INFO] [stdout]   13:     0x564b555906e8 - <alloc::boxed::Box<F,A> as core::ops::function::Fn<Args>>::call::h1f8f335eaa9cfaee
[INFO] [stdout]                                at /rustc/82e1608dfa6e0b5569232559e3d385fea5a93112/library/alloc/src/boxed.rs:2021:9
[INFO] [stdout]   14:     0x564b555906e8 - std::panicking::rust_panic_with_hook::h2b5517d590cab22e
[INFO] [stdout]                                at /rustc/82e1608dfa6e0b5569232559e3d385fea5a93112/library/std/src/panicking.rs:783:13
[INFO] [stdout]   15:     0x564b5559043e - std::panicking::begin_panic_handler::{{closure}}::h233112c06e0ef43e
[INFO] [stdout]                                at /rustc/82e1608dfa6e0b5569232559e3d385fea5a93112/library/std/src/panicking.rs:657:13
[INFO] [stdout]   16:     0x564b5558eaf6 - std::sys_common::backtrace::__rust_end_short_backtrace::h6e893f24d7ebbff8
[INFO] [stdout]                                at /rustc/82e1608dfa6e0b5569232559e3d385fea5a93112/library/std/src/sys_common/backtrace.rs:170:18
[INFO] [stdout]   17:     0x564b555901a2 - rust_begin_unwind
[INFO] [stdout]                                at /rustc/82e1608dfa6e0b5569232559e3d385fea5a93112/library/std/src/panicking.rs:645:5
[INFO] [stdout]   18:     0x564b54f7b2b5 - core::panicking::panic_fmt::hbf0e066aabfa482c
[INFO] [stdout]                                at /rustc/82e1608dfa6e0b5569232559e3d385fea5a93112/library/core/src/panicking.rs:72:14
[INFO] [stdout]   19:     0x564b54f7b70b - core::panicking::assert_failed_inner::h0bba8b7c26ee4492
[INFO] [stdout]   20:     0x564b55515dfe - core::panicking::assert_failed::hc03f94a0afdf8166
[INFO] [stdout]                                at /rustc/82e1608dfa6e0b5569232559e3d385fea5a93112/library/core/src/panicking.rs:279:5
[INFO] [stdout]   21:     0x564b55142a03 - waffles_solana_program::instruction::test_account_meta_layout::h968a23a4590aa0e0
[INFO] [stdout]                                at /opt/rustwide/workdir/src/instruction.rs:771:5
[INFO] [stdout]   22:     0x564b55142737 - waffles_solana_program::instruction::test_account_meta_layout::{{closure}}::h893f1473c730ad8f
[INFO] [stdout]                                at /opt/rustwide/workdir/src/instruction.rs:747:30
[INFO] [stdout]   23:     0x564b5510c156 - core::ops::function::FnOnce::call_once::he6fe6c2e347f9266
[INFO] [stdout]                                at /rustc/82e1608dfa6e0b5569232559e3d385fea5a93112/library/core/src/ops/function.rs:250:5
[INFO] [stdout]   24:     0x564b554b0c1f - core::ops::function::FnOnce::call_once::h2b5d431d5046312d
[INFO] [stdout]                                at /rustc/82e1608dfa6e0b5569232559e3d385fea5a93112/library/core/src/ops/function.rs:250:5
[INFO] [stdout]   25:     0x564b554b0c1f - test::__rust_begin_short_backtrace::h7714669af176e207
[INFO] [stdout]                                at /rustc/82e1608dfa6e0b5569232559e3d385fea5a93112/library/test/src/lib.rs:628:18
[INFO] [stdout]   26:     0x564b554afc35 - test::run_test_in_process::{{closure}}::h85218797dcbcec12
[INFO] [stdout]                                at /rustc/82e1608dfa6e0b5569232559e3d385fea5a93112/library/test/src/lib.rs:651:60
[INFO] [stdout]   27:     0x564b554afc35 - <core::panic::unwind_safe::AssertUnwindSafe<F> as core::ops::function::FnOnce<()>>::call_once::h76c106ea31c14d7b
[INFO] [stdout]                                at /rustc/82e1608dfa6e0b5569232559e3d385fea5a93112/library/core/src/panic/unwind_safe.rs:272:9
[INFO] [stdout]   28:     0x564b554afc35 - std::panicking::try::do_call::h3bd5d0f6620ee946
[INFO] [stdout]                                at /rustc/82e1608dfa6e0b5569232559e3d385fea5a93112/library/std/src/panicking.rs:552:40
[INFO] [stdout]   29:     0x564b554afc35 - std::panicking::try::h232e535e4744fe31
[INFO] [stdout]                                at /rustc/82e1608dfa6e0b5569232559e3d385fea5a93112/library/std/src/panicking.rs:516:19
[INFO] [stdout]   30:     0x564b554afc35 - std::panic::catch_unwind::h3ce3bd6ca8dbac68
[INFO] [stdout]                                at /rustc/82e1608dfa6e0b5569232559e3d385fea5a93112/library/std/src/panic.rs:142:14
[INFO] [stdout]   31:     0x564b554afc35 - test::run_test_in_process::hc97b257c9621286a
[INFO] [stdout]                                at /rustc/82e1608dfa6e0b5569232559e3d385fea5a93112/library/test/src/lib.rs:651:27
[INFO] [stdout]   32:     0x564b554afc35 - test::run_test::{{closure}}::h2aa798823a438d38
[INFO] [stdout]                                at /rustc/82e1608dfa6e0b5569232559e3d385fea5a93112/library/test/src/lib.rs:574:43
[INFO] [stdout]   33:     0x564b55477ef6 - test::run_test::{{closure}}::h87d231c78fb59832
[INFO] [stdout]                                at /rustc/82e1608dfa6e0b5569232559e3d385fea5a93112/library/test/src/lib.rs:602:41
[INFO] [stdout]   34:     0x564b55477ef6 - std::sys_common::backtrace::__rust_begin_short_backtrace::he6df152596625789
[INFO] [stdout]                                at /rustc/82e1608dfa6e0b5569232559e3d385fea5a93112/library/std/src/sys_common/backtrace.rs:154:18
[INFO] [stdout]   35:     0x564b5547cfa7 - std::thread::Builder::spawn_unchecked_::{{closure}}::{{closure}}::ha94be15d1e0acf36
[INFO] [stdout]                                at /rustc/82e1608dfa6e0b5569232559e3d385fea5a93112/library/std/src/thread/mod.rs:529:17
[INFO] [stdout]   36:     0x564b5547cfa7 - <core::panic::unwind_safe::AssertUnwindSafe<F> as core::ops::function::FnOnce<()>>::call_once::h9dc6bd6372f16606
[INFO] [stdout]                                at /rustc/82e1608dfa6e0b5569232559e3d385fea5a93112/library/core/src/panic/unwind_safe.rs:272:9
[INFO] [stdout]   37:     0x564b5547cfa7 - std::panicking::try::do_call::h9057517f80303cd4
[INFO] [stdout]                                at /rustc/82e1608dfa6e0b5569232559e3d385fea5a93112/library/std/src/panicking.rs:552:40
[INFO] [stdout]   38:     0x564b5547cfa7 - std::panicking::try::he3a30b11ee45340c
[INFO] [stdout]                                at /rustc/82e1608dfa6e0b5569232559e3d385fea5a93112/library/std/src/panicking.rs:516:19
[INFO] [stdout]   39:     0x564b5547cfa7 - std::panic::catch_unwind::h410458cfd3528b8b
[INFO] [stdout]                                at /rustc/82e1608dfa6e0b5569232559e3d385fea5a93112/library/std/src/panic.rs:142:14
[INFO] [stdout]   40:     0x564b5547cfa7 - std::thread::Builder::spawn_unchecked_::{{closure}}::h72ac3bdb567b737b
[INFO] [stdout]                                at /rustc/82e1608dfa6e0b5569232559e3d385fea5a93112/library/std/src/thread/mod.rs:528:30
[INFO] [stdout]   41:     0x564b5547cfa7 - core::ops::function::FnOnce::call_once{{vtable.shim}}::h38f34da3654a8344
[INFO] [stdout]                                at /rustc/82e1608dfa6e0b5569232559e3d385fea5a93112/library/core/src/ops/function.rs:250:5
[INFO] [stdout]   42:     0x564b55595175 - <alloc::boxed::Box<F,A> as core::ops::function::FnOnce<Args>>::call_once::hc7eafaff61e32df9
[INFO] [stdout]                                at /rustc/82e1608dfa6e0b5569232559e3d385fea5a93112/library/alloc/src/boxed.rs:2007:9
[INFO] [stdout]   43:     0x564b55595175 - <alloc::boxed::Box<F,A> as core::ops::function::FnOnce<Args>>::call_once::h6ba4a5de48dd2304
[INFO] [stdout]                                at /rustc/82e1608dfa6e0b5569232559e3d385fea5a93112/library/alloc/src/boxed.rs:2007:9
[INFO] [stdout]   44:     0x564b55595175 - std::sys::unix::thread::Thread::new::thread_start::he469335aef763e45
[INFO] [stdout]                                at /rustc/82e1608dfa6e0b5569232559e3d385fea5a93112/library/std/src/sys/unix/thread.rs:108:17
[INFO] [stdout]   45:     0x7f3168a99ac3 - <unknown>
[INFO] [stdout]   46:     0x7f3168b2abf4 - __clone
[INFO] [stdout]   47:                0x0 - <unknown>
[INFO] [stdout] 
[INFO] [stdout] 
[INFO] [stdout] failures:
[INFO] [stdout]     instruction::test_account_meta_layout
[INFO] [stdout] 
[INFO] [stdout] test result: FAILED. 228 passed; 1 failed; 0 ignored; 0 measured; 0 filtered out; finished in 3.26s
[INFO] [stdout] 
[INFO] [stderr] error: test failed, to rerun pass `--lib`
[INFO] running `Command { std: "docker" "inspect" "431d8bd285cef432bfb8d03e822b242a70ec5bba32627ed8b2b422a43ece606f", kill_on_drop: false }`
[INFO] running `Command { std: "docker" "rm" "-f" "431d8bd285cef432bfb8d03e822b242a70ec5bba32627ed8b2b422a43ece606f", kill_on_drop: false }`
[INFO] [stdout] 431d8bd285cef432bfb8d03e822b242a70ec5bba32627ed8b2b422a43ece606f
[INFO] testing waffles-solana-program-1.16.0-alpha.11 against beta-2023-12-22 for beta-1.76-1
[INFO] extracting crate waffles-solana-program 1.16.0-alpha.11 into /workspace/builds/worker-1-tc2/source
[INFO] validating manifest of crates.io crate waffles-solana-program 1.16.0-alpha.11 on toolchain beta-2023-12-22
[INFO] running `Command { std: CARGO_HOME="/workspace/cargo-home" RUSTUP_HOME="/workspace/rustup-home" "/workspace/cargo-home/bin/cargo" "+beta-2023-12-22" "metadata" "--manifest-path" "Cargo.toml" "--no-deps", kill_on_drop: false }`
[INFO] started tweaking crates.io crate waffles-solana-program 1.16.0-alpha.11
[INFO] finished tweaking crates.io crate waffles-solana-program 1.16.0-alpha.11
[INFO] tweaked toml for crates.io crate waffles-solana-program 1.16.0-alpha.11 written to /workspace/builds/worker-1-tc2/source/Cargo.toml
[INFO] running `Command { std: CARGO_HOME="/workspace/cargo-home" RUSTUP_HOME="/workspace/rustup-home" "/workspace/cargo-home/bin/cargo" "+beta-2023-12-22" "generate-lockfile" "--manifest-path" "Cargo.toml", kill_on_drop: false }`
[INFO] [stderr]     Updating crates.io index
[INFO] running `Command { std: CARGO_HOME="/workspace/cargo-home" RUSTUP_HOME="/workspace/rustup-home" "/workspace/cargo-home/bin/cargo" "+beta-2023-12-22" "fetch" "--manifest-path" "Cargo.toml", kill_on_drop: false }`
[INFO] running `Command { std: "docker" "create" "-v" "/var/lib/crater-agent-workspace/builds/worker-1-tc2/target:/opt/rustwide/target:rw,Z" "-v" "/var/lib/crater-agent-workspace/builds/worker-1-tc2/source:/opt/rustwide/workdir:ro,Z" "-v" "/var/lib/crater-agent-workspace/cargo-home:/opt/rustwide/cargo-home:ro,Z" "-v" "/var/lib/crater-agent-workspace/rustup-home:/opt/rustwide/rustup-home:ro,Z" "-e" "SOURCE_DIR=/opt/rustwide/workdir" "-e" "CARGO_TARGET_DIR=/opt/rustwide/target" "-e" "CARGO_HOME=/opt/rustwide/cargo-home" "-e" "RUSTUP_HOME=/opt/rustwide/rustup-home" "-w" "/opt/rustwide/workdir" "-m" "1610612736" "--user" "0:0" "--network" "none" "ghcr.io/rust-lang/crates-build-env/linux@sha256:2788e3201cd34a07e3172128adcd8b3090168a8e3bcc40d7c032b9dda1df7d1c" "/opt/rustwide/cargo-home/bin/cargo" "+beta-2023-12-22" "metadata" "--no-deps" "--format-version=1", kill_on_drop: false }`
[INFO] [stdout] 6e7e8693875d5e648f839ae5b05805504c21c22c7f399038676c62785e1d2bc5
[INFO] running `Command { std: "docker" "start" "-a" "6e7e8693875d5e648f839ae5b05805504c21c22c7f399038676c62785e1d2bc5", kill_on_drop: false }`
[INFO] running `Command { std: "docker" "inspect" "6e7e8693875d5e648f839ae5b05805504c21c22c7f399038676c62785e1d2bc5", kill_on_drop: false }`
[INFO] running `Command { std: "docker" "rm" "-f" "6e7e8693875d5e648f839ae5b05805504c21c22c7f399038676c62785e1d2bc5", kill_on_drop: false }`
[INFO] [stdout] 6e7e8693875d5e648f839ae5b05805504c21c22c7f399038676c62785e1d2bc5
[INFO] running `Command { std: "docker" "create" "-v" "/var/lib/crater-agent-workspace/builds/worker-1-tc2/target:/opt/rustwide/target:rw,Z" "-v" "/var/lib/crater-agent-workspace/builds/worker-1-tc2/source:/opt/rustwide/workdir:ro,Z" "-v" "/var/lib/crater-agent-workspace/cargo-home:/opt/rustwide/cargo-home:ro,Z" "-v" "/var/lib/crater-agent-workspace/rustup-home:/opt/rustwide/rustup-home:ro,Z" "-e" "SOURCE_DIR=/opt/rustwide/workdir" "-e" "CARGO_TARGET_DIR=/opt/rustwide/target" "-e" "CARGO_INCREMENTAL=0" "-e" "RUST_BACKTRACE=full" "-e" "RUSTFLAGS=--cap-lints=warn" "-e" "RUSTDOCFLAGS=--cap-lints=warn" "-e" "CARGO_HOME=/opt/rustwide/cargo-home" "-e" "RUSTUP_HOME=/opt/rustwide/rustup-home" "-w" "/opt/rustwide/workdir" "-m" "1610612736" "--user" "0:0" "--network" "none" "ghcr.io/rust-lang/crates-build-env/linux@sha256:2788e3201cd34a07e3172128adcd8b3090168a8e3bcc40d7c032b9dda1df7d1c" "/opt/rustwide/cargo-home/bin/cargo" "+beta-2023-12-22" "build" "--frozen" "--message-format=json", kill_on_drop: false }`
[INFO] [stdout] a5660fc4a4dcde0920643a858377060ddd60eafff9c20b2a410313f70356af71
[INFO] running `Command { std: "docker" "start" "-a" "a5660fc4a4dcde0920643a858377060ddd60eafff9c20b2a410313f70356af71", kill_on_drop: false }`
[INFO] [stderr]    Compiling serde v1.0.194
[INFO] [stderr]    Compiling libc v0.2.151
[INFO] [stderr]    Compiling generic-array v0.14.7
[INFO] [stderr]    Compiling syn v1.0.109
[INFO] [stderr]    Compiling subtle v2.5.0
[INFO] [stderr]    Compiling syn v2.0.48
[INFO] [stderr]    Compiling semver v1.0.21
[INFO] [stderr]    Compiling num-traits v0.2.17
[INFO] [stderr]    Compiling getrandom v0.1.16
[INFO] [stderr]    Compiling memchr v2.7.1
[INFO] [stderr]    Compiling crunchy v0.2.2
[INFO] [stderr]    Compiling ucd-trie v0.1.6
[INFO] [stderr]    Compiling rustc_version v0.4.0
[INFO] [stderr]    Compiling crossbeam-utils v0.8.18
[INFO] [stderr]    Compiling num-integer v0.1.45
[INFO] [stderr]    Compiling jobserver v0.1.27
[INFO] [stderr]    Compiling digest v0.9.0
[INFO] [stderr]    Compiling ahash v0.7.7
[INFO] [stderr]    Compiling cc v1.0.83
[INFO] [stderr]    Compiling num-bigint v0.4.4
[INFO] [stderr]    Compiling wasm-bindgen-shared v0.2.89
[INFO] [stderr]    Compiling getrandom v0.2.11
[INFO] [stderr]    Compiling rand_core v0.6.4
[INFO] [stderr]    Compiling rand_core v0.5.1
[INFO] [stderr]    Compiling libsecp256k1-core v0.2.2
[INFO] [stderr]    Compiling rand_chacha v0.3.1
[INFO] [stderr]    Compiling crossbeam-epoch v0.9.17
[INFO] [stderr]    Compiling rand v0.8.5
[INFO] [stderr]    Compiling block-padding v0.2.1
[INFO] [stderr]    Compiling paste v1.0.14
[INFO] [stderr]    Compiling rayon-core v1.12.0
[INFO] [stderr]    Compiling crossbeam-deque v0.8.4
[INFO] [stderr]    Compiling ark-std v0.3.0
[INFO] [stderr]    Compiling log v0.4.20
[INFO] [stderr]    Compiling bumpalo v3.14.0
[INFO] [stderr]    Compiling feature-probe v0.1.1
[INFO] [stderr]    Compiling blake3 v1.5.0
[INFO] [stderr]    Compiling bv v0.11.1
[INFO] [stderr]    Compiling wasm-bindgen-backend v0.2.89
[INFO] [stderr]    Compiling libsecp256k1-gen-ecmult v0.2.1
[INFO] [stderr]    Compiling libsecp256k1-gen-genmult v0.2.1
[INFO] [stderr]    Compiling rand_chacha v0.2.2
[INFO] [stderr]    Compiling waffles-solana-frozen-abi-macro v1.16.0-alpha.10
[INFO] [stderr]    Compiling bitmaps v2.1.0
[INFO] [stderr]    Compiling im v15.1.0
[INFO] [stderr]    Compiling serde_json v1.0.111
[INFO] [stderr]    Compiling arrayref v0.3.7
[INFO] [stderr]    Compiling rustversion v1.0.14
[INFO] [stderr]    Compiling wasm-bindgen-macro-support v0.2.89
[INFO] [stderr]    Compiling sized-chunks v0.6.5
[INFO] [stderr]    Compiling rand v0.7.3
[INFO] [stderr]    Compiling libsecp256k1 v0.6.0
[INFO] [stderr]    Compiling borsh-derive-internal v0.9.3
[INFO] [stderr]    Compiling borsh-schema-derive-internal v0.9.3
[INFO] [stderr]    Compiling rayon v1.8.0
[INFO] [stderr]    Compiling serde_derive v1.0.194
[INFO] [stderr]    Compiling thiserror-impl v1.0.56
[INFO] [stderr]    Compiling zeroize_derive v1.4.2
[INFO] [stderr]    Compiling toml v0.5.11
[INFO] [stderr]    Compiling rand_xoshiro v0.6.0
[INFO] [stderr]    Compiling waffles-solana-frozen-abi v1.16.0-alpha.10
[INFO] [stderr]    Compiling zeroize v1.3.0
[INFO] [stderr]    Compiling memoffset v0.8.0
[INFO] [stderr]    Compiling constant_time_eq v0.3.0
[INFO] [stderr]    Compiling byteorder v1.5.0
[INFO] [stderr]    Compiling arrayvec v0.7.4
[INFO] [stderr]    Compiling proc-macro-crate v0.1.5
[INFO] [stderr]    Compiling wasm-bindgen v0.2.89
[INFO] [stderr]    Compiling ark-ff-macros v0.3.0
[INFO] [stderr]    Compiling derivative v2.2.0
[INFO] [stderr]    Compiling ark-ff-asm v0.3.0
[INFO] [stderr]    Compiling bs58 v0.4.0
[INFO] [stderr]    Compiling thiserror v1.0.56
[INFO] [stderr]    Compiling pest v2.7.6
[INFO] [stderr]    Compiling borsh-derive v0.9.3
[INFO] [stderr]    Compiling wasm-bindgen-macro v0.2.89
[INFO] [stderr]    Compiling bytemuck_derive v1.5.0
[INFO] [stderr]    Compiling waffles-solana-program v1.16.0-alpha.11 (/opt/rustwide/workdir)
[INFO] [stderr]    Compiling hashbrown v0.12.3
[INFO] [stderr]    Compiling hashbrown v0.11.2
[INFO] [stderr]    Compiling semver-parser v0.10.2
[INFO] [stderr]    Compiling memmap2 v0.5.10
[INFO] [stderr]    Compiling base64 v0.12.3
[INFO] [stderr]    Compiling keccak v0.1.4
[INFO] [stderr]    Compiling rustc-hash v1.1.0
[INFO] [stderr]    Compiling bytemuck v1.14.0
[INFO] [stderr]    Compiling semver v0.11.0
[INFO] [stderr]    Compiling borsh v0.9.3
[INFO] [stderr]    Compiling waffles-solana-sdk-macro v1.16.0-alpha.10
[INFO] [stderr]    Compiling rustc_version v0.3.3
[INFO] [stderr]    Compiling num-derive v0.3.3
[INFO] [stderr]    Compiling itertools v0.10.5
[INFO] [stderr]    Compiling ark-ff v0.3.0
[INFO] [stderr]    Compiling base64 v0.13.1
[INFO] [stderr]    Compiling array-bytes v1.4.1
[INFO] [stderr]    Compiling serde_bytes v0.11.14
[INFO] [stderr]    Compiling bincode v1.3.3
[INFO] [stderr]    Compiling block-buffer v0.10.4
[INFO] [stderr]    Compiling crypto-common v0.1.6
[INFO] [stderr]    Compiling crypto-mac v0.8.0
[INFO] [stderr]    Compiling block-buffer v0.9.0
[INFO] [stderr]    Compiling ark-serialize v0.3.0
[INFO] [stderr]    Compiling hmac v0.8.1
[INFO] [stderr]    Compiling sha2 v0.9.9
[INFO] [stderr]    Compiling pbkdf2 v0.4.0
[INFO] [stderr]    Compiling digest v0.10.7
[INFO] [stderr]    Compiling hmac-drbg v0.3.0
[INFO] [stderr]    Compiling curve25519-dalek v3.2.1
[INFO] [stderr]    Compiling sha2 v0.10.8
[INFO] [stderr]    Compiling tiny-bip39 v0.8.2
[INFO] [stderr]    Compiling sha3 v0.10.8
[INFO] [stderr]    Compiling ark-ec v0.3.0
[INFO] [stderr]    Compiling ark-bn254 v0.3.0
[INFO] [stdout] warning: unused doc comment
[INFO] [stdout]   --> src/vote/state/vote_state_versions.rs:23:21
[INFO] [stdout]    |
[INFO] [stdout] 23 |                     /// the signer for withdrawals
[INFO] [stdout]    |                     ^^^^^^^^^^^^^^^^^^^^^^^^^^^^^^
[INFO] [stdout] 24 |                     authorized_withdrawer: state.authorized_withdrawer,
[INFO] [stdout]    |                     -------------------------------------------------- rustdoc does not generate documentation for expression fields
[INFO] [stdout]    |
[INFO] [stdout]    = help: use `//` for a plain comment
[INFO] [stdout]    = note: `#[warn(unused_doc_comments)]` on by default
[INFO] [stdout] 
[INFO] [stdout] 
[INFO] [stdout] warning: unused doc comment
[INFO] [stdout]   --> src/vote/state/vote_state_versions.rs:26:21
[INFO] [stdout]    |
[INFO] [stdout] 26 | /                     /// percentage (0-100) that represents what part of a rewards
[INFO] [stdout] 27 | |                     ///  payout should be given to this VoteAccount
[INFO] [stdout]    | |___________________________________________________________________^
[INFO] [stdout] 28 |                       commission: state.commission,
[INFO] [stdout]    |                       ---------------------------- rustdoc does not generate documentation for expression fields
[INFO] [stdout]    |
[INFO] [stdout]    = help: use `//` for a plain comment
[INFO] [stdout] 
[INFO] [stdout] 
[INFO] [stdout] warning: unused doc comment
[INFO] [stdout]   --> src/vote/state/vote_state_versions.rs:34:21
[INFO] [stdout]    |
[INFO] [stdout] 34 |                     /// the signer for vote transactions
[INFO] [stdout]    |                     ^^^^^^^^^^^^^^^^^^^^^^^^^^^^^^^^^^^^
[INFO] [stdout] 35 |                     authorized_voters,
[INFO] [stdout]    |                     ----------------- rustdoc does not generate documentation for expression fields
[INFO] [stdout]    |
[INFO] [stdout]    = help: use `//` for a plain comment
[INFO] [stdout] 
[INFO] [stdout] 
[INFO] [stdout] warning: unused doc comment
[INFO] [stdout]   --> src/vote/state/vote_state_versions.rs:37:21
[INFO] [stdout]    |
[INFO] [stdout] 37 | /                     /// history of prior authorized voters and the epochs for which
[INFO] [stdout] 38 | |                     /// they were set, the bottom end of the range is inclusive,
[INFO] [stdout] 39 | |                     /// the top of the range is exclusive
[INFO] [stdout]    | |_________________________________________________________^
[INFO] [stdout] 40 |                       prior_voters: CircBuf::default(),
[INFO] [stdout]    |                       -------------------------------- rustdoc does not generate documentation for expression fields
[INFO] [stdout]    |
[INFO] [stdout]    = help: use `//` for a plain comment
[INFO] [stdout] 
[INFO] [stdout] 
[INFO] [stdout] warning: unused doc comment
[INFO] [stdout]   --> src/vote/state/vote_state_versions.rs:42:21
[INFO] [stdout]    |
[INFO] [stdout] 42 | /                     /// history of how many credits earned by the end of each epoch
[INFO] [stdout] 43 | |                     ///  each tuple is (Epoch, credits, prev_credits)
[INFO] [stdout]    | |_____________________________________________________________________^
[INFO] [stdout] 44 |                       epoch_credits: state.epoch_credits.clone(),
[INFO] [stdout]    |                       ------------------------------------------ rustdoc does not generate documentation for expression fields
[INFO] [stdout]    |
[INFO] [stdout]    = help: use `//` for a plain comment
[INFO] [stdout] 
[INFO] [stdout] 
[INFO] [stdout] warning: unused doc comment
[INFO] [stdout]   --> src/vote/state/vote_state_versions.rs:46:21
[INFO] [stdout]    |
[INFO] [stdout] 46 |                     /// most recent timestamp submitted with a vote
[INFO] [stdout]    |                     ^^^^^^^^^^^^^^^^^^^^^^^^^^^^^^^^^^^^^^^^^^^^^^^
[INFO] [stdout] 47 |                     last_timestamp: state.last_timestamp.clone(),
[INFO] [stdout]    |                     -------------------------------------------- rustdoc does not generate documentation for expression fields
[INFO] [stdout]    |
[INFO] [stdout]    = help: use `//` for a plain comment
[INFO] [stdout] 
[INFO] [stdout] 
[INFO] [stdout] warning: variable does not need to be mutable
[INFO] [stdout]   --> src/message/compiled_keys.rs:43:17
[INFO] [stdout]    |
[INFO] [stdout] 43 |             let mut meta = key_meta_map.entry(ix.program_id).or_default();
[INFO] [stdout]    |                 ----^^^^
[INFO] [stdout]    |                 |
[INFO] [stdout]    |                 help: remove this `mut`
[INFO] [stdout]    |
[INFO] [stdout]    = note: `#[warn(unused_mut)]` on by default
[INFO] [stdout] 
[INFO] [stdout] 
[INFO] [stdout] warning: variable does not need to be mutable
[INFO] [stdout]   --> src/message/compiled_keys.rs:52:17
[INFO] [stdout]    |
[INFO] [stdout] 52 |             let mut meta = key_meta_map.entry(*payer).or_default();
[INFO] [stdout]    |                 ----^^^^
[INFO] [stdout]    |                 |
[INFO] [stdout]    |                 help: remove this `mut`
[INFO] [stdout] 
[INFO] [stdout] 
[INFO] [stdout] warning: assigning to `&T` is undefined behavior, consider using an `UnsafeCell`
[INFO] [stdout]    --> src/account_info.rs:188:13
[INFO] [stdout]     |
[INFO] [stdout] 188 | /             std::ptr::write_volatile(
[INFO] [stdout] 189 | |                 self.owner as *const Pubkey as *mut [u8; 32],
[INFO] [stdout] 190 | |                 new_owner.to_bytes(),
[INFO] [stdout] 191 | |             );
[INFO] [stdout]     | |_____________^
[INFO] [stdout]     |
[INFO] [stdout]     = note: for more information, visit <https://doc.rust-lang.org/book/ch15-05-interior-mutability.html>
[INFO] [stdout]     = note: `#[warn(invalid_reference_casting)]` on by default
[INFO] [stdout] 
[INFO] [stdout] 
[INFO] [stdout] warning: 9 warnings emitted
[INFO] [stdout] 
[INFO] [stdout] 
[INFO] [stderr]     Finished dev [unoptimized + debuginfo] target(s) in 1m 18s
[INFO] running `Command { std: "docker" "inspect" "a5660fc4a4dcde0920643a858377060ddd60eafff9c20b2a410313f70356af71", kill_on_drop: false }`
[INFO] running `Command { std: "docker" "rm" "-f" "a5660fc4a4dcde0920643a858377060ddd60eafff9c20b2a410313f70356af71", kill_on_drop: false }`
[INFO] [stdout] a5660fc4a4dcde0920643a858377060ddd60eafff9c20b2a410313f70356af71
[INFO] running `Command { std: "docker" "create" "-v" "/var/lib/crater-agent-workspace/builds/worker-1-tc2/target:/opt/rustwide/target:rw,Z" "-v" "/var/lib/crater-agent-workspace/builds/worker-1-tc2/source:/opt/rustwide/workdir:ro,Z" "-v" "/var/lib/crater-agent-workspace/cargo-home:/opt/rustwide/cargo-home:ro,Z" "-v" "/var/lib/crater-agent-workspace/rustup-home:/opt/rustwide/rustup-home:ro,Z" "-e" "SOURCE_DIR=/opt/rustwide/workdir" "-e" "CARGO_TARGET_DIR=/opt/rustwide/target" "-e" "CARGO_INCREMENTAL=0" "-e" "RUST_BACKTRACE=full" "-e" "RUSTFLAGS=--cap-lints=warn" "-e" "RUSTDOCFLAGS=--cap-lints=warn" "-e" "CARGO_HOME=/opt/rustwide/cargo-home" "-e" "RUSTUP_HOME=/opt/rustwide/rustup-home" "-w" "/opt/rustwide/workdir" "-m" "1610612736" "--user" "0:0" "--network" "none" "ghcr.io/rust-lang/crates-build-env/linux@sha256:2788e3201cd34a07e3172128adcd8b3090168a8e3bcc40d7c032b9dda1df7d1c" "/opt/rustwide/cargo-home/bin/cargo" "+beta-2023-12-22" "test" "--frozen" "--no-run" "--message-format=json", kill_on_drop: false }`
[INFO] [stdout] e25b3fe832510bbd3285c2d9773fa66ac1e103edfd563fd243771d5cbebc3670
[INFO] running `Command { std: "docker" "start" "-a" "e25b3fe832510bbd3285c2d9773fa66ac1e103edfd563fd243771d5cbebc3670", kill_on_drop: false }`
[INFO] [stderr]    Compiling pest v2.7.6
[INFO] [stderr]    Compiling regex-syntax v0.8.2
[INFO] [stderr]    Compiling atty v0.2.14
[INFO] [stderr]    Compiling humantime v2.1.0
[INFO] [stderr]    Compiling assert_matches v1.5.0
[INFO] [stderr]    Compiling regex-automata v0.4.3
[INFO] [stderr]    Compiling semver-parser v0.10.2
[INFO] [stderr]    Compiling semver v0.11.0
[INFO] [stderr]    Compiling rustc_version v0.3.3
[INFO] [stderr]    Compiling ark-ff v0.3.0
[INFO] [stderr]    Compiling regex v1.10.2
[INFO] [stderr]    Compiling env_logger v0.9.3
[INFO] [stderr]    Compiling waffles-solana-logger v1.16.0-alpha.10
[INFO] [stderr]    Compiling ark-ec v0.3.0
[INFO] [stderr]    Compiling ark-bn254 v0.3.0
[INFO] [stderr]    Compiling waffles-solana-program v1.16.0-alpha.11 (/opt/rustwide/workdir)
[INFO] [stdout] warning: unused doc comment
[INFO] [stdout]   --> src/vote/state/vote_state_versions.rs:23:21
[INFO] [stdout]    |
[INFO] [stdout] 23 |                     /// the signer for withdrawals
[INFO] [stdout]    |                     ^^^^^^^^^^^^^^^^^^^^^^^^^^^^^^
[INFO] [stdout] 24 |                     authorized_withdrawer: state.authorized_withdrawer,
[INFO] [stdout]    |                     -------------------------------------------------- rustdoc does not generate documentation for expression fields
[INFO] [stdout]    |
[INFO] [stdout]    = help: use `//` for a plain comment
[INFO] [stdout]    = note: `#[warn(unused_doc_comments)]` on by default
[INFO] [stdout] 
[INFO] [stdout] 
[INFO] [stdout] warning: unused doc comment
[INFO] [stdout]   --> src/vote/state/vote_state_versions.rs:26:21
[INFO] [stdout]    |
[INFO] [stdout] 26 | /                     /// percentage (0-100) that represents what part of a rewards
[INFO] [stdout] 27 | |                     ///  payout should be given to this VoteAccount
[INFO] [stdout]    | |___________________________________________________________________^
[INFO] [stdout] 28 |                       commission: state.commission,
[INFO] [stdout]    |                       ---------------------------- rustdoc does not generate documentation for expression fields
[INFO] [stdout]    |
[INFO] [stdout]    = help: use `//` for a plain comment
[INFO] [stdout] 
[INFO] [stdout] 
[INFO] [stdout] warning: unused doc comment
[INFO] [stdout]   --> src/vote/state/vote_state_versions.rs:34:21
[INFO] [stdout]    |
[INFO] [stdout] 34 |                     /// the signer for vote transactions
[INFO] [stdout]    |                     ^^^^^^^^^^^^^^^^^^^^^^^^^^^^^^^^^^^^
[INFO] [stdout] 35 |                     authorized_voters,
[INFO] [stdout]    |                     ----------------- rustdoc does not generate documentation for expression fields
[INFO] [stdout]    |
[INFO] [stdout]    = help: use `//` for a plain comment
[INFO] [stdout] 
[INFO] [stdout] 
[INFO] [stdout] warning: unused doc comment
[INFO] [stdout]   --> src/vote/state/vote_state_versions.rs:37:21
[INFO] [stdout]    |
[INFO] [stdout] 37 | /                     /// history of prior authorized voters and the epochs for which
[INFO] [stdout] 38 | |                     /// they were set, the bottom end of the range is inclusive,
[INFO] [stdout] 39 | |                     /// the top of the range is exclusive
[INFO] [stdout]    | |_________________________________________________________^
[INFO] [stdout] 40 |                       prior_voters: CircBuf::default(),
[INFO] [stdout]    |                       -------------------------------- rustdoc does not generate documentation for expression fields
[INFO] [stdout]    |
[INFO] [stdout]    = help: use `//` for a plain comment
[INFO] [stdout] 
[INFO] [stdout] 
[INFO] [stdout] warning: unused doc comment
[INFO] [stdout]   --> src/vote/state/vote_state_versions.rs:42:21
[INFO] [stdout]    |
[INFO] [stdout] 42 | /                     /// history of how many credits earned by the end of each epoch
[INFO] [stdout] 43 | |                     ///  each tuple is (Epoch, credits, prev_credits)
[INFO] [stdout]    | |_____________________________________________________________________^
[INFO] [stdout] 44 |                       epoch_credits: state.epoch_credits.clone(),
[INFO] [stdout]    |                       ------------------------------------------ rustdoc does not generate documentation for expression fields
[INFO] [stdout]    |
[INFO] [stdout]    = help: use `//` for a plain comment
[INFO] [stdout] 
[INFO] [stdout] 
[INFO] [stdout] warning: unused doc comment
[INFO] [stdout]   --> src/vote/state/vote_state_versions.rs:46:21
[INFO] [stdout]    |
[INFO] [stdout] 46 |                     /// most recent timestamp submitted with a vote
[INFO] [stdout]    |                     ^^^^^^^^^^^^^^^^^^^^^^^^^^^^^^^^^^^^^^^^^^^^^^^
[INFO] [stdout] 47 |                     last_timestamp: state.last_timestamp.clone(),
[INFO] [stdout]    |                     -------------------------------------------- rustdoc does not generate documentation for expression fields
[INFO] [stdout]    |
[INFO] [stdout]    = help: use `//` for a plain comment
[INFO] [stdout] 
[INFO] [stdout] 
[INFO] [stdout] warning: unused doc comment
[INFO] [stdout]   --> src/vote/state/vote_state_versions.rs:23:21
[INFO] [stdout]    |
[INFO] [stdout] 23 |                     /// the signer for withdrawals
[INFO] [stdout]    |                     ^^^^^^^^^^^^^^^^^^^^^^^^^^^^^^
[INFO] [stdout] 24 |                     authorized_withdrawer: state.authorized_withdrawer,
[INFO] [stdout]    |                     -------------------------------------------------- rustdoc does not generate documentation for expression fields
[INFO] [stdout]    |
[INFO] [stdout]    = help: use `//` for a plain comment
[INFO] [stdout]    = note: `#[warn(unused_doc_comments)]` on by default
[INFO] [stdout] 
[INFO] [stdout] 
[INFO] [stdout] warning: unused doc comment
[INFO] [stdout]   --> src/vote/state/vote_state_versions.rs:26:21
[INFO] [stdout]    |
[INFO] [stdout] 26 | /                     /// percentage (0-100) that represents what part of a rewards
[INFO] [stdout] 27 | |                     ///  payout should be given to this VoteAccount
[INFO] [stdout]    | |___________________________________________________________________^
[INFO] [stdout] 28 |                       commission: state.commission,
[INFO] [stdout]    |                       ---------------------------- rustdoc does not generate documentation for expression fields
[INFO] [stdout]    |
[INFO] [stdout]    = help: use `//` for a plain comment
[INFO] [stdout] 
[INFO] [stdout] 
[INFO] [stdout] warning: unused doc comment
[INFO] [stdout]   --> src/vote/state/vote_state_versions.rs:34:21
[INFO] [stdout]    |
[INFO] [stdout] 34 |                     /// the signer for vote transactions
[INFO] [stdout]    |                     ^^^^^^^^^^^^^^^^^^^^^^^^^^^^^^^^^^^^
[INFO] [stdout] 35 |                     authorized_voters,
[INFO] [stdout]    |                     ----------------- rustdoc does not generate documentation for expression fields
[INFO] [stdout]    |
[INFO] [stdout]    = help: use `//` for a plain comment
[INFO] [stdout] 
[INFO] [stdout] 
[INFO] [stdout] warning: unused doc comment
[INFO] [stdout]   --> src/vote/state/vote_state_versions.rs:37:21
[INFO] [stdout]    |
[INFO] [stdout] 37 | /                     /// history of prior authorized voters and the epochs for which
[INFO] [stdout] 38 | |                     /// they were set, the bottom end of the range is inclusive,
[INFO] [stdout] 39 | |                     /// the top of the range is exclusive
[INFO] [stdout]    | |_________________________________________________________^
[INFO] [stdout] 40 |                       prior_voters: CircBuf::default(),
[INFO] [stdout]    |                       -------------------------------- rustdoc does not generate documentation for expression fields
[INFO] [stdout]    |
[INFO] [stdout]    = help: use `//` for a plain comment
[INFO] [stdout] 
[INFO] [stdout] 
[INFO] [stdout] warning: unused doc comment
[INFO] [stdout]   --> src/vote/state/vote_state_versions.rs:42:21
[INFO] [stdout]    |
[INFO] [stdout] 42 | /                     /// history of how many credits earned by the end of each epoch
[INFO] [stdout] 43 | |                     ///  each tuple is (Epoch, credits, prev_credits)
[INFO] [stdout]    | |_____________________________________________________________________^
[INFO] [stdout] 44 |                       epoch_credits: state.epoch_credits.clone(),
[INFO] [stdout]    |                       ------------------------------------------ rustdoc does not generate documentation for expression fields
[INFO] [stdout]    |
[INFO] [stdout]    = help: use `//` for a plain comment
[INFO] [stdout] 
[INFO] [stdout] 
[INFO] [stdout] warning: unused doc comment
[INFO] [stdout]   --> src/vote/state/vote_state_versions.rs:46:21
[INFO] [stdout]    |
[INFO] [stdout] 46 |                     /// most recent timestamp submitted with a vote
[INFO] [stdout]    |                     ^^^^^^^^^^^^^^^^^^^^^^^^^^^^^^^^^^^^^^^^^^^^^^^
[INFO] [stdout] 47 |                     last_timestamp: state.last_timestamp.clone(),
[INFO] [stdout]    |                     -------------------------------------------- rustdoc does not generate documentation for expression fields
[INFO] [stdout]    |
[INFO] [stdout]    = help: use `//` for a plain comment
[INFO] [stdout] 
[INFO] [stdout] 
[INFO] [stdout] warning: variable does not need to be mutable
[INFO] [stdout]   --> src/message/compiled_keys.rs:43:17
[INFO] [stdout]    |
[INFO] [stdout] 43 |             let mut meta = key_meta_map.entry(ix.program_id).or_default();
[INFO] [stdout]    |                 ----^^^^
[INFO] [stdout]    |                 |
[INFO] [stdout]    |                 help: remove this `mut`
[INFO] [stdout]    |
[INFO] [stdout]    = note: `#[warn(unused_mut)]` on by default
[INFO] [stdout] 
[INFO] [stdout] 
[INFO] [stdout] warning: variable does not need to be mutable
[INFO] [stdout]   --> src/message/compiled_keys.rs:52:17
[INFO] [stdout]    |
[INFO] [stdout] 52 |             let mut meta = key_meta_map.entry(*payer).or_default();
[INFO] [stdout]    |                 ----^^^^
[INFO] [stdout]    |                 |
[INFO] [stdout]    |                 help: remove this `mut`
[INFO] [stdout] 
[INFO] [stdout] 
[INFO] [stdout] warning: variable does not need to be mutable
[INFO] [stdout]   --> src/message/compiled_keys.rs:43:17
[INFO] [stdout]    |
[INFO] [stdout] 43 |             let mut meta = key_meta_map.entry(ix.program_id).or_default();
[INFO] [stdout]    |                 ----^^^^
[INFO] [stdout]    |                 |
[INFO] [stdout]    |                 help: remove this `mut`
[INFO] [stdout]    |
[INFO] [stdout]    = note: `#[warn(unused_mut)]` on by default
[INFO] [stdout] 
[INFO] [stdout] 
[INFO] [stdout] warning: variable does not need to be mutable
[INFO] [stdout]   --> src/message/compiled_keys.rs:52:17
[INFO] [stdout]    |
[INFO] [stdout] 52 |             let mut meta = key_meta_map.entry(*payer).or_default();
[INFO] [stdout]    |                 ----^^^^
[INFO] [stdout]    |                 |
[INFO] [stdout]    |                 help: remove this `mut`
[INFO] [stdout] 
[INFO] [stdout] 
[INFO] [stdout] warning: assigning to `&T` is undefined behavior, consider using an `UnsafeCell`
[INFO] [stdout]    --> src/account_info.rs:188:13
[INFO] [stdout]     |
[INFO] [stdout] 188 | /             std::ptr::write_volatile(
[INFO] [stdout] 189 | |                 self.owner as *const Pubkey as *mut [u8; 32],
[INFO] [stdout] 190 | |                 new_owner.to_bytes(),
[INFO] [stdout] 191 | |             );
[INFO] [stdout]     | |_____________^
[INFO] [stdout]     |
[INFO] [stdout]     = note: for more information, visit <https://doc.rust-lang.org/book/ch15-05-interior-mutability.html>
[INFO] [stdout]     = note: `#[warn(invalid_reference_casting)]` on by default
[INFO] [stdout] 
[INFO] [stdout] 
[INFO] [stdout] warning: assigning to `&T` is undefined behavior, consider using an `UnsafeCell`
[INFO] [stdout]    --> src/account_info.rs:188:13
[INFO] [stdout]     |
[INFO] [stdout] 188 | /             std::ptr::write_volatile(
[INFO] [stdout] 189 | |                 self.owner as *const Pubkey as *mut [u8; 32],
[INFO] [stdout] 190 | |                 new_owner.to_bytes(),
[INFO] [stdout] 191 | |             );
[INFO] [stdout]     | |_____________^
[INFO] [stdout]     |
[INFO] [stdout]     = note: for more information, visit <https://doc.rust-lang.org/book/ch15-05-interior-mutability.html>
[INFO] [stdout]     = note: `#[warn(invalid_reference_casting)]` on by default
[INFO] [stdout] 
[INFO] [stdout] 
[INFO] [stdout] warning: 9 warnings emitted
[INFO] [stdout] 
[INFO] [stdout] 
[INFO] [stdout] warning: 9 warnings emitted
[INFO] [stdout] 
[INFO] [stdout] 
[INFO] [stderr]     Finished test [unoptimized + debuginfo] target(s) in 27.77s
[INFO] running `Command { std: "docker" "inspect" "e25b3fe832510bbd3285c2d9773fa66ac1e103edfd563fd243771d5cbebc3670", kill_on_drop: false }`
[INFO] running `Command { std: "docker" "rm" "-f" "e25b3fe832510bbd3285c2d9773fa66ac1e103edfd563fd243771d5cbebc3670", kill_on_drop: false }`
[INFO] [stdout] e25b3fe832510bbd3285c2d9773fa66ac1e103edfd563fd243771d5cbebc3670
[INFO] running `Command { std: "docker" "create" "-v" "/var/lib/crater-agent-workspace/builds/worker-1-tc2/target:/opt/rustwide/target:rw,Z" "-v" "/var/lib/crater-agent-workspace/builds/worker-1-tc2/source:/opt/rustwide/workdir:ro,Z" "-v" "/var/lib/crater-agent-workspace/cargo-home:/opt/rustwide/cargo-home:ro,Z" "-v" "/var/lib/crater-agent-workspace/rustup-home:/opt/rustwide/rustup-home:ro,Z" "-e" "SOURCE_DIR=/opt/rustwide/workdir" "-e" "CARGO_TARGET_DIR=/opt/rustwide/target" "-e" "CARGO_INCREMENTAL=0" "-e" "RUST_BACKTRACE=full" "-e" "RUSTFLAGS=--cap-lints=warn" "-e" "RUSTDOCFLAGS=--cap-lints=warn" "-e" "CARGO_HOME=/opt/rustwide/cargo-home" "-e" "RUSTUP_HOME=/opt/rustwide/rustup-home" "-w" "/opt/rustwide/workdir" "-m" "1610612736" "--user" "0:0" "--network" "none" "ghcr.io/rust-lang/crates-build-env/linux@sha256:2788e3201cd34a07e3172128adcd8b3090168a8e3bcc40d7c032b9dda1df7d1c" "/opt/rustwide/cargo-home/bin/cargo" "+beta-2023-12-22" "test" "--frozen", kill_on_drop: false }`
[INFO] [stdout] cebbcd88595155552e2edfc26c55ab436f1589150cc4cffef76a7b933945c7a5
[INFO] running `Command { std: "docker" "start" "-a" "cebbcd88595155552e2edfc26c55ab436f1589150cc4cffef76a7b933945c7a5", kill_on_drop: false }`
[INFO] [stderr] warning: unused doc comment
[INFO] [stderr]   --> src/vote/state/vote_state_versions.rs:23:21
[INFO] [stderr]    |
[INFO] [stderr] 23 |                     /// the signer for withdrawals
[INFO] [stderr]    |                     ^^^^^^^^^^^^^^^^^^^^^^^^^^^^^^
[INFO] [stderr] 24 |                     authorized_withdrawer: state.authorized_withdrawer,
[INFO] [stderr]    |                     -------------------------------------------------- rustdoc does not generate documentation for expression fields
[INFO] [stderr]    |
[INFO] [stderr]    = help: use `//` for a plain comment
[INFO] [stderr]    = note: `#[warn(unused_doc_comments)]` on by default
[INFO] [stderr] 
[INFO] [stderr] warning: unused doc comment
[INFO] [stderr]   --> src/vote/state/vote_state_versions.rs:26:21
[INFO] [stderr]    |
[INFO] [stderr] 26 | /                     /// percentage (0-100) that represents what part of a rewards
[INFO] [stderr] 27 | |                     ///  payout should be given to this VoteAccount
[INFO] [stderr]    | |___________________________________________________________________^
[INFO] [stderr] 28 |                       commission: state.commission,
[INFO] [stderr]    |                       ---------------------------- rustdoc does not generate documentation for expression fields
[INFO] [stderr]    |
[INFO] [stderr]    = help: use `//` for a plain comment
[INFO] [stderr] 
[INFO] [stderr] warning: unused doc comment
[INFO] [stderr]   --> src/vote/state/vote_state_versions.rs:34:21
[INFO] [stderr]    |
[INFO] [stderr] 34 |                     /// the signer for vote transactions
[INFO] [stderr]    |                     ^^^^^^^^^^^^^^^^^^^^^^^^^^^^^^^^^^^^
[INFO] [stderr] 35 |                     authorized_voters,
[INFO] [stderr]    |                     ----------------- rustdoc does not generate documentation for expression fields
[INFO] [stderr]    |
[INFO] [stderr]    = help: use `//` for a plain comment
[INFO] [stderr] 
[INFO] [stderr] warning: unused doc comment
[INFO] [stderr]   --> src/vote/state/vote_state_versions.rs:37:21
[INFO] [stderr]    |
[INFO] [stderr] 37 | /                     /// history of prior authorized voters and the epochs for which
[INFO] [stderr] 38 | |                     /// they were set, the bottom end of the range is inclusive,
[INFO] [stderr] 39 | |                     /// the top of the range is exclusive
[INFO] [stderr]    | |_________________________________________________________^
[INFO] [stderr] 40 |                       prior_voters: CircBuf::default(),
[INFO] [stderr]    |                       -------------------------------- rustdoc does not generate documentation for expression fields
[INFO] [stderr]    |
[INFO] [stderr]    = help: use `//` for a plain comment
[INFO] [stderr] 
[INFO] [stderr] warning: unused doc comment
[INFO] [stderr]   --> src/vote/state/vote_state_versions.rs:42:21
[INFO] [stderr]    |
[INFO] [stderr] 42 | /                     /// history of how many credits earned by the end of each epoch
[INFO] [stderr] 43 | |                     ///  each tuple is (Epoch, credits, prev_credits)
[INFO] [stderr]    | |_____________________________________________________________________^
[INFO] [stderr] 44 |                       epoch_credits: state.epoch_credits.clone(),
[INFO] [stderr]    |                       ------------------------------------------ rustdoc does not generate documentation for expression fields
[INFO] [stderr]    |
[INFO] [stderr]    = help: use `//` for a plain comment
[INFO] [stderr] 
[INFO] [stderr] warning: unused doc comment
[INFO] [stderr]   --> src/vote/state/vote_state_versions.rs:46:21
[INFO] [stderr]    |
[INFO] [stderr] 46 |                     /// most recent timestamp submitted with a vote
[INFO] [stderr]    |                     ^^^^^^^^^^^^^^^^^^^^^^^^^^^^^^^^^^^^^^^^^^^^^^^
[INFO] [stderr] 47 |                     last_timestamp: state.last_timestamp.clone(),
[INFO] [stderr]    |                     -------------------------------------------- rustdoc does not generate documentation for expression fields
[INFO] [stderr]    |
[INFO] [stderr]    = help: use `//` for a plain comment
[INFO] [stderr] 
[INFO] [stderr] warning: variable does not need to be mutable
[INFO] [stderr]   --> src/message/compiled_keys.rs:43:17
[INFO] [stderr]    |
[INFO] [stderr] 43 |             let mut meta = key_meta_map.entry(ix.program_id).or_default();
[INFO] [stderr]    |                 ----^^^^
[INFO] [stderr]    |                 |
[INFO] [stderr]    |                 help: remove this `mut`
[INFO] [stderr]    |
[INFO] [stderr]    = note: `#[warn(unused_mut)]` on by default
[INFO] [stderr] 
[INFO] [stderr] warning: variable does not need to be mutable
[INFO] [stderr]   --> src/message/compiled_keys.rs:52:17
[INFO] [stderr]    |
[INFO] [stderr] 52 |             let mut meta = key_meta_map.entry(*payer).or_default();
[INFO] [stderr]    |                 ----^^^^
[INFO] [stderr]    |                 |
[INFO] [stderr]    |                 help: remove this `mut`
[INFO] [stderr] 
[INFO] [stderr] warning: assigning to `&T` is undefined behavior, consider using an `UnsafeCell`
[INFO] [stderr]    --> src/account_info.rs:188:13
[INFO] [stderr]     |
[INFO] [stderr] 188 | /             std::ptr::write_volatile(
[INFO] [stderr] 189 | |                 self.owner as *const Pubkey as *mut [u8; 32],
[INFO] [stderr] 190 | |                 new_owner.to_bytes(),
[INFO] [stderr] 191 | |             );
[INFO] [stderr]     | |_____________^
[INFO] [stderr]     |
[INFO] [stderr]     = note: for more information, visit <https://doc.rust-lang.org/book/ch15-05-interior-mutability.html>
[INFO] [stderr]     = note: `#[warn(invalid_reference_casting)]` on by default
[INFO] [stderr] 
[INFO] [stderr] warning: `waffles-solana-program` (lib) generated 9 warnings (run `cargo fix --lib -p waffles-solana-program` to apply 2 suggestions)
[INFO] [stderr] warning: `waffles-solana-program` (lib test) generated 9 warnings (9 duplicates)
[INFO] [stderr]     Finished test [unoptimized + debuginfo] target(s) in 0.16s
[INFO] [stderr]      Running unittests src/lib.rs (/opt/rustwide/target/debug/deps/waffles_solana_program-441ba38b04344130)
[INFO] [stdout] 
[INFO] [stdout] running 229 tests
[INFO] [stdout] test account_info::tests::test_account_info_debug_data ... ok
[INFO] [stdout] test account_info::tests::test_account_info_as_ref ... ok
[INFO] [stdout] test account_info::tests::test_next_account_infos ... ok
[INFO] [stdout] test alt_bn128::tests::alt_bn128_addition_test ... ok
[INFO] [stdout] test big_mod_exp::tests::big_mod_exp_test ... ok
[INFO] [stdout] test blake3::tests::test_new_unique ... ok
[INFO] [stdout] test blake3::tests::test_extend_and_hash ... ok
[INFO] [stdout] test borsh::tests::packed_len ... ok
[INFO] [stdout] test blake3::tests::test_hash_fromstr ... ok
[INFO] [stdout] test borsh::tests::unchecked_deserialization ... ok
[INFO] [stdout] test bpf_loader::test_id ... ok
[INFO] [stdout] test borsh::tests::instance_packed_len_with_vec ... ok
[INFO] [stdout] test borsh::tests::instance_packed_len_matches_packed_len ... ok
[INFO] [stdout] test borsh::tests::instance_packed_len_with_varying_sizes_in_hashmap ... ok
[INFO] [stdout] test bpf_loader_deprecated::test_id ... ok
[INFO] [stdout] test bpf_loader_upgradeable::tests::test_account_lengths ... ok
[INFO] [stdout] test bpf_loader_upgradeable::tests::test_is_set_authority_instruction ... ok
[INFO] [stdout] test bpf_loader_upgradeable::tests::test_state_size_of_buffer_metadata ... ok
[INFO] [stdout] test bpf_loader_upgradeable::tests::test_state_size_of_uninitialized ... ok
[INFO] [stdout] test bpf_loader_upgradeable::tests::test_state_size_of_programdata_metadata ... ok
[INFO] [stdout] test bpf_loader_upgradeable::tests::test_state_size_of_program ... ok
[INFO] [stdout] test clock::tests::test_clone ... ok
[INFO] [stdout] test alt_bn128::tests::alt_bn128_multiplication_test ... ok
[INFO] [stdout] test config::program::test_id ... ok
[INFO] [stdout] test decode_error::tests::test_decode_custom_error_to_enum ... ok
[INFO] [stdout] test ed25519_program::test_id ... ok
[INFO] [stdout] test entrypoint::test::test_bump_allocator ... ok
[INFO] [stdout] test epoch_schedule::tests::test_clone ... ok
[INFO] [stdout] test feature::test::test_feature_size_of ... ok
[INFO] [stdout] test feature::test_id ... ok
[INFO] [stdout] test fee_calculator::tests::test_fee_calculator_calculate_fee ... ok
[INFO] [stdout] test fee_calculator::tests::test_fee_calculator_calculate_fee_secp256k1 ... ok
[INFO] [stdout] test fee_calculator::tests::test_fee_rate_governor_burn ... ok
[INFO] [stdout] test fee_calculator::tests::test_fee_rate_governor_derived_adjust ... ok
[INFO] [stdout] test fee_calculator::tests::test_fee_rate_governor_derived_default ... ok
[INFO] [stdout] test hash::tests::test_hash_fromstr ... ok
[INFO] [stdout] test hash::tests::test_new_unique ... ok
[INFO] [stdout] test bpf_loader_upgradeable::test_id ... ok
[INFO] [stdout] test example_mocks::solana_address_lookup_table_program::test_id ... ok
[INFO] [stdout] test bpf_loader_upgradeable::tests::test_is_upgrade_instruction ... ok
[INFO] [stdout] test message::compiled_keys::tests::test_compile_with_dup_payer ... ok
[INFO] [stdout] test bpf_loader_upgradeable::tests::test_is_set_authority_checked_instruction ... ok
[INFO] [stdout] test message::compiled_keys::tests::test_compile_with_dup_signer_writable_mismatch ... ok
[INFO] [stdout] test incinerator::test_id ... ok
[INFO] [stdout] test message::compiled_keys::tests::test_compile_with_dups ... ok
[INFO] [stdout] test message::compiled_keys::tests::test_try_drain_keys_found_in_lookup_table ... ok
[INFO] [stdout] test message::compiled_keys::tests::test_compile_with_dup_nonsigner_writable_mismatch ... ok
[INFO] [stdout] test message::compiled_keys::tests::test_compile_with_dup_signer_mismatch ... ok
[INFO] [stdout] test epoch_schedule::tests::test_epoch_schedule ... ok
[INFO] [stdout] test message::compiled_keys::tests::test_try_drain_keys_found_in_lookup_table_with_empty_keys ... ok
[INFO] [stdout] test message::compiled_keys::tests::test_try_extract_table_lookup_for_invalid_table ... ok
[INFO] [stdout] test message::compiled_keys::tests::test_try_extract_table_lookup_returns_none ... ok
[INFO] [stdout] test message::compiled_keys::tests::test_try_drain_keys_found_in_lookup_table_with_too_many_addresses ... ok
[INFO] [stdout] test message::compiled_keys::tests::test_try_drain_keys_found_in_lookup_table_with_empty_table ... ok
[INFO] [stdout] test message::compiled_keys::tests::test_try_into_message_components ... ok
[INFO] [stdout] test message::legacy::tests::test_builtin_program_keys_abi_freeze ... ok
[INFO] [stdout] test message::compiled_keys::tests::test_try_into_message_components_with_too_many_keys ... ok
[INFO] [stdout] test message::compiled_keys::tests::test_try_extract_table_lookup ... ok
[INFO] [stdout] test message::legacy::tests::test_is_key_passed_to_program ... ok
[INFO] [stdout] test message::legacy::tests::test_is_writable ... ok
[INFO] [stdout] test message::legacy::tests::test_message_hash ... ok
[INFO] [stdout] test message::legacy::tests::test_message_kitchen_sink ... ok
[INFO] [stdout] test message::legacy::tests::test_get_account_keys_by_lock_type ... ok
[INFO] [stdout] test message::legacy::tests::test_builtin_program_keys ... ok
[INFO] [stdout] test message::legacy::tests::test_is_non_loader_key ... ok
[INFO] [stdout] test message::legacy::tests::test_message_header_len_constant ... ok
[INFO] [stdout] test message::legacy::tests::test_message_signed_keys_len ... ok
[INFO] [stdout] test message::legacy::tests::test_program_position ... ok
[INFO] [stdout] test message::non_bpf_modules::account_keys::tests::test_iter_with_dynamic_keys ... ok
[INFO] [stdout] test message::legacy::tests::test_program_ids ... ok
[INFO] [stdout] test message::non_bpf_modules::account_keys::tests::test_get ... ok
[INFO] [stdout] test message::legacy::tests::test_message_payer_first ... ok
[INFO] [stdout] test message::non_bpf_modules::account_keys::tests::test_iter ... ok
[INFO] [stdout] test message::non_bpf_modules::account_keys::tests::test_len ... ok
[INFO] [stdout] test message::non_bpf_modules::account_keys::tests::test_get_with_dynamic_keys ... ok
[INFO] [stdout] test message::non_bpf_modules::account_keys::tests::test_key_segment_iter ... ok
[INFO] [stdout] test message::non_bpf_modules::account_keys::tests::test_try_compile_instructions ... ok
[INFO] [stdout] test message::non_bpf_modules::account_keys::tests::test_try_compile_instructions_with_too_many_account_keys ... ok
[INFO] [stdout] test message::non_bpf_modules::account_keys::tests::test_try_compile_instructions_with_unknown_key ... ok
[INFO] [stdout] test message::non_bpf_modules::account_keys::tests::test_len_with_dynamic_keys ... ok
[INFO] [stdout] test message::non_bpf_modules::sanitized::tests::test_get_ix_signers ... ok
[INFO] [stdout] test message::non_bpf_modules::sanitized::tests::test_num_readonly_accounts ... ok
[INFO] [stdout] test instruction::test_account_meta_layout ... FAILED
[INFO] [stdout] test message::non_bpf_modules::sanitized::tests::test_try_from_message ... ok
[INFO] [stdout] test message::non_bpf_modules::sanitized::tests::test_is_writable_account_cache ... ok
[INFO] [stdout] test message::non_bpf_modules::versions::tests::test_versioned_message_serialization ... ok
[INFO] [stdout] test message::non_bpf_modules::versions::tests::test_legacy_message_serialization ... ok
[INFO] [stdout] test message::non_bpf_modules::sanitized::tests::test_is_non_loader_key ... ok
[INFO] [stdout] test message::non_bpf_modules::versions::v0::loaded::tests::test_demote_writable_program ... ok
[INFO] [stdout] test message::non_bpf_modules::versions::v0::loaded::tests::test_has_duplicates ... ok
[INFO] [stdout] test message::non_bpf_modules::versions::v0::tests::test_sanitize_with_empty_table_lookup ... ok
[INFO] [stdout] test message::non_bpf_modules::versions::v0::tests::test_sanitize_with_instruction ... ok
[INFO] [stdout] test message::non_bpf_modules::versions::v0::tests::test_sanitize_with_invalid_ix_account ... ok
[INFO] [stdout] test message::non_bpf_modules::versions::v0::loaded::tests::test_is_writable ... ok
[INFO] [stdout] test message::non_bpf_modules::versions::v0::loaded::tests::test_has_duplicates_with_dupe_keys ... ok
[INFO] [stdout] test message::non_bpf_modules::versions::v0::loaded::tests::test_is_writable_index ... ok
[INFO] [stdout] test message::non_bpf_modules::versions::v0::tests::test_sanitize ... ok
[INFO] [stdout] test message::non_bpf_modules::versions::v0::tests::test_sanitize_with_invalid_ix_program_id ... ok
[INFO] [stdout] test message::non_bpf_modules::versions::v0::tests::test_sanitize_with_max_account_keys ... ok
[INFO] [stdout] test message::non_bpf_modules::versions::v0::tests::test_sanitize_with_max_table_loaded_keys ... ok
[INFO] [stdout] test message::non_bpf_modules::versions::v0::tests::test_sanitize_with_table_lookup ... ok
[INFO] [stdout] test message::non_bpf_modules::versions::v0::tests::test_sanitize_with_table_lookup_and_ix_with_dynamic_program_id ... ok
[INFO] [stdout] test message::non_bpf_modules::versions::v0::tests::test_sanitize_with_table_lookup_and_ix_with_static_program_id ... ok
[INFO] [stdout] test message::non_bpf_modules::versions::v0::tests::test_sanitize_with_too_many_account_keys ... ok
[INFO] [stdout] test message::non_bpf_modules::versions::v0::tests::test_sanitize_with_too_many_table_loaded_keys ... ok
[INFO] [stdout] test message::non_bpf_modules::versions::v0::tests::test_try_compile ... ok
[INFO] [stdout] test message::non_bpf_modules::versions::v0::tests::test_sanitize_without_writable_signer ... ok
[INFO] [stdout] test message::non_bpf_modules::versions::v0::tests::test_serialize ... ok
[INFO] [stdout] test program::tests::test_check_type_assumptions ... ok
[INFO] [stdout] test nonce::state::tests::test_verify_recent_blockhash ... ok
[INFO] [stdout] test program_option::test::test_from_rust_option ... ok
[INFO] [stdout] test program_stubs::tests::test_is_nonoverlapping ... ok
[INFO] [stdout] test program_utils::tests::test_limited_deserialize_advance_nonce_account ... ok
[INFO] [stdout] test pubkey::tests::pubkey_fromstr ... ok
[INFO] [stdout] test message::non_bpf_modules::versions::v0::tests::test_sanitize_without_signer ... ok
[INFO] [stdout] test nonce::state::tests::test_nonce_versions_authorize ... ok
[INFO] [stdout] test nonce::state::tests::test_nonce_versions_upgrade ... ok
[INFO] [stdout] test pubkey::tests::test_create_with_seed_rejects_illegal_owner ... ok
[INFO] [stdout] test pubkey::tests::test_create_program_address ... ok
[INFO] [stdout] test pubkey::tests::test_new_unique ... ok
[INFO] [stdout] test rent::tests::test_due ... ok
[INFO] [stdout] test nonce::state::current::test::default_is_uninitialized ... ok
[INFO] [stdout] test nonce::state::current::test::test_nonce_state_size ... ok
[INFO] [stdout] test pubkey::tests::test_create_with_seed ... ok
[INFO] [stdout] test rent::tests::test_rent_due_is_exempt ... ok
[INFO] [stdout] test rent::tests::test_clone ... ok
[INFO] [stdout] test rent::tests::test_rent_due_lamports ... ok
[INFO] [stdout] test secp256k1_program::test_id ... ok
[INFO] [stdout] test serde_varint::tests::test_serde_varint ... ok
[INFO] [stdout] test serde_varint::tests::test_serde_varint_last_byte_truncated ... ok
[INFO] [stdout] test serde_varint::tests::test_serde_varint_max ... ok
[INFO] [stdout] test serde_varint::tests::test_serde_varint_short_buffer ... ok
[INFO] [stdout] test serde_varint::tests::test_serde_varint_shift_overflow ... ok
[INFO] [stdout] test serde_varint::tests::test_serde_varint_trailing_zeros ... ok
[INFO] [stdout] test serde_varint::tests::test_serde_varint_zero ... ok
[INFO] [stdout] test short_vec::tests::test_short_vec_aliased_length ... ok
[INFO] [stdout] test short_vec::tests::test_short_vec_encode_len ... ok
[INFO] [stdout] test short_vec::tests::test_short_vec_json ... ok
[INFO] [stdout] test short_vec::tests::test_deserialize ... ok
[INFO] [stdout] test short_vec::tests::test_short_vec_u8 ... ok
[INFO] [stdout] test short_vec::tests::test_short_vec_u8_too_long ... ok
[INFO] [stdout] test slot_hashes::tests::test ... ok
[INFO] [stdout] test pubkey::tests::test_pubkey_off_curve ... ok
[INFO] [stdout] test slot_history::tests::slot_history_test_same_index ... ok
[INFO] [stdout] test slot_history::tests::test_older_slot ... ok
[INFO] [stdout] test alt_bn128::tests::alt_bn128_pairing_test ... ok
[INFO] [stdout] test pubkey::tests::test_find_program_address ... ok
[INFO] [stdout] test stable_layout::stable_instruction::tests::test_memory_layout ... ok
[INFO] [stdout] test stable_layout::stable_rc::tests::test_memory_layout ... ok
[INFO] [stdout] test stable_layout::stable_slice::tests::test_memory_layout ... ok
[INFO] [stdout] test stable_layout::stable_ref_cell::tests::test_memory_layout ... ok
[INFO] [stdout] test stake::config::test_id ... ok
[INFO] [stdout] test stable_layout::stable_vec::tests::test_memory_layout ... ok
[INFO] [stdout] test stake::program::test_id ... ok
[INFO] [stdout] test stake::state::test::bincode_vs_borsh_deserialization ... ok
[INFO] [stdout] test stake::state::test::bincode_vs_borsh_serialization ... ok
[INFO] [stdout] test stake::state::test::borsh_deserialization_live_data ... ok
[INFO] [stdout] test stake::instruction::tests::test_custom_error_decode ... ok
[INFO] [stdout] test stake::tools::tests::test_acceptable_reference_epoch_credits ... ok
[INFO] [stdout] test stake::tools::tests::test_eligible_for_deactivate_delinquent ... ok
[INFO] [stdout] test stake::state::test::test_size_of ... ok
[INFO] [stdout] test system_instruction::tests::test_create_nonce_account ... ok
[INFO] [stdout] test stake_history::tests::test_stake_history ... ok
[INFO] [stdout] test system_instruction::tests::test_move_many ... ok
[INFO] [stdout] test system_instruction::tests::test_instruction_to_nonce_error ... ok
[INFO] [stdout] test system_instruction::tests::test_nonce_error_adapter_compat ... ok
[INFO] [stdout] test system_instruction::tests::test_nonce_to_instruction_error ... ok
[INFO] [stdout] test system_instruction::tests::test_nonce_error_decode ... ok
[INFO] [stdout] test sysvar::clock::test_id ... ok
[INFO] [stdout] test system_program::test_id ... ok
[INFO] [stdout] test sysvar::clock::test_sysvar_id ... ok
[INFO] [stdout] test slot_history::tests::test_oldest ... ok
[INFO] [stdout] test sysvar::epoch_schedule::test_sysvar_id ... ok
[INFO] [stdout] test sysvar::fees::test_sysvar_id ... ok
[INFO] [stdout] test sysvar::fees::tests::test_clone ... ok
[INFO] [stdout] test sysvar::epoch_schedule::test_id ... ok
[INFO] [stdout] test sysvar::instructions::test_sysvar_id ... ok
[INFO] [stdout] test sysvar::fees::test_id ... ok
[INFO] [stdout] test sysvar::instructions::tests::test_get_instruction_relative ... ok
[INFO] [stdout] test sysvar::instructions::tests::test_load_current_index_checked ... ok
[INFO] [stdout] test sysvar::instructions::tests::test_decompile_instructions_out_of_bounds ... ok
[INFO] [stdout] test sysvar::instructions::test_id ... ok
[INFO] [stdout] test sysvar::instructions::tests::test_load_instruction_at_checked ... ok
[INFO] [stdout] test sysvar::recent_blockhashes::test_id ... ok
[INFO] [stdout] test sysvar::instructions::tests::test_load_store_instruction ... ok
[INFO] [stdout] test sysvar::instructions::tests::test_serialize_instructions ... ok
[INFO] [stdout] test sysvar::recent_blockhashes::tests::test_size_of ... ok
[INFO] [stdout] test sysvar::recent_blockhashes::tests::test_sysvar_can_hold_all_active_blockhashes ... ok
[INFO] [stdout] test sysvar::rent::test_id ... ok
[INFO] [stdout] test sysvar::recent_blockhashes::test_sysvar_id ... ok
[INFO] [stdout] test sysvar::rewards::test_sysvar_id ... ok
[INFO] [stdout] test sysvar::rent::test_sysvar_id ... ok
[INFO] [stdout] test sysvar::slot_hashes::test_sysvar_id ... ok
[INFO] [stdout] test sysvar::slot_hashes::tests::test_size_of ... ok
[INFO] [stdout] test sysvar::rewards::test_id ... ok
[INFO] [stdout] test sysvar::slot_hashes::test_id ... ok
[INFO] [stdout] test sysvar::slot_history::test_sysvar_id ... ok
[INFO] [stdout] test sysvar::slot_history::test_id ... ok
[INFO] [stdout] test sysvar::stake_history::test_id ... ok
[INFO] [stdout] test sysvar::stake_history::test_sysvar_id ... ok
[INFO] [stdout] test sysvar::slot_history::tests::test_size_of ... ok
[INFO] [stdout] test sysvar::test_id ... ok
[INFO] [stdout] test sysvar::tests::test_id ... ok
[INFO] [stdout] test sysvar::stake_history::tests::test_size_of ... ok
[INFO] [stdout] test sysvar::tests::test_sysvar_account_info_to_from ... ok
[INFO] [stdout] test vote::error::tests::test_custom_error_decode ... ok
[INFO] [stdout] test sysvar::stake_history::tests::test_create_account ... ok
[INFO] [stdout] test vote::state::tests::test_authorized_voter_is_locked_within_epoch ... ok
[INFO] [stdout] test vote::program::test_id ... ok
[INFO] [stdout] test vote::state::tests::test_default_vote_state_is_uninitialized ... ok
[INFO] [stdout] test vote::state::tests::test_get_and_update_authorized_voter ... ok
[INFO] [stdout] test vote::state::tests::test_is_correct_size_and_initialized ... ok
[INFO] [stdout] test vote::state::tests::test_minimum_balance ... ok
[INFO] [stdout] test vote::state::tests::test_set_new_authorized_voter ... ok
[INFO] [stdout] test tests::test_unchecked_div_by_const ... ok
[INFO] [stdout] test vote::state::tests::test_vote_serialize ... ok
[INFO] [stdout] test vote::state::tests::test_vote_state_commission_split ... ok
[INFO] [stdout] test vote::state::tests::test_vote_state_epoch0_no_credits ... ok
[INFO] [stdout] test vote::state::tests::test_vote_process_timestamp ... ok
[INFO] [stdout] test vote::state::tests::test_vote_state_epoch_credits ... ok
[INFO] [stdout] test vote::state::tests::test_vote_state_max_size ... ok
[INFO] [stdout] test vote::state::tests::test_vote_state_size_of ... ok
[INFO] [stdout] test vote::state::tests::test_vote_state_increment_credits ... ok
[INFO] [stdout] test slot_history::tests::slot_history_test_wrap ... ok
[INFO] [stdout] test slot_history::tests::slot_history_test1 ... ok
[INFO] [stdout] test serde_varint::tests::test_serde_varint_rand ... ok
[INFO] [stdout] test serde_varint::tests::test_serde_varint_cross_fuzz ... ok
[INFO] [stdout] test serde_varint::tests::test_serde_varint_fuzz ... ok
[INFO] [stderr] error: test failed, to rerun pass `--lib`
[INFO] [stdout] test vote::state::tests::test_serde_compact_vote_state_update ... ok
[INFO] [stdout] 
[INFO] [stdout] failures:
[INFO] [stdout] 
[INFO] [stdout] ---- instruction::test_account_meta_layout stdout ----
[INFO] [stdout] thread 'instruction::test_account_meta_layout' panicked at src/instruction.rs:771:5:
[INFO] [stdout] assertion `left == right` failed
[INFO] [stdout]   left: 2
[INFO] [stdout]  right: 0
[INFO] [stdout] stack backtrace:
[INFO] [stdout]    0:     0x561360638b46 - std::backtrace_rs::backtrace::libunwind::trace::h261606ad26a499c1
[INFO] [stdout]                                at /rustc/0e09125c6c3c2fd70d7de961bcf0e51575235fad/library/std/src/../../backtrace/src/backtrace/libunwind.rs:104:5
[INFO] [stdout]    1:     0x561360638b46 - std::backtrace_rs::backtrace::trace_unsynchronized::hd183f0625477fb28
[INFO] [stdout]                                at /rustc/0e09125c6c3c2fd70d7de961bcf0e51575235fad/library/std/src/../../backtrace/src/backtrace/mod.rs:66:5
[INFO] [stdout]    2:     0x561360638b46 - std::sys_common::backtrace::_print_fmt::hd7f8fef21b4eda67
[INFO] [stdout]                                at /rustc/0e09125c6c3c2fd70d7de961bcf0e51575235fad/library/std/src/sys_common/backtrace.rs:68:5
[INFO] [stdout]    3:     0x561360638b46 - <std::sys_common::backtrace::_print::DisplayBacktrace as core::fmt::Display>::fmt::h623d9b51f2f453f1
[INFO] [stdout]                                at /rustc/0e09125c6c3c2fd70d7de961bcf0e51575235fad/library/std/src/sys_common/backtrace.rs:44:22
[INFO] [stdout]    4:     0x561360662490 - core::fmt::rt::Argument::fmt::h9f417ac76a86f368
[INFO] [stdout]                                at /rustc/0e09125c6c3c2fd70d7de961bcf0e51575235fad/library/core/src/fmt/rt.rs:142:9
[INFO] [stdout]    5:     0x561360662490 - core::fmt::write::hc9b6faf4ac2aeff7
[INFO] [stdout]                                at /rustc/0e09125c6c3c2fd70d7de961bcf0e51575235fad/library/core/src/fmt/mod.rs:1120:17
[INFO] [stdout]    6:     0x5613606365af - std::io::Write::write_fmt::he04625a3a989fec3
[INFO] [stdout]                                at /rustc/0e09125c6c3c2fd70d7de961bcf0e51575235fad/library/std/src/io/mod.rs:1810:15
[INFO] [stdout]    7:     0x561360638924 - std::sys_common::backtrace::_print::hd5d66399c7df88a2
[INFO] [stdout]                                at /rustc/0e09125c6c3c2fd70d7de961bcf0e51575235fad/library/std/src/sys_common/backtrace.rs:47:5
[INFO] [stdout]    8:     0x561360638924 - std::sys_common::backtrace::print::he81ed2da642d37e5
[INFO] [stdout]                                at /rustc/0e09125c6c3c2fd70d7de961bcf0e51575235fad/library/std/src/sys_common/backtrace.rs:34:9
[INFO] [stdout]    9:     0x56136063a697 - std::panicking::default_hook::{{closure}}::h85773f4fa117163d
[INFO] [stdout]   10:     0x56136063a37d - std::panicking::default_hook::h6a1694a91d09b278
[INFO] [stdout]                                at /rustc/0e09125c6c3c2fd70d7de961bcf0e51575235fad/library/std/src/panicking.rs:289:9
[INFO] [stdout]   11:     0x561360555337 - <alloc::boxed::Box<F,A> as core::ops::function::Fn<Args>>::call::h616ac37fa3cd6c8f
[INFO] [stdout]                                at /rustc/0e09125c6c3c2fd70d7de961bcf0e51575235fad/library/alloc/src/boxed.rs:2029:9
[INFO] [stdout]   12:     0x561360555337 - test::test_main::{{closure}}::h00d84697cefdcbb6
[INFO] [stdout]                                at /rustc/0e09125c6c3c2fd70d7de961bcf0e51575235fad/library/test/src/lib.rs:138:21
[INFO] [stdout]   13:     0x56136063acb6 - <alloc::boxed::Box<F,A> as core::ops::function::Fn<Args>>::call::hcb3fe3b9bb537ba8
[INFO] [stdout]                                at /rustc/0e09125c6c3c2fd70d7de961bcf0e51575235fad/library/alloc/src/boxed.rs:2029:9
[INFO] [stdout]   14:     0x56136063acb6 - std::panicking::rust_panic_with_hook::h0a7ad96e90f7145b
[INFO] [stdout]                                at /rustc/0e09125c6c3c2fd70d7de961bcf0e51575235fad/library/std/src/panicking.rs:783:13
[INFO] [stdout]   15:     0x56136063aa02 - std::panicking::begin_panic_handler::{{closure}}::h7919090525c6485e
[INFO] [stdout]                                at /rustc/0e09125c6c3c2fd70d7de961bcf0e51575235fad/library/std/src/panicking.rs:657:13
[INFO] [stdout]   16:     0x561360639046 - std::sys_common::backtrace::__rust_end_short_backtrace::hf3289479464f7dfe
[INFO] [stdout]                                at /rustc/0e09125c6c3c2fd70d7de961bcf0e51575235fad/library/std/src/sys_common/backtrace.rs:171:18
[INFO] [stdout]   17:     0x56136063a760 - rust_begin_unwind
[INFO] [stdout]                                at /rustc/0e09125c6c3c2fd70d7de961bcf0e51575235fad/library/std/src/panicking.rs:645:5
[INFO] [stdout]   18:     0x561360024295 - core::panicking::panic_fmt::hcc9f77c5c132af55
[INFO] [stdout]                                at /rustc/0e09125c6c3c2fd70d7de961bcf0e51575235fad/library/core/src/panicking.rs:72:14
[INFO] [stdout]   19:     0x56136002470b - core::panicking::assert_failed_inner::h9f13e27dd63c3a08
[INFO] [stdout]                                at /rustc/0e09125c6c3c2fd70d7de961bcf0e51575235fad/library/core/src/panicking.rs:342:17
[INFO] [stdout]   20:     0x5613605c2a5e - core::panicking::assert_failed::h77df6fe504d83a7c
[INFO] [stdout]                                at /rustc/0e09125c6c3c2fd70d7de961bcf0e51575235fad/library/core/src/panicking.rs:297:5
[INFO] [stdout]   21:     0x56136008bfc9 - waffles_solana_program::instruction::test_account_meta_layout::h02bf6444e206bae2
[INFO] [stdout]                                at /opt/rustwide/workdir/src/instruction.rs:771:5
[INFO] [stdout]   22:     0x56136008bd07 - waffles_solana_program::instruction::test_account_meta_layout::{{closure}}::h59e18eff2b24c1d8
[INFO] [stdout]                                at /opt/rustwide/workdir/src/instruction.rs:747:30
[INFO] [stdout]   23:     0x5613601d1636 - core::ops::function::FnOnce::call_once::h7fc71959077abc20
[INFO] [stdout]                                at /rustc/0e09125c6c3c2fd70d7de961bcf0e51575235fad/library/core/src/ops/function.rs:250:5
[INFO] [stdout]   24:     0x56136055ac0f - core::ops::function::FnOnce::call_once::hd64d26f405258157
[INFO] [stdout]                                at /rustc/0e09125c6c3c2fd70d7de961bcf0e51575235fad/library/core/src/ops/function.rs:250:5
[INFO] [stdout]   25:     0x56136055ac0f - test::__rust_begin_short_backtrace::he21b0b7a6d731bf9
[INFO] [stdout]                                at /rustc/0e09125c6c3c2fd70d7de961bcf0e51575235fad/library/test/src/lib.rs:627:18
[INFO] [stdout]   26:     0x561360559991 - test::run_test_in_process::{{closure}}::hf5c73986d7bdfde2
[INFO] [stdout]                                at /rustc/0e09125c6c3c2fd70d7de961bcf0e51575235fad/library/test/src/lib.rs:650:60
[INFO] [stdout]   27:     0x561360559991 - <core::panic::unwind_safe::AssertUnwindSafe<F> as core::ops::function::FnOnce<()>>::call_once::h330011ad032aadc0
[INFO] [stdout]                                at /rustc/0e09125c6c3c2fd70d7de961bcf0e51575235fad/library/core/src/panic/unwind_safe.rs:272:9
[INFO] [stdout]   28:     0x561360559991 - std::panicking::try::do_call::he61b0a958b795a41
[INFO] [stdout]                                at /rustc/0e09125c6c3c2fd70d7de961bcf0e51575235fad/library/std/src/panicking.rs:552:40
[INFO] [stdout]   29:     0x561360559991 - std::panicking::try::h7309da130f906eb7
[INFO] [stdout]                                at /rustc/0e09125c6c3c2fd70d7de961bcf0e51575235fad/library/std/src/panicking.rs:516:19
[INFO] [stdout]   30:     0x561360559991 - std::panic::catch_unwind::hc5c3a06fdaf0a92a
[INFO] [stdout]                                at /rustc/0e09125c6c3c2fd70d7de961bcf0e51575235fad/library/std/src/panic.rs:142:14
[INFO] [stdout]   31:     0x561360559991 - test::run_test_in_process::h7e7b7c71c3324e0f
[INFO] [stdout]                                at /rustc/0e09125c6c3c2fd70d7de961bcf0e51575235fad/library/test/src/lib.rs:650:27
[INFO] [stdout]   32:     0x561360559991 - test::run_test::{{closure}}::h1f509f28f5cf20b1
[INFO] [stdout]                                at /rustc/0e09125c6c3c2fd70d7de961bcf0e51575235fad/library/test/src/lib.rs:573:43
[INFO] [stdout]   33:     0x561360520cc6 - test::run_test::{{closure}}::h1754218abf443f6d
[INFO] [stdout]                                at /rustc/0e09125c6c3c2fd70d7de961bcf0e51575235fad/library/test/src/lib.rs:601:41
[INFO] [stdout]   34:     0x561360520cc6 - std::sys_common::backtrace::__rust_begin_short_backtrace::h2ee174b9d5954948
[INFO] [stdout]                                at /rustc/0e09125c6c3c2fd70d7de961bcf0e51575235fad/library/std/src/sys_common/backtrace.rs:155:18
[INFO] [stdout]   35:     0x561360525d27 - std::thread::Builder::spawn_unchecked_::{{closure}}::{{closure}}::hf60bee9c1a17ef09
[INFO] [stdout]                                at /rustc/0e09125c6c3c2fd70d7de961bcf0e51575235fad/library/std/src/thread/mod.rs:529:17
[INFO] [stdout]   36:     0x561360525d27 - <core::panic::unwind_safe::AssertUnwindSafe<F> as core::ops::function::FnOnce<()>>::call_once::h33d0dddec5216160
[INFO] [stdout]                                at /rustc/0e09125c6c3c2fd70d7de961bcf0e51575235fad/library/core/src/panic/unwind_safe.rs:272:9
[INFO] [stdout]   37:     0x561360525d27 - std::panicking::try::do_call::h144b3048b546f835
[INFO] [stdout]                                at /rustc/0e09125c6c3c2fd70d7de961bcf0e51575235fad/library/std/src/panicking.rs:552:40
[INFO] [stdout]   38:     0x561360525d27 - std::panicking::try::h978244d04646189f
[INFO] [stdout]                                at /rustc/0e09125c6c3c2fd70d7de961bcf0e51575235fad/library/std/src/panicking.rs:516:19
[INFO] [stdout]   39:     0x561360525d27 - std::panic::catch_unwind::hdf436369d188fe86
[INFO] [stdout]                                at /rustc/0e09125c6c3c2fd70d7de961bcf0e51575235fad/library/std/src/panic.rs:142:14
[INFO] [stdout]   40:     0x561360525d27 - std::thread::Builder::spawn_unchecked_::{{closure}}::h87329cbdd33c79ec
[INFO] [stdout]                                at /rustc/0e09125c6c3c2fd70d7de961bcf0e51575235fad/library/std/src/thread/mod.rs:528:30
[INFO] [stdout]   41:     0x561360525d27 - core::ops::function::FnOnce::call_once{{vtable.shim}}::h401abbe67897d450
[INFO] [stdout]                                at /rustc/0e09125c6c3c2fd70d7de961bcf0e51575235fad/library/core/src/ops/function.rs:250:5
[INFO] [stdout]   42:     0x56136063f765 - <alloc::boxed::Box<F,A> as core::ops::function::FnOnce<Args>>::call_once::h5d7c8f150ab9c84c
[INFO] [stdout]                                at /rustc/0e09125c6c3c2fd70d7de961bcf0e51575235fad/library/alloc/src/boxed.rs:2015:9
[INFO] [stdout]   43:     0x56136063f765 - <alloc::boxed::Box<F,A> as core::ops::function::FnOnce<Args>>::call_once::h570d5b005c242c15
[INFO] [stdout]                                at /rustc/0e09125c6c3c2fd70d7de961bcf0e51575235fad/library/alloc/src/boxed.rs:2015:9
[INFO] [stdout]   44:     0x56136063f765 - std::sys::unix::thread::Thread::new::thread_start::h36b0a20c0b2361ad
[INFO] [stdout]                                at /rustc/0e09125c6c3c2fd70d7de961bcf0e51575235fad/library/std/src/sys/unix/thread.rs:108:17
[INFO] [stdout]   45:     0x7f98c20efac3 - <unknown>
[INFO] [stdout]   46:     0x7f98c2180bf4 - __clone
[INFO] [stdout]   47:                0x0 - <unknown>
[INFO] [stdout] 
[INFO] [stdout] 
[INFO] [stdout] failures:
[INFO] [stdout]     instruction::test_account_meta_layout
[INFO] [stdout] 
[INFO] [stdout] test result: FAILED. 228 passed; 1 failed; 0 ignored; 0 measured; 0 filtered out; finished in 2.77s
[INFO] [stdout] 
[INFO] running `Command { std: "docker" "inspect" "cebbcd88595155552e2edfc26c55ab436f1589150cc4cffef76a7b933945c7a5", kill_on_drop: false }`
[INFO] running `Command { std: "docker" "rm" "-f" "cebbcd88595155552e2edfc26c55ab436f1589150cc4cffef76a7b933945c7a5", kill_on_drop: false }`
[INFO] [stdout] cebbcd88595155552e2edfc26c55ab436f1589150cc4cffef76a7b933945c7a5
