[INFO] fetching crate waffles-solana-measure 1.16.0-alpha.11...
[INFO] testing waffles-solana-measure-1.16.0-alpha.11 against 1.75.0 for beta-1.76-1
[INFO] extracting crate waffles-solana-measure 1.16.0-alpha.11 into /workspace/builds/worker-0-tc1/source
[INFO] validating manifest of crates.io crate waffles-solana-measure 1.16.0-alpha.11 on toolchain 1.75.0
[INFO] running `Command { std: CARGO_HOME="/workspace/cargo-home" RUSTUP_HOME="/workspace/rustup-home" "/workspace/cargo-home/bin/cargo" "+1.75.0" "metadata" "--manifest-path" "Cargo.toml" "--no-deps", kill_on_drop: false }`
[INFO] started tweaking crates.io crate waffles-solana-measure 1.16.0-alpha.11
[INFO] finished tweaking crates.io crate waffles-solana-measure 1.16.0-alpha.11
[INFO] tweaked toml for crates.io crate waffles-solana-measure 1.16.0-alpha.11 written to /workspace/builds/worker-0-tc1/source/Cargo.toml
[INFO] running `Command { std: CARGO_HOME="/workspace/cargo-home" RUSTUP_HOME="/workspace/rustup-home" "/workspace/cargo-home/bin/cargo" "+1.75.0" "generate-lockfile" "--manifest-path" "Cargo.toml", kill_on_drop: false }`
[INFO] [stderr]     Blocking waiting for file lock on package cache
[INFO] [stderr]     Updating crates.io index
[INFO] running `Command { std: CARGO_HOME="/workspace/cargo-home" RUSTUP_HOME="/workspace/rustup-home" "/workspace/cargo-home/bin/cargo" "+1.75.0" "fetch" "--manifest-path" "Cargo.toml", kill_on_drop: false }`
[INFO] running `Command { std: "docker" "create" "-v" "/var/lib/crater-agent-workspace/builds/worker-0-tc1/target:/opt/rustwide/target:rw,Z" "-v" "/var/lib/crater-agent-workspace/builds/worker-0-tc1/source:/opt/rustwide/workdir:ro,Z" "-v" "/var/lib/crater-agent-workspace/cargo-home:/opt/rustwide/cargo-home:ro,Z" "-v" "/var/lib/crater-agent-workspace/rustup-home:/opt/rustwide/rustup-home:ro,Z" "-e" "SOURCE_DIR=/opt/rustwide/workdir" "-e" "CARGO_TARGET_DIR=/opt/rustwide/target" "-e" "CARGO_HOME=/opt/rustwide/cargo-home" "-e" "RUSTUP_HOME=/opt/rustwide/rustup-home" "-w" "/opt/rustwide/workdir" "-m" "1610612736" "--user" "0:0" "--network" "none" "ghcr.io/rust-lang/crates-build-env/linux@sha256:2788e3201cd34a07e3172128adcd8b3090168a8e3bcc40d7c032b9dda1df7d1c" "/opt/rustwide/cargo-home/bin/cargo" "+1.75.0" "metadata" "--no-deps" "--format-version=1", kill_on_drop: false }`
[INFO] [stdout] 740c7aecb30f31f3e58a3dd586c3a004249fe6eb5d165b9108691bebbcb9fcbf
[INFO] running `Command { std: "docker" "start" "-a" "740c7aecb30f31f3e58a3dd586c3a004249fe6eb5d165b9108691bebbcb9fcbf", kill_on_drop: false }`
[INFO] running `Command { std: "docker" "inspect" "740c7aecb30f31f3e58a3dd586c3a004249fe6eb5d165b9108691bebbcb9fcbf", kill_on_drop: false }`
[INFO] running `Command { std: "docker" "rm" "-f" "740c7aecb30f31f3e58a3dd586c3a004249fe6eb5d165b9108691bebbcb9fcbf", kill_on_drop: false }`
[INFO] [stdout] 740c7aecb30f31f3e58a3dd586c3a004249fe6eb5d165b9108691bebbcb9fcbf
[INFO] running `Command { std: "docker" "create" "-v" "/var/lib/crater-agent-workspace/builds/worker-0-tc1/target:/opt/rustwide/target:rw,Z" "-v" "/var/lib/crater-agent-workspace/builds/worker-0-tc1/source:/opt/rustwide/workdir:ro,Z" "-v" "/var/lib/crater-agent-workspace/cargo-home:/opt/rustwide/cargo-home:ro,Z" "-v" "/var/lib/crater-agent-workspace/rustup-home:/opt/rustwide/rustup-home:ro,Z" "-e" "SOURCE_DIR=/opt/rustwide/workdir" "-e" "CARGO_TARGET_DIR=/opt/rustwide/target" "-e" "CARGO_INCREMENTAL=0" "-e" "RUST_BACKTRACE=full" "-e" "RUSTFLAGS=--cap-lints=warn" "-e" "RUSTDOCFLAGS=--cap-lints=warn" "-e" "CARGO_HOME=/opt/rustwide/cargo-home" "-e" "RUSTUP_HOME=/opt/rustwide/rustup-home" "-w" "/opt/rustwide/workdir" "-m" "1610612736" "--user" "0:0" "--network" "none" "ghcr.io/rust-lang/crates-build-env/linux@sha256:2788e3201cd34a07e3172128adcd8b3090168a8e3bcc40d7c032b9dda1df7d1c" "/opt/rustwide/cargo-home/bin/cargo" "+1.75.0" "build" "--frozen" "--message-format=json", kill_on_drop: false }`
[INFO] [stdout] 3d4d97b840ebe362a6e2f04e528cb45f44fdd5bdfd9051e6fcb32b299c70bd86
[INFO] running `Command { std: "docker" "start" "-a" "3d4d97b840ebe362a6e2f04e528cb45f44fdd5bdfd9051e6fcb32b299c70bd86", kill_on_drop: false }`
[INFO] [stderr]    Compiling proc-macro2 v1.0.75
[INFO] [stderr]    Compiling typenum v1.17.0
[INFO] [stderr]    Compiling serde v1.0.194
[INFO] [stderr]    Compiling libc v0.2.151
[INFO] [stderr]    Compiling syn v1.0.109
[INFO] [stderr]    Compiling subtle v2.5.0
[INFO] [stderr]    Compiling memchr v2.7.1
[INFO] [stderr]    Compiling once_cell v1.19.0
[INFO] [stderr]    Compiling thiserror v1.0.56
[INFO] [stderr]    Compiling semver v1.0.21
[INFO] [stderr]    Compiling ppv-lite86 v0.2.17
[INFO] [stderr]    Compiling getrandom v0.1.16
[INFO] [stderr]    Compiling generic-array v0.14.7
[INFO] [stderr]    Compiling num-traits v0.2.17
[INFO] [stderr]    Compiling ucd-trie v0.1.6
[INFO] [stderr]    Compiling crunchy v0.2.2
[INFO] [stderr]    Compiling crossbeam-utils v0.8.18
[INFO] [stderr]    Compiling block-padding v0.2.1
[INFO] [stderr]    Compiling cpufeatures v0.2.12
[INFO] [stderr]    Compiling num-integer v0.1.45
[INFO] [stderr]    Compiling num-bigint v0.4.4
[INFO] [stderr]    Compiling ahash v0.7.7
[INFO] [stderr]    Compiling wasm-bindgen-shared v0.2.89
[INFO] [stderr]    Compiling rayon-core v1.12.0
[INFO] [stderr]    Compiling paste v1.0.14
[INFO] [stderr]    Compiling rustc_version v0.4.0
[INFO] [stderr]    Compiling quote v1.0.35
[INFO] [stderr]    Compiling hashbrown v0.14.3
[INFO] [stderr]    Compiling syn v2.0.48
[INFO] [stderr]    Compiling byteorder v1.5.0
[INFO] [stderr]    Compiling ident_case v1.0.1
[INFO] [stderr]    Compiling equivalent v1.0.1
[INFO] [stderr]    Compiling feature-probe v0.1.1
[INFO] [stderr]    Compiling strsim v0.10.0
[INFO] [stderr]    Compiling bumpalo v3.14.0
[INFO] [stderr]    Compiling log v0.4.20
[INFO] [stderr]    Compiling waffles-solana-frozen-abi-macro v1.16.0-alpha.10
[INFO] [stderr]    Compiling jobserver v0.1.27
[INFO] [stderr]    Compiling bv v0.11.1
[INFO] [stderr]    Compiling aho-corasick v1.1.2
[INFO] [stderr]    Compiling im v15.1.0
[INFO] [stderr]    Compiling cc v1.0.83
[INFO] [stderr]    Compiling indexmap v2.1.0
[INFO] [stderr]    Compiling crossbeam-epoch v0.9.17
[INFO] [stderr]    Compiling winnow v0.5.32
[INFO] [stderr]    Compiling serde_json v1.0.111
[INFO] [stderr]    Compiling getrandom v0.2.11
[INFO] [stderr]    Compiling crossbeam-deque v0.8.4
[INFO] [stderr]    Compiling rand_core v0.6.4
[INFO] [stderr]    Compiling rand_core v0.5.1
[INFO] [stderr]    Compiling bitmaps v2.1.0
[INFO] [stderr]    Compiling toml_datetime v0.6.5
[INFO] [stderr]    Compiling rand_chacha v0.3.1
[INFO] [stderr]    Compiling digest v0.9.0
[INFO] [stderr]    Compiling rand_chacha v0.2.2
[INFO] [stderr]    Compiling rustversion v1.0.14
[INFO] [stderr]    Compiling regex-syntax v0.8.2
[INFO] [stderr]    Compiling libsecp256k1-core v0.2.2
[INFO] [stderr]    Compiling rand v0.8.5
[INFO] [stderr]    Compiling rand v0.7.3
[INFO] [stderr]    Compiling anyhow v1.0.79
[INFO] [stderr]    Compiling arrayref v0.3.7
[INFO] [stderr]    Compiling sized-chunks v0.6.5
[INFO] [stderr]    Compiling toml_edit v0.19.15
[INFO] [stderr]    Compiling ark-std v0.3.0
[INFO] [stderr]    Compiling rayon v1.8.0
[INFO] [stderr]    Compiling rand_xoshiro v0.6.0
[INFO] [stderr]    Compiling libsecp256k1-gen-ecmult v0.2.1
[INFO] [stderr]    Compiling libsecp256k1-gen-genmult v0.2.1
[INFO] [stderr]    Compiling waffles-solana-frozen-abi v1.16.0-alpha.10
[INFO] [stderr]    Compiling memoffset v0.8.0
[INFO] [stderr]    Compiling signature v1.6.4
[INFO] [stderr]    Compiling libsecp256k1 v0.6.0
[INFO] [stderr]    Compiling arrayvec v0.7.4
[INFO] [stderr]    Compiling bs58 v0.4.0
[INFO] [stderr]    Compiling itoa v1.0.10
[INFO] [stderr]    Compiling constant_time_eq v0.3.0
[INFO] [stderr]    Compiling wasm-bindgen v0.2.89
[INFO] [stderr]    Compiling ryu v1.0.16
[INFO] [stderr]    Compiling regex-automata v0.4.3
[INFO] [stderr]    Compiling ed25519 v1.5.3
[INFO] [stderr]    Compiling unicode-normalization v0.1.22
[INFO] [stderr]    Compiling hashbrown v0.12.3
[INFO] [stderr]    Compiling blake3 v1.5.0
[INFO] [stderr]    Compiling toml v0.5.11
[INFO] [stderr]    Compiling waffles-solana-program v1.16.0-alpha.10
[INFO] [stderr]    Compiling hashbrown v0.11.2
[INFO] [stderr]    Compiling memmap2 v0.5.10
[INFO] [stderr]    Compiling atty v0.2.14
[INFO] [stderr]    Compiling proc-macro-crate v1.3.1
[INFO] [stderr]    Compiling base64 v0.12.3
[INFO] [stderr]    Compiling keccak v0.1.4
[INFO] [stderr]    Compiling rustc-hash v1.1.0
[INFO] [stderr]    Compiling termcolor v1.4.0
[INFO] [stderr]    Compiling itertools v0.10.5
[INFO] [stderr]    Compiling wasm-bindgen-backend v0.2.89
[INFO] [stderr]    Compiling darling_core v0.20.3
[INFO] [stderr]    Compiling proc-macro-crate v0.1.5
[INFO] [stderr]    Compiling waffles-solana-sdk v1.16.0-alpha.10
[INFO] [stderr]    Compiling array-bytes v1.4.1
[INFO] [stderr]    Compiling borsh-derive-internal v0.9.3
[INFO] [stderr]    Compiling borsh-schema-derive-internal v0.9.3
[INFO] [stderr]    Compiling base64 v0.13.1
[INFO] [stderr]    Compiling derivation-path v0.2.0
[INFO] [stderr]    Compiling percent-encoding v2.3.1
[INFO] [stderr]    Compiling uriparse v0.6.4
[INFO] [stderr]    Compiling chrono v0.4.31
[INFO] [stderr]    Compiling assert_matches v1.5.0
[INFO] [stderr]    Compiling qstring v0.7.2
[INFO] [stderr]    Compiling regex v1.10.2
[INFO] [stderr]    Compiling wasm-bindgen-macro-support v0.2.89
[INFO] [stderr]    Compiling env_logger v0.9.3
[INFO] [stderr]    Compiling waffles-solana-logger v1.16.0-alpha.10
[INFO] [stderr]    Compiling serde_derive v1.0.194
[INFO] [stderr]    Compiling thiserror-impl v1.0.56
[INFO] [stderr]    Compiling zeroize_derive v1.4.2
[INFO] [stderr]    Compiling bytemuck_derive v1.5.0
[INFO] [stderr]    Compiling wasm-bindgen-macro v0.2.89
[INFO] [stderr]    Compiling ark-ff-asm v0.3.0
[INFO] [stderr]    Compiling derivative v2.2.0
[INFO] [stderr]    Compiling ark-ff-macros v0.3.0
[INFO] [stderr]    Compiling darling_macro v0.20.3
[INFO] [stderr]    Compiling borsh-derive v0.9.3
[INFO] [stderr]    Compiling waffles-solana-sdk-macro v1.16.0-alpha.10
[INFO] [stderr]    Compiling num-derive v0.3.3
[INFO] [stderr]    Compiling num_enum_derive v0.5.11
[INFO] [stderr]    Compiling zeroize v1.3.0
[INFO] [stderr]    Compiling borsh v0.9.3
[INFO] [stderr]    Compiling darling v0.20.3
[INFO] [stderr]    Compiling serde_with_macros v2.3.3
[INFO] [stderr]    Compiling bytemuck v1.14.0
[INFO] [stderr]    Compiling pest v2.7.6
[INFO] [stderr]    Compiling num_enum v0.5.11
[INFO] [stderr]    Compiling semver-parser v0.10.2
[INFO] [stderr]    Compiling semver v0.11.0
[INFO] [stderr]    Compiling rustc_version v0.3.3
[INFO] [stderr]    Compiling ark-ff v0.3.0
[INFO] [stderr]    Compiling serde_bytes v0.11.14
[INFO] [stderr]    Compiling bincode v1.3.3
[INFO] [stderr]    Compiling serde_with v2.3.3
[INFO] [stderr]    Compiling crypto-common v0.1.6
[INFO] [stderr]    Compiling block-buffer v0.10.4
[INFO] [stderr]    Compiling block-buffer v0.9.0
[INFO] [stderr]    Compiling crypto-mac v0.8.0
[INFO] [stderr]    Compiling ark-serialize v0.3.0
[INFO] [stderr]    Compiling curve25519-dalek v3.2.1
[INFO] [stderr]    Compiling sha2 v0.9.9
[INFO] [stderr]    Compiling hmac v0.8.1
[INFO] [stderr]    Compiling pbkdf2 v0.4.0
[INFO] [stderr]    Compiling digest v0.10.7
[INFO] [stderr]    Compiling hmac-drbg v0.3.0
[INFO] [stderr]    Compiling sha2 v0.10.8
[INFO] [stderr]    Compiling sha3 v0.10.8
[INFO] [stderr]    Compiling hmac v0.12.1
[INFO] [stderr]    Compiling pbkdf2 v0.11.0
[INFO] [stderr]    Compiling tiny-bip39 v0.8.2
[INFO] [stderr]    Compiling ed25519-dalek v1.0.1
[INFO] [stderr]    Compiling ed25519-dalek-bip32 v0.2.0
[INFO] [stderr]    Compiling ark-ec v0.3.0
[INFO] [stderr]    Compiling ark-bn254 v0.3.0
[INFO] [stderr]    Compiling waffles-solana-measure v1.16.0-alpha.11 (/opt/rustwide/workdir)
[INFO] [stderr]     Finished dev [unoptimized + debuginfo] target(s) in 43.93s
[INFO] running `Command { std: "docker" "inspect" "3d4d97b840ebe362a6e2f04e528cb45f44fdd5bdfd9051e6fcb32b299c70bd86", kill_on_drop: false }`
[INFO] running `Command { std: "docker" "rm" "-f" "3d4d97b840ebe362a6e2f04e528cb45f44fdd5bdfd9051e6fcb32b299c70bd86", kill_on_drop: false }`
[INFO] [stdout] 3d4d97b840ebe362a6e2f04e528cb45f44fdd5bdfd9051e6fcb32b299c70bd86
[INFO] running `Command { std: "docker" "create" "-v" "/var/lib/crater-agent-workspace/builds/worker-0-tc1/target:/opt/rustwide/target:rw,Z" "-v" "/var/lib/crater-agent-workspace/builds/worker-0-tc1/source:/opt/rustwide/workdir:ro,Z" "-v" "/var/lib/crater-agent-workspace/cargo-home:/opt/rustwide/cargo-home:ro,Z" "-v" "/var/lib/crater-agent-workspace/rustup-home:/opt/rustwide/rustup-home:ro,Z" "-e" "SOURCE_DIR=/opt/rustwide/workdir" "-e" "CARGO_TARGET_DIR=/opt/rustwide/target" "-e" "CARGO_INCREMENTAL=0" "-e" "RUST_BACKTRACE=full" "-e" "RUSTFLAGS=--cap-lints=warn" "-e" "RUSTDOCFLAGS=--cap-lints=warn" "-e" "CARGO_HOME=/opt/rustwide/cargo-home" "-e" "RUSTUP_HOME=/opt/rustwide/rustup-home" "-w" "/opt/rustwide/workdir" "-m" "1610612736" "--user" "0:0" "--network" "none" "ghcr.io/rust-lang/crates-build-env/linux@sha256:2788e3201cd34a07e3172128adcd8b3090168a8e3bcc40d7c032b9dda1df7d1c" "/opt/rustwide/cargo-home/bin/cargo" "+1.75.0" "test" "--frozen" "--no-run" "--message-format=json", kill_on_drop: false }`
[INFO] [stdout] 03f7e4bb9775844a89d79b0927340a9aa5a764806322d59013a78597cf4efdb6
[INFO] running `Command { std: "docker" "start" "-a" "03f7e4bb9775844a89d79b0927340a9aa5a764806322d59013a78597cf4efdb6", kill_on_drop: false }`
[INFO] [stderr]    Compiling waffles-solana-measure v1.16.0-alpha.11 (/opt/rustwide/workdir)
[INFO] [stderr]     Finished test [unoptimized + debuginfo] target(s) in 1.62s
[INFO] running `Command { std: "docker" "inspect" "03f7e4bb9775844a89d79b0927340a9aa5a764806322d59013a78597cf4efdb6", kill_on_drop: false }`
[INFO] running `Command { std: "docker" "rm" "-f" "03f7e4bb9775844a89d79b0927340a9aa5a764806322d59013a78597cf4efdb6", kill_on_drop: false }`
[INFO] [stdout] 03f7e4bb9775844a89d79b0927340a9aa5a764806322d59013a78597cf4efdb6
[INFO] running `Command { std: "docker" "create" "-v" "/var/lib/crater-agent-workspace/builds/worker-0-tc1/target:/opt/rustwide/target:rw,Z" "-v" "/var/lib/crater-agent-workspace/builds/worker-0-tc1/source:/opt/rustwide/workdir:ro,Z" "-v" "/var/lib/crater-agent-workspace/cargo-home:/opt/rustwide/cargo-home:ro,Z" "-v" "/var/lib/crater-agent-workspace/rustup-home:/opt/rustwide/rustup-home:ro,Z" "-e" "SOURCE_DIR=/opt/rustwide/workdir" "-e" "CARGO_TARGET_DIR=/opt/rustwide/target" "-e" "CARGO_INCREMENTAL=0" "-e" "RUST_BACKTRACE=full" "-e" "RUSTFLAGS=--cap-lints=warn" "-e" "RUSTDOCFLAGS=--cap-lints=warn" "-e" "CARGO_HOME=/opt/rustwide/cargo-home" "-e" "RUSTUP_HOME=/opt/rustwide/rustup-home" "-w" "/opt/rustwide/workdir" "-m" "1610612736" "--user" "0:0" "--network" "none" "ghcr.io/rust-lang/crates-build-env/linux@sha256:2788e3201cd34a07e3172128adcd8b3090168a8e3bcc40d7c032b9dda1df7d1c" "/opt/rustwide/cargo-home/bin/cargo" "+1.75.0" "test" "--frozen", kill_on_drop: false }`
[INFO] [stdout] 2d2fb08ef8e04d9c74467c8ab9440cd70e49ef09c113b0ac035a7d5cf8ff993e
[INFO] running `Command { std: "docker" "start" "-a" "2d2fb08ef8e04d9c74467c8ab9440cd70e49ef09c113b0ac035a7d5cf8ff993e", kill_on_drop: false }`
[INFO] [stderr]     Finished test [unoptimized + debuginfo] target(s) in 0.17s
[INFO] [stderr]      Running unittests src/lib.rs (/opt/rustwide/target/debug/deps/waffles_solana_measure-1d7c99380222f9eb)
[INFO] [stdout] 
[INFO] [stdout] running 4 tests
[INFO] [stdout] test measure::tests::test_measure_display ... ok
[INFO] [stdout] test macros::tests::test_measure_us_macro ... ok
[INFO] [stdout] test measure::tests::test_measure ... ok
[INFO] [stdout] test macros::tests::test_measure_macro ... ok
[INFO] [stdout] 
[INFO] [stdout] test result: ok. 4 passed; 0 failed; 0 ignored; 0 measured; 0 filtered out; finished in 1.00s
[INFO] [stdout] 
[INFO] [stderr]    Doc-tests waffles-solana-measure
[INFO] [stdout] 
[INFO] [stdout] running 4 tests
[INFO] [stdout] test src/macros.rs - macros::measure (line 63) ... FAILED
[INFO] [stdout] test src/macros.rs - macros::measure (line 43) ... FAILED
[INFO] [stderr] error: doctest failed, to rerun pass `--doc`
[INFO] [stdout] test src/macros.rs - macros::measure (line 26) ... FAILED
[INFO] [stdout] test src/macros.rs - macros::measure (line 13) ... FAILED
[INFO] [stdout] 
[INFO] [stdout] failures:
[INFO] [stdout] 
[INFO] [stdout] ---- src/macros.rs - macros::measure (line 63) stdout ----
[INFO] [stdout] error[E0432]: unresolved import `solana_measure`
[INFO] [stdout]  --> src/macros.rs:65:5
[INFO] [stdout]   |
[INFO] [stdout] 4 | use solana_measure::{measure, measure_us};
[INFO] [stdout]   |     ^^^^^^^^^^^^^^ use of undeclared crate or module `solana_measure`
[INFO] [stdout] 
[INFO] [stdout] error: cannot determine resolution for the macro `measure_us`
[INFO] [stdout]  --> src/macros.rs:68:28
[INFO] [stdout]   |
[INFO] [stdout] 7 | let (result, measure_us) = measure_us!(meow());
[INFO] [stdout]   |                            ^^^^^^^^^^
[INFO] [stdout]   |
[INFO] [stdout]   = note: import resolution is stuck, try simplifying macro imports
[INFO] [stdout] 
[INFO] [stdout] error: cannot determine resolution for the macro `measure`
[INFO] [stdout]  --> src/macros.rs:67:25
[INFO] [stdout]   |
[INFO] [stdout] 6 | let (result, measure) = measure!(meow());
[INFO] [stdout]   |                         ^^^^^^^
[INFO] [stdout]   |
[INFO] [stdout]   = note: import resolution is stuck, try simplifying macro imports
[INFO] [stdout] 
[INFO] [stdout] error: aborting due to 3 previous errors
[INFO] [stdout] 
[INFO] [stdout] For more information about this error, try `rustc --explain E0432`.
[INFO] [stdout] Couldn't compile the test.
[INFO] [stdout] ---- src/macros.rs - macros::measure (line 43) stdout ----
[INFO] [stdout] error[E0432]: unresolved import `solana_measure`
[INFO] [stdout]  --> src/macros.rs:45:5
[INFO] [stdout]   |
[INFO] [stdout] 4 | use solana_measure::measure;
[INFO] [stdout]   |     ^^^^^^^^^^^^^^ use of undeclared crate or module `solana_measure`
[INFO] [stdout] 
[INFO] [stdout] error: cannot determine resolution for the macro `measure`
[INFO] [stdout]  --> src/macros.rs:49:25
[INFO] [stdout]   |
[INFO] [stdout] 8 | let (result, measure) = measure!(
[INFO] [stdout]   |                         ^^^^^^^
[INFO] [stdout]   |
[INFO] [stdout]   = note: import resolution is stuck, try simplifying macro imports
[INFO] [stdout] 
[INFO] [stdout] error: aborting due to 2 previous errors
[INFO] [stdout] 
[INFO] [stdout] For more information about this error, try `rustc --explain E0432`.
[INFO] [stdout] Couldn't compile the test.
[INFO] [stdout] ---- src/macros.rs - macros::measure (line 26) stdout ----
[INFO] [stdout] error[E0432]: unresolved import `solana_measure`
[INFO] [stdout]  --> src/macros.rs:28:5
[INFO] [stdout]   |
[INFO] [stdout] 4 | use solana_measure::{measure, measure_us};
[INFO] [stdout]   |     ^^^^^^^^^^^^^^ use of undeclared crate or module `solana_measure`
[INFO] [stdout] 
[INFO] [stdout] error: cannot determine resolution for the macro `measure`
[INFO] [stdout]   --> src/macros.rs:38:25
[INFO] [stdout]    |
[INFO] [stdout] 14 | let (result, measure) = measure!(foo.frobnicate(2), "measure methods");
[INFO] [stdout]    |                         ^^^^^^^
[INFO] [stdout]    |
[INFO] [stdout]    = note: import resolution is stuck, try simplifying macro imports
[INFO] [stdout] 
[INFO] [stdout] error: cannot determine resolution for the macro `measure_us`
[INFO] [stdout]   --> src/macros.rs:39:28
[INFO] [stdout]    |
[INFO] [stdout] 15 | let (result, measure_us) = measure_us!(foo.frobnicate(2));
[INFO] [stdout]    |                            ^^^^^^^^^^
[INFO] [stdout]    |
[INFO] [stdout]    = note: import resolution is stuck, try simplifying macro imports
[INFO] [stdout] 
[INFO] [stdout] error: aborting due to 3 previous errors
[INFO] [stdout] 
[INFO] [stdout] For more information about this error, try `rustc --explain E0432`.
[INFO] [stdout] Couldn't compile the test.
[INFO] [stdout] ---- src/macros.rs - macros::measure (line 13) stdout ----
[INFO] [stdout] error[E0432]: unresolved import `solana_measure`
[INFO] [stdout]  --> src/macros.rs:15:5
[INFO] [stdout]   |
[INFO] [stdout] 4 | use solana_measure::{measure, measure_us};
[INFO] [stdout]   |     ^^^^^^^^^^^^^^ use of undeclared crate or module `solana_measure`
[INFO] [stdout] 
[INFO] [stdout] error: cannot determine resolution for the macro `measure`
[INFO] [stdout]  --> src/macros.rs:19:25
[INFO] [stdout]   |
[INFO] [stdout] 8 | let (result, measure) = measure!(foo(), "foo takes no parameters");
[INFO] [stdout]   |                         ^^^^^^^
[INFO] [stdout]   |
[INFO] [stdout]   = note: import resolution is stuck, try simplifying macro imports
[INFO] [stdout] 
[INFO] [stdout] error: cannot determine resolution for the macro `measure`
[INFO] [stdout]  --> src/macros.rs:20:25
[INFO] [stdout]   |
[INFO] [stdout] 9 | let (result, measure) = measure!(bar(42), "bar takes one parameter");
[INFO] [stdout]   |                         ^^^^^^^
[INFO] [stdout]   |
[INFO] [stdout]   = note: import resolution is stuck, try simplifying macro imports
[INFO] [stdout] 
[INFO] [stdout] error: cannot determine resolution for the macro `measure`
[INFO] [stdout]   --> src/macros.rs:21:25
[INFO] [stdout]    |
[INFO] [stdout] 10 | let (result, measure) = measure!(add(1, 2), "add takes two parameters and returns a value");
[INFO] [stdout]    |                         ^^^^^^^
[INFO] [stdout]    |
[INFO] [stdout]    = note: import resolution is stuck, try simplifying macro imports
[INFO] [stdout] 
[INFO] [stdout] error: cannot determine resolution for the macro `measure_us`
[INFO] [stdout]   --> src/macros.rs:22:28
[INFO] [stdout]    |
[INFO] [stdout] 11 | let (result, measure_us) = measure_us!(add(1, 2));
[INFO] [stdout]    |                            ^^^^^^^^^^
[INFO] [stdout]    |
[INFO] [stdout]    = note: import resolution is stuck, try simplifying macro imports
[INFO] [stdout] 
[INFO] [stdout] error: aborting due to 5 previous errors
[INFO] [stdout] 
[INFO] [stdout] For more information about this error, try `rustc --explain E0432`.
[INFO] [stdout] Couldn't compile the test.
[INFO] [stdout] 
[INFO] [stdout] failures:
[INFO] [stdout]     src/macros.rs - macros::measure (line 13)
[INFO] [stdout]     src/macros.rs - macros::measure (line 26)
[INFO] [stdout]     src/macros.rs - macros::measure (line 43)
[INFO] [stdout]     src/macros.rs - macros::measure (line 63)
[INFO] [stdout] 
[INFO] [stdout] test result: FAILED. 0 passed; 4 failed; 0 ignored; 0 measured; 0 filtered out; finished in 0.21s
[INFO] [stdout] 
[INFO] running `Command { std: "docker" "inspect" "2d2fb08ef8e04d9c74467c8ab9440cd70e49ef09c113b0ac035a7d5cf8ff993e", kill_on_drop: false }`
[INFO] running `Command { std: "docker" "rm" "-f" "2d2fb08ef8e04d9c74467c8ab9440cd70e49ef09c113b0ac035a7d5cf8ff993e", kill_on_drop: false }`
[INFO] [stdout] 2d2fb08ef8e04d9c74467c8ab9440cd70e49ef09c113b0ac035a7d5cf8ff993e
[INFO] testing waffles-solana-measure-1.16.0-alpha.11 against beta-2023-12-22 for beta-1.76-1
[INFO] extracting crate waffles-solana-measure 1.16.0-alpha.11 into /workspace/builds/worker-0-tc2/source
[INFO] validating manifest of crates.io crate waffles-solana-measure 1.16.0-alpha.11 on toolchain beta-2023-12-22
[INFO] running `Command { std: CARGO_HOME="/workspace/cargo-home" RUSTUP_HOME="/workspace/rustup-home" "/workspace/cargo-home/bin/cargo" "+beta-2023-12-22" "metadata" "--manifest-path" "Cargo.toml" "--no-deps", kill_on_drop: false }`
[INFO] started tweaking crates.io crate waffles-solana-measure 1.16.0-alpha.11
[INFO] finished tweaking crates.io crate waffles-solana-measure 1.16.0-alpha.11
[INFO] tweaked toml for crates.io crate waffles-solana-measure 1.16.0-alpha.11 written to /workspace/builds/worker-0-tc2/source/Cargo.toml
[INFO] running `Command { std: CARGO_HOME="/workspace/cargo-home" RUSTUP_HOME="/workspace/rustup-home" "/workspace/cargo-home/bin/cargo" "+beta-2023-12-22" "generate-lockfile" "--manifest-path" "Cargo.toml", kill_on_drop: false }`
[INFO] [stderr]     Updating crates.io index
[INFO] running `Command { std: CARGO_HOME="/workspace/cargo-home" RUSTUP_HOME="/workspace/rustup-home" "/workspace/cargo-home/bin/cargo" "+beta-2023-12-22" "fetch" "--manifest-path" "Cargo.toml", kill_on_drop: false }`
[INFO] running `Command { std: "docker" "create" "-v" "/var/lib/crater-agent-workspace/builds/worker-0-tc2/target:/opt/rustwide/target:rw,Z" "-v" "/var/lib/crater-agent-workspace/builds/worker-0-tc2/source:/opt/rustwide/workdir:ro,Z" "-v" "/var/lib/crater-agent-workspace/cargo-home:/opt/rustwide/cargo-home:ro,Z" "-v" "/var/lib/crater-agent-workspace/rustup-home:/opt/rustwide/rustup-home:ro,Z" "-e" "SOURCE_DIR=/opt/rustwide/workdir" "-e" "CARGO_TARGET_DIR=/opt/rustwide/target" "-e" "CARGO_HOME=/opt/rustwide/cargo-home" "-e" "RUSTUP_HOME=/opt/rustwide/rustup-home" "-w" "/opt/rustwide/workdir" "-m" "1610612736" "--user" "0:0" "--network" "none" "ghcr.io/rust-lang/crates-build-env/linux@sha256:2788e3201cd34a07e3172128adcd8b3090168a8e3bcc40d7c032b9dda1df7d1c" "/opt/rustwide/cargo-home/bin/cargo" "+beta-2023-12-22" "metadata" "--no-deps" "--format-version=1", kill_on_drop: false }`
[INFO] [stdout] 61d6025202178279c8d344c059207e5d3a166983ba0b5b0c5b20f3fbb9f7bbaa
[INFO] running `Command { std: "docker" "start" "-a" "61d6025202178279c8d344c059207e5d3a166983ba0b5b0c5b20f3fbb9f7bbaa", kill_on_drop: false }`
[INFO] running `Command { std: "docker" "inspect" "61d6025202178279c8d344c059207e5d3a166983ba0b5b0c5b20f3fbb9f7bbaa", kill_on_drop: false }`
[INFO] running `Command { std: "docker" "rm" "-f" "61d6025202178279c8d344c059207e5d3a166983ba0b5b0c5b20f3fbb9f7bbaa", kill_on_drop: false }`
[INFO] [stdout] 61d6025202178279c8d344c059207e5d3a166983ba0b5b0c5b20f3fbb9f7bbaa
[INFO] running `Command { std: "docker" "create" "-v" "/var/lib/crater-agent-workspace/builds/worker-0-tc2/target:/opt/rustwide/target:rw,Z" "-v" "/var/lib/crater-agent-workspace/builds/worker-0-tc2/source:/opt/rustwide/workdir:ro,Z" "-v" "/var/lib/crater-agent-workspace/cargo-home:/opt/rustwide/cargo-home:ro,Z" "-v" "/var/lib/crater-agent-workspace/rustup-home:/opt/rustwide/rustup-home:ro,Z" "-e" "SOURCE_DIR=/opt/rustwide/workdir" "-e" "CARGO_TARGET_DIR=/opt/rustwide/target" "-e" "CARGO_INCREMENTAL=0" "-e" "RUST_BACKTRACE=full" "-e" "RUSTFLAGS=--cap-lints=warn" "-e" "RUSTDOCFLAGS=--cap-lints=warn" "-e" "CARGO_HOME=/opt/rustwide/cargo-home" "-e" "RUSTUP_HOME=/opt/rustwide/rustup-home" "-w" "/opt/rustwide/workdir" "-m" "1610612736" "--user" "0:0" "--network" "none" "ghcr.io/rust-lang/crates-build-env/linux@sha256:2788e3201cd34a07e3172128adcd8b3090168a8e3bcc40d7c032b9dda1df7d1c" "/opt/rustwide/cargo-home/bin/cargo" "+beta-2023-12-22" "build" "--frozen" "--message-format=json", kill_on_drop: false }`
[INFO] [stdout] 70c6b5b8c55928d6875c67360a450cda213c9a40f00e71acf827268ad42bd282
[INFO] running `Command { std: "docker" "start" "-a" "70c6b5b8c55928d6875c67360a450cda213c9a40f00e71acf827268ad42bd282", kill_on_drop: false }`
[INFO] [stderr]    Compiling proc-macro2 v1.0.75
[INFO] [stderr]    Compiling typenum v1.17.0
[INFO] [stderr]    Compiling serde v1.0.194
[INFO] [stderr]    Compiling libc v0.2.151
[INFO] [stderr]    Compiling syn v1.0.109
[INFO] [stderr]    Compiling subtle v2.5.0
[INFO] [stderr]    Compiling memchr v2.7.1
[INFO] [stderr]    Compiling once_cell v1.19.0
[INFO] [stderr]    Compiling ppv-lite86 v0.2.17
[INFO] [stderr]    Compiling thiserror v1.0.56
[INFO] [stderr]    Compiling semver v1.0.21
[INFO] [stderr]    Compiling getrandom v0.1.16
[INFO] [stderr]    Compiling generic-array v0.14.7
[INFO] [stderr]    Compiling num-traits v0.2.17
[INFO] [stderr]    Compiling crunchy v0.2.2
[INFO] [stderr]    Compiling ucd-trie v0.1.6
[INFO] [stderr]    Compiling crossbeam-utils v0.8.18
[INFO] [stderr]    Compiling block-padding v0.2.1
[INFO] [stderr]    Compiling cpufeatures v0.2.12
[INFO] [stderr]    Compiling num-integer v0.1.45
[INFO] [stderr]    Compiling ahash v0.7.7
[INFO] [stderr]    Compiling num-bigint v0.4.4
[INFO] [stderr]    Compiling wasm-bindgen-shared v0.2.89
[INFO] [stderr]    Compiling rayon-core v1.12.0
[INFO] [stderr]    Compiling paste v1.0.14
[INFO] [stderr]    Compiling rustc_version v0.4.0
[INFO] [stderr]    Compiling quote v1.0.35
[INFO] [stderr]    Compiling log v0.4.20
[INFO] [stderr]    Compiling syn v2.0.48
[INFO] [stderr]    Compiling crossbeam-epoch v0.9.17
[INFO] [stderr]    Compiling ident_case v1.0.1
[INFO] [stderr]    Compiling feature-probe v0.1.1
[INFO] [stderr]    Compiling bumpalo v3.14.0
[INFO] [stderr]    Compiling jobserver v0.1.27
[INFO] [stderr]    Compiling byteorder v1.5.0
[INFO] [stderr]    Compiling hashbrown v0.14.3
[INFO] [stderr]    Compiling crossbeam-deque v0.8.4
[INFO] [stderr]    Compiling strsim v0.10.0
[INFO] [stderr]    Compiling equivalent v1.0.1
[INFO] [stderr]    Compiling bv v0.11.1
[INFO] [stderr]    Compiling cc v1.0.83
[INFO] [stderr]    Compiling bitmaps v2.1.0
[INFO] [stderr]    Compiling waffles-solana-frozen-abi-macro v1.16.0-alpha.10
[INFO] [stderr]    Compiling digest v0.9.0
[INFO] [stderr]    Compiling getrandom v0.2.11
[INFO] [stderr]    Compiling libsecp256k1-core v0.2.2
[INFO] [stderr]    Compiling rand_core v0.6.4
[INFO] [stderr]    Compiling rand_core v0.5.1
[INFO] [stderr]    Compiling rand_chacha v0.2.2
[INFO] [stderr]    Compiling rand_chacha v0.3.1
[INFO] [stderr]    Compiling indexmap v2.1.0
[INFO] [stderr]    Compiling aho-corasick v1.1.2
[INFO] [stderr]    Compiling im v15.1.0
[INFO] [stderr]    Compiling rand v0.7.3
[INFO] [stderr]    Compiling serde_json v1.0.111
[INFO] [stderr]    Compiling rand v0.8.5
[INFO] [stderr]    Compiling winnow v0.5.32
[INFO] [stderr]    Compiling toml_datetime v0.6.5
[INFO] [stderr]    Compiling anyhow v1.0.79
[INFO] [stderr]    Compiling libsecp256k1-gen-ecmult v0.2.1
[INFO] [stderr]    Compiling libsecp256k1-gen-genmult v0.2.1
[INFO] [stderr]    Compiling ark-std v0.3.0
[INFO] [stderr]    Compiling regex-syntax v0.8.2
[INFO] [stderr]    Compiling arrayref v0.3.7
[INFO] [stderr]    Compiling rustversion v1.0.14
[INFO] [stderr]    Compiling rayon v1.8.0
[INFO] [stderr]    Compiling sized-chunks v0.6.5
[INFO] [stderr]    Compiling rand_xoshiro v0.6.0
[INFO] [stderr]    Compiling libsecp256k1 v0.6.0
[INFO] [stderr]    Compiling waffles-solana-frozen-abi v1.16.0-alpha.10
[INFO] [stderr]    Compiling memoffset v0.8.0
[INFO] [stderr]    Compiling wasm-bindgen v0.2.89
[INFO] [stderr]    Compiling itoa v1.0.10
[INFO] [stderr]    Compiling bs58 v0.4.0
[INFO] [stderr]    Compiling signature v1.6.4
[INFO] [stderr]    Compiling ryu v1.0.16
[INFO] [stderr]    Compiling constant_time_eq v0.3.0
[INFO] [stderr]    Compiling arrayvec v0.7.4
[INFO] [stderr]    Compiling ed25519 v1.5.3
[INFO] [stderr]    Compiling unicode-normalization v0.1.22
[INFO] [stderr]    Compiling hashbrown v0.12.3
[INFO] [stderr]    Compiling hashbrown v0.11.2
[INFO] [stderr]    Compiling memmap2 v0.5.10
[INFO] [stderr]    Compiling blake3 v1.5.0
[INFO] [stderr]    Compiling toml v0.5.11
[INFO] [stderr]    Compiling waffles-solana-program v1.16.0-alpha.10
[INFO] [stderr]    Compiling regex-automata v0.4.3
[INFO] [stderr]    Compiling toml_edit v0.19.15
[INFO] [stderr]    Compiling atty v0.2.14
[INFO] [stderr]    Compiling termcolor v1.4.0
[INFO] [stderr]    Compiling base64 v0.12.3
[INFO] [stderr]    Compiling keccak v0.1.4
[INFO] [stderr]    Compiling rustc-hash v1.1.0
[INFO] [stderr]    Compiling waffles-solana-sdk v1.16.0-alpha.10
[INFO] [stderr]    Compiling itertools v0.10.5
[INFO] [stderr]    Compiling derivation-path v0.2.0
[INFO] [stderr]    Compiling array-bytes v1.4.1
[INFO] [stderr]    Compiling proc-macro-crate v0.1.5
[INFO] [stderr]    Compiling percent-encoding v2.3.1
[INFO] [stderr]    Compiling base64 v0.13.1
[INFO] [stderr]    Compiling uriparse v0.6.4
[INFO] [stderr]    Compiling darling_core v0.20.3
[INFO] [stderr]    Compiling wasm-bindgen-backend v0.2.89
[INFO] [stderr]    Compiling qstring v0.7.2
[INFO] [stderr]    Compiling chrono v0.4.31
[INFO] [stderr]    Compiling borsh-schema-derive-internal v0.9.3
[INFO] [stderr]    Compiling borsh-derive-internal v0.9.3
[INFO] [stderr]    Compiling assert_matches v1.5.0
[INFO] [stderr]    Compiling proc-macro-crate v1.3.1
[INFO] [stderr]    Compiling wasm-bindgen-macro-support v0.2.89
[INFO] [stderr]    Compiling derivative v2.2.0
[INFO] [stderr]    Compiling ark-ff-asm v0.3.0
[INFO] [stderr]    Compiling ark-ff-macros v0.3.0
[INFO] [stderr]    Compiling borsh-derive v0.9.3
[INFO] [stderr]    Compiling waffles-solana-sdk-macro v1.16.0-alpha.10
[INFO] [stderr]    Compiling num_enum_derive v0.5.11
[INFO] [stderr]    Compiling num-derive v0.3.3
[INFO] [stderr]    Compiling regex v1.10.2
[INFO] [stderr]    Compiling serde_derive v1.0.194
[INFO] [stderr]    Compiling thiserror-impl v1.0.56
[INFO] [stderr]    Compiling zeroize_derive v1.4.2
[INFO] [stderr]    Compiling wasm-bindgen-macro v0.2.89
[INFO] [stderr]    Compiling darling_macro v0.20.3
[INFO] [stderr]    Compiling bytemuck_derive v1.5.0
[INFO] [stderr]    Compiling borsh v0.9.3
[INFO] [stderr]    Compiling env_logger v0.9.3
[INFO] [stderr]    Compiling darling v0.20.3
[INFO] [stderr]    Compiling serde_with_macros v2.3.3
[INFO] [stderr]    Compiling waffles-solana-logger v1.16.0-alpha.10
[INFO] [stderr]    Compiling zeroize v1.3.0
[INFO] [stderr]    Compiling bytemuck v1.14.0
[INFO] [stderr]    Compiling pest v2.7.6
[INFO] [stderr]    Compiling num_enum v0.5.11
[INFO] [stderr]    Compiling semver-parser v0.10.2
[INFO] [stderr]    Compiling semver v0.11.0
[INFO] [stderr]    Compiling rustc_version v0.3.3
[INFO] [stderr]    Compiling ark-ff v0.3.0
[INFO] [stderr]    Compiling serde_bytes v0.11.14
[INFO] [stderr]    Compiling bincode v1.3.3
[INFO] [stderr]    Compiling serde_with v2.3.3
[INFO] [stderr]    Compiling crypto-common v0.1.6
[INFO] [stderr]    Compiling block-buffer v0.10.4
[INFO] [stderr]    Compiling block-buffer v0.9.0
[INFO] [stderr]    Compiling crypto-mac v0.8.0
[INFO] [stderr]    Compiling ark-serialize v0.3.0
[INFO] [stderr]    Compiling curve25519-dalek v3.2.1
[INFO] [stderr]    Compiling hmac v0.8.1
[INFO] [stderr]    Compiling pbkdf2 v0.4.0
[INFO] [stderr]    Compiling sha2 v0.9.9
[INFO] [stderr]    Compiling digest v0.10.7
[INFO] [stderr]    Compiling hmac-drbg v0.3.0
[INFO] [stderr]    Compiling sha2 v0.10.8
[INFO] [stderr]    Compiling sha3 v0.10.8
[INFO] [stderr]    Compiling hmac v0.12.1
[INFO] [stderr]    Compiling pbkdf2 v0.11.0
[INFO] [stderr]    Compiling tiny-bip39 v0.8.2
[INFO] [stderr]    Compiling ed25519-dalek v1.0.1
[INFO] [stderr]    Compiling ed25519-dalek-bip32 v0.2.0
[INFO] [stderr]    Compiling ark-ec v0.3.0
[INFO] [stderr]    Compiling ark-bn254 v0.3.0
[INFO] [stderr]    Compiling waffles-solana-measure v1.16.0-alpha.11 (/opt/rustwide/workdir)
[INFO] [stderr]     Finished dev [unoptimized + debuginfo] target(s) in 39.98s
[INFO] running `Command { std: "docker" "inspect" "70c6b5b8c55928d6875c67360a450cda213c9a40f00e71acf827268ad42bd282", kill_on_drop: false }`
[INFO] running `Command { std: "docker" "rm" "-f" "70c6b5b8c55928d6875c67360a450cda213c9a40f00e71acf827268ad42bd282", kill_on_drop: false }`
[INFO] [stdout] 70c6b5b8c55928d6875c67360a450cda213c9a40f00e71acf827268ad42bd282
[INFO] running `Command { std: "docker" "create" "-v" "/var/lib/crater-agent-workspace/builds/worker-0-tc2/target:/opt/rustwide/target:rw,Z" "-v" "/var/lib/crater-agent-workspace/builds/worker-0-tc2/source:/opt/rustwide/workdir:ro,Z" "-v" "/var/lib/crater-agent-workspace/cargo-home:/opt/rustwide/cargo-home:ro,Z" "-v" "/var/lib/crater-agent-workspace/rustup-home:/opt/rustwide/rustup-home:ro,Z" "-e" "SOURCE_DIR=/opt/rustwide/workdir" "-e" "CARGO_TARGET_DIR=/opt/rustwide/target" "-e" "CARGO_INCREMENTAL=0" "-e" "RUST_BACKTRACE=full" "-e" "RUSTFLAGS=--cap-lints=warn" "-e" "RUSTDOCFLAGS=--cap-lints=warn" "-e" "CARGO_HOME=/opt/rustwide/cargo-home" "-e" "RUSTUP_HOME=/opt/rustwide/rustup-home" "-w" "/opt/rustwide/workdir" "-m" "1610612736" "--user" "0:0" "--network" "none" "ghcr.io/rust-lang/crates-build-env/linux@sha256:2788e3201cd34a07e3172128adcd8b3090168a8e3bcc40d7c032b9dda1df7d1c" "/opt/rustwide/cargo-home/bin/cargo" "+beta-2023-12-22" "test" "--frozen" "--no-run" "--message-format=json", kill_on_drop: false }`
[INFO] [stdout] 84151af65662556d6bcb1f326cea8a344d7f8c8aa0ead20f2b13af2955104123
[INFO] running `Command { std: "docker" "start" "-a" "84151af65662556d6bcb1f326cea8a344d7f8c8aa0ead20f2b13af2955104123", kill_on_drop: false }`
[INFO] [stderr]    Compiling waffles-solana-measure v1.16.0-alpha.11 (/opt/rustwide/workdir)
[INFO] [stderr]     Finished test [unoptimized + debuginfo] target(s) in 1.77s
[INFO] running `Command { std: "docker" "inspect" "84151af65662556d6bcb1f326cea8a344d7f8c8aa0ead20f2b13af2955104123", kill_on_drop: false }`
[INFO] running `Command { std: "docker" "rm" "-f" "84151af65662556d6bcb1f326cea8a344d7f8c8aa0ead20f2b13af2955104123", kill_on_drop: false }`
[INFO] [stdout] 84151af65662556d6bcb1f326cea8a344d7f8c8aa0ead20f2b13af2955104123
[INFO] running `Command { std: "docker" "create" "-v" "/var/lib/crater-agent-workspace/builds/worker-0-tc2/target:/opt/rustwide/target:rw,Z" "-v" "/var/lib/crater-agent-workspace/builds/worker-0-tc2/source:/opt/rustwide/workdir:ro,Z" "-v" "/var/lib/crater-agent-workspace/cargo-home:/opt/rustwide/cargo-home:ro,Z" "-v" "/var/lib/crater-agent-workspace/rustup-home:/opt/rustwide/rustup-home:ro,Z" "-e" "SOURCE_DIR=/opt/rustwide/workdir" "-e" "CARGO_TARGET_DIR=/opt/rustwide/target" "-e" "CARGO_INCREMENTAL=0" "-e" "RUST_BACKTRACE=full" "-e" "RUSTFLAGS=--cap-lints=warn" "-e" "RUSTDOCFLAGS=--cap-lints=warn" "-e" "CARGO_HOME=/opt/rustwide/cargo-home" "-e" "RUSTUP_HOME=/opt/rustwide/rustup-home" "-w" "/opt/rustwide/workdir" "-m" "1610612736" "--user" "0:0" "--network" "none" "ghcr.io/rust-lang/crates-build-env/linux@sha256:2788e3201cd34a07e3172128adcd8b3090168a8e3bcc40d7c032b9dda1df7d1c" "/opt/rustwide/cargo-home/bin/cargo" "+beta-2023-12-22" "test" "--frozen", kill_on_drop: false }`
[INFO] [stdout] b63b8d42d6815fa46e0b4fa18b22939917c3db3f247e98c3e65cf2d6fe441653
[INFO] running `Command { std: "docker" "start" "-a" "b63b8d42d6815fa46e0b4fa18b22939917c3db3f247e98c3e65cf2d6fe441653", kill_on_drop: false }`
[INFO] [stderr]     Finished test [unoptimized + debuginfo] target(s) in 0.23s
[INFO] [stderr]      Running unittests src/lib.rs (/opt/rustwide/target/debug/deps/waffles_solana_measure-fbd7bddecea4fb87)
[INFO] [stdout] 
[INFO] [stdout] running 4 tests
[INFO] [stdout] test measure::tests::test_measure_display ... ok
[INFO] [stdout] test macros::tests::test_measure_us_macro ... ok
[INFO] [stdout] test measure::tests::test_measure ... ok
[INFO] [stdout] test macros::tests::test_measure_macro ... ok
[INFO] [stdout] 
[INFO] [stdout] test result: ok. 4 passed; 0 failed; 0 ignored; 0 measured; 0 filtered out; finished in 1.01s
[INFO] [stdout] 
[INFO] [stderr]    Doc-tests waffles-solana-measure
[INFO] [stdout] 
[INFO] [stdout] running 4 tests
[INFO] [stdout] test src/macros.rs - macros::measure (line 13) ... FAILED
[INFO] [stdout] test src/macros.rs - macros::measure (line 63) ... FAILED
[INFO] [stdout] test src/macros.rs - macros::measure (line 43) ... FAILED
[INFO] [stdout] test src/macros.rs - macros::measure (line 26) ... FAILED
[INFO] [stdout] 
[INFO] [stdout] failures:
[INFO] [stdout] 
[INFO] [stdout] ---- src/macros.rs - macros::measure (line 13) stdout ----
[INFO] [stdout] error[E0432]: unresolved import `solana_measure`
[INFO] [stdout]  --> src/macros.rs:15:5
[INFO] [stdout]   |
[INFO] [stdout] 4 | use solana_measure::{measure, measure_us};
[INFO] [stdout]   |     ^^^^^^^^^^^^^^ use of undeclared crate or module `solana_measure`
[INFO] [stdout] 
[INFO] [stdout] error: cannot determine resolution for the macro `measure`
[INFO] [stdout]  --> src/macros.rs:19:25
[INFO] [stdout]   |
[INFO] [stdout] 8 | let (result, measure) = measure!(foo(), "foo takes no parameters");
[INFO] [stdout]   |                         ^^^^^^^
[INFO] [stdout]   |
[INFO] [stdout]   = note: import resolution is stuck, try simplifying macro imports
[INFO] [stdout] 
[INFO] [stdout] error: cannot determine resolution for the macro `measure`
[INFO] [stdout]  --> src/macros.rs:20:25
[INFO] [stdout]   |
[INFO] [stdout] 9 | let (result, measure) = measure!(bar(42), "bar takes one parameter");
[INFO] [stdout]   |                         ^^^^^^^
[INFO] [stdout]   |
[INFO] [stdout]   = note: import resolution is stuck, try simplifying macro imports
[INFO] [stdout] 
[INFO] [stdout] error: cannot determine resolution for the macro `measure`
[INFO] [stdout]   --> src/macros.rs:21:25
[INFO] [stdout]    |
[INFO] [stdout] 10 | let (result, measure) = measure!(add(1, 2), "add takes two parameters and returns a value");
[INFO] [stdout]    |                         ^^^^^^^
[INFO] [stdout]    |
[INFO] [stdout]    = note: import resolution is stuck, try simplifying macro imports
[INFO] [stdout] 
[INFO] [stdout] error: cannot determine resolution for the macro `measure_us`
[INFO] [stdout]   --> src/macros.rs:22:28
[INFO] [stdout]    |
[INFO] [stdout] 11 | let (result, measure_us) = measure_us!(add(1, 2));
[INFO] [stdout]    |                            ^^^^^^^^^^
[INFO] [stdout]    |
[INFO] [stdout]    = note: import resolution is stuck, try simplifying macro imports
[INFO] [stdout] 
[INFO] [stdout] error: aborting due to 5 previous errors
[INFO] [stdout] 
[INFO] [stdout] For more information about this error, try `rustc --explain E0432`.
[INFO] [stdout] Couldn't compile the test.
[INFO] [stdout] ---- src/macros.rs - macros::measure (line 63) stdout ----
[INFO] [stdout] error[E0432]: unresolved import `solana_measure`
[INFO] [stdout]  --> src/macros.rs:65:5
[INFO] [stdout]   |
[INFO] [stdout] 4 | use solana_measure::{measure, measure_us};
[INFO] [stdout]   |     ^^^^^^^^^^^^^^ use of undeclared crate or module `solana_measure`
[INFO] [stdout] 
[INFO] [stdout] error: cannot determine resolution for the macro `measure_us`
[INFO] [stdout]  --> src/macros.rs:68:28
[INFO] [stdout]   |
[INFO] [stdout] 7 | let (result, measure_us) = measure_us!(meow());
[INFO] [stdout]   |                            ^^^^^^^^^^
[INFO] [stdout]   |
[INFO] [stdout]   = note: import resolution is stuck, try simplifying macro imports
[INFO] [stdout] 
[INFO] [stdout] error: cannot determine resolution for the macro `measure`
[INFO] [stdout]  --> src/macros.rs:67:25
[INFO] [stdout]   |
[INFO] [stdout] 6 | let (result, measure) = measure!(meow());
[INFO] [stdout]   |                         ^^^^^^^
[INFO] [stdout]   |
[INFO] [stdout]   = note: import resolution is stuck, try simplifying macro imports
[INFO] [stdout] 
[INFO] [stdout] error: aborting due to 3 previous errors
[INFO] [stdout] 
[INFO] [stdout] For more information about this error, try `rustc --explain E0432`.
[INFO] [stdout] Couldn't compile the test.
[INFO] [stdout] ---- src/macros.rs - macros::measure (line 43) stdout ----
[INFO] [stdout] error[E0432]: unresolved import `solana_measure`
[INFO] [stdout]  --> src/macros.rs:45:5
[INFO] [stdout]   |
[INFO] [stdout] 4 | use solana_measure::measure;
[INFO] [stdout]   |     ^^^^^^^^^^^^^^ use of undeclared crate or module `solana_measure`
[INFO] [stdout] 
[INFO] [stdout] error: cannot determine resolution for the macro `measure`
[INFO] [stdout]  --> src/macros.rs:49:25
[INFO] [stdout]   |
[INFO] [stdout] 8 | let (result, measure) = measure!(
[INFO] [stdout]   |                         ^^^^^^^
[INFO] [stdout]   |
[INFO] [stdout]   = note: import resolution is stuck, try simplifying macro imports
[INFO] [stdout] 
[INFO] [stdout] error: aborting due to 2 previous errors
[INFO] [stdout] 
[INFO] [stdout] For more information about this error, try `rustc --explain E0432`.
[INFO] [stdout] Couldn't compile the test.
[INFO] [stdout] ---- src/macros.rs - macros::measure (line 26) stdout ----
[INFO] [stdout] error[E0432]: unresolved import `solana_measure`
[INFO] [stdout]  --> src/macros.rs:28:5
[INFO] [stdout]   |
[INFO] [stdout] 4 | use solana_measure::{measure, measure_us};
[INFO] [stdout]   |     ^^^^^^^^^^^^^^ use of undeclared crate or module `solana_measure`
[INFO] [stdout] 
[INFO] [stdout] error: cannot determine resolution for the macro `measure`
[INFO] [stdout]   --> src/macros.rs:38:25
[INFO] [stdout]    |
[INFO] [stdout] 14 | let (result, measure) = measure!(foo.frobnicate(2), "measure methods");
[INFO] [stdout]    |                         ^^^^^^^
[INFO] [stdout]    |
[INFO] [stdout]    = note: import resolution is stuck, try simplifying macro imports
[INFO] [stdout] 
[INFO] [stdout] error: cannot determine resolution for the macro `measure_us`
[INFO] [stdout]   --> src/macros.rs:39:28
[INFO] [stdout]    |
[INFO] [stdout] 15 | let (result, measure_us) = measure_us!(foo.frobnicate(2));
[INFO] [stdout]    |                            ^^^^^^^^^^
[INFO] [stdout]    |
[INFO] [stdout]    = note: import resolution is stuck, try simplifying macro imports
[INFO] [stdout] 
[INFO] [stdout] error: aborting due to 3 previous errors
[INFO] [stdout] 
[INFO] [stdout] For more information about this error, try `rustc --explain E0432`.
[INFO] [stdout] Couldn't compile the test.
[INFO] [stdout] 
[INFO] [stdout] failures:
[INFO] [stdout]     src/macros.rs - macros::measure (line 13)
[INFO] [stdout]     src/macros.rs - macros::measure (line 26)
[INFO] [stdout]     src/macros.rs - macros::measure (line 43)
[INFO] [stdout]     src/macros.rs - macros::measure (line 63)
[INFO] [stdout] 
[INFO] [stdout] test result: FAILED. 0 passed; 4 failed; 0 ignored; 0 measured; 0 filtered out; finished in 0.21s
[INFO] [stdout] 
[INFO] [stderr] error: doctest failed, to rerun pass `--doc`
[INFO] running `Command { std: "docker" "inspect" "b63b8d42d6815fa46e0b4fa18b22939917c3db3f247e98c3e65cf2d6fe441653", kill_on_drop: false }`
[INFO] running `Command { std: "docker" "rm" "-f" "b63b8d42d6815fa46e0b4fa18b22939917c3db3f247e98c3e65cf2d6fe441653", kill_on_drop: false }`
[INFO] [stdout] b63b8d42d6815fa46e0b4fa18b22939917c3db3f247e98c3e65cf2d6fe441653
