[INFO] fetching crate vulkanalia 0.22.0...
[INFO] testing vulkanalia-0.22.0 against 1.75.0 for beta-1.76-1
[INFO] extracting crate vulkanalia 0.22.0 into /workspace/builds/worker-4-tc1/source
[INFO] validating manifest of crates.io crate vulkanalia 0.22.0 on toolchain 1.75.0
[INFO] running `Command { std: CARGO_HOME="/workspace/cargo-home" RUSTUP_HOME="/workspace/rustup-home" "/workspace/cargo-home/bin/cargo" "+1.75.0" "metadata" "--manifest-path" "Cargo.toml" "--no-deps", kill_on_drop: false }`
[INFO] started tweaking crates.io crate vulkanalia 0.22.0
[INFO] finished tweaking crates.io crate vulkanalia 0.22.0
[INFO] tweaked toml for crates.io crate vulkanalia 0.22.0 written to /workspace/builds/worker-4-tc1/source/Cargo.toml
[INFO] running `Command { std: CARGO_HOME="/workspace/cargo-home" RUSTUP_HOME="/workspace/rustup-home" "/workspace/cargo-home/bin/cargo" "+1.75.0" "generate-lockfile" "--manifest-path" "Cargo.toml", kill_on_drop: false }`
[INFO] [stderr]     Updating crates.io index
[INFO] running `Command { std: CARGO_HOME="/workspace/cargo-home" RUSTUP_HOME="/workspace/rustup-home" "/workspace/cargo-home/bin/cargo" "+1.75.0" "fetch" "--manifest-path" "Cargo.toml", kill_on_drop: false }`
[INFO] [stderr]  Downloading crates ...
[INFO] [stderr]   Downloaded vulkanalia-sys v0.22.0
[INFO] [stderr]   Downloaded metal v0.21.0
[INFO] running `Command { std: "docker" "create" "-v" "/var/lib/crater-agent-workspace/builds/worker-4-tc1/target:/opt/rustwide/target:rw,Z" "-v" "/var/lib/crater-agent-workspace/builds/worker-4-tc1/source:/opt/rustwide/workdir:ro,Z" "-v" "/var/lib/crater-agent-workspace/cargo-home:/opt/rustwide/cargo-home:ro,Z" "-v" "/var/lib/crater-agent-workspace/rustup-home:/opt/rustwide/rustup-home:ro,Z" "-e" "SOURCE_DIR=/opt/rustwide/workdir" "-e" "CARGO_TARGET_DIR=/opt/rustwide/target" "-e" "CARGO_HOME=/opt/rustwide/cargo-home" "-e" "RUSTUP_HOME=/opt/rustwide/rustup-home" "-w" "/opt/rustwide/workdir" "-m" "1610612736" "--user" "0:0" "--network" "none" "ghcr.io/rust-lang/crates-build-env/linux@sha256:2788e3201cd34a07e3172128adcd8b3090168a8e3bcc40d7c032b9dda1df7d1c" "/opt/rustwide/cargo-home/bin/cargo" "+1.75.0" "metadata" "--no-deps" "--format-version=1", kill_on_drop: false }`
[INFO] [stdout] 21a86e02e80072b7007dac1f00ebd9938605e0e402623b1b6d42f2cc59221b5e
[INFO] running `Command { std: "docker" "start" "-a" "21a86e02e80072b7007dac1f00ebd9938605e0e402623b1b6d42f2cc59221b5e", kill_on_drop: false }`
[INFO] running `Command { std: "docker" "inspect" "21a86e02e80072b7007dac1f00ebd9938605e0e402623b1b6d42f2cc59221b5e", kill_on_drop: false }`
[INFO] running `Command { std: "docker" "rm" "-f" "21a86e02e80072b7007dac1f00ebd9938605e0e402623b1b6d42f2cc59221b5e", kill_on_drop: false }`
[INFO] [stdout] 21a86e02e80072b7007dac1f00ebd9938605e0e402623b1b6d42f2cc59221b5e
[INFO] running `Command { std: "docker" "create" "-v" "/var/lib/crater-agent-workspace/builds/worker-4-tc1/target:/opt/rustwide/target:rw,Z" "-v" "/var/lib/crater-agent-workspace/builds/worker-4-tc1/source:/opt/rustwide/workdir:ro,Z" "-v" "/var/lib/crater-agent-workspace/cargo-home:/opt/rustwide/cargo-home:ro,Z" "-v" "/var/lib/crater-agent-workspace/rustup-home:/opt/rustwide/rustup-home:ro,Z" "-e" "SOURCE_DIR=/opt/rustwide/workdir" "-e" "CARGO_TARGET_DIR=/opt/rustwide/target" "-e" "CARGO_INCREMENTAL=0" "-e" "RUST_BACKTRACE=full" "-e" "RUSTFLAGS=--cap-lints=warn" "-e" "RUSTDOCFLAGS=--cap-lints=warn" "-e" "CARGO_HOME=/opt/rustwide/cargo-home" "-e" "RUSTUP_HOME=/opt/rustwide/rustup-home" "-w" "/opt/rustwide/workdir" "-m" "1610612736" "--user" "0:0" "--network" "none" "ghcr.io/rust-lang/crates-build-env/linux@sha256:2788e3201cd34a07e3172128adcd8b3090168a8e3bcc40d7c032b9dda1df7d1c" "/opt/rustwide/cargo-home/bin/cargo" "+1.75.0" "build" "--frozen" "--message-format=json", kill_on_drop: false }`
[INFO] [stdout] e35a36a716fda734359c852344d77f7108e5e19d784a66bb089aee7448996a02
[INFO] running `Command { std: "docker" "start" "-a" "e35a36a716fda734359c852344d77f7108e5e19d784a66bb089aee7448996a02", kill_on_drop: false }`
[INFO] [stderr]    Compiling vulkanalia-sys v0.22.0
[INFO] [stderr]    Compiling vulkanalia v0.22.0 (/opt/rustwide/workdir)
[INFO] [stderr]     Finished dev [unoptimized + debuginfo] target(s) in 17.72s
[INFO] running `Command { std: "docker" "inspect" "e35a36a716fda734359c852344d77f7108e5e19d784a66bb089aee7448996a02", kill_on_drop: false }`
[INFO] running `Command { std: "docker" "rm" "-f" "e35a36a716fda734359c852344d77f7108e5e19d784a66bb089aee7448996a02", kill_on_drop: false }`
[INFO] [stdout] e35a36a716fda734359c852344d77f7108e5e19d784a66bb089aee7448996a02
[INFO] running `Command { std: "docker" "create" "-v" "/var/lib/crater-agent-workspace/builds/worker-4-tc1/target:/opt/rustwide/target:rw,Z" "-v" "/var/lib/crater-agent-workspace/builds/worker-4-tc1/source:/opt/rustwide/workdir:ro,Z" "-v" "/var/lib/crater-agent-workspace/cargo-home:/opt/rustwide/cargo-home:ro,Z" "-v" "/var/lib/crater-agent-workspace/rustup-home:/opt/rustwide/rustup-home:ro,Z" "-e" "SOURCE_DIR=/opt/rustwide/workdir" "-e" "CARGO_TARGET_DIR=/opt/rustwide/target" "-e" "CARGO_INCREMENTAL=0" "-e" "RUST_BACKTRACE=full" "-e" "RUSTFLAGS=--cap-lints=warn" "-e" "RUSTDOCFLAGS=--cap-lints=warn" "-e" "CARGO_HOME=/opt/rustwide/cargo-home" "-e" "RUSTUP_HOME=/opt/rustwide/rustup-home" "-w" "/opt/rustwide/workdir" "-m" "1610612736" "--user" "0:0" "--network" "none" "ghcr.io/rust-lang/crates-build-env/linux@sha256:2788e3201cd34a07e3172128adcd8b3090168a8e3bcc40d7c032b9dda1df7d1c" "/opt/rustwide/cargo-home/bin/cargo" "+1.75.0" "test" "--frozen" "--no-run" "--message-format=json", kill_on_drop: false }`
[INFO] [stdout] 5e2fe9f8657f2f4fa361c29def0f5272206801d6b112270cb2634617f2dac6a3
[INFO] running `Command { std: "docker" "start" "-a" "5e2fe9f8657f2f4fa361c29def0f5272206801d6b112270cb2634617f2dac6a3", kill_on_drop: false }`
[INFO] [stderr]    Compiling vulkanalia v0.22.0 (/opt/rustwide/workdir)
[INFO] [stderr]     Finished test [unoptimized + debuginfo] target(s) in 6.87s
[INFO] running `Command { std: "docker" "inspect" "5e2fe9f8657f2f4fa361c29def0f5272206801d6b112270cb2634617f2dac6a3", kill_on_drop: false }`
[INFO] running `Command { std: "docker" "rm" "-f" "5e2fe9f8657f2f4fa361c29def0f5272206801d6b112270cb2634617f2dac6a3", kill_on_drop: false }`
[INFO] [stdout] 5e2fe9f8657f2f4fa361c29def0f5272206801d6b112270cb2634617f2dac6a3
[INFO] running `Command { std: "docker" "create" "-v" "/var/lib/crater-agent-workspace/builds/worker-4-tc1/target:/opt/rustwide/target:rw,Z" "-v" "/var/lib/crater-agent-workspace/builds/worker-4-tc1/source:/opt/rustwide/workdir:ro,Z" "-v" "/var/lib/crater-agent-workspace/cargo-home:/opt/rustwide/cargo-home:ro,Z" "-v" "/var/lib/crater-agent-workspace/rustup-home:/opt/rustwide/rustup-home:ro,Z" "-e" "SOURCE_DIR=/opt/rustwide/workdir" "-e" "CARGO_TARGET_DIR=/opt/rustwide/target" "-e" "CARGO_INCREMENTAL=0" "-e" "RUST_BACKTRACE=full" "-e" "RUSTFLAGS=--cap-lints=warn" "-e" "RUSTDOCFLAGS=--cap-lints=warn" "-e" "CARGO_HOME=/opt/rustwide/cargo-home" "-e" "RUSTUP_HOME=/opt/rustwide/rustup-home" "-w" "/opt/rustwide/workdir" "-m" "1610612736" "--user" "0:0" "--network" "none" "ghcr.io/rust-lang/crates-build-env/linux@sha256:2788e3201cd34a07e3172128adcd8b3090168a8e3bcc40d7c032b9dda1df7d1c" "/opt/rustwide/cargo-home/bin/cargo" "+1.75.0" "test" "--frozen", kill_on_drop: false }`
[INFO] [stdout] cb7602036585f7a2edc6ffb201c880cb96b8032b385dd2cacd25ef53da67334d
[INFO] running `Command { std: "docker" "start" "-a" "cb7602036585f7a2edc6ffb201c880cb96b8032b385dd2cacd25ef53da67334d", kill_on_drop: false }`
[INFO] [stderr]     Finished test [unoptimized + debuginfo] target(s) in 0.02s
[INFO] [stderr]      Running unittests src/lib.rs (/opt/rustwide/target/debug/deps/vulkanalia-eeb6644413f66fbc)
[INFO] [stdout] 
[INFO] [stderr]      Running tests/builders.rs (/opt/rustwide/target/debug/deps/builders-a359fc7b890e9a7d)
[INFO] [stdout] running 0 tests
[INFO] [stdout] 
[INFO] [stdout] test result: ok. 0 passed; 0 failed; 0 ignored; 0 measured; 0 filtered out; finished in 0.00s
[INFO] [stdout] 
[INFO] [stdout] 
[INFO] [stdout] running 3 tests
[INFO] [stdout] test test_push_next_subchain ... ok
[INFO] [stderr]    Doc-tests vulkanalia
[INFO] [stdout] test test_push_next_one ... ok
[INFO] [stdout] test test_push_next_many ... ok
[INFO] [stdout] 
[INFO] [stdout] test result: ok. 3 passed; 0 failed; 0 ignored; 0 measured; 0 filtered out; finished in 0.00s
[INFO] [stdout] 
[INFO] [stdout] 
[INFO] [stdout] running 3 tests
[INFO] [stdout] test src/chain.rs - chain (line 55) - compile ... ok
[INFO] [stdout] test src/bytecode.rs - bytecode::Bytecode (line 35) ... FAILED
[INFO] [stdout] test src/chain.rs - chain (line 15) ... ok
[INFO] [stdout] 
[INFO] [stdout] failures:
[INFO] [stdout] 
[INFO] [stdout] ---- src/bytecode.rs - bytecode::Bytecode (line 35) stdout ----
[INFO] [stdout] error: couldn't read src/../../tutorial/shaders/09/vert.spv: No such file or directory (os error 2)
[INFO] [stdout]  --> src/bytecode.rs:39:18
[INFO] [stdout]   |
[INFO] [stdout] 7 | let vert_bytes = include_bytes!("../../tutorial/shaders/09/vert.spv");
[INFO] [stdout]   |                  ^^^^^^^^^^^^^^^^^^^^^^^^^^^^^^^^^^^^^^^^^^^^^^^^^^^^
[INFO] [stdout]   |
[INFO] [stdout]   = note: this error originates in the macro `include_bytes` (in Nightly builds, run with -Z macro-backtrace for more info)
[INFO] [stdout] 
[INFO] [stdout] error: aborting due to previous error
[INFO] [stdout] 
[INFO] [stdout] Couldn't compile the test.
[INFO] [stdout] 
[INFO] [stdout] failures:
[INFO] [stdout]     src/bytecode.rs - bytecode::Bytecode (line 35)
[INFO] [stdout] 
[INFO] [stdout] test result: FAILED. 2 passed; 1 failed; 0 ignored; 0 measured; 0 filtered out; finished in 0.48s
[INFO] [stdout] 
[INFO] [stderr] error: doctest failed, to rerun pass `--doc`
[INFO] running `Command { std: "docker" "inspect" "cb7602036585f7a2edc6ffb201c880cb96b8032b385dd2cacd25ef53da67334d", kill_on_drop: false }`
[INFO] running `Command { std: "docker" "rm" "-f" "cb7602036585f7a2edc6ffb201c880cb96b8032b385dd2cacd25ef53da67334d", kill_on_drop: false }`
[INFO] [stdout] cb7602036585f7a2edc6ffb201c880cb96b8032b385dd2cacd25ef53da67334d
[INFO] testing vulkanalia-0.22.0 against beta-2023-12-22 for beta-1.76-1
[INFO] extracting crate vulkanalia 0.22.0 into /workspace/builds/worker-4-tc2/source
[INFO] validating manifest of crates.io crate vulkanalia 0.22.0 on toolchain beta-2023-12-22
[INFO] running `Command { std: CARGO_HOME="/workspace/cargo-home" RUSTUP_HOME="/workspace/rustup-home" "/workspace/cargo-home/bin/cargo" "+beta-2023-12-22" "metadata" "--manifest-path" "Cargo.toml" "--no-deps", kill_on_drop: false }`
[INFO] started tweaking crates.io crate vulkanalia 0.22.0
[INFO] finished tweaking crates.io crate vulkanalia 0.22.0
[INFO] tweaked toml for crates.io crate vulkanalia 0.22.0 written to /workspace/builds/worker-4-tc2/source/Cargo.toml
[INFO] running `Command { std: CARGO_HOME="/workspace/cargo-home" RUSTUP_HOME="/workspace/rustup-home" "/workspace/cargo-home/bin/cargo" "+beta-2023-12-22" "generate-lockfile" "--manifest-path" "Cargo.toml", kill_on_drop: false }`
[INFO] [stderr]     Updating crates.io index
[INFO] running `Command { std: CARGO_HOME="/workspace/cargo-home" RUSTUP_HOME="/workspace/rustup-home" "/workspace/cargo-home/bin/cargo" "+beta-2023-12-22" "fetch" "--manifest-path" "Cargo.toml", kill_on_drop: false }`
[INFO] running `Command { std: "docker" "create" "-v" "/var/lib/crater-agent-workspace/builds/worker-4-tc2/target:/opt/rustwide/target:rw,Z" "-v" "/var/lib/crater-agent-workspace/builds/worker-4-tc2/source:/opt/rustwide/workdir:ro,Z" "-v" "/var/lib/crater-agent-workspace/cargo-home:/opt/rustwide/cargo-home:ro,Z" "-v" "/var/lib/crater-agent-workspace/rustup-home:/opt/rustwide/rustup-home:ro,Z" "-e" "SOURCE_DIR=/opt/rustwide/workdir" "-e" "CARGO_TARGET_DIR=/opt/rustwide/target" "-e" "CARGO_HOME=/opt/rustwide/cargo-home" "-e" "RUSTUP_HOME=/opt/rustwide/rustup-home" "-w" "/opt/rustwide/workdir" "-m" "1610612736" "--user" "0:0" "--network" "none" "ghcr.io/rust-lang/crates-build-env/linux@sha256:2788e3201cd34a07e3172128adcd8b3090168a8e3bcc40d7c032b9dda1df7d1c" "/opt/rustwide/cargo-home/bin/cargo" "+beta-2023-12-22" "metadata" "--no-deps" "--format-version=1", kill_on_drop: false }`
[INFO] [stdout] 49be60e6aa1de18baef248c969bb2edd288adb03c7b3a2e97e5f4efaf681231f
[INFO] running `Command { std: "docker" "start" "-a" "49be60e6aa1de18baef248c969bb2edd288adb03c7b3a2e97e5f4efaf681231f", kill_on_drop: false }`
[INFO] running `Command { std: "docker" "inspect" "49be60e6aa1de18baef248c969bb2edd288adb03c7b3a2e97e5f4efaf681231f", kill_on_drop: false }`
[INFO] running `Command { std: "docker" "rm" "-f" "49be60e6aa1de18baef248c969bb2edd288adb03c7b3a2e97e5f4efaf681231f", kill_on_drop: false }`
[INFO] [stdout] 49be60e6aa1de18baef248c969bb2edd288adb03c7b3a2e97e5f4efaf681231f
[INFO] running `Command { std: "docker" "create" "-v" "/var/lib/crater-agent-workspace/builds/worker-4-tc2/target:/opt/rustwide/target:rw,Z" "-v" "/var/lib/crater-agent-workspace/builds/worker-4-tc2/source:/opt/rustwide/workdir:ro,Z" "-v" "/var/lib/crater-agent-workspace/cargo-home:/opt/rustwide/cargo-home:ro,Z" "-v" "/var/lib/crater-agent-workspace/rustup-home:/opt/rustwide/rustup-home:ro,Z" "-e" "SOURCE_DIR=/opt/rustwide/workdir" "-e" "CARGO_TARGET_DIR=/opt/rustwide/target" "-e" "CARGO_INCREMENTAL=0" "-e" "RUST_BACKTRACE=full" "-e" "RUSTFLAGS=--cap-lints=warn" "-e" "RUSTDOCFLAGS=--cap-lints=warn" "-e" "CARGO_HOME=/opt/rustwide/cargo-home" "-e" "RUSTUP_HOME=/opt/rustwide/rustup-home" "-w" "/opt/rustwide/workdir" "-m" "1610612736" "--user" "0:0" "--network" "none" "ghcr.io/rust-lang/crates-build-env/linux@sha256:2788e3201cd34a07e3172128adcd8b3090168a8e3bcc40d7c032b9dda1df7d1c" "/opt/rustwide/cargo-home/bin/cargo" "+beta-2023-12-22" "build" "--frozen" "--message-format=json", kill_on_drop: false }`
[INFO] [stdout] 721f9cf80f202c1c3e69ed9fc3747325c5524d71dad613192694cf6bfe54ba0a
[INFO] running `Command { std: "docker" "start" "-a" "721f9cf80f202c1c3e69ed9fc3747325c5524d71dad613192694cf6bfe54ba0a", kill_on_drop: false }`
[INFO] [stderr]    Compiling vulkanalia-sys v0.22.0
[INFO] [stderr]    Compiling vulkanalia v0.22.0 (/opt/rustwide/workdir)
[INFO] [stderr]     Finished dev [unoptimized + debuginfo] target(s) in 17.63s
[INFO] running `Command { std: "docker" "inspect" "721f9cf80f202c1c3e69ed9fc3747325c5524d71dad613192694cf6bfe54ba0a", kill_on_drop: false }`
[INFO] running `Command { std: "docker" "rm" "-f" "721f9cf80f202c1c3e69ed9fc3747325c5524d71dad613192694cf6bfe54ba0a", kill_on_drop: false }`
[INFO] [stdout] 721f9cf80f202c1c3e69ed9fc3747325c5524d71dad613192694cf6bfe54ba0a
[INFO] running `Command { std: "docker" "create" "-v" "/var/lib/crater-agent-workspace/builds/worker-4-tc2/target:/opt/rustwide/target:rw,Z" "-v" "/var/lib/crater-agent-workspace/builds/worker-4-tc2/source:/opt/rustwide/workdir:ro,Z" "-v" "/var/lib/crater-agent-workspace/cargo-home:/opt/rustwide/cargo-home:ro,Z" "-v" "/var/lib/crater-agent-workspace/rustup-home:/opt/rustwide/rustup-home:ro,Z" "-e" "SOURCE_DIR=/opt/rustwide/workdir" "-e" "CARGO_TARGET_DIR=/opt/rustwide/target" "-e" "CARGO_INCREMENTAL=0" "-e" "RUST_BACKTRACE=full" "-e" "RUSTFLAGS=--cap-lints=warn" "-e" "RUSTDOCFLAGS=--cap-lints=warn" "-e" "CARGO_HOME=/opt/rustwide/cargo-home" "-e" "RUSTUP_HOME=/opt/rustwide/rustup-home" "-w" "/opt/rustwide/workdir" "-m" "1610612736" "--user" "0:0" "--network" "none" "ghcr.io/rust-lang/crates-build-env/linux@sha256:2788e3201cd34a07e3172128adcd8b3090168a8e3bcc40d7c032b9dda1df7d1c" "/opt/rustwide/cargo-home/bin/cargo" "+beta-2023-12-22" "test" "--frozen" "--no-run" "--message-format=json", kill_on_drop: false }`
[INFO] [stdout] 29d670bbc7478ecc6923f161f056fb8ea7071801aef0f30e99a213245ffe5aeb
[INFO] running `Command { std: "docker" "start" "-a" "29d670bbc7478ecc6923f161f056fb8ea7071801aef0f30e99a213245ffe5aeb", kill_on_drop: false }`
[INFO] [stderr]    Compiling vulkanalia v0.22.0 (/opt/rustwide/workdir)
[INFO] [stderr]     Finished test [unoptimized + debuginfo] target(s) in 6.42s
[INFO] running `Command { std: "docker" "inspect" "29d670bbc7478ecc6923f161f056fb8ea7071801aef0f30e99a213245ffe5aeb", kill_on_drop: false }`
[INFO] running `Command { std: "docker" "rm" "-f" "29d670bbc7478ecc6923f161f056fb8ea7071801aef0f30e99a213245ffe5aeb", kill_on_drop: false }`
[INFO] [stdout] 29d670bbc7478ecc6923f161f056fb8ea7071801aef0f30e99a213245ffe5aeb
[INFO] running `Command { std: "docker" "create" "-v" "/var/lib/crater-agent-workspace/builds/worker-4-tc2/target:/opt/rustwide/target:rw,Z" "-v" "/var/lib/crater-agent-workspace/builds/worker-4-tc2/source:/opt/rustwide/workdir:ro,Z" "-v" "/var/lib/crater-agent-workspace/cargo-home:/opt/rustwide/cargo-home:ro,Z" "-v" "/var/lib/crater-agent-workspace/rustup-home:/opt/rustwide/rustup-home:ro,Z" "-e" "SOURCE_DIR=/opt/rustwide/workdir" "-e" "CARGO_TARGET_DIR=/opt/rustwide/target" "-e" "CARGO_INCREMENTAL=0" "-e" "RUST_BACKTRACE=full" "-e" "RUSTFLAGS=--cap-lints=warn" "-e" "RUSTDOCFLAGS=--cap-lints=warn" "-e" "CARGO_HOME=/opt/rustwide/cargo-home" "-e" "RUSTUP_HOME=/opt/rustwide/rustup-home" "-w" "/opt/rustwide/workdir" "-m" "1610612736" "--user" "0:0" "--network" "none" "ghcr.io/rust-lang/crates-build-env/linux@sha256:2788e3201cd34a07e3172128adcd8b3090168a8e3bcc40d7c032b9dda1df7d1c" "/opt/rustwide/cargo-home/bin/cargo" "+beta-2023-12-22" "test" "--frozen", kill_on_drop: false }`
[INFO] [stdout] 281f8b1ff2f24058ec96eb9ebd661afc6aead7883bd0809867dc0d34020d2ef7
[INFO] running `Command { std: "docker" "start" "-a" "281f8b1ff2f24058ec96eb9ebd661afc6aead7883bd0809867dc0d34020d2ef7", kill_on_drop: false }`
[INFO] [stderr]     Finished test [unoptimized + debuginfo] target(s) in 0.02s
[INFO] [stderr]      Running unittests src/lib.rs (/opt/rustwide/target/debug/deps/vulkanalia-eb487a66232a2c53)
[INFO] [stderr]      Running tests/builders.rs (/opt/rustwide/target/debug/deps/builders-fd864ec6ef79bbef)
[INFO] [stdout] 
[INFO] [stdout] running 0 tests
[INFO] [stdout] 
[INFO] [stdout] test result: ok. 0 passed; 0 failed; 0 ignored; 0 measured; 0 filtered out; finished in 0.00s
[INFO] [stdout] 
[INFO] [stdout] 
[INFO] [stdout] running 3 tests
[INFO] [stdout] test test_push_next_one ... ok
[INFO] [stderr]    Doc-tests vulkanalia
[INFO] [stdout] test test_push_next_many ... ok
[INFO] [stdout] test test_push_next_subchain ... ok
[INFO] [stdout] 
[INFO] [stdout] test result: ok. 3 passed; 0 failed; 0 ignored; 0 measured; 0 filtered out; finished in 0.02s
[INFO] [stdout] 
[INFO] [stdout] 
[INFO] [stdout] running 3 tests
[INFO] [stdout] test src/chain.rs - chain (line 55) - compile ... ok
[INFO] [stdout] test src/bytecode.rs - bytecode::Bytecode (line 35) ... FAILED
[INFO] [stderr] error: doctest failed, to rerun pass `--doc`
[INFO] [stdout] test src/chain.rs - chain (line 15) ... ok
[INFO] [stdout] 
[INFO] [stdout] failures:
[INFO] [stdout] 
[INFO] [stdout] ---- src/bytecode.rs - bytecode::Bytecode (line 35) stdout ----
[INFO] [stdout] error: couldn't read src/../../tutorial/shaders/09/vert.spv: No such file or directory (os error 2)
[INFO] [stdout]  --> src/bytecode.rs:39:18
[INFO] [stdout]   |
[INFO] [stdout] 7 | let vert_bytes = include_bytes!("../../tutorial/shaders/09/vert.spv");
[INFO] [stdout]   |                  ^^^^^^^^^^^^^^^^^^^^^^^^^^^^^^^^^^^^^^^^^^^^^^^^^^^^
[INFO] [stdout]   |
[INFO] [stdout]   = note: this error originates in the macro `include_bytes` (in Nightly builds, run with -Z macro-backtrace for more info)
[INFO] [stdout] 
[INFO] [stdout] error: aborting due to 1 previous error
[INFO] [stdout] 
[INFO] [stdout] Couldn't compile the test.
[INFO] [stdout] 
[INFO] [stdout] failures:
[INFO] [stdout]     src/bytecode.rs - bytecode::Bytecode (line 35)
[INFO] [stdout] 
[INFO] [stdout] test result: FAILED. 2 passed; 1 failed; 0 ignored; 0 measured; 0 filtered out; finished in 0.42s
[INFO] [stdout] 
[INFO] running `Command { std: "docker" "inspect" "281f8b1ff2f24058ec96eb9ebd661afc6aead7883bd0809867dc0d34020d2ef7", kill_on_drop: false }`
[INFO] running `Command { std: "docker" "rm" "-f" "281f8b1ff2f24058ec96eb9ebd661afc6aead7883bd0809867dc0d34020d2ef7", kill_on_drop: false }`
[INFO] [stdout] 281f8b1ff2f24058ec96eb9ebd661afc6aead7883bd0809867dc0d34020d2ef7
