[INFO] fetching crate vsb 1.1.5...
[INFO] testing vsb-1.1.5 against 1.75.0 for beta-1.76-1
[INFO] extracting crate vsb 1.1.5 into /workspace/builds/worker-1-tc1/source
[INFO] validating manifest of crates.io crate vsb 1.1.5 on toolchain 1.75.0
[INFO] running `Command { std: CARGO_HOME="/workspace/cargo-home" RUSTUP_HOME="/workspace/rustup-home" "/workspace/cargo-home/bin/cargo" "+1.75.0" "metadata" "--manifest-path" "Cargo.toml" "--no-deps", kill_on_drop: false }`
[INFO] started tweaking crates.io crate vsb 1.1.5
[INFO] finished tweaking crates.io crate vsb 1.1.5
[INFO] tweaked toml for crates.io crate vsb 1.1.5 written to /workspace/builds/worker-1-tc1/source/Cargo.toml
[INFO] crate crates.io crate vsb 1.1.5 already has a lockfile, it will not be regenerated
[INFO] running `Command { std: CARGO_HOME="/workspace/cargo-home" RUSTUP_HOME="/workspace/rustup-home" "/workspace/cargo-home/bin/cargo" "+1.75.0" "fetch" "--manifest-path" "Cargo.toml", kill_on_drop: false }`
[INFO] [stderr]     Updating crates.io index
[INFO] [stderr]  Downloading crates ...
[INFO] [stderr]   Downloaded expanduser v1.2.2
[INFO] [stderr]   Downloaded relative-path v1.9.0
[INFO] [stderr]   Downloaded easy-logging v0.1.2
[INFO] running `Command { std: "docker" "create" "-v" "/var/lib/crater-agent-workspace/builds/worker-1-tc1/target:/opt/rustwide/target:rw,Z" "-v" "/var/lib/crater-agent-workspace/builds/worker-1-tc1/source:/opt/rustwide/workdir:ro,Z" "-v" "/var/lib/crater-agent-workspace/cargo-home:/opt/rustwide/cargo-home:ro,Z" "-v" "/var/lib/crater-agent-workspace/rustup-home:/opt/rustwide/rustup-home:ro,Z" "-e" "SOURCE_DIR=/opt/rustwide/workdir" "-e" "CARGO_TARGET_DIR=/opt/rustwide/target" "-e" "CARGO_HOME=/opt/rustwide/cargo-home" "-e" "RUSTUP_HOME=/opt/rustwide/rustup-home" "-w" "/opt/rustwide/workdir" "-m" "1610612736" "--user" "0:0" "--network" "none" "ghcr.io/rust-lang/crates-build-env/linux@sha256:2788e3201cd34a07e3172128adcd8b3090168a8e3bcc40d7c032b9dda1df7d1c" "/opt/rustwide/cargo-home/bin/cargo" "+1.75.0" "metadata" "--no-deps" "--format-version=1", kill_on_drop: false }`
[INFO] [stdout] ebc168a90f9e401026d4e19cf89e51ce2dabb2c709bec50122f9edd30f37049d
[INFO] running `Command { std: "docker" "start" "-a" "ebc168a90f9e401026d4e19cf89e51ce2dabb2c709bec50122f9edd30f37049d", kill_on_drop: false }`
[INFO] running `Command { std: "docker" "inspect" "ebc168a90f9e401026d4e19cf89e51ce2dabb2c709bec50122f9edd30f37049d", kill_on_drop: false }`
[INFO] running `Command { std: "docker" "rm" "-f" "ebc168a90f9e401026d4e19cf89e51ce2dabb2c709bec50122f9edd30f37049d", kill_on_drop: false }`
[INFO] [stdout] ebc168a90f9e401026d4e19cf89e51ce2dabb2c709bec50122f9edd30f37049d
[INFO] running `Command { std: "docker" "create" "-v" "/var/lib/crater-agent-workspace/builds/worker-1-tc1/target:/opt/rustwide/target:rw,Z" "-v" "/var/lib/crater-agent-workspace/builds/worker-1-tc1/source:/opt/rustwide/workdir:ro,Z" "-v" "/var/lib/crater-agent-workspace/cargo-home:/opt/rustwide/cargo-home:ro,Z" "-v" "/var/lib/crater-agent-workspace/rustup-home:/opt/rustwide/rustup-home:ro,Z" "-e" "SOURCE_DIR=/opt/rustwide/workdir" "-e" "CARGO_TARGET_DIR=/opt/rustwide/target" "-e" "CARGO_INCREMENTAL=0" "-e" "RUST_BACKTRACE=full" "-e" "RUSTFLAGS=--cap-lints=warn" "-e" "RUSTDOCFLAGS=--cap-lints=warn" "-e" "CARGO_HOME=/opt/rustwide/cargo-home" "-e" "RUSTUP_HOME=/opt/rustwide/rustup-home" "-w" "/opt/rustwide/workdir" "-m" "1610612736" "--user" "0:0" "--network" "none" "ghcr.io/rust-lang/crates-build-env/linux@sha256:2788e3201cd34a07e3172128adcd8b3090168a8e3bcc40d7c032b9dda1df7d1c" "/opt/rustwide/cargo-home/bin/cargo" "+1.75.0" "build" "--frozen" "--message-format=json", kill_on_drop: false }`
[INFO] [stdout] 600813e2d9cd573f55d9f1ce35ad552c7fcadccac174c39005d5c9aa1db6e254
[INFO] running `Command { std: "docker" "start" "-a" "600813e2d9cd573f55d9f1ce35ad552c7fcadccac174c39005d5c9aa1db6e254", kill_on_drop: false }`
[INFO] [stderr]    Compiling libc v0.2.149
[INFO] [stderr]    Compiling proc-macro2 v1.0.69
[INFO] [stderr]    Compiling pkg-config v0.3.27
[INFO] [stderr]    Compiling memchr v2.6.4
[INFO] [stderr]    Compiling itoa v1.0.9
[INFO] [stderr]    Compiling once_cell v1.18.0
[INFO] [stderr]    Compiling futures-core v0.3.28
[INFO] [stderr]    Compiling serde v1.0.189
[INFO] [stderr]    Compiling futures-task v0.3.28
[INFO] [stderr]    Compiling memoffset v0.9.0
[INFO] [stderr]    Compiling indexmap v1.9.3
[INFO] [stderr]    Compiling futures-util v0.3.28
[INFO] [stderr]    Compiling bitflags v2.4.0
[INFO] [stderr]    Compiling openssl v0.10.57
[INFO] [stderr]    Compiling crossbeam-utils v0.8.16
[INFO] [stderr]    Compiling tracing-core v0.1.32
[INFO] [stderr]    Compiling http v0.2.9
[INFO] [stderr]    Compiling proc-macro-error-attr v1.0.4
[INFO] [stderr]    Compiling crossbeam-epoch v0.9.15
[INFO] [stderr]    Compiling futures-sink v0.3.28
[INFO] [stderr]    Compiling thiserror v1.0.49
[INFO] [stderr]    Compiling percent-encoding v2.3.0
[INFO] [stderr]    Compiling futures-io v0.3.28
[INFO] [stderr]    Compiling ryu v1.0.15
[INFO] [stderr]    Compiling aho-corasick v1.1.2
[INFO] [stderr]    Compiling futures-channel v0.3.28
[INFO] [stderr]    Compiling form_urlencoded v1.2.0
[INFO] [stderr]    Compiling tracing v0.1.39
[INFO] [stderr]    Compiling proc-macro-error v1.0.4
[INFO] [stderr]    Compiling lock_api v0.4.10
[INFO] [stderr]    Compiling unicode-bidi v0.3.13
[INFO] [stderr]    Compiling try-lock v0.2.4
[INFO] [stderr]    Compiling quote v1.0.33
[INFO] [stderr]    Compiling utf8parse v0.2.1
[INFO] [stderr]    Compiling parking_lot_core v0.9.8
[INFO] [stderr]    Compiling anstyle-parse v0.2.2
[INFO] [stderr]    Compiling want v0.3.1
[INFO] [stderr]    Compiling idna v0.4.0
[INFO] [stderr]    Compiling http-body v0.4.5
[INFO] [stderr]    Compiling syn v2.0.38
[INFO] [stderr]    Compiling syn v1.0.109
[INFO] [stderr]    Compiling jobserver v0.1.27
[INFO] [stderr]    Compiling rayon-core v1.12.0
[INFO] [stderr]    Compiling serde_json v1.0.107
[INFO] [stderr]    Compiling libm v0.2.8
[INFO] [stderr]    Compiling anstyle-query v1.0.0
[INFO] [stderr]    Compiling anstyle v1.0.4
[INFO] [stderr]    Compiling regex-automata v0.4.2
[INFO] [stderr]    Compiling option-ext v0.2.0
[INFO] [stderr]    Compiling zstd-safe v7.0.0
[INFO] [stderr]    Compiling iana-time-zone v0.1.57
[INFO] [stderr]    Compiling smallvec v1.11.1
[INFO] [stderr]    Compiling cc v1.0.83
[INFO] [stderr]    Compiling protobuf v2.28.0
[INFO] [stderr]    Compiling colorchoice v1.0.0
[INFO] [stderr]    Compiling chrono v0.4.31
[INFO] [stderr]    Compiling anstream v0.6.4
[INFO] [stderr]    Compiling num_cpus v1.16.0
[INFO] [stderr]    Compiling socket2 v0.5.4
[INFO] [stderr]    Compiling mio v0.8.8
[INFO] [stderr]    Compiling socket2 v0.4.9
[INFO] [stderr]    Compiling dirs-sys v0.4.1
[INFO] [stderr]    Compiling crossbeam-deque v0.8.3
[INFO] [stderr]    Compiling url v2.4.1
[INFO] [stderr]    Compiling tokio v1.33.0
[INFO] [stderr]    Compiling digest v0.10.7
[INFO] [stderr]    Compiling hashbrown v0.14.1
[INFO] [stderr]    Compiling unicode-xid v0.2.4
[INFO] [stderr]    Compiling either v1.9.0
[INFO] [stderr]    Compiling if_chain v1.0.2
[INFO] [stderr]    Compiling prometheus v0.13.3
[INFO] [stderr]    Compiling strsim v0.10.0
[INFO] [stderr]    Compiling clap_lex v0.5.1
[INFO] [stderr]    Compiling parking_lot v0.12.1
[INFO] [stderr]    Compiling const_format_proc_macros v0.2.32
[INFO] [stderr]    Compiling fern v0.5.9
[INFO] [stderr]    Compiling clap_builder v4.4.6
[INFO] [stderr]    Compiling validator_types v0.16.0
[INFO] [stderr]    Compiling openssl-sys v0.9.93
[INFO] [stderr]    Compiling zstd-sys v2.0.9+zstd.1.5.5
[INFO] [stderr]    Compiling indexmap v2.0.2
[INFO] [stderr]    Compiling dirs v5.0.1
[INFO] [stderr]    Compiling serde_urlencoded v0.7.1
[INFO] [stderr]    Compiling regex v1.10.1
[INFO] [stderr]    Compiling atty v0.2.14
[INFO] [stderr]    Compiling xattr v1.0.1
[INFO] [stderr]    Compiling native-tls v0.2.11
[INFO] [stderr]    Compiling filetime v0.2.22
[INFO] [stderr]    Compiling dirs v1.0.5
[INFO] [stderr]    Compiling bstr v1.7.0
[INFO] [stderr]    Compiling ansi_term v0.12.1
[INFO] [stderr]    Compiling base64 v0.21.4
[INFO] [stderr]    Compiling cpufeatures v0.2.9
[INFO] [stderr]    Compiling unsafe-libyaml v0.2.9
[INFO] [stderr]    Compiling ipnet v2.8.0
[INFO] [stderr]    Compiling sha2 v0.10.8
[INFO] [stderr]    Compiling easy-logging v0.1.2
[INFO] [stderr]    Compiling tar v0.4.40
[INFO] [stderr]    Compiling globset v0.4.13
[INFO] [stderr]    Compiling humansize v2.1.3
[INFO] [stderr]    Compiling const_format v0.2.32
[INFO] [stderr]    Compiling rayon v1.8.0
[INFO] [stderr]    Compiling shellexpand v3.1.0
[INFO] [stderr]    Compiling itertools v0.11.0
[INFO] [stderr]    Compiling md-5 v0.10.6
[INFO] [stderr]    Compiling nix v0.27.1
[INFO] [stderr]    Compiling cow-utils v0.1.3
[INFO] [stderr]    Compiling hex v0.4.3
[INFO] [stderr]    Compiling serde_yaml v0.9.25
[INFO] [stderr]    Compiling clap v4.4.6
[INFO] [stderr]    Compiling indoc v2.0.4
[INFO] [stderr]    Compiling openssl-macros v0.1.1
[INFO] [stderr]    Compiling thiserror-impl v1.0.49
[INFO] [stderr]    Compiling serde_derive v1.0.189
[INFO] [stderr]    Compiling tokio-util v0.7.9
[INFO] [stderr]    Compiling validator_derive v0.16.0
[INFO] [stderr]    Compiling h2 v0.3.21
[INFO] [stderr]    Compiling pwd v1.4.0
[INFO] [stderr]    Compiling expanduser v1.2.2
[INFO] [stderr]    Compiling validator v0.16.1
[INFO] [stderr]    Compiling tokio-native-tls v0.3.1
[INFO] [stderr]    Compiling hyper v0.14.27
[INFO] [stderr]    Compiling zstd v0.13.0
[INFO] [stderr]    Compiling hyper-tls v0.5.0
[INFO] [stderr]    Compiling reqwest v0.11.22
[INFO] [stderr]    Compiling vsb v1.1.5 (/opt/rustwide/workdir)
[INFO] [stdout] warning: unused import: `crate::backuping::BackupItemConfig`
[INFO] [stdout]   --> src/config.rs:12:9
[INFO] [stdout]    |
[INFO] [stdout] 12 | pub use crate::backuping::BackupItemConfig;
[INFO] [stdout]    |         ^^^^^^^^^^^^^^^^^^^^^^^^^^^^^^^^^^
[INFO] [stdout]    |
[INFO] [stdout]    = note: `#[warn(unused_imports)]` on by default
[INFO] [stdout] 
[INFO] [stdout] 
[INFO] [stdout] warning: unused import: `HeaderValue`
[INFO] [stdout]   --> src/http_client/mod.rs:17:61
[INFO] [stdout]    |
[INFO] [stdout] 17 | pub use reqwest::header::{HeaderMap as Headers, HeaderName, HeaderValue};
[INFO] [stdout]    |                                                             ^^^^^^^^^^^
[INFO] [stdout] 
[INFO] [stdout] 
[INFO] [stdout] warning: 2 warnings emitted
[INFO] [stdout] 
[INFO] [stdout] 
[INFO] [stderr]     Finished dev [unoptimized + debuginfo] target(s) in 26.20s
[INFO] running `Command { std: "docker" "inspect" "600813e2d9cd573f55d9f1ce35ad552c7fcadccac174c39005d5c9aa1db6e254", kill_on_drop: false }`
[INFO] running `Command { std: "docker" "rm" "-f" "600813e2d9cd573f55d9f1ce35ad552c7fcadccac174c39005d5c9aa1db6e254", kill_on_drop: false }`
[INFO] [stdout] 600813e2d9cd573f55d9f1ce35ad552c7fcadccac174c39005d5c9aa1db6e254
[INFO] running `Command { std: "docker" "create" "-v" "/var/lib/crater-agent-workspace/builds/worker-1-tc1/target:/opt/rustwide/target:rw,Z" "-v" "/var/lib/crater-agent-workspace/builds/worker-1-tc1/source:/opt/rustwide/workdir:ro,Z" "-v" "/var/lib/crater-agent-workspace/cargo-home:/opt/rustwide/cargo-home:ro,Z" "-v" "/var/lib/crater-agent-workspace/rustup-home:/opt/rustwide/rustup-home:ro,Z" "-e" "SOURCE_DIR=/opt/rustwide/workdir" "-e" "CARGO_TARGET_DIR=/opt/rustwide/target" "-e" "CARGO_INCREMENTAL=0" "-e" "RUST_BACKTRACE=full" "-e" "RUSTFLAGS=--cap-lints=warn" "-e" "RUSTDOCFLAGS=--cap-lints=warn" "-e" "CARGO_HOME=/opt/rustwide/cargo-home" "-e" "RUSTUP_HOME=/opt/rustwide/rustup-home" "-w" "/opt/rustwide/workdir" "-m" "1610612736" "--user" "0:0" "--network" "none" "ghcr.io/rust-lang/crates-build-env/linux@sha256:2788e3201cd34a07e3172128adcd8b3090168a8e3bcc40d7c032b9dda1df7d1c" "/opt/rustwide/cargo-home/bin/cargo" "+1.75.0" "test" "--frozen" "--no-run" "--message-format=json", kill_on_drop: false }`
[INFO] [stdout] 6f0cb69845c8edd67ebf21c1ec78562559f7fd159421c1f9dd7854a9cd23c3dd
[INFO] running `Command { std: "docker" "start" "-a" "6f0cb69845c8edd67ebf21c1ec78562559f7fd159421c1f9dd7854a9cd23c3dd", kill_on_drop: false }`
[INFO] [stderr]    Compiling futures-channel v0.3.28
[INFO] [stderr]    Compiling bitflags v2.4.0
[INFO] [stderr]    Compiling futures-util v0.3.28
[INFO] [stderr]    Compiling semver v1.0.20
[INFO] [stderr]    Compiling syn v2.0.38
[INFO] [stderr]    Compiling same-file v1.0.6
[INFO] [stderr]    Compiling rustix v0.38.19
[INFO] [stderr]    Compiling getrandom v0.2.10
[INFO] [stderr]    Compiling thread_local v1.1.7
[INFO] [stderr]    Compiling predicates-core v1.0.6
[INFO] [stderr]    Compiling doc-comment v0.3.3
[INFO] [stderr]    Compiling linux-raw-sys v0.4.10
[INFO] [stderr]    Compiling difflib v0.4.0
[INFO] [stderr]    Compiling termtree v0.4.1
[INFO] [stderr]    Compiling fastrand v2.0.1
[INFO] [stderr]    Compiling relative-path v1.9.0
[INFO] [stderr]    Compiling walkdir v2.4.0
[INFO] [stderr]    Compiling rand_core v0.6.4
[INFO] [stderr]    Compiling predicates-tree v1.0.9
[INFO] [stderr]    Compiling futures-timer v3.0.2
[INFO] [stderr]    Compiling nix v0.27.1
[INFO] [stderr]    Compiling predicates v3.0.4
[INFO] [stderr]    Compiling ignore v0.4.20
[INFO] [stderr]    Compiling rand_chacha v0.3.1
[INFO] [stderr]    Compiling maplit v1.0.2
[INFO] [stderr]    Compiling rustc_version v0.4.0
[INFO] [stderr]    Compiling rand v0.8.5
[INFO] [stderr]    Compiling rstest_macros v0.18.2
[INFO] [stderr]    Compiling globwalk v0.8.1
[INFO] [stderr]    Compiling tempfile v3.8.0
[INFO] [stderr]    Compiling assert_fs v1.0.13
[INFO] [stderr]    Compiling futures-macro v0.3.28
[INFO] [stderr]    Compiling openssl-macros v0.1.1
[INFO] [stderr]    Compiling thiserror-impl v1.0.49
[INFO] [stderr]    Compiling serde_derive v1.0.189
[INFO] [stderr]    Compiling openssl v0.10.57
[INFO] [stderr]    Compiling thiserror v1.0.49
[INFO] [stderr]    Compiling pwd v1.4.0
[INFO] [stderr]    Compiling prometheus v0.13.3
[INFO] [stderr]    Compiling expanduser v1.2.2
[INFO] [stderr]    Compiling validator v0.16.1
[INFO] [stderr]    Compiling native-tls v0.2.11
[INFO] [stderr]    Compiling h2 v0.3.21
[INFO] [stderr]    Compiling futures-executor v0.3.28
[INFO] [stderr]    Compiling tokio-native-tls v0.3.1
[INFO] [stderr]    Compiling futures v0.3.28
[INFO] [stderr]    Compiling rstest v0.18.2
[INFO] [stderr]    Compiling hyper v0.14.27
[INFO] [stderr]    Compiling hyper-tls v0.5.0
[INFO] [stderr]    Compiling reqwest v0.11.22
[INFO] [stderr]    Compiling vsb v1.1.5 (/opt/rustwide/workdir)
[INFO] [stdout] warning: unused import: `HeaderValue`
[INFO] [stdout]   --> src/http_client/mod.rs:17:61
[INFO] [stdout]    |
[INFO] [stdout] 17 | pub use reqwest::header::{HeaderMap as Headers, HeaderName, HeaderValue};
[INFO] [stdout]    |                                                             ^^^^^^^^^^^
[INFO] [stdout]    |
[INFO] [stdout]    = note: `#[warn(unused_imports)]` on by default
[INFO] [stdout] 
[INFO] [stdout] 
[INFO] [stdout] warning: 1 warning emitted
[INFO] [stdout] 
[INFO] [stdout] 
[INFO] [stderr]     Finished test [unoptimized + debuginfo] target(s) in 20.83s
[INFO] running `Command { std: "docker" "inspect" "6f0cb69845c8edd67ebf21c1ec78562559f7fd159421c1f9dd7854a9cd23c3dd", kill_on_drop: false }`
[INFO] running `Command { std: "docker" "rm" "-f" "6f0cb69845c8edd67ebf21c1ec78562559f7fd159421c1f9dd7854a9cd23c3dd", kill_on_drop: false }`
[INFO] [stdout] 6f0cb69845c8edd67ebf21c1ec78562559f7fd159421c1f9dd7854a9cd23c3dd
[INFO] running `Command { std: "docker" "create" "-v" "/var/lib/crater-agent-workspace/builds/worker-1-tc1/target:/opt/rustwide/target:rw,Z" "-v" "/var/lib/crater-agent-workspace/builds/worker-1-tc1/source:/opt/rustwide/workdir:ro,Z" "-v" "/var/lib/crater-agent-workspace/cargo-home:/opt/rustwide/cargo-home:ro,Z" "-v" "/var/lib/crater-agent-workspace/rustup-home:/opt/rustwide/rustup-home:ro,Z" "-e" "SOURCE_DIR=/opt/rustwide/workdir" "-e" "CARGO_TARGET_DIR=/opt/rustwide/target" "-e" "CARGO_INCREMENTAL=0" "-e" "RUST_BACKTRACE=full" "-e" "RUSTFLAGS=--cap-lints=warn" "-e" "RUSTDOCFLAGS=--cap-lints=warn" "-e" "CARGO_HOME=/opt/rustwide/cargo-home" "-e" "RUSTUP_HOME=/opt/rustwide/rustup-home" "-w" "/opt/rustwide/workdir" "-m" "1610612736" "--user" "0:0" "--network" "none" "ghcr.io/rust-lang/crates-build-env/linux@sha256:2788e3201cd34a07e3172128adcd8b3090168a8e3bcc40d7c032b9dda1df7d1c" "/opt/rustwide/cargo-home/bin/cargo" "+1.75.0" "test" "--frozen", kill_on_drop: false }`
[INFO] [stdout] 6e38169b9fb9ad4cefd8c5f3443f4c3d35d3e6a2dd479a8df0a7a8415106058e
[INFO] running `Command { std: "docker" "start" "-a" "6e38169b9fb9ad4cefd8c5f3443f4c3d35d3e6a2dd479a8df0a7a8415106058e", kill_on_drop: false }`
[INFO] [stderr] warning: unused import: `HeaderValue`
[INFO] [stderr]   --> src/http_client/mod.rs:17:61
[INFO] [stderr]    |
[INFO] [stderr] 17 | pub use reqwest::header::{HeaderMap as Headers, HeaderName, HeaderValue};
[INFO] [stderr]    |                                                             ^^^^^^^^^^^
[INFO] [stderr]    |
[INFO] [stderr]    = note: `#[warn(unused_imports)]` on by default
[INFO] [stderr] 
[INFO] [stderr] warning: `vsb` (bin "vsb" test) generated 1 warning (run `cargo fix --bin "vsb" --tests` to apply 1 suggestion)
[INFO] [stderr]     Finished test [unoptimized + debuginfo] target(s) in 0.26s
[INFO] [stderr]      Running unittests src/main.rs (/opt/rustwide/target/debug/deps/vsb-f0be68609273330c)
[INFO] [stdout] 
[INFO] [stdout] running 65 tests
[INFO] [stdout] test backuping::filter::tests::filtering::case_10 ... ok
[INFO] [stdout] test backuping::filter::tests::filtering::case_04 ... ok
[INFO] [stdout] test backuping::filter::tests::filtering::case_03 ... ok
[INFO] [stdout] test backuping::filter::tests::filtering::case_05 ... ok
[INFO] [stdout] test backuping::filter::tests::filtering::case_07 ... ok
[INFO] [stdout] test backuping::filter::tests::filtering::case_13 ... ok
[INFO] [stdout] test backuping::filter::tests::filtering::case_06 ... ok
[INFO] [stdout] test backuping::filter::tests::filtering::case_12 ... ok
[INFO] [stdout] test backuping::filter::tests::filtering::case_19 ... ok
[INFO] [stdout] test backuping::filter::tests::filtering::case_01 ... ok
[INFO] [stdout] test backuping::filter::tests::filtering::case_11 ... ok
[INFO] [stdout] test backuping::filter::tests::filtering::case_22 ... ok
[INFO] [stdout] test backuping::filter::tests::filtering::case_08 ... ok
[INFO] [stdout] test backuping::filter::tests::filtering::case_25 ... ok
[INFO] [stdout] test backuping::filter::tests::filtering::case_18 ... ok
[INFO] [stdout] test backuping::filter::tests::filtering::case_15 ... ok
[INFO] [stdout] test backuping::filter::tests::filtering::case_29 ... ok
[INFO] [stdout] test backuping::filter::tests::filtering::case_09 ... ok
[INFO] [stdout] test backuping::filter::tests::filtering::case_14 ... ok
[INFO] [stdout] test backuping::filter::tests::filtering::case_02 ... ok
[INFO] [stdout] test backuping::filter::tests::filtering::case_16 ... ok
[INFO] [stdout] test backuping::filter::tests::filtering::case_17 ... ok
[INFO] [stdout] test backuping::filter::tests::filtering::case_28 ... ok
[INFO] [stdout] test backuping::filter::tests::filtering::case_21 ... ok
[INFO] [stdout] test backuping::filter::tests::filtering::case_23 ... ok
[INFO] [stdout] test backuping::filter::tests::filtering::case_26 ... ok
[INFO] [stdout] test backuping::filter::tests::filtering::case_27 ... ok
[INFO] [stdout] test backuping::filter::tests::filtering::case_20 ... ok
[INFO] [stdout] test backuping::filter::tests::filtering::case_31 ... ok
[INFO] [stdout] test backuping::filter::tests::filtering::case_24 ... ok
[INFO] [stdout] test backuping::filter::tests::filtering::case_33 ... ok
[INFO] [stdout] test backuping::filter::tests::filtering::case_32 ... ok
[INFO] [stdout] test backuping::filter::tests::filtering::case_30 ... ok
[INFO] [stdout] test backuping::filter::tests::filtering::case_34 ... ok
[INFO] [stdout] test backuping::filter::tests::filtering::case_41 ... ok
[INFO] [stdout] test backuping::filter::tests::filtering::case_40 ... ok
[INFO] [stdout] test backuping::filter::tests::filtering::case_47 ... ok
[INFO] [stdout] test backuping::filter::tests::filtering::case_46 ... ok
[INFO] [stdout] test backuping::filter::tests::filtering::case_35 ... ok
[INFO] [stdout] test backuping::filter::tests::filtering::case_50 ... ok
[INFO] [stdout] test backuping::filter::tests::filtering::case_37 ... ok
[INFO] [stdout] test backuping::filter::tests::filtering::case_48 ... ok
[INFO] [stdout] test backuping::filter::tests::filtering::case_42 ... ok
[INFO] [stdout] test backuping::filter::tests::filtering::case_49 ... ok
[INFO] [stdout] test backuping::filter::tests::filtering::case_51 ... ok
[INFO] [stdout] test backuping::filter::tests::filtering::case_52 ... ok
[INFO] [stdout] test backuping::filter::tests::parsing::case_04 ... ok
[INFO] [stdout] test backuping::filter::tests::parsing::case_05 ... ok
[INFO] [stdout] test backuping::filter::tests::filtering::case_36 ... ok
[INFO] [stdout] test backuping::filter::tests::parsing::case_01 ... ok
[INFO] [stdout] test backuping::filter::tests::parsing::case_08 ... ok
[INFO] [stdout] test backuping::filter::tests::parsing::case_02 ... ok
[INFO] [stdout] test backuping::filter::tests::parsing::case_03 ... ok
[INFO] [stdout] test backuping::filter::tests::parsing::case_06 ... ok
[INFO] [stdout] test backuping::filter::tests::filtering::case_53 ... ok
[INFO] [stdout] test backuping::filter::tests::filtering::case_38 ... ok
[INFO] [stdout] test backuping::filter::tests::filtering::case_39 ... ok
[INFO] [stdout] test backuping::filter::tests::filtering::case_45 ... ok
[INFO] [stdout] test backuping::filter::tests::parsing::case_09 ... ok
[INFO] [stdout] test backuping::filter::tests::parsing::case_10 ... ok
[INFO] [stdout] test backuping::filter::tests::parsing::case_07 ... ok
[INFO] [stdout] test backuping::filter::tests::filtering::case_43 ... ok
[INFO] [stdout] test backuping::filter::tests::filtering::case_44 ... ok
[INFO] [stderr] fatal: not a git repository (or any parent up to mount point /opt/rustwide)
[INFO] [stderr] Stopping at filesystem boundary (GIT_DISCOVERY_ACROSS_FILESYSTEM not set).
[INFO] [stdout] test tests::backup ... FAILED
[INFO] [stdout] test util::file_reader::tests::file_reader ... ok
[INFO] [stdout] 
[INFO] [stdout] failures:
[INFO] [stdout] 
[INFO] [stdout] ---- tests::backup stdout ----
[INFO] [stdout] Error: "exit status: 128"
[INFO] [stdout] 
[INFO] [stdout] 
[INFO] [stdout] failures:
[INFO] [stdout]     tests::backup
[INFO] [stdout] 
[INFO] [stdout] test result: FAILED. 64 passed; 1 failed; 0 ignored; 0 measured; 0 filtered out; finished in 0.64s
[INFO] [stdout] 
[INFO] [stderr] error: test failed, to rerun pass `--bin vsb`
[INFO] running `Command { std: "docker" "inspect" "6e38169b9fb9ad4cefd8c5f3443f4c3d35d3e6a2dd479a8df0a7a8415106058e", kill_on_drop: false }`
[INFO] running `Command { std: "docker" "rm" "-f" "6e38169b9fb9ad4cefd8c5f3443f4c3d35d3e6a2dd479a8df0a7a8415106058e", kill_on_drop: false }`
[INFO] [stdout] 6e38169b9fb9ad4cefd8c5f3443f4c3d35d3e6a2dd479a8df0a7a8415106058e
[INFO] testing vsb-1.1.5 against beta-2023-12-22 for beta-1.76-1
[INFO] extracting crate vsb 1.1.5 into /workspace/builds/worker-1-tc2/source
[INFO] validating manifest of crates.io crate vsb 1.1.5 on toolchain beta-2023-12-22
[INFO] running `Command { std: CARGO_HOME="/workspace/cargo-home" RUSTUP_HOME="/workspace/rustup-home" "/workspace/cargo-home/bin/cargo" "+beta-2023-12-22" "metadata" "--manifest-path" "Cargo.toml" "--no-deps", kill_on_drop: false }`
[INFO] started tweaking crates.io crate vsb 1.1.5
[INFO] finished tweaking crates.io crate vsb 1.1.5
[INFO] tweaked toml for crates.io crate vsb 1.1.5 written to /workspace/builds/worker-1-tc2/source/Cargo.toml
[INFO] crate crates.io crate vsb 1.1.5 already has a lockfile, it will not be regenerated
[INFO] running `Command { std: CARGO_HOME="/workspace/cargo-home" RUSTUP_HOME="/workspace/rustup-home" "/workspace/cargo-home/bin/cargo" "+beta-2023-12-22" "fetch" "--manifest-path" "Cargo.toml", kill_on_drop: false }`
[INFO] [stderr]     Blocking waiting for file lock on package cache
[INFO] running `Command { std: "docker" "create" "-v" "/var/lib/crater-agent-workspace/builds/worker-1-tc2/target:/opt/rustwide/target:rw,Z" "-v" "/var/lib/crater-agent-workspace/builds/worker-1-tc2/source:/opt/rustwide/workdir:ro,Z" "-v" "/var/lib/crater-agent-workspace/cargo-home:/opt/rustwide/cargo-home:ro,Z" "-v" "/var/lib/crater-agent-workspace/rustup-home:/opt/rustwide/rustup-home:ro,Z" "-e" "SOURCE_DIR=/opt/rustwide/workdir" "-e" "CARGO_TARGET_DIR=/opt/rustwide/target" "-e" "CARGO_HOME=/opt/rustwide/cargo-home" "-e" "RUSTUP_HOME=/opt/rustwide/rustup-home" "-w" "/opt/rustwide/workdir" "-m" "1610612736" "--user" "0:0" "--network" "none" "ghcr.io/rust-lang/crates-build-env/linux@sha256:2788e3201cd34a07e3172128adcd8b3090168a8e3bcc40d7c032b9dda1df7d1c" "/opt/rustwide/cargo-home/bin/cargo" "+beta-2023-12-22" "metadata" "--no-deps" "--format-version=1", kill_on_drop: false }`
[INFO] [stdout] df9bf90fec521d94b6275ce36619d653eac68edc915dfc827613abad75aa82cd
[INFO] running `Command { std: "docker" "start" "-a" "df9bf90fec521d94b6275ce36619d653eac68edc915dfc827613abad75aa82cd", kill_on_drop: false }`
[INFO] running `Command { std: "docker" "inspect" "df9bf90fec521d94b6275ce36619d653eac68edc915dfc827613abad75aa82cd", kill_on_drop: false }`
[INFO] running `Command { std: "docker" "rm" "-f" "df9bf90fec521d94b6275ce36619d653eac68edc915dfc827613abad75aa82cd", kill_on_drop: false }`
[INFO] [stdout] df9bf90fec521d94b6275ce36619d653eac68edc915dfc827613abad75aa82cd
[INFO] running `Command { std: "docker" "create" "-v" "/var/lib/crater-agent-workspace/builds/worker-1-tc2/target:/opt/rustwide/target:rw,Z" "-v" "/var/lib/crater-agent-workspace/builds/worker-1-tc2/source:/opt/rustwide/workdir:ro,Z" "-v" "/var/lib/crater-agent-workspace/cargo-home:/opt/rustwide/cargo-home:ro,Z" "-v" "/var/lib/crater-agent-workspace/rustup-home:/opt/rustwide/rustup-home:ro,Z" "-e" "SOURCE_DIR=/opt/rustwide/workdir" "-e" "CARGO_TARGET_DIR=/opt/rustwide/target" "-e" "CARGO_INCREMENTAL=0" "-e" "RUST_BACKTRACE=full" "-e" "RUSTFLAGS=--cap-lints=warn" "-e" "RUSTDOCFLAGS=--cap-lints=warn" "-e" "CARGO_HOME=/opt/rustwide/cargo-home" "-e" "RUSTUP_HOME=/opt/rustwide/rustup-home" "-w" "/opt/rustwide/workdir" "-m" "1610612736" "--user" "0:0" "--network" "none" "ghcr.io/rust-lang/crates-build-env/linux@sha256:2788e3201cd34a07e3172128adcd8b3090168a8e3bcc40d7c032b9dda1df7d1c" "/opt/rustwide/cargo-home/bin/cargo" "+beta-2023-12-22" "build" "--frozen" "--message-format=json", kill_on_drop: false }`
[INFO] [stdout] 3c45e38cf5e9d280f3cc75c457760e69918e51f655e814d300cecc8739170bba
[INFO] running `Command { std: "docker" "start" "-a" "3c45e38cf5e9d280f3cc75c457760e69918e51f655e814d300cecc8739170bba", kill_on_drop: false }`
[INFO] [stderr]    Compiling libc v0.2.149
[INFO] [stderr]    Compiling proc-macro2 v1.0.69
[INFO] [stderr]    Compiling pkg-config v0.3.27
[INFO] [stderr]    Compiling memchr v2.6.4
[INFO] [stderr]    Compiling itoa v1.0.9
[INFO] [stderr]    Compiling once_cell v1.18.0
[INFO] [stderr]    Compiling futures-core v0.3.28
[INFO] [stderr]    Compiling serde v1.0.189
[INFO] [stderr]    Compiling futures-task v0.3.28
[INFO] [stderr]    Compiling indexmap v1.9.3
[INFO] [stderr]    Compiling memoffset v0.9.0
[INFO] [stderr]    Compiling bitflags v2.4.0
[INFO] [stderr]    Compiling crossbeam-utils v0.8.16
[INFO] [stderr]    Compiling futures-util v0.3.28
[INFO] [stderr]    Compiling openssl v0.10.57
[INFO] [stderr]    Compiling tracing-core v0.1.32
[INFO] [stderr]    Compiling http v0.2.9
[INFO] [stderr]    Compiling crossbeam-epoch v0.9.15
[INFO] [stderr]    Compiling proc-macro-error-attr v1.0.4
[INFO] [stderr]    Compiling futures-io v0.3.28
[INFO] [stderr]    Compiling percent-encoding v2.3.0
[INFO] [stderr]    Compiling futures-channel v0.3.28
[INFO] [stderr]    Compiling ryu v1.0.15
[INFO] [stderr]    Compiling thiserror v1.0.49
[INFO] [stderr]    Compiling tracing v0.1.39
[INFO] [stderr]    Compiling futures-sink v0.3.28
[INFO] [stderr]    Compiling form_urlencoded v1.2.0
[INFO] [stderr]    Compiling aho-corasick v1.1.2
[INFO] [stderr]    Compiling lock_api v0.4.10
[INFO] [stderr]    Compiling quote v1.0.33
[INFO] [stderr]    Compiling proc-macro-error v1.0.4
[INFO] [stderr]    Compiling utf8parse v0.2.1
[INFO] [stderr]    Compiling parking_lot_core v0.9.8
[INFO] [stderr]    Compiling try-lock v0.2.4
[INFO] [stderr]    Compiling syn v2.0.38
[INFO] [stderr]    Compiling jobserver v0.1.27
[INFO] [stderr]    Compiling syn v1.0.109
[INFO] [stderr]    Compiling unicode-bidi v0.3.13
[INFO] [stderr]    Compiling http-body v0.4.5
[INFO] [stderr]    Compiling want v0.3.1
[INFO] [stderr]    Compiling cc v1.0.83
[INFO] [stderr]    Compiling anstyle-parse v0.2.2
[INFO] [stderr]    Compiling anstyle v1.0.4
[INFO] [stderr]    Compiling idna v0.4.0
[INFO] [stderr]    Compiling smallvec v1.11.1
[INFO] [stderr]    Compiling serde_json v1.0.107
[INFO] [stderr]    Compiling libm v0.2.8
[INFO] [stderr]    Compiling zstd-safe v7.0.0
[INFO] [stderr]    Compiling iana-time-zone v0.1.57
[INFO] [stderr]    Compiling option-ext v0.2.0
[INFO] [stderr]    Compiling num_cpus v1.16.0
[INFO] [stderr]    Compiling mio v0.8.8
[INFO] [stderr]    Compiling socket2 v0.5.4
[INFO] [stderr]    Compiling regex-automata v0.4.2
[INFO] [stderr]    Compiling socket2 v0.4.9
[INFO] [stderr]    Compiling colorchoice v1.0.0
[INFO] [stderr]    Compiling rayon-core v1.12.0
[INFO] [stderr]    Compiling anstyle-query v1.0.0
[INFO] [stderr]    Compiling protobuf v2.28.0
[INFO] [stderr]    Compiling anstream v0.6.4
[INFO] [stderr]    Compiling tokio v1.33.0
[INFO] [stderr]    Compiling url v2.4.1
[INFO] [stderr]    Compiling chrono v0.4.31
[INFO] [stderr]    Compiling dirs-sys v0.4.1
[INFO] [stderr]    Compiling crossbeam-deque v0.8.3
[INFO] [stderr]    Compiling digest v0.10.7
[INFO] [stderr]    Compiling unicode-xid v0.2.4
[INFO] [stderr]    Compiling hashbrown v0.14.1
[INFO] [stderr]    Compiling if_chain v1.0.2
[INFO] [stderr]    Compiling prometheus v0.13.3
[INFO] [stderr]    Compiling either v1.9.0
[INFO] [stderr]    Compiling strsim v0.10.0
[INFO] [stderr]    Compiling clap_lex v0.5.1
[INFO] [stderr]    Compiling openssl-sys v0.9.93
[INFO] [stderr]    Compiling zstd-sys v2.0.9+zstd.1.5.5
[INFO] [stderr]    Compiling const_format_proc_macros v0.2.32
[INFO] [stderr]    Compiling clap_builder v4.4.6
[INFO] [stderr]    Compiling parking_lot v0.12.1
[INFO] [stderr]    Compiling validator_types v0.16.0
[INFO] [stderr]    Compiling indexmap v2.0.2
[INFO] [stderr]    Compiling dirs v5.0.1
[INFO] [stderr]    Compiling fern v0.5.9
[INFO] [stderr]    Compiling serde_urlencoded v0.7.1
[INFO] [stderr]    Compiling native-tls v0.2.11
[INFO] [stderr]    Compiling xattr v1.0.1
[INFO] [stderr]    Compiling dirs v1.0.5
[INFO] [stderr]    Compiling atty v0.2.14
[INFO] [stderr]    Compiling filetime v0.2.22
[INFO] [stderr]    Compiling regex v1.10.1
[INFO] [stderr]    Compiling bstr v1.7.0
[INFO] [stderr]    Compiling cpufeatures v0.2.9
[INFO] [stderr]    Compiling unsafe-libyaml v0.2.9
[INFO] [stderr]    Compiling ansi_term v0.12.1
[INFO] [stderr]    Compiling base64 v0.21.4
[INFO] [stderr]    Compiling ipnet v2.8.0
[INFO] [stderr]    Compiling easy-logging v0.1.2
[INFO] [stderr]    Compiling sha2 v0.10.8
[INFO] [stderr]    Compiling globset v0.4.13
[INFO] [stderr]    Compiling tar v0.4.40
[INFO] [stderr]    Compiling humansize v2.1.3
[INFO] [stderr]    Compiling const_format v0.2.32
[INFO] [stderr]    Compiling rayon v1.8.0
[INFO] [stderr]    Compiling shellexpand v3.1.0
[INFO] [stderr]    Compiling itertools v0.11.0
[INFO] [stderr]    Compiling md-5 v0.10.6
[INFO] [stderr]    Compiling clap v4.4.6
[INFO] [stderr]    Compiling nix v0.27.1
[INFO] [stderr]    Compiling hex v0.4.3
[INFO] [stderr]    Compiling cow-utils v0.1.3
[INFO] [stderr]    Compiling serde_yaml v0.9.25
[INFO] [stderr]    Compiling indoc v2.0.4
[INFO] [stderr]    Compiling openssl-macros v0.1.1
[INFO] [stderr]    Compiling thiserror-impl v1.0.49
[INFO] [stderr]    Compiling serde_derive v1.0.189
[INFO] [stderr]    Compiling tokio-util v0.7.9
[INFO] [stderr]    Compiling h2 v0.3.21
[INFO] [stderr]    Compiling validator_derive v0.16.0
[INFO] [stderr]    Compiling pwd v1.4.0
[INFO] [stderr]    Compiling expanduser v1.2.2
[INFO] [stderr]    Compiling hyper v0.14.27
[INFO] [stderr]    Compiling validator v0.16.1
[INFO] [stderr]    Compiling tokio-native-tls v0.3.1
[INFO] [stderr]    Compiling zstd v0.13.0
[INFO] [stderr]    Compiling hyper-tls v0.5.0
[INFO] [stderr]    Compiling reqwest v0.11.22
[INFO] [stderr]    Compiling vsb v1.1.5 (/opt/rustwide/workdir)
[INFO] [stdout] warning: unused import: `crate::backuping::BackupItemConfig`
[INFO] [stdout]   --> src/config.rs:12:9
[INFO] [stdout]    |
[INFO] [stdout] 12 | pub use crate::backuping::BackupItemConfig;
[INFO] [stdout]    |         ^^^^^^^^^^^^^^^^^^^^^^^^^^^^^^^^^^
[INFO] [stdout]    |
[INFO] [stdout]    = note: `#[warn(unused_imports)]` on by default
[INFO] [stdout] 
[INFO] [stdout] 
[INFO] [stdout] warning: unused import: `HeaderValue`
[INFO] [stdout]   --> src/http_client/mod.rs:17:61
[INFO] [stdout]    |
[INFO] [stdout] 17 | pub use reqwest::header::{HeaderMap as Headers, HeaderName, HeaderValue};
[INFO] [stdout]    |                                                             ^^^^^^^^^^^
[INFO] [stdout] 
[INFO] [stdout] 
[INFO] [stdout] warning: 2 warnings emitted
[INFO] [stdout] 
[INFO] [stdout] 
[INFO] [stderr]     Finished dev [unoptimized + debuginfo] target(s) in 25.48s
[INFO] running `Command { std: "docker" "inspect" "3c45e38cf5e9d280f3cc75c457760e69918e51f655e814d300cecc8739170bba", kill_on_drop: false }`
[INFO] running `Command { std: "docker" "rm" "-f" "3c45e38cf5e9d280f3cc75c457760e69918e51f655e814d300cecc8739170bba", kill_on_drop: false }`
[INFO] [stdout] 3c45e38cf5e9d280f3cc75c457760e69918e51f655e814d300cecc8739170bba
[INFO] running `Command { std: "docker" "create" "-v" "/var/lib/crater-agent-workspace/builds/worker-1-tc2/target:/opt/rustwide/target:rw,Z" "-v" "/var/lib/crater-agent-workspace/builds/worker-1-tc2/source:/opt/rustwide/workdir:ro,Z" "-v" "/var/lib/crater-agent-workspace/cargo-home:/opt/rustwide/cargo-home:ro,Z" "-v" "/var/lib/crater-agent-workspace/rustup-home:/opt/rustwide/rustup-home:ro,Z" "-e" "SOURCE_DIR=/opt/rustwide/workdir" "-e" "CARGO_TARGET_DIR=/opt/rustwide/target" "-e" "CARGO_INCREMENTAL=0" "-e" "RUST_BACKTRACE=full" "-e" "RUSTFLAGS=--cap-lints=warn" "-e" "RUSTDOCFLAGS=--cap-lints=warn" "-e" "CARGO_HOME=/opt/rustwide/cargo-home" "-e" "RUSTUP_HOME=/opt/rustwide/rustup-home" "-w" "/opt/rustwide/workdir" "-m" "1610612736" "--user" "0:0" "--network" "none" "ghcr.io/rust-lang/crates-build-env/linux@sha256:2788e3201cd34a07e3172128adcd8b3090168a8e3bcc40d7c032b9dda1df7d1c" "/opt/rustwide/cargo-home/bin/cargo" "+beta-2023-12-22" "test" "--frozen" "--no-run" "--message-format=json", kill_on_drop: false }`
[INFO] [stdout] 61b91994e90438158bfc71170f188af15d16fdcfe4a7defa499cd11f63948b0b
[INFO] running `Command { std: "docker" "start" "-a" "61b91994e90438158bfc71170f188af15d16fdcfe4a7defa499cd11f63948b0b", kill_on_drop: false }`
[INFO] [stderr]    Compiling syn v2.0.38
[INFO] [stderr]    Compiling futures-channel v0.3.28
[INFO] [stderr]    Compiling futures-util v0.3.28
[INFO] [stderr]    Compiling bitflags v2.4.0
[INFO] [stderr]    Compiling semver v1.0.20
[INFO] [stderr]    Compiling rustix v0.38.19
[INFO] [stderr]    Compiling same-file v1.0.6
[INFO] [stderr]    Compiling thread_local v1.1.7
[INFO] [stderr]    Compiling getrandom v0.2.10
[INFO] [stderr]    Compiling linux-raw-sys v0.4.10
[INFO] [stderr]    Compiling predicates-core v1.0.6
[INFO] [stderr]    Compiling doc-comment v0.3.3
[INFO] [stderr]    Compiling difflib v0.4.0
[INFO] [stderr]    Compiling termtree v0.4.1
[INFO] [stderr]    Compiling relative-path v1.9.0
[INFO] [stderr]    Compiling fastrand v2.0.1
[INFO] [stderr]    Compiling walkdir v2.4.0
[INFO] [stderr]    Compiling rand_core v0.6.4
[INFO] [stderr]    Compiling predicates-tree v1.0.9
[INFO] [stderr]    Compiling futures-timer v3.0.2
[INFO] [stderr]    Compiling nix v0.27.1
[INFO] [stderr]    Compiling predicates v3.0.4
[INFO] [stderr]    Compiling maplit v1.0.2
[INFO] [stderr]    Compiling ignore v0.4.20
[INFO] [stderr]    Compiling rand_chacha v0.3.1
[INFO] [stderr]    Compiling rand v0.8.5
[INFO] [stderr]    Compiling rustc_version v0.4.0
[INFO] [stderr]    Compiling rstest_macros v0.18.2
[INFO] [stderr]    Compiling globwalk v0.8.1
[INFO] [stderr]    Compiling tempfile v3.8.0
[INFO] [stderr]    Compiling assert_fs v1.0.13
[INFO] [stderr]    Compiling futures-macro v0.3.28
[INFO] [stderr]    Compiling openssl-macros v0.1.1
[INFO] [stderr]    Compiling thiserror-impl v1.0.49
[INFO] [stderr]    Compiling serde_derive v1.0.189
[INFO] [stderr]    Compiling openssl v0.10.57
[INFO] [stderr]    Compiling thiserror v1.0.49
[INFO] [stderr]    Compiling pwd v1.4.0
[INFO] [stderr]    Compiling prometheus v0.13.3
[INFO] [stderr]    Compiling expanduser v1.2.2
[INFO] [stderr]    Compiling validator v0.16.1
[INFO] [stderr]    Compiling native-tls v0.2.11
[INFO] [stderr]    Compiling tokio-native-tls v0.3.1
[INFO] [stderr]    Compiling h2 v0.3.21
[INFO] [stderr]    Compiling futures-executor v0.3.28
[INFO] [stderr]    Compiling futures v0.3.28
[INFO] [stderr]    Compiling rstest v0.18.2
[INFO] [stderr]    Compiling hyper v0.14.27
[INFO] [stderr]    Compiling hyper-tls v0.5.0
[INFO] [stderr]    Compiling reqwest v0.11.22
[INFO] [stderr]    Compiling vsb v1.1.5 (/opt/rustwide/workdir)
[INFO] [stdout] warning: unused import: `HeaderValue`
[INFO] [stdout]   --> src/http_client/mod.rs:17:61
[INFO] [stdout]    |
[INFO] [stdout] 17 | pub use reqwest::header::{HeaderMap as Headers, HeaderName, HeaderValue};
[INFO] [stdout]    |                                                             ^^^^^^^^^^^
[INFO] [stdout]    |
[INFO] [stdout]    = note: `#[warn(unused_imports)]` on by default
[INFO] [stdout] 
[INFO] [stdout] 
[INFO] [stdout] warning: 1 warning emitted
[INFO] [stdout] 
[INFO] [stdout] 
[INFO] [stderr]     Finished test [unoptimized + debuginfo] target(s) in 36.66s
[INFO] running `Command { std: "docker" "inspect" "61b91994e90438158bfc71170f188af15d16fdcfe4a7defa499cd11f63948b0b", kill_on_drop: false }`
[INFO] running `Command { std: "docker" "rm" "-f" "61b91994e90438158bfc71170f188af15d16fdcfe4a7defa499cd11f63948b0b", kill_on_drop: false }`
[INFO] [stdout] 61b91994e90438158bfc71170f188af15d16fdcfe4a7defa499cd11f63948b0b
[INFO] running `Command { std: "docker" "create" "-v" "/var/lib/crater-agent-workspace/builds/worker-1-tc2/target:/opt/rustwide/target:rw,Z" "-v" "/var/lib/crater-agent-workspace/builds/worker-1-tc2/source:/opt/rustwide/workdir:ro,Z" "-v" "/var/lib/crater-agent-workspace/cargo-home:/opt/rustwide/cargo-home:ro,Z" "-v" "/var/lib/crater-agent-workspace/rustup-home:/opt/rustwide/rustup-home:ro,Z" "-e" "SOURCE_DIR=/opt/rustwide/workdir" "-e" "CARGO_TARGET_DIR=/opt/rustwide/target" "-e" "CARGO_INCREMENTAL=0" "-e" "RUST_BACKTRACE=full" "-e" "RUSTFLAGS=--cap-lints=warn" "-e" "RUSTDOCFLAGS=--cap-lints=warn" "-e" "CARGO_HOME=/opt/rustwide/cargo-home" "-e" "RUSTUP_HOME=/opt/rustwide/rustup-home" "-w" "/opt/rustwide/workdir" "-m" "1610612736" "--user" "0:0" "--network" "none" "ghcr.io/rust-lang/crates-build-env/linux@sha256:2788e3201cd34a07e3172128adcd8b3090168a8e3bcc40d7c032b9dda1df7d1c" "/opt/rustwide/cargo-home/bin/cargo" "+beta-2023-12-22" "test" "--frozen", kill_on_drop: false }`
[INFO] [stdout] 58952d8989c4592212d33e247f8e609cdc086c65dac4890df121367546f58bcc
[INFO] running `Command { std: "docker" "start" "-a" "58952d8989c4592212d33e247f8e609cdc086c65dac4890df121367546f58bcc", kill_on_drop: false }`
[INFO] [stderr] warning: unused import: `HeaderValue`
[INFO] [stderr]   --> src/http_client/mod.rs:17:61
[INFO] [stderr]    |
[INFO] [stderr] 17 | pub use reqwest::header::{HeaderMap as Headers, HeaderName, HeaderValue};
[INFO] [stderr]    |                                                             ^^^^^^^^^^^
[INFO] [stderr]    |
[INFO] [stderr]    = note: `#[warn(unused_imports)]` on by default
[INFO] [stderr] 
[INFO] [stderr] warning: `vsb` (bin "vsb" test) generated 1 warning (run `cargo fix --bin "vsb" --tests` to apply 1 suggestion)
[INFO] [stderr]     Finished test [unoptimized + debuginfo] target(s) in 0.45s
[INFO] [stderr]      Running unittests src/main.rs (/opt/rustwide/target/debug/deps/vsb-a2de8fb837baa40d)
[INFO] [stdout] 
[INFO] [stdout] running 65 tests
[INFO] [stdout] test backuping::filter::tests::filtering::case_01 ... ok
[INFO] [stdout] test backuping::filter::tests::filtering::case_07 ... ok
[INFO] [stdout] test backuping::filter::tests::filtering::case_17 ... ok
[INFO] [stdout] test backuping::filter::tests::filtering::case_13 ... ok
[INFO] [stdout] test backuping::filter::tests::filtering::case_10 ... ok
[INFO] [stdout] test backuping::filter::tests::filtering::case_19 ... ok
[INFO] [stdout] test backuping::filter::tests::filtering::case_22 ... ok
[INFO] [stdout] test backuping::filter::tests::filtering::case_23 ... ok
[INFO] [stdout] test backuping::filter::tests::filtering::case_20 ... ok
[INFO] [stdout] test backuping::filter::tests::filtering::case_21 ... ok
[INFO] [stdout] test backuping::filter::tests::filtering::case_15 ... ok
[INFO] [stdout] test backuping::filter::tests::filtering::case_24 ... ok
[INFO] [stdout] test backuping::filter::tests::filtering::case_04 ... ok
[INFO] [stdout] test backuping::filter::tests::filtering::case_16 ... ok
[INFO] [stdout] test backuping::filter::tests::filtering::case_06 ... ok
[INFO] [stdout] test backuping::filter::tests::filtering::case_14 ... ok
[INFO] [stdout] test backuping::filter::tests::filtering::case_12 ... ok
[INFO] [stdout] test backuping::filter::tests::filtering::case_27 ... ok
[INFO] [stdout] test backuping::filter::tests::filtering::case_28 ... ok
[INFO] [stdout] test backuping::filter::tests::filtering::case_03 ... ok
[INFO] [stdout] test backuping::filter::tests::filtering::case_29 ... ok
[INFO] [stdout] test backuping::filter::tests::filtering::case_09 ... ok
[INFO] [stdout] test backuping::filter::tests::filtering::case_18 ... ok
[INFO] [stdout] test backuping::filter::tests::filtering::case_26 ... ok
[INFO] [stdout] test backuping::filter::tests::filtering::case_11 ... ok
[INFO] [stdout] test backuping::filter::tests::filtering::case_08 ... ok
[INFO] [stdout] test backuping::filter::tests::filtering::case_05 ... ok
[INFO] [stdout] test backuping::filter::tests::filtering::case_25 ... ok
[INFO] [stdout] test backuping::filter::tests::filtering::case_31 ... ok
[INFO] [stdout] test backuping::filter::tests::filtering::case_35 ... ok
[INFO] [stdout] test backuping::filter::tests::filtering::case_32 ... ok
[INFO] [stdout] test backuping::filter::tests::filtering::case_45 ... ok
[INFO] [stdout] test backuping::filter::tests::filtering::case_30 ... ok
[INFO] [stdout] test backuping::filter::tests::filtering::case_47 ... ok
[INFO] [stdout] test backuping::filter::tests::filtering::case_37 ... ok
[INFO] [stdout] test backuping::filter::tests::filtering::case_42 ... ok
[INFO] [stdout] test backuping::filter::tests::filtering::case_40 ... ok
[INFO] [stdout] test backuping::filter::tests::filtering::case_41 ... ok
[INFO] [stdout] test backuping::filter::tests::filtering::case_02 ... ok
[INFO] [stdout] test backuping::filter::tests::filtering::case_39 ... ok
[INFO] [stdout] test backuping::filter::tests::filtering::case_48 ... ok
[INFO] [stdout] test backuping::filter::tests::filtering::case_36 ... ok
[INFO] [stdout] test backuping::filter::tests::filtering::case_33 ... ok
[INFO] [stdout] test backuping::filter::tests::filtering::case_38 ... ok
[INFO] [stdout] test backuping::filter::tests::filtering::case_34 ... ok
[INFO] [stdout] test backuping::filter::tests::filtering::case_44 ... ok
[INFO] [stdout] test backuping::filter::tests::filtering::case_46 ... ok
[INFO] [stdout] test backuping::filter::tests::filtering::case_43 ... ok
[INFO] [stdout] test backuping::filter::tests::parsing::case_04 ... ok
[INFO] [stdout] test backuping::filter::tests::parsing::case_02 ... ok
[INFO] [stdout] test backuping::filter::tests::parsing::case_07 ... ok
[INFO] [stdout] test backuping::filter::tests::filtering::case_49 ... ok
[INFO] [stdout] test backuping::filter::tests::parsing::case_05 ... ok
[INFO] [stdout] test backuping::filter::tests::parsing::case_06 ... ok
[INFO] [stdout] test backuping::filter::tests::parsing::case_03 ... ok
[INFO] [stdout] test backuping::filter::tests::parsing::case_10 ... ok
[INFO] [stdout] test backuping::filter::tests::filtering::case_51 ... ok
[INFO] [stdout] test backuping::filter::tests::filtering::case_52 ... ok
[INFO] [stdout] test backuping::filter::tests::filtering::case_53 ... ok
[INFO] [stdout] test backuping::filter::tests::parsing::case_09 ... ok
[INFO] [stdout] test backuping::filter::tests::filtering::case_50 ... ok
[INFO] [stdout] test backuping::filter::tests::parsing::case_01 ... ok
[INFO] [stdout] test backuping::filter::tests::parsing::case_08 ... ok
[INFO] [stderr] fatal: not a git repository (or any parent up to mount point /opt/rustwide)
[INFO] [stderr] Stopping at filesystem boundary (GIT_DISCOVERY_ACROSS_FILESYSTEM not set).
[INFO] [stdout] test tests::backup ... FAILED
[INFO] [stdout] test util::file_reader::tests::file_reader ... ok
[INFO] [stdout] 
[INFO] [stdout] failures:
[INFO] [stdout] 
[INFO] [stdout] ---- tests::backup stdout ----
[INFO] [stdout] Error: "exit status: 128"
[INFO] [stdout] 
[INFO] [stdout] 
[INFO] [stdout] failures:
[INFO] [stdout]     tests::backup
[INFO] [stdout] 
[INFO] [stdout] test result: FAILED. 64 passed; 1 failed; 0 ignored; 0 measured; 0 filtered out; finished in 1.35s
[INFO] [stdout] 
[INFO] [stderr] error: test failed, to rerun pass `--bin vsb`
[INFO] running `Command { std: "docker" "inspect" "58952d8989c4592212d33e247f8e609cdc086c65dac4890df121367546f58bcc", kill_on_drop: false }`
[INFO] running `Command { std: "docker" "rm" "-f" "58952d8989c4592212d33e247f8e609cdc086c65dac4890df121367546f58bcc", kill_on_drop: false }`
[INFO] [stdout] 58952d8989c4592212d33e247f8e609cdc086c65dac4890df121367546f58bcc
