[INFO] fetching crate vpin 0.7.0...
[INFO] testing vpin-0.7.0 against 1.75.0 for beta-1.76-1
[INFO] extracting crate vpin 0.7.0 into /workspace/builds/worker-2-tc1/source
[INFO] validating manifest of crates.io crate vpin 0.7.0 on toolchain 1.75.0
[INFO] running `Command { std: CARGO_HOME="/workspace/cargo-home" RUSTUP_HOME="/workspace/rustup-home" "/workspace/cargo-home/bin/cargo" "+1.75.0" "metadata" "--manifest-path" "Cargo.toml" "--no-deps", kill_on_drop: false }`
[INFO] started tweaking crates.io crate vpin 0.7.0
[INFO] finished tweaking crates.io crate vpin 0.7.0
[INFO] tweaked toml for crates.io crate vpin 0.7.0 written to /workspace/builds/worker-2-tc1/source/Cargo.toml
[INFO] running `Command { std: CARGO_HOME="/workspace/cargo-home" RUSTUP_HOME="/workspace/rustup-home" "/workspace/cargo-home/bin/cargo" "+1.75.0" "generate-lockfile" "--manifest-path" "Cargo.toml", kill_on_drop: false }`
[INFO] [stderr]     Updating crates.io index
[INFO] running `Command { std: CARGO_HOME="/workspace/cargo-home" RUSTUP_HOME="/workspace/rustup-home" "/workspace/cargo-home/bin/cargo" "+1.75.0" "fetch" "--manifest-path" "Cargo.toml", kill_on_drop: false }`
[INFO] [stderr]  Downloading crates ...
[INFO] [stderr]   Downloaded utf16string v0.2.0
[INFO] [stderr]   Downloaded md2 v0.10.2
[INFO] [stderr]   Downloaded testdir v0.9.1
[INFO] [stderr]   Downloaded cfb v0.9.0
[INFO] [stderr]   Downloaded sysinfo v0.26.9
[INFO] [stderr]   Downloaded testresult v0.3.0
[INFO] running `Command { std: "docker" "create" "-v" "/var/lib/crater-agent-workspace/builds/worker-2-tc1/target:/opt/rustwide/target:rw,Z" "-v" "/var/lib/crater-agent-workspace/builds/worker-2-tc1/source:/opt/rustwide/workdir:ro,Z" "-v" "/var/lib/crater-agent-workspace/cargo-home:/opt/rustwide/cargo-home:ro,Z" "-v" "/var/lib/crater-agent-workspace/rustup-home:/opt/rustwide/rustup-home:ro,Z" "-e" "SOURCE_DIR=/opt/rustwide/workdir" "-e" "CARGO_TARGET_DIR=/opt/rustwide/target" "-e" "CARGO_HOME=/opt/rustwide/cargo-home" "-e" "RUSTUP_HOME=/opt/rustwide/rustup-home" "-w" "/opt/rustwide/workdir" "-m" "1610612736" "--user" "0:0" "--network" "none" "ghcr.io/rust-lang/crates-build-env/linux@sha256:2788e3201cd34a07e3172128adcd8b3090168a8e3bcc40d7c032b9dda1df7d1c" "/opt/rustwide/cargo-home/bin/cargo" "+1.75.0" "metadata" "--no-deps" "--format-version=1", kill_on_drop: false }`
[INFO] [stdout] 8a05ed425678bfa53690324acb55959eed7e590d675e0cfbcd59aba4c82adbbf
[INFO] running `Command { std: "docker" "start" "-a" "8a05ed425678bfa53690324acb55959eed7e590d675e0cfbcd59aba4c82adbbf", kill_on_drop: false }`
[INFO] running `Command { std: "docker" "inspect" "8a05ed425678bfa53690324acb55959eed7e590d675e0cfbcd59aba4c82adbbf", kill_on_drop: false }`
[INFO] running `Command { std: "docker" "rm" "-f" "8a05ed425678bfa53690324acb55959eed7e590d675e0cfbcd59aba4c82adbbf", kill_on_drop: false }`
[INFO] [stdout] 8a05ed425678bfa53690324acb55959eed7e590d675e0cfbcd59aba4c82adbbf
[INFO] running `Command { std: "docker" "create" "-v" "/var/lib/crater-agent-workspace/builds/worker-2-tc1/target:/opt/rustwide/target:rw,Z" "-v" "/var/lib/crater-agent-workspace/builds/worker-2-tc1/source:/opt/rustwide/workdir:ro,Z" "-v" "/var/lib/crater-agent-workspace/cargo-home:/opt/rustwide/cargo-home:ro,Z" "-v" "/var/lib/crater-agent-workspace/rustup-home:/opt/rustwide/rustup-home:ro,Z" "-e" "SOURCE_DIR=/opt/rustwide/workdir" "-e" "CARGO_TARGET_DIR=/opt/rustwide/target" "-e" "CARGO_INCREMENTAL=0" "-e" "RUST_BACKTRACE=full" "-e" "RUSTFLAGS=--cap-lints=warn" "-e" "RUSTDOCFLAGS=--cap-lints=warn" "-e" "CARGO_HOME=/opt/rustwide/cargo-home" "-e" "RUSTUP_HOME=/opt/rustwide/rustup-home" "-w" "/opt/rustwide/workdir" "-m" "1610612736" "--user" "0:0" "--network" "none" "ghcr.io/rust-lang/crates-build-env/linux@sha256:2788e3201cd34a07e3172128adcd8b3090168a8e3bcc40d7c032b9dda1df7d1c" "/opt/rustwide/cargo-home/bin/cargo" "+1.75.0" "build" "--frozen" "--message-format=json", kill_on_drop: false }`
[INFO] [stdout] 66320c576732a05f9eaaed8743710b0467857daafd7ba1a8d6bbb1f895b3eee5
[INFO] running `Command { std: "docker" "start" "-a" "66320c576732a05f9eaaed8743710b0467857daafd7ba1a8d6bbb1f895b3eee5", kill_on_drop: false }`
[INFO] [stderr]    Compiling proc-macro2 v1.0.75
[INFO] [stderr]    Compiling unicode-ident v1.0.12
[INFO] [stderr]    Compiling typenum v1.17.0
[INFO] [stderr]    Compiling serde v1.0.194
[INFO] [stderr]    Compiling byteorder v1.5.0
[INFO] [stderr]    Compiling hashbrown v0.14.3
[INFO] [stderr]    Compiling generic-array v0.14.7
[INFO] [stderr]    Compiling serde_json v1.0.111
[INFO] [stderr]    Compiling memchr v2.7.1
[INFO] [stderr]    Compiling ryu v1.0.16
[INFO] [stderr]    Compiling itoa v1.0.10
[INFO] [stderr]    Compiling minimal-lexical v0.2.1
[INFO] [stderr]    Compiling uuid v1.6.1
[INFO] [stderr]    Compiling encoding_rs v0.8.33
[INFO] [stderr]    Compiling utf16string v0.2.0
[INFO] [stderr]    Compiling nom v7.1.3
[INFO] [stderr]    Compiling indexmap v2.1.0
[INFO] [stderr]    Compiling quote v1.0.35
[INFO] [stderr]    Compiling syn v2.0.48
[INFO] [stderr]    Compiling cfb v0.9.0
[INFO] [stderr]    Compiling bytes v1.5.0
[INFO] [stderr]    Compiling block-buffer v0.10.4
[INFO] [stderr]    Compiling crypto-common v0.1.6
[INFO] [stderr]    Compiling digest v0.10.7
[INFO] [stderr]    Compiling md2 v0.10.2
[INFO] [stderr]    Compiling serde_derive v1.0.194
[INFO] [stderr]    Compiling serde_repr v0.1.18
[INFO] [stderr]    Compiling quick-xml v0.31.0
[INFO] [stderr]    Compiling vpin v0.7.0 (/opt/rustwide/workdir)
[INFO] [stdout] warning: method `name` is never used
[INFO] [stdout]   --> src/vpx/gameitem.rs:69:8
[INFO] [stdout]    |
[INFO] [stdout] 68 | impl GameItemEnum {
[INFO] [stdout]    | ----------------- method in this implementation
[INFO] [stdout] 69 |     fn name(&self) -> &str {
[INFO] [stdout]    |        ^^^^
[INFO] [stdout]    |
[INFO] [stdout]    = note: `#[warn(dead_code)]` on by default
[INFO] [stdout] 
[INFO] [stdout] 
[INFO] [stdout] warning: associated function `new` is never used
[INFO] [stdout]   --> src/vpx/gameitem/font.rs:19:12
[INFO] [stdout]    |
[INFO] [stdout] 18 | impl Font {
[INFO] [stdout]    | --------- associated function in this implementation
[INFO] [stdout] 19 |     pub fn new(style: u8, weight: u16, size: u32, name: String) -> Self {
[INFO] [stdout]    |            ^^^
[INFO] [stdout] 
[INFO] [stdout] 
[INFO] [stdout] warning: 2 warnings emitted
[INFO] [stdout] 
[INFO] [stdout] 
[INFO] [stderr]     Finished dev [unoptimized + debuginfo] target(s) in 8.89s
[INFO] running `Command { std: "docker" "inspect" "66320c576732a05f9eaaed8743710b0467857daafd7ba1a8d6bbb1f895b3eee5", kill_on_drop: false }`
[INFO] running `Command { std: "docker" "rm" "-f" "66320c576732a05f9eaaed8743710b0467857daafd7ba1a8d6bbb1f895b3eee5", kill_on_drop: false }`
[INFO] [stdout] 66320c576732a05f9eaaed8743710b0467857daafd7ba1a8d6bbb1f895b3eee5
[INFO] running `Command { std: "docker" "create" "-v" "/var/lib/crater-agent-workspace/builds/worker-2-tc1/target:/opt/rustwide/target:rw,Z" "-v" "/var/lib/crater-agent-workspace/builds/worker-2-tc1/source:/opt/rustwide/workdir:ro,Z" "-v" "/var/lib/crater-agent-workspace/cargo-home:/opt/rustwide/cargo-home:ro,Z" "-v" "/var/lib/crater-agent-workspace/rustup-home:/opt/rustwide/rustup-home:ro,Z" "-e" "SOURCE_DIR=/opt/rustwide/workdir" "-e" "CARGO_TARGET_DIR=/opt/rustwide/target" "-e" "CARGO_INCREMENTAL=0" "-e" "RUST_BACKTRACE=full" "-e" "RUSTFLAGS=--cap-lints=warn" "-e" "RUSTDOCFLAGS=--cap-lints=warn" "-e" "CARGO_HOME=/opt/rustwide/cargo-home" "-e" "RUSTUP_HOME=/opt/rustwide/rustup-home" "-w" "/opt/rustwide/workdir" "-m" "1610612736" "--user" "0:0" "--network" "none" "ghcr.io/rust-lang/crates-build-env/linux@sha256:2788e3201cd34a07e3172128adcd8b3090168a8e3bcc40d7c032b9dda1df7d1c" "/opt/rustwide/cargo-home/bin/cargo" "+1.75.0" "test" "--frozen" "--no-run" "--message-format=json", kill_on_drop: false }`
[INFO] [stdout] 6b2a7011609f21106b28f0d5e2a90df5d04b9a090a8490ef2629fb8b3e754964
[INFO] running `Command { std: "docker" "start" "-a" "6b2a7011609f21106b28f0d5e2a90df5d04b9a090a8490ef2629fb8b3e754964", kill_on_drop: false }`
[INFO] [stderr]    Compiling libc v0.2.151
[INFO] [stderr]    Compiling crossbeam-utils v0.8.18
[INFO] [stderr]    Compiling serde_json v1.0.111
[INFO] [stderr]    Compiling camino v1.1.6
[INFO] [stderr]    Compiling semver v1.0.21
[INFO] [stderr]    Compiling rayon-core v1.12.0
[INFO] [stderr]    Compiling gimli v0.28.1
[INFO] [stderr]    Compiling anyhow v1.0.79
[INFO] [stderr]    Compiling cargo-platform v0.1.6
[INFO] [stderr]    Compiling object v0.32.2
[INFO] [stderr]    Compiling crossbeam-epoch v0.9.17
[INFO] [stderr]    Compiling option-ext v0.2.0
[INFO] [stderr]    Compiling once_cell v1.19.0
[INFO] [stderr]    Compiling cc v1.0.83
[INFO] [stderr]    Compiling getrandom v0.2.11
[INFO] [stderr]    Compiling crossbeam-deque v0.8.4
[INFO] [stderr]    Compiling sysinfo v0.26.9
[INFO] [stderr]    Compiling rand_core v0.6.4
[INFO] [stderr]    Compiling rand_chacha v0.3.1
[INFO] [stderr]    Compiling cargo_metadata v0.14.2
[INFO] [stderr]    Compiling dirs-sys v0.4.1
[INFO] [stderr]    Compiling diff v0.1.13
[INFO] [stderr]    Compiling either v1.9.0
[INFO] [stderr]    Compiling addr2line v0.21.0
[INFO] [stderr]    Compiling whoami v1.4.1
[INFO] [stderr]    Compiling backtrace v0.3.69
[INFO] [stderr]    Compiling yansi v0.5.1
[INFO] [stderr]    Compiling rayon v1.8.0
[INFO] [stderr]    Compiling walkdir v2.4.0
[INFO] [stderr]    Compiling pretty_assertions v1.4.0
[INFO] [stderr]    Compiling dirs v5.0.1
[INFO] [stderr]    Compiling rand v0.8.5
[INFO] [stderr]    Compiling roxmltree v0.19.0
[INFO] [stderr]    Compiling testresult v0.3.0
[INFO] [stderr]    Compiling vpin v0.7.0 (/opt/rustwide/workdir)
[INFO] [stderr]    Compiling testdir v0.9.1
[INFO] [stdout] warning: method `name` is never used
[INFO] [stdout]   --> src/vpx/gameitem.rs:69:8
[INFO] [stdout]    |
[INFO] [stdout] 68 | impl GameItemEnum {
[INFO] [stdout]    | ----------------- method in this implementation
[INFO] [stdout] 69 |     fn name(&self) -> &str {
[INFO] [stdout]    |        ^^^^
[INFO] [stdout]    |
[INFO] [stdout]    = note: `#[warn(dead_code)]` on by default
[INFO] [stdout] 
[INFO] [stdout] 
[INFO] [stdout] warning: associated function `new` is never used
[INFO] [stdout]   --> src/vpx/gameitem/font.rs:19:12
[INFO] [stdout]    |
[INFO] [stdout] 18 | impl Font {
[INFO] [stdout]    | --------- associated function in this implementation
[INFO] [stdout] 19 |     pub fn new(style: u8, weight: u16, size: u32, name: String) -> Self {
[INFO] [stdout]    |            ^^^
[INFO] [stdout] 
[INFO] [stdout] 
[INFO] [stdout] warning: 2 warnings emitted
[INFO] [stdout] 
[INFO] [stdout] 
[INFO] [stdout] warning: unused import: `rayon::prelude`
[INFO] [stdout]  --> tests/vpx_read_write_compare_all.rs:3:5
[INFO] [stdout]   |
[INFO] [stdout] 3 | use rayon::prelude::*;
[INFO] [stdout]   |     ^^^^^^^^^^^^^^
[INFO] [stdout]   |
[INFO] [stdout]   = note: `#[warn(unused_imports)]` on by default
[INFO] [stdout] 
[INFO] [stdout] 
[INFO] [stdout] warning: function `tail` is never used
[INFO] [stdout]   --> tests/directb2s_read_write_compare_all.rs:82:4
[INFO] [stdout]    |
[INFO] [stdout] 82 | fn tail(written: &String, n: usize) -> String {
[INFO] [stdout]    |    ^^^^
[INFO] [stdout]    |
[INFO] [stdout]    = note: `#[warn(dead_code)]` on by default
[INFO] [stdout] 
[INFO] [stdout] 
[INFO] [stdout] warning: method `name` is never used
[INFO] [stdout]   --> src/vpx/gameitem.rs:69:8
[INFO] [stdout]    |
[INFO] [stdout] 68 | impl GameItemEnum {
[INFO] [stdout]    | ----------------- method in this implementation
[INFO] [stdout] 69 |     fn name(&self) -> &str {
[INFO] [stdout]    |        ^^^^
[INFO] [stdout]    |
[INFO] [stdout]    = note: `#[warn(dead_code)]` on by default
[INFO] [stdout] 
[INFO] [stdout] 
[INFO] [stdout] warning: 1 warning emitted
[INFO] [stdout] 
[INFO] [stdout] 
[INFO] [stdout] warning: 1 warning emitted
[INFO] [stdout] 
[INFO] [stdout] 
[INFO] [stdout] warning: 1 warning emitted
[INFO] [stdout] 
[INFO] [stdout] 
[INFO] [stderr]     Finished test [unoptimized + debuginfo] target(s) in 7.05s
[INFO] running `Command { std: "docker" "inspect" "6b2a7011609f21106b28f0d5e2a90df5d04b9a090a8490ef2629fb8b3e754964", kill_on_drop: false }`
[INFO] running `Command { std: "docker" "rm" "-f" "6b2a7011609f21106b28f0d5e2a90df5d04b9a090a8490ef2629fb8b3e754964", kill_on_drop: false }`
[INFO] [stdout] 6b2a7011609f21106b28f0d5e2a90df5d04b9a090a8490ef2629fb8b3e754964
[INFO] running `Command { std: "docker" "create" "-v" "/var/lib/crater-agent-workspace/builds/worker-2-tc1/target:/opt/rustwide/target:rw,Z" "-v" "/var/lib/crater-agent-workspace/builds/worker-2-tc1/source:/opt/rustwide/workdir:ro,Z" "-v" "/var/lib/crater-agent-workspace/cargo-home:/opt/rustwide/cargo-home:ro,Z" "-v" "/var/lib/crater-agent-workspace/rustup-home:/opt/rustwide/rustup-home:ro,Z" "-e" "SOURCE_DIR=/opt/rustwide/workdir" "-e" "CARGO_TARGET_DIR=/opt/rustwide/target" "-e" "CARGO_INCREMENTAL=0" "-e" "RUST_BACKTRACE=full" "-e" "RUSTFLAGS=--cap-lints=warn" "-e" "RUSTDOCFLAGS=--cap-lints=warn" "-e" "CARGO_HOME=/opt/rustwide/cargo-home" "-e" "RUSTUP_HOME=/opt/rustwide/rustup-home" "-w" "/opt/rustwide/workdir" "-m" "1610612736" "--user" "0:0" "--network" "none" "ghcr.io/rust-lang/crates-build-env/linux@sha256:2788e3201cd34a07e3172128adcd8b3090168a8e3bcc40d7c032b9dda1df7d1c" "/opt/rustwide/cargo-home/bin/cargo" "+1.75.0" "test" "--frozen", kill_on_drop: false }`
[INFO] [stdout] 199b60569af3d7cc1a3e5d4a93efa3d5dbfad8e8e2c66b0206e8824b9bb1940a
[INFO] running `Command { std: "docker" "start" "-a" "199b60569af3d7cc1a3e5d4a93efa3d5dbfad8e8e2c66b0206e8824b9bb1940a", kill_on_drop: false }`
[INFO] [stderr] warning: method `name` is never used
[INFO] [stderr]   --> src/vpx/gameitem.rs:69:8
[INFO] [stderr]    |
[INFO] [stderr] 68 | impl GameItemEnum {
[INFO] [stderr]    | ----------------- method in this implementation
[INFO] [stderr] 69 |     fn name(&self) -> &str {
[INFO] [stderr]    |        ^^^^
[INFO] [stderr]    |
[INFO] [stderr]    = note: `#[warn(dead_code)]` on by default
[INFO] [stderr] 
[INFO] [stderr] warning: associated function `new` is never used
[INFO] [stderr]   --> src/vpx/gameitem/font.rs:19:12
[INFO] [stderr]    |
[INFO] [stderr] 18 | impl Font {
[INFO] [stderr]    | --------- associated function in this implementation
[INFO] [stderr] 19 |     pub fn new(style: u8, weight: u16, size: u32, name: String) -> Self {
[INFO] [stderr]    |            ^^^
[INFO] [stderr] 
[INFO] [stderr] warning: `vpin` (lib) generated 2 warnings
[INFO] [stderr] warning: unused import: `rayon::prelude`
[INFO] [stderr]  --> tests/vpx_read_write_compare_all.rs:3:5
[INFO] [stderr]   |
[INFO] [stderr] 3 | use rayon::prelude::*;
[INFO] [stderr]   |     ^^^^^^^^^^^^^^
[INFO] [stderr]   |
[INFO] [stderr]   = note: `#[warn(unused_imports)]` on by default
[INFO] [stderr] 
[INFO] [stderr] warning: function `tail` is never used
[INFO] [stderr]   --> tests/directb2s_read_write_compare_all.rs:82:4
[INFO] [stderr]    |
[INFO] [stderr] 82 | fn tail(written: &String, n: usize) -> String {
[INFO] [stderr]    |    ^^^^
[INFO] [stderr]    |
[INFO] [stderr]    = note: `#[warn(dead_code)]` on by default
[INFO] [stderr] 
[INFO] [stderr] warning: `vpin` (test "vpx_read_write_compare_all") generated 1 warning
[INFO] [stderr] warning: `vpin` (test "directb2s_read_write_compare_all") generated 1 warning
[INFO] [stderr] warning: `vpin` (lib test) generated 1 warning (1 duplicate)
[INFO] [stderr]     Finished test [unoptimized + debuginfo] target(s) in 0.04s
[INFO] [stderr]      Running unittests src/lib.rs (/opt/rustwide/target/debug/deps/vpin-796f34ec45e46af2)
[INFO] [stdout] 
[INFO] [stdout] running 40 tests
[INFO] [stdout] test vpx::biff::tests::read_write_empty_tag ... ok
[INFO] [stdout] test vpx::custominfotags::tests::read_write_empty ... ok
[INFO] [stdout] test vpx::collection::test::write_read ... ok
[INFO] [stdout] test vpx::biff::tests::read_write_empty ... ok
[INFO] [stdout] test vpx::font::read_write ... ok
[INFO] [stdout] test vpx::gameitem::bumper::tests::test_write_read ... ok
[INFO] [stdout] test vpx::gameitem::decal::tests::test_write_read ... ok
[INFO] [stdout] test vpx::gameitem::dragpoint::tests::test_write_read ... ok
[INFO] [stdout] test vpx::gamedata::tests::read_write_empty ... ok
[INFO] [stdout] test vpx::gamedata::tests::read_write ... ok
[INFO] [stdout] test vpx::gameitem::font::test::write_read_font ... ok
[INFO] [stdout] test vpx::gameitem::flipper::tests::test_write_read ... ok
[INFO] [stdout] test vpx::gameitem::gate::tests::test_write_read ... ok
[INFO] [stdout] test vpx::gameitem::kicker::tests::test_write_read ... ok
[INFO] [stdout] test vpx::gameitem::hittarget::tests::test_write_read ... ok
[INFO] [stdout] test vpx::gameitem::flasher::tests::test_write_read ... ok
[INFO] [stdout] test vpx::gameitem::plunger::tests::test_write_read ... ok
[INFO] [stdout] test vpx::gameitem::light::tests::test_write_read ... ok
[INFO] [stdout] test vpx::gameitem::ramp::tests::test_write_read ... ok
[INFO] [stdout] test vpx::gameitem::lightsequencer::tests::test_write_read ... ok
[INFO] [stdout] test vpx::gameitem::primitive::tests::test_write_read ... ok
[INFO] [stdout] test vpx::gameitem::reel::tests::test_write_read ... ok
[INFO] [stdout] test vpx::gameitem::trigger::tests::test_write_read ... ok
[INFO] [stdout] test vpx::gameitem::textbox::tests::test_write_read ... ok
[INFO] [stdout] test vpx::gameitem::timer::tests::test_write_read ... ok
[INFO] [stdout] test vpx::image::test::test_write_read ... ok
[INFO] [stdout] test vpx::sound::test::test_write_read_other ... ok
[INFO] [stdout] test vpx::sound::test::test_write_read_wav ... ok
[INFO] [stdout] test vpx::gameitem::spinner::tests::test_write_read ... ok
[INFO] [stdout] test vpx::gameitem::wall::tests::test_write_read ... ok
[INFO] [stdout] test vpx::gameitem::rubber::tests::test_write_read ... ok
[INFO] [stdout] test vpx::image::test::test_write_read_jpeg ... ok
[INFO] [stdout] test vpx::tests::read ... FAILED
[INFO] [stdout] test vpx::tests::test_mac_generation ... FAILED
[INFO] [stdout] test vpx::tests::read_write_gameitems ... FAILED
[INFO] [stdout] test vpx::tests::read_write_gamedata ... FAILED
[INFO] [stdout] test vpx::tableinfo::tests::test_write_read ... ok
[INFO] [stdout] test vpx::tests::test_write_read ... ok
[INFO] [stdout] test vpx::tests::test_minimal_mac ... ok
[INFO] [stdout] test vpx::tests::create_minimal_vpx_and_read ... ok
[INFO] [stdout] 
[INFO] [stdout] failures:
[INFO] [stdout] 
[INFO] [stdout] ---- vpx::tests::read stdout ----
[INFO] [stdout] Error: Os { code: 2, kind: NotFound, message: "No such file or directory" }
[INFO] [stdout] 
[INFO] [stdout] ---- vpx::tests::test_mac_generation stdout ----
[INFO] [stdout] Error: Os { code: 2, kind: NotFound, message: "No such file or directory" }
[INFO] [stdout] 
[INFO] [stdout] ---- vpx::tests::read_write_gameitems stdout ----
[INFO] [stdout] Error: Os { code: 2, kind: NotFound, message: "No such file or directory" }
[INFO] [stdout] 
[INFO] [stdout] ---- vpx::tests::read_write_gamedata stdout ----
[INFO] [stdout] Error: Os { code: 2, kind: NotFound, message: "No such file or directory" }
[INFO] [stdout] 
[INFO] [stdout] 
[INFO] [stdout] failures:
[INFO] [stdout]     vpx::tests::read
[INFO] [stdout]     vpx::tests::read_write_gamedata
[INFO] [stdout]     vpx::tests::read_write_gameitems
[INFO] [stdout]     vpx::tests::test_mac_generation
[INFO] [stdout] 
[INFO] [stdout] test result: FAILED. 36 passed; 4 failed; 0 ignored; 0 measured; 0 filtered out; finished in 0.08s
[INFO] [stdout] 
[INFO] [stderr] error: test failed, to rerun pass `--lib`
[INFO] running `Command { std: "docker" "inspect" "199b60569af3d7cc1a3e5d4a93efa3d5dbfad8e8e2c66b0206e8824b9bb1940a", kill_on_drop: false }`
[INFO] running `Command { std: "docker" "rm" "-f" "199b60569af3d7cc1a3e5d4a93efa3d5dbfad8e8e2c66b0206e8824b9bb1940a", kill_on_drop: false }`
[INFO] [stdout] 199b60569af3d7cc1a3e5d4a93efa3d5dbfad8e8e2c66b0206e8824b9bb1940a
[INFO] testing vpin-0.7.0 against beta-2023-12-22 for beta-1.76-1
[INFO] extracting crate vpin 0.7.0 into /workspace/builds/worker-2-tc2/source
[INFO] validating manifest of crates.io crate vpin 0.7.0 on toolchain beta-2023-12-22
[INFO] running `Command { std: CARGO_HOME="/workspace/cargo-home" RUSTUP_HOME="/workspace/rustup-home" "/workspace/cargo-home/bin/cargo" "+beta-2023-12-22" "metadata" "--manifest-path" "Cargo.toml" "--no-deps", kill_on_drop: false }`
[INFO] started tweaking crates.io crate vpin 0.7.0
[INFO] finished tweaking crates.io crate vpin 0.7.0
[INFO] tweaked toml for crates.io crate vpin 0.7.0 written to /workspace/builds/worker-2-tc2/source/Cargo.toml
[INFO] running `Command { std: CARGO_HOME="/workspace/cargo-home" RUSTUP_HOME="/workspace/rustup-home" "/workspace/cargo-home/bin/cargo" "+beta-2023-12-22" "generate-lockfile" "--manifest-path" "Cargo.toml", kill_on_drop: false }`
[INFO] [stderr]     Updating crates.io index
[INFO] running `Command { std: CARGO_HOME="/workspace/cargo-home" RUSTUP_HOME="/workspace/rustup-home" "/workspace/cargo-home/bin/cargo" "+beta-2023-12-22" "fetch" "--manifest-path" "Cargo.toml", kill_on_drop: false }`
[INFO] running `Command { std: "docker" "create" "-v" "/var/lib/crater-agent-workspace/builds/worker-2-tc2/target:/opt/rustwide/target:rw,Z" "-v" "/var/lib/crater-agent-workspace/builds/worker-2-tc2/source:/opt/rustwide/workdir:ro,Z" "-v" "/var/lib/crater-agent-workspace/cargo-home:/opt/rustwide/cargo-home:ro,Z" "-v" "/var/lib/crater-agent-workspace/rustup-home:/opt/rustwide/rustup-home:ro,Z" "-e" "SOURCE_DIR=/opt/rustwide/workdir" "-e" "CARGO_TARGET_DIR=/opt/rustwide/target" "-e" "CARGO_HOME=/opt/rustwide/cargo-home" "-e" "RUSTUP_HOME=/opt/rustwide/rustup-home" "-w" "/opt/rustwide/workdir" "-m" "1610612736" "--user" "0:0" "--network" "none" "ghcr.io/rust-lang/crates-build-env/linux@sha256:2788e3201cd34a07e3172128adcd8b3090168a8e3bcc40d7c032b9dda1df7d1c" "/opt/rustwide/cargo-home/bin/cargo" "+beta-2023-12-22" "metadata" "--no-deps" "--format-version=1", kill_on_drop: false }`
[INFO] [stdout] 124b799d4bf393e9434acd4b80ebb8d26a0542384c6fe199f28ad298df309175
[INFO] running `Command { std: "docker" "start" "-a" "124b799d4bf393e9434acd4b80ebb8d26a0542384c6fe199f28ad298df309175", kill_on_drop: false }`
[INFO] running `Command { std: "docker" "inspect" "124b799d4bf393e9434acd4b80ebb8d26a0542384c6fe199f28ad298df309175", kill_on_drop: false }`
[INFO] running `Command { std: "docker" "rm" "-f" "124b799d4bf393e9434acd4b80ebb8d26a0542384c6fe199f28ad298df309175", kill_on_drop: false }`
[INFO] [stdout] 124b799d4bf393e9434acd4b80ebb8d26a0542384c6fe199f28ad298df309175
[INFO] running `Command { std: "docker" "create" "-v" "/var/lib/crater-agent-workspace/builds/worker-2-tc2/target:/opt/rustwide/target:rw,Z" "-v" "/var/lib/crater-agent-workspace/builds/worker-2-tc2/source:/opt/rustwide/workdir:ro,Z" "-v" "/var/lib/crater-agent-workspace/cargo-home:/opt/rustwide/cargo-home:ro,Z" "-v" "/var/lib/crater-agent-workspace/rustup-home:/opt/rustwide/rustup-home:ro,Z" "-e" "SOURCE_DIR=/opt/rustwide/workdir" "-e" "CARGO_TARGET_DIR=/opt/rustwide/target" "-e" "CARGO_INCREMENTAL=0" "-e" "RUST_BACKTRACE=full" "-e" "RUSTFLAGS=--cap-lints=warn" "-e" "RUSTDOCFLAGS=--cap-lints=warn" "-e" "CARGO_HOME=/opt/rustwide/cargo-home" "-e" "RUSTUP_HOME=/opt/rustwide/rustup-home" "-w" "/opt/rustwide/workdir" "-m" "1610612736" "--user" "0:0" "--network" "none" "ghcr.io/rust-lang/crates-build-env/linux@sha256:2788e3201cd34a07e3172128adcd8b3090168a8e3bcc40d7c032b9dda1df7d1c" "/opt/rustwide/cargo-home/bin/cargo" "+beta-2023-12-22" "build" "--frozen" "--message-format=json", kill_on_drop: false }`
[INFO] [stdout] 11005d6813c09327e5d6ca59bdad82089c078620605fb2199892a5d6475db36a
[INFO] running `Command { std: "docker" "start" "-a" "11005d6813c09327e5d6ca59bdad82089c078620605fb2199892a5d6475db36a", kill_on_drop: false }`
[INFO] [stderr]    Compiling proc-macro2 v1.0.75
[INFO] [stderr]    Compiling unicode-ident v1.0.12
[INFO] [stderr]    Compiling typenum v1.17.0
[INFO] [stderr]    Compiling serde v1.0.194
[INFO] [stderr]    Compiling byteorder v1.5.0
[INFO] [stderr]    Compiling memchr v2.7.1
[INFO] [stderr]    Compiling generic-array v0.14.7
[INFO] [stderr]    Compiling serde_json v1.0.111
[INFO] [stderr]    Compiling hashbrown v0.14.3
[INFO] [stderr]    Compiling uuid v1.6.1
[INFO] [stderr]    Compiling minimal-lexical v0.2.1
[INFO] [stderr]    Compiling itoa v1.0.10
[INFO] [stderr]    Compiling ryu v1.0.16
[INFO] [stderr]    Compiling encoding_rs v0.8.33
[INFO] [stderr]    Compiling cfb v0.9.0
[INFO] [stderr]    Compiling utf16string v0.2.0
[INFO] [stderr]    Compiling nom v7.1.3
[INFO] [stderr]    Compiling bytes v1.5.0
[INFO] [stderr]    Compiling indexmap v2.1.0
[INFO] [stderr]    Compiling quote v1.0.35
[INFO] [stderr]    Compiling syn v2.0.48
[INFO] [stderr]    Compiling block-buffer v0.10.4
[INFO] [stderr]    Compiling crypto-common v0.1.6
[INFO] [stderr]    Compiling digest v0.10.7
[INFO] [stderr]    Compiling md2 v0.10.2
[INFO] [stderr]    Compiling serde_derive v1.0.194
[INFO] [stderr]    Compiling serde_repr v0.1.18
[INFO] [stderr]    Compiling quick-xml v0.31.0
[INFO] [stderr]    Compiling vpin v0.7.0 (/opt/rustwide/workdir)
[INFO] [stdout] warning: method `name` is never used
[INFO] [stdout]   --> src/vpx/gameitem.rs:69:8
[INFO] [stdout]    |
[INFO] [stdout] 68 | impl GameItemEnum {
[INFO] [stdout]    | ----------------- method in this implementation
[INFO] [stdout] 69 |     fn name(&self) -> &str {
[INFO] [stdout]    |        ^^^^
[INFO] [stdout]    |
[INFO] [stdout]    = note: `#[warn(dead_code)]` on by default
[INFO] [stdout] 
[INFO] [stdout] 
[INFO] [stdout] warning: associated function `new` is never used
[INFO] [stdout]   --> src/vpx/gameitem/font.rs:19:12
[INFO] [stdout]    |
[INFO] [stdout] 18 | impl Font {
[INFO] [stdout]    | --------- associated function in this implementation
[INFO] [stdout] 19 |     pub fn new(style: u8, weight: u16, size: u32, name: String) -> Self {
[INFO] [stdout]    |            ^^^
[INFO] [stdout] 
[INFO] [stdout] 
[INFO] [stdout] warning: 2 warnings emitted
[INFO] [stdout] 
[INFO] [stdout] 
[INFO] [stderr]     Finished dev [unoptimized + debuginfo] target(s) in 8.88s
[INFO] running `Command { std: "docker" "inspect" "11005d6813c09327e5d6ca59bdad82089c078620605fb2199892a5d6475db36a", kill_on_drop: false }`
[INFO] running `Command { std: "docker" "rm" "-f" "11005d6813c09327e5d6ca59bdad82089c078620605fb2199892a5d6475db36a", kill_on_drop: false }`
[INFO] [stdout] 11005d6813c09327e5d6ca59bdad82089c078620605fb2199892a5d6475db36a
[INFO] running `Command { std: "docker" "create" "-v" "/var/lib/crater-agent-workspace/builds/worker-2-tc2/target:/opt/rustwide/target:rw,Z" "-v" "/var/lib/crater-agent-workspace/builds/worker-2-tc2/source:/opt/rustwide/workdir:ro,Z" "-v" "/var/lib/crater-agent-workspace/cargo-home:/opt/rustwide/cargo-home:ro,Z" "-v" "/var/lib/crater-agent-workspace/rustup-home:/opt/rustwide/rustup-home:ro,Z" "-e" "SOURCE_DIR=/opt/rustwide/workdir" "-e" "CARGO_TARGET_DIR=/opt/rustwide/target" "-e" "CARGO_INCREMENTAL=0" "-e" "RUST_BACKTRACE=full" "-e" "RUSTFLAGS=--cap-lints=warn" "-e" "RUSTDOCFLAGS=--cap-lints=warn" "-e" "CARGO_HOME=/opt/rustwide/cargo-home" "-e" "RUSTUP_HOME=/opt/rustwide/rustup-home" "-w" "/opt/rustwide/workdir" "-m" "1610612736" "--user" "0:0" "--network" "none" "ghcr.io/rust-lang/crates-build-env/linux@sha256:2788e3201cd34a07e3172128adcd8b3090168a8e3bcc40d7c032b9dda1df7d1c" "/opt/rustwide/cargo-home/bin/cargo" "+beta-2023-12-22" "test" "--frozen" "--no-run" "--message-format=json", kill_on_drop: false }`
[INFO] [stdout] 57a7dc85d9ce97e8309b688319fdec0df3d2e04b45e0bdc68d9ae34058fa39cf
[INFO] running `Command { std: "docker" "start" "-a" "57a7dc85d9ce97e8309b688319fdec0df3d2e04b45e0bdc68d9ae34058fa39cf", kill_on_drop: false }`
[INFO] [stderr]    Compiling libc v0.2.151
[INFO] [stderr]    Compiling crossbeam-utils v0.8.18
[INFO] [stderr]    Compiling serde_json v1.0.111
[INFO] [stderr]    Compiling semver v1.0.21
[INFO] [stderr]    Compiling camino v1.1.6
[INFO] [stderr]    Compiling rayon-core v1.12.0
[INFO] [stderr]    Compiling anyhow v1.0.79
[INFO] [stderr]    Compiling gimli v0.28.1
[INFO] [stderr]    Compiling cargo-platform v0.1.6
[INFO] [stderr]    Compiling object v0.32.2
[INFO] [stderr]    Compiling option-ext v0.2.0
[INFO] [stderr]    Compiling crossbeam-epoch v0.9.17
[INFO] [stderr]    Compiling once_cell v1.19.0
[INFO] [stderr]    Compiling crossbeam-deque v0.8.4
[INFO] [stderr]    Compiling cc v1.0.83
[INFO] [stderr]    Compiling cargo_metadata v0.14.2
[INFO] [stderr]    Compiling getrandom v0.2.11
[INFO] [stderr]    Compiling sysinfo v0.26.9
[INFO] [stderr]    Compiling rand_core v0.6.4
[INFO] [stderr]    Compiling rand_chacha v0.3.1
[INFO] [stderr]    Compiling dirs-sys v0.4.1
[INFO] [stderr]    Compiling yansi v0.5.1
[INFO] [stderr]    Compiling either v1.9.0
[INFO] [stderr]    Compiling whoami v1.4.1
[INFO] [stderr]    Compiling diff v0.1.13
[INFO] [stderr]    Compiling backtrace v0.3.69
[INFO] [stderr]    Compiling addr2line v0.21.0
[INFO] [stderr]    Compiling pretty_assertions v1.4.0
[INFO] [stderr]    Compiling walkdir v2.4.0
[INFO] [stderr]    Compiling rayon v1.8.0
[INFO] [stderr]    Compiling dirs v5.0.1
[INFO] [stderr]    Compiling rand v0.8.5
[INFO] [stderr]    Compiling testresult v0.3.0
[INFO] [stderr]    Compiling roxmltree v0.19.0
[INFO] [stderr]    Compiling vpin v0.7.0 (/opt/rustwide/workdir)
[INFO] [stderr]    Compiling testdir v0.9.1
[INFO] [stdout] warning: method `name` is never used
[INFO] [stdout]   --> src/vpx/gameitem.rs:69:8
[INFO] [stdout]    |
[INFO] [stdout] 68 | impl GameItemEnum {
[INFO] [stdout]    | ----------------- method in this implementation
[INFO] [stdout] 69 |     fn name(&self) -> &str {
[INFO] [stdout]    |        ^^^^
[INFO] [stdout]    |
[INFO] [stdout]    = note: `#[warn(dead_code)]` on by default
[INFO] [stdout] 
[INFO] [stdout] 
[INFO] [stdout] warning: associated function `new` is never used
[INFO] [stdout]   --> src/vpx/gameitem/font.rs:19:12
[INFO] [stdout]    |
[INFO] [stdout] 18 | impl Font {
[INFO] [stdout]    | --------- associated function in this implementation
[INFO] [stdout] 19 |     pub fn new(style: u8, weight: u16, size: u32, name: String) -> Self {
[INFO] [stdout]    |            ^^^
[INFO] [stdout] 
[INFO] [stdout] 
[INFO] [stdout] warning: 2 warnings emitted
[INFO] [stdout] 
[INFO] [stdout] 
[INFO] [stdout] warning: function `tail` is never used
[INFO] [stdout]   --> tests/directb2s_read_write_compare_all.rs:82:4
[INFO] [stdout]    |
[INFO] [stdout] 82 | fn tail(written: &String, n: usize) -> String {
[INFO] [stdout]    |    ^^^^
[INFO] [stdout]    |
[INFO] [stdout]    = note: `#[warn(dead_code)]` on by default
[INFO] [stdout] 
[INFO] [stdout] 
[INFO] [stdout] warning: unused import: `rayon::prelude`
[INFO] [stdout]  --> tests/vpx_read_write_compare_all.rs:3:5
[INFO] [stdout]   |
[INFO] [stdout] 3 | use rayon::prelude::*;
[INFO] [stdout]   |     ^^^^^^^^^^^^^^
[INFO] [stdout]   |
[INFO] [stdout]   = note: `#[warn(unused_imports)]` on by default
[INFO] [stdout] 
[INFO] [stdout] 
[INFO] [stdout] warning: method `name` is never used
[INFO] [stdout]   --> src/vpx/gameitem.rs:69:8
[INFO] [stdout]    |
[INFO] [stdout] 68 | impl GameItemEnum {
[INFO] [stdout]    | ----------------- method in this implementation
[INFO] [stdout] 69 |     fn name(&self) -> &str {
[INFO] [stdout]    |        ^^^^
[INFO] [stdout]    |
[INFO] [stdout]    = note: `#[warn(dead_code)]` on by default
[INFO] [stdout] 
[INFO] [stdout] 
[INFO] [stdout] warning: 1 warning emitted
[INFO] [stdout] 
[INFO] [stdout] 
[INFO] [stdout] warning: 1 warning emitted
[INFO] [stdout] 
[INFO] [stdout] 
[INFO] [stdout] warning: 1 warning emitted
[INFO] [stdout] 
[INFO] [stdout] 
[INFO] [stderr]     Finished test [unoptimized + debuginfo] target(s) in 14.00s
[INFO] running `Command { std: "docker" "inspect" "57a7dc85d9ce97e8309b688319fdec0df3d2e04b45e0bdc68d9ae34058fa39cf", kill_on_drop: false }`
[INFO] running `Command { std: "docker" "rm" "-f" "57a7dc85d9ce97e8309b688319fdec0df3d2e04b45e0bdc68d9ae34058fa39cf", kill_on_drop: false }`
[INFO] [stdout] 57a7dc85d9ce97e8309b688319fdec0df3d2e04b45e0bdc68d9ae34058fa39cf
[INFO] running `Command { std: "docker" "create" "-v" "/var/lib/crater-agent-workspace/builds/worker-2-tc2/target:/opt/rustwide/target:rw,Z" "-v" "/var/lib/crater-agent-workspace/builds/worker-2-tc2/source:/opt/rustwide/workdir:ro,Z" "-v" "/var/lib/crater-agent-workspace/cargo-home:/opt/rustwide/cargo-home:ro,Z" "-v" "/var/lib/crater-agent-workspace/rustup-home:/opt/rustwide/rustup-home:ro,Z" "-e" "SOURCE_DIR=/opt/rustwide/workdir" "-e" "CARGO_TARGET_DIR=/opt/rustwide/target" "-e" "CARGO_INCREMENTAL=0" "-e" "RUST_BACKTRACE=full" "-e" "RUSTFLAGS=--cap-lints=warn" "-e" "RUSTDOCFLAGS=--cap-lints=warn" "-e" "CARGO_HOME=/opt/rustwide/cargo-home" "-e" "RUSTUP_HOME=/opt/rustwide/rustup-home" "-w" "/opt/rustwide/workdir" "-m" "1610612736" "--user" "0:0" "--network" "none" "ghcr.io/rust-lang/crates-build-env/linux@sha256:2788e3201cd34a07e3172128adcd8b3090168a8e3bcc40d7c032b9dda1df7d1c" "/opt/rustwide/cargo-home/bin/cargo" "+beta-2023-12-22" "test" "--frozen", kill_on_drop: false }`
[INFO] [stdout] 3df1a9a2b6b29edf84d9dd826a84fe587c2b93db3424da0ea138cb8e9e272a68
[INFO] running `Command { std: "docker" "start" "-a" "3df1a9a2b6b29edf84d9dd826a84fe587c2b93db3424da0ea138cb8e9e272a68", kill_on_drop: false }`
[INFO] [stderr] warning: method `name` is never used
[INFO] [stderr]   --> src/vpx/gameitem.rs:69:8
[INFO] [stderr]    |
[INFO] [stderr] 68 | impl GameItemEnum {
[INFO] [stderr]    | ----------------- method in this implementation
[INFO] [stderr] 69 |     fn name(&self) -> &str {
[INFO] [stderr]    |        ^^^^
[INFO] [stderr]    |
[INFO] [stderr]    = note: `#[warn(dead_code)]` on by default
[INFO] [stderr] 
[INFO] [stderr] warning: associated function `new` is never used
[INFO] [stderr]   --> src/vpx/gameitem/font.rs:19:12
[INFO] [stderr]    |
[INFO] [stderr] 18 | impl Font {
[INFO] [stderr]    | --------- associated function in this implementation
[INFO] [stderr] 19 |     pub fn new(style: u8, weight: u16, size: u32, name: String) -> Self {
[INFO] [stderr]    |            ^^^
[INFO] [stderr] 
[INFO] [stderr] warning: `vpin` (lib) generated 2 warnings
[INFO] [stderr] warning: function `tail` is never used
[INFO] [stderr]   --> tests/directb2s_read_write_compare_all.rs:82:4
[INFO] [stderr]    |
[INFO] [stderr] 82 | fn tail(written: &String, n: usize) -> String {
[INFO] [stderr]    |    ^^^^
[INFO] [stderr]    |
[INFO] [stderr]    = note: `#[warn(dead_code)]` on by default
[INFO] [stderr] 
[INFO] [stderr] warning: unused import: `rayon::prelude`
[INFO] [stderr]  --> tests/vpx_read_write_compare_all.rs:3:5
[INFO] [stderr]   |
[INFO] [stderr] 3 | use rayon::prelude::*;
[INFO] [stderr]   |     ^^^^^^^^^^^^^^
[INFO] [stderr]   |
[INFO] [stderr]   = note: `#[warn(unused_imports)]` on by default
[INFO] [stderr] 
[INFO] [stderr] warning: `vpin` (test "directb2s_read_write_compare_all") generated 1 warning
[INFO] [stderr] warning: `vpin` (lib test) generated 1 warning (1 duplicate)
[INFO] [stderr] warning: `vpin` (test "vpx_read_write_compare_all") generated 1 warning
[INFO] [stderr]     Finished test [unoptimized + debuginfo] target(s) in 0.07s
[INFO] [stderr]      Running unittests src/lib.rs (/opt/rustwide/target/debug/deps/vpin-2830dc7710449ef1)
[INFO] [stdout] 
[INFO] [stdout] running 40 tests
[INFO] [stdout] test vpx::gamedata::tests::read_write ... ok
[INFO] [stdout] test vpx::gameitem::bumper::tests::test_write_read ... ok
[INFO] [stdout] test vpx::collection::test::write_read ... ok
[INFO] [stdout] test vpx::custominfotags::tests::read_write_empty ... ok
[INFO] [stdout] test vpx::biff::tests::read_write_empty_tag ... ok
[INFO] [stdout] test vpx::gameitem::decal::tests::test_write_read ... ok
[INFO] [stdout] test vpx::biff::tests::read_write_empty ... ok
[INFO] [stdout] test vpx::gamedata::tests::read_write_empty ... ok
[INFO] [stdout] test vpx::font::read_write ... ok
[INFO] [stdout] test vpx::gameitem::dragpoint::tests::test_write_read ... ok
[INFO] [stdout] test vpx::gameitem::font::test::write_read_font ... ok
[INFO] [stdout] test vpx::gameitem::gate::tests::test_write_read ... ok
[INFO] [stdout] test vpx::gameitem::kicker::tests::test_write_read ... ok
[INFO] [stdout] test vpx::gameitem::primitive::tests::test_write_read ... ok
[INFO] [stdout] test vpx::gameitem::light::tests::test_write_read ... ok
[INFO] [stdout] test vpx::gameitem::lightsequencer::tests::test_write_read ... ok
[INFO] [stdout] test vpx::gameitem::plunger::tests::test_write_read ... ok
[INFO] [stdout] test vpx::gameitem::flipper::tests::test_write_read ... ok
[INFO] [stdout] test vpx::gameitem::rubber::tests::test_write_read ... ok
[INFO] [stdout] test vpx::gameitem::reel::tests::test_write_read ... ok
[INFO] [stdout] test vpx::gameitem::timer::tests::test_write_read ... ok
[INFO] [stdout] test vpx::gameitem::wall::tests::test_write_read ... ok
[INFO] [stdout] test vpx::gameitem::textbox::tests::test_write_read ... ok
[INFO] [stdout] test vpx::gameitem::hittarget::tests::test_write_read ... ok
[INFO] [stdout] test vpx::gameitem::trigger::tests::test_write_read ... ok
[INFO] [stdout] test vpx::gameitem::flasher::tests::test_write_read ... ok
[INFO] [stdout] test vpx::sound::test::test_write_read_wav ... ok
[INFO] [stdout] test vpx::image::test::test_write_read ... ok
[INFO] [stdout] test vpx::image::test::test_write_read_jpeg ... ok
[INFO] [stdout] test vpx::gameitem::ramp::tests::test_write_read ... ok
[INFO] [stdout] test vpx::gameitem::spinner::tests::test_write_read ... ok
[INFO] [stdout] test vpx::tests::read_write_gamedata ... FAILED
[INFO] [stdout] test vpx::tests::read_write_gameitems ... FAILED
[INFO] [stdout] test vpx::tests::read ... FAILED
[INFO] [stdout] test vpx::tests::test_write_read ... ok
[INFO] [stdout] test vpx::sound::test::test_write_read_other ... ok
[INFO] [stdout] test vpx::tests::test_minimal_mac ... ok
[INFO] [stdout] test vpx::tableinfo::tests::test_write_read ... ok
[INFO] [stdout] test vpx::tests::test_mac_generation ... FAILED
[INFO] [stdout] test vpx::tests::create_minimal_vpx_and_read ... ok
[INFO] [stdout] 
[INFO] [stdout] failures:
[INFO] [stdout] 
[INFO] [stdout] ---- vpx::tests::read_write_gamedata stdout ----
[INFO] [stdout] Error: Os { code: 2, kind: NotFound, message: "No such file or directory" }
[INFO] [stdout] 
[INFO] [stdout] ---- vpx::tests::read_write_gameitems stdout ----
[INFO] [stdout] Error: Os { code: 2, kind: NotFound, message: "No such file or directory" }
[INFO] [stdout] 
[INFO] [stdout] ---- vpx::tests::read stdout ----
[INFO] [stdout] Error: Os { code: 2, kind: NotFound, message: "No such file or directory" }
[INFO] [stdout] 
[INFO] [stdout] ---- vpx::tests::test_mac_generation stdout ----
[INFO] [stdout] Error: Os { code: 2, kind: NotFound, message: "No such file or directory" }
[INFO] [stdout] 
[INFO] [stdout] 
[INFO] [stdout] failures:
[INFO] [stdout]     vpx::tests::read
[INFO] [stdout]     vpx::tests::read_write_gamedata
[INFO] [stdout]     vpx::tests::read_write_gameitems
[INFO] [stdout]     vpx::tests::test_mac_generation
[INFO] [stdout] 
[INFO] [stdout] test result: FAILED. 36 passed; 4 failed; 0 ignored; 0 measured; 0 filtered out; finished in 0.21s
[INFO] [stdout] 
[INFO] [stderr] error: test failed, to rerun pass `--lib`
[INFO] running `Command { std: "docker" "inspect" "3df1a9a2b6b29edf84d9dd826a84fe587c2b93db3424da0ea138cb8e9e272a68", kill_on_drop: false }`
[INFO] running `Command { std: "docker" "rm" "-f" "3df1a9a2b6b29edf84d9dd826a84fe587c2b93db3424da0ea138cb8e9e272a68", kill_on_drop: false }`
[INFO] [stdout] 3df1a9a2b6b29edf84d9dd826a84fe587c2b93db3424da0ea138cb8e9e272a68
