[INFO] fetching crate voproof 0.2.0...
[INFO] testing voproof-0.2.0 against 1.75.0 for beta-1.76-1
[INFO] extracting crate voproof 0.2.0 into /workspace/builds/worker-2-tc1/source
[INFO] validating manifest of crates.io crate voproof 0.2.0 on toolchain 1.75.0
[INFO] running `Command { std: CARGO_HOME="/workspace/cargo-home" RUSTUP_HOME="/workspace/rustup-home" "/workspace/cargo-home/bin/cargo" "+1.75.0" "metadata" "--manifest-path" "Cargo.toml" "--no-deps", kill_on_drop: false }`
[INFO] started tweaking crates.io crate voproof 0.2.0
[INFO] finished tweaking crates.io crate voproof 0.2.0
[INFO] tweaked toml for crates.io crate voproof 0.2.0 written to /workspace/builds/worker-2-tc1/source/Cargo.toml
[INFO] crate crates.io crate voproof 0.2.0 already has a lockfile, it will not be regenerated
[INFO] running `Command { std: CARGO_HOME="/workspace/cargo-home" RUSTUP_HOME="/workspace/rustup-home" "/workspace/cargo-home/bin/cargo" "+1.75.0" "fetch" "--manifest-path" "Cargo.toml", kill_on_drop: false }`
[INFO] [stderr]     Updating crates.io index
[INFO] [stderr]  Downloading crates ...
[INFO] [stderr]   Downloaded ark-marlin v0.3.0
[INFO] [stderr]   Downloaded ark-poly-commit v0.3.0
[INFO] [stderr]   Downloaded ark-r1cs-std v0.3.1
[INFO] running `Command { std: "docker" "create" "-v" "/var/lib/crater-agent-workspace/builds/worker-2-tc1/target:/opt/rustwide/target:rw,Z" "-v" "/var/lib/crater-agent-workspace/builds/worker-2-tc1/source:/opt/rustwide/workdir:ro,Z" "-v" "/var/lib/crater-agent-workspace/cargo-home:/opt/rustwide/cargo-home:ro,Z" "-v" "/var/lib/crater-agent-workspace/rustup-home:/opt/rustwide/rustup-home:ro,Z" "-e" "SOURCE_DIR=/opt/rustwide/workdir" "-e" "CARGO_TARGET_DIR=/opt/rustwide/target" "-e" "CARGO_HOME=/opt/rustwide/cargo-home" "-e" "RUSTUP_HOME=/opt/rustwide/rustup-home" "-w" "/opt/rustwide/workdir" "-m" "1610612736" "--user" "0:0" "--network" "none" "ghcr.io/rust-lang/crates-build-env/linux@sha256:2788e3201cd34a07e3172128adcd8b3090168a8e3bcc40d7c032b9dda1df7d1c" "/opt/rustwide/cargo-home/bin/cargo" "+1.75.0" "metadata" "--no-deps" "--format-version=1", kill_on_drop: false }`
[INFO] [stdout] bcb3f98e66f41b4a5a210322293beaf0acef91a6fca601191d6baa1a4b1525cf
[INFO] running `Command { std: "docker" "start" "-a" "bcb3f98e66f41b4a5a210322293beaf0acef91a6fca601191d6baa1a4b1525cf", kill_on_drop: false }`
[INFO] running `Command { std: "docker" "inspect" "bcb3f98e66f41b4a5a210322293beaf0acef91a6fca601191d6baa1a4b1525cf", kill_on_drop: false }`
[INFO] running `Command { std: "docker" "rm" "-f" "bcb3f98e66f41b4a5a210322293beaf0acef91a6fca601191d6baa1a4b1525cf", kill_on_drop: false }`
[INFO] [stdout] bcb3f98e66f41b4a5a210322293beaf0acef91a6fca601191d6baa1a4b1525cf
[INFO] running `Command { std: "docker" "create" "-v" "/var/lib/crater-agent-workspace/builds/worker-2-tc1/target:/opt/rustwide/target:rw,Z" "-v" "/var/lib/crater-agent-workspace/builds/worker-2-tc1/source:/opt/rustwide/workdir:ro,Z" "-v" "/var/lib/crater-agent-workspace/cargo-home:/opt/rustwide/cargo-home:ro,Z" "-v" "/var/lib/crater-agent-workspace/rustup-home:/opt/rustwide/rustup-home:ro,Z" "-e" "SOURCE_DIR=/opt/rustwide/workdir" "-e" "CARGO_TARGET_DIR=/opt/rustwide/target" "-e" "CARGO_INCREMENTAL=0" "-e" "RUST_BACKTRACE=full" "-e" "RUSTFLAGS=--cap-lints=warn" "-e" "RUSTDOCFLAGS=--cap-lints=warn" "-e" "CARGO_HOME=/opt/rustwide/cargo-home" "-e" "RUSTUP_HOME=/opt/rustwide/rustup-home" "-w" "/opt/rustwide/workdir" "-m" "1610612736" "--user" "0:0" "--network" "none" "ghcr.io/rust-lang/crates-build-env/linux@sha256:2788e3201cd34a07e3172128adcd8b3090168a8e3bcc40d7c032b9dda1df7d1c" "/opt/rustwide/cargo-home/bin/cargo" "+1.75.0" "build" "--frozen" "--message-format=json", kill_on_drop: false }`
[INFO] [stdout] 29fcb686a71e1b8a9974c152e701dae8f5d3c3252ff8f656ee98effe390a855a
[INFO] running `Command { std: "docker" "start" "-a" "29fcb686a71e1b8a9974c152e701dae8f5d3c3252ff8f656ee98effe390a855a", kill_on_drop: false }`
[INFO] [stderr]    Compiling autocfg v1.0.1
[INFO] [stderr]    Compiling proc-macro2 v1.0.32
[INFO] [stderr]    Compiling unicode-xid v0.2.2
[INFO] [stderr]    Compiling version_check v0.9.3
[INFO] [stderr]    Compiling syn v1.0.81
[INFO] [stderr]    Compiling libc v0.2.105
[INFO] [stderr]    Compiling crossbeam-utils v0.8.5
[INFO] [stderr]    Compiling typenum v1.14.0
[INFO] [stderr]    Compiling crossbeam-epoch v0.9.5
[INFO] [stderr]    Compiling scopeguard v1.1.0
[INFO] [stderr]    Compiling ucd-trie v0.1.3
[INFO] [stderr]    Compiling rayon-core v1.9.1
[INFO] [stderr]    Compiling rand_core v0.6.3
[INFO] [stderr]    Compiling ppv-lite86 v0.2.15
[INFO] [stderr]    Compiling either v1.6.1
[INFO] [stderr]    Compiling paste v1.0.5
[INFO] [stderr]    Compiling tracing-core v0.1.21
[INFO] [stderr]    Compiling pin-project-lite v0.2.7
[INFO] [stderr]    Compiling pest v2.1.3
[INFO] [stderr]    Compiling once_cell v1.8.0
[INFO] [stderr]    Compiling opaque-debug v0.3.0
[INFO] [stderr]    Compiling subtle v2.4.1
[INFO] [stderr]    Compiling cpufeatures v0.2.1
[INFO] [stderr]    Compiling generic-array v0.14.4
[INFO] [stderr]    Compiling memoffset v0.6.4
[INFO] [stderr]    Compiling num-traits v0.2.14
[INFO] [stderr]    Compiling num-integer v0.1.44
[INFO] [stderr]    Compiling rayon v1.5.1
[INFO] [stderr]    Compiling rand_chacha v0.3.1
[INFO] [stderr]    Compiling num-bigint v0.4.2
[INFO] [stderr]    Compiling crossbeam-channel v0.5.1
[INFO] [stderr]    Compiling rand v0.8.4
[INFO] [stderr]    Compiling ahash v0.7.6
[INFO] [stderr]    Compiling tracing-subscriber v0.2.25
[INFO] [stderr]    Compiling quote v1.0.10
[INFO] [stderr]    Compiling semver-parser v0.10.2
[INFO] [stderr]    Compiling crossbeam-deque v0.8.1
[INFO] [stderr]    Compiling num_cpus v1.13.0
[INFO] [stderr]    Compiling getrandom v0.2.3
[INFO] [stderr]    Compiling semver v0.11.0
[INFO] [stderr]    Compiling hashbrown v0.11.2
[INFO] [stderr]    Compiling rustc_version v0.3.3
[INFO] [stderr]    Compiling ark-ff v0.3.0
[INFO] [stderr]    Compiling digest v0.9.0
[INFO] [stderr]    Compiling crypto-mac v0.8.0
[INFO] [stderr]    Compiling block-buffer v0.9.0
[INFO] [stderr]    Compiling sha2 v0.9.8
[INFO] [stderr]    Compiling blake2 v0.9.2
[INFO] [stderr]    Compiling ark-std v0.3.0
[INFO] [stderr]    Compiling synstructure v0.12.6
[INFO] [stderr]    Compiling zeroize_derive v1.2.0
[INFO] [stderr]    Compiling ark-serialize-derive v0.3.0
[INFO] [stderr]    Compiling ark-ff-macros v0.3.0
[INFO] [stderr]    Compiling derivative v2.2.0
[INFO] [stderr]    Compiling ark-ff-asm v0.3.0
[INFO] [stderr]    Compiling tracing-attributes v0.1.18
[INFO] [stderr]    Compiling ark-serialize v0.3.0
[INFO] [stderr]    Compiling zeroize v1.4.2
[INFO] [stderr]    Compiling tracing v0.1.29
[INFO] [stderr]    Compiling ark-ec v0.3.0
[INFO] [stderr]    Compiling ark-relations v0.3.0
[INFO] [stderr]    Compiling ark-poly v0.3.0
[INFO] [stderr]    Compiling ark-r1cs-std v0.3.1
[INFO] [stderr]    Compiling ark-bls12-381 v0.3.0
[INFO] [stderr]    Compiling ark-bls12-377 v0.3.0
[INFO] [stderr]    Compiling ark-nonnative-field v0.3.0
[INFO] [stderr]    Compiling ark-poly-commit v0.3.0
[INFO] [stderr]    Compiling ark-marlin v0.3.0
[INFO] [stderr]    Compiling voproof v0.2.0 (/opt/rustwide/workdir)
[INFO] [stderr]     Finished dev [unoptimized + debuginfo] target(s) in 30.81s
[INFO] running `Command { std: "docker" "inspect" "29fcb686a71e1b8a9974c152e701dae8f5d3c3252ff8f656ee98effe390a855a", kill_on_drop: false }`
[INFO] running `Command { std: "docker" "rm" "-f" "29fcb686a71e1b8a9974c152e701dae8f5d3c3252ff8f656ee98effe390a855a", kill_on_drop: false }`
[INFO] [stdout] 29fcb686a71e1b8a9974c152e701dae8f5d3c3252ff8f656ee98effe390a855a
[INFO] running `Command { std: "docker" "create" "-v" "/var/lib/crater-agent-workspace/builds/worker-2-tc1/target:/opt/rustwide/target:rw,Z" "-v" "/var/lib/crater-agent-workspace/builds/worker-2-tc1/source:/opt/rustwide/workdir:ro,Z" "-v" "/var/lib/crater-agent-workspace/cargo-home:/opt/rustwide/cargo-home:ro,Z" "-v" "/var/lib/crater-agent-workspace/rustup-home:/opt/rustwide/rustup-home:ro,Z" "-e" "SOURCE_DIR=/opt/rustwide/workdir" "-e" "CARGO_TARGET_DIR=/opt/rustwide/target" "-e" "CARGO_INCREMENTAL=0" "-e" "RUST_BACKTRACE=full" "-e" "RUSTFLAGS=--cap-lints=warn" "-e" "RUSTDOCFLAGS=--cap-lints=warn" "-e" "CARGO_HOME=/opt/rustwide/cargo-home" "-e" "RUSTUP_HOME=/opt/rustwide/rustup-home" "-w" "/opt/rustwide/workdir" "-m" "1610612736" "--user" "0:0" "--network" "none" "ghcr.io/rust-lang/crates-build-env/linux@sha256:2788e3201cd34a07e3172128adcd8b3090168a8e3bcc40d7c032b9dda1df7d1c" "/opt/rustwide/cargo-home/bin/cargo" "+1.75.0" "test" "--frozen" "--no-run" "--message-format=json", kill_on_drop: false }`
[INFO] [stdout] f515110b353bd80dfe9228c7b463a55985ae03bd85a601299cfc703605e444f2
[INFO] running `Command { std: "docker" "start" "-a" "f515110b353bd80dfe9228c7b463a55985ae03bd85a601299cfc703605e444f2", kill_on_drop: false }`
[INFO] [stderr]    Compiling voproof v0.2.0 (/opt/rustwide/workdir)
[INFO] [stdout] warning: unused import: `ark_ff::fields::PrimeField`
[INFO] [stdout]  --> tests/hpr_test.rs:2:5
[INFO] [stdout]   |
[INFO] [stdout] 2 | use ark_ff::fields::PrimeField;
[INFO] [stdout]   |     ^^^^^^^^^^^^^^^^^^^^^^^^^^
[INFO] [stdout]   |
[INFO] [stdout]   = note: `#[warn(unused_imports)]` on by default
[INFO] [stdout] 
[INFO] [stdout] 
[INFO] [stdout] warning: unused imports: `to_field`, `to_int`
[INFO] [stdout]  --> tests/hpr_test.rs:8:22
[INFO] [stdout]   |
[INFO] [stdout] 8 | use voproof::tools::{to_field, to_int, try_to_int};
[INFO] [stdout]   |                      ^^^^^^^^  ^^^^^^
[INFO] [stdout] 
[INFO] [stdout] 
[INFO] [stdout] warning: unused import: `ark_ff::fields::PrimeField`
[INFO] [stdout]  --> tests/pov_test.rs:2:5
[INFO] [stdout]   |
[INFO] [stdout] 2 | use ark_ff::fields::PrimeField;
[INFO] [stdout]   |     ^^^^^^^^^^^^^^^^^^^^^^^^^^
[INFO] [stdout]   |
[INFO] [stdout]   = note: `#[warn(unused_imports)]` on by default
[INFO] [stdout] 
[INFO] [stdout] 
[INFO] [stdout] warning: unused import: `test_rng`
[INFO] [stdout]  --> tests/pov_test.rs:3:15
[INFO] [stdout]   |
[INFO] [stdout] 3 | use ark_std::{test_rng, Zero};
[INFO] [stdout]   |               ^^^^^^^^
[INFO] [stdout] 
[INFO] [stdout] 
[INFO] [stdout] warning: unused import: `to_int`
[INFO] [stdout]  --> tests/pov_test.rs:8:32
[INFO] [stdout]   |
[INFO] [stdout] 8 | use voproof::tools::{to_field, to_int, try_to_int};
[INFO] [stdout]   |                                ^^^^^^
[INFO] [stdout] 
[INFO] [stdout] 
[INFO] [stdout] warning: cannot test inner items
[INFO] [stdout]    --> src/cs/circuit/fan_in_two.rs:807:5
[INFO] [stdout]     |
[INFO] [stdout] 807 |     #[test]
[INFO] [stdout]     |     ^^^^^^^
[INFO] [stdout]     |
[INFO] [stdout]     = note: `#[warn(unnameable_test_items)]` on by default
[INFO] [stdout]     = note: this warning originates in the attribute macro `test` (in Nightly builds, run with -Z macro-backtrace for more info)
[INFO] [stdout] 
[INFO] [stdout] 
[INFO] [stdout] warning: unused import: `collections::BTreeMap`
[INFO] [stdout]    --> src/kzg/mod.rs:442:17
[INFO] [stdout]     |
[INFO] [stdout] 442 |   use ark_std::{collections::BTreeMap, test_rng};
[INFO] [stdout]     |                 ^^^^^^^^^^^^^^^^^^^^^
[INFO] [stdout]     |
[INFO] [stdout]     = note: `#[warn(unused_imports)]` on by default
[INFO] [stdout] 
[INFO] [stdout] 
[INFO] [stdout] warning: unused imports: `Add`, `Sub`
[INFO] [stdout]     --> src/tools/mod.rs:1200:11
[INFO] [stdout]      |
[INFO] [stdout] 1200 |     ops::{Add, Mul, Sub},
[INFO] [stdout]      |           ^^^       ^^^
[INFO] [stdout] 
[INFO] [stdout] 
[INFO] [stdout] warning: unused import: `ark_ec::group::Group`
[INFO] [stdout]    --> src/kzg/mod.rs:435:7
[INFO] [stdout]     |
[INFO] [stdout] 435 |   use ark_ec::group::Group;
[INFO] [stdout]     |       ^^^^^^^^^^^^^^^^^^^^
[INFO] [stdout] 
[INFO] [stdout] 
[INFO] [stdout] warning: unused variable: `p`
[INFO] [stdout]    --> src/cs/circuit/fan_in_two.rs:848:9
[INFO] [stdout]     |
[INFO] [stdout] 848 |     let p = circ.mul_vars(&h, &o);
[INFO] [stdout]     |         ^ help: if this is intentional, prefix it with an underscore: `_p`
[INFO] [stdout]     |
[INFO] [stdout]     = note: `#[warn(unused_variables)]` on by default
[INFO] [stdout] 
[INFO] [stdout] 
[INFO] [stdout] warning: unused variable: `p`
[INFO] [stdout]    --> src/cs/circuit/fan_in_two.rs:865:9
[INFO] [stdout]     |
[INFO] [stdout] 865 |     let p = circ.mul_vars(&h, &o);
[INFO] [stdout]     |         ^ help: if this is intentional, prefix it with an underscore: `_p`
[INFO] [stdout] 
[INFO] [stdout] 
[INFO] [stdout] warning: unused variable: `i`
[INFO] [stdout]    --> src/kzg/mod.rs:599:9
[INFO] [stdout]     |
[INFO] [stdout] 599 |     for i in 0..10 {
[INFO] [stdout]     |         ^ help: if this is intentional, prefix it with an underscore: `_i`
[INFO] [stdout] 
[INFO] [stdout] 
[INFO] [stdout] warning: variable does not need to be mutable
[INFO] [stdout]    --> src/kzg/mod.rs:615:11
[INFO] [stdout]     |
[INFO] [stdout] 615 |       let mut z = E::Fr::rand(rng);
[INFO] [stdout]     |           ----^
[INFO] [stdout]     |           |
[INFO] [stdout]     |           help: remove this `mut`
[INFO] [stdout]     |
[INFO] [stdout]     = note: `#[warn(unused_mut)]` on by default
[INFO] [stdout] 
[INFO] [stdout] 
[INFO] [stdout] warning: variable does not need to be mutable
[INFO] [stdout]    --> src/kzg/mod.rs:616:11
[INFO] [stdout]     |
[INFO] [stdout] 616 |       let mut zz = E::Fr::rand(rng);
[INFO] [stdout]     |           ----^^
[INFO] [stdout]     |           |
[INFO] [stdout]     |           help: remove this `mut`
[INFO] [stdout] 
[INFO] [stdout] 
[INFO] [stdout] warning: function `test_get_witness_with_const` is never used
[INFO] [stdout]    --> src/cs/circuit/fan_in_two.rs:808:8
[INFO] [stdout]     |
[INFO] [stdout] 808 |     fn test_get_witness_with_const() {
[INFO] [stdout]     |        ^^^^^^^^^^^^^^^^^^^^^^^^^^^
[INFO] [stdout]     |
[INFO] [stdout]     = note: `#[warn(dead_code)]` on by default
[INFO] [stdout] 
[INFO] [stdout] 
[INFO] [stdout] warning: 3 warnings emitted
[INFO] [stdout] 
[INFO] [stdout] 
[INFO] [stdout] warning: 2 warnings emitted
[INFO] [stdout] 
[INFO] [stdout] 
[INFO] [stdout] warning: 10 warnings emitted
[INFO] [stdout] 
[INFO] [stdout] 
[INFO] [stderr]     Finished test [unoptimized + debuginfo] target(s) in 9.34s
[INFO] running `Command { std: "docker" "inspect" "f515110b353bd80dfe9228c7b463a55985ae03bd85a601299cfc703605e444f2", kill_on_drop: false }`
[INFO] running `Command { std: "docker" "rm" "-f" "f515110b353bd80dfe9228c7b463a55985ae03bd85a601299cfc703605e444f2", kill_on_drop: false }`
[INFO] [stdout] f515110b353bd80dfe9228c7b463a55985ae03bd85a601299cfc703605e444f2
[INFO] running `Command { std: "docker" "create" "-v" "/var/lib/crater-agent-workspace/builds/worker-2-tc1/target:/opt/rustwide/target:rw,Z" "-v" "/var/lib/crater-agent-workspace/builds/worker-2-tc1/source:/opt/rustwide/workdir:ro,Z" "-v" "/var/lib/crater-agent-workspace/cargo-home:/opt/rustwide/cargo-home:ro,Z" "-v" "/var/lib/crater-agent-workspace/rustup-home:/opt/rustwide/rustup-home:ro,Z" "-e" "SOURCE_DIR=/opt/rustwide/workdir" "-e" "CARGO_TARGET_DIR=/opt/rustwide/target" "-e" "CARGO_INCREMENTAL=0" "-e" "RUST_BACKTRACE=full" "-e" "RUSTFLAGS=--cap-lints=warn" "-e" "RUSTDOCFLAGS=--cap-lints=warn" "-e" "CARGO_HOME=/opt/rustwide/cargo-home" "-e" "RUSTUP_HOME=/opt/rustwide/rustup-home" "-w" "/opt/rustwide/workdir" "-m" "1610612736" "--user" "0:0" "--network" "none" "ghcr.io/rust-lang/crates-build-env/linux@sha256:2788e3201cd34a07e3172128adcd8b3090168a8e3bcc40d7c032b9dda1df7d1c" "/opt/rustwide/cargo-home/bin/cargo" "+1.75.0" "test" "--frozen", kill_on_drop: false }`
[INFO] [stdout] e4462e4a5f981adf879f6cc42dd60eb0a576475b6afbb18b442fa3613a5b268c
[INFO] running `Command { std: "docker" "start" "-a" "e4462e4a5f981adf879f6cc42dd60eb0a576475b6afbb18b442fa3613a5b268c", kill_on_drop: false }`
[INFO] [stderr] warning: cannot test inner items
[INFO] [stderr]    --> src/cs/circuit/fan_in_two.rs:807:5
[INFO] [stderr]     |
[INFO] [stderr] 807 |     #[test]
[INFO] [stderr]     |     ^^^^^^^
[INFO] [stderr]     |
[INFO] [stderr]     = note: `#[warn(unnameable_test_items)]` on by default
[INFO] [stderr]     = note: this warning originates in the attribute macro `test` (in Nightly builds, run with -Z macro-backtrace for more info)
[INFO] [stderr] 
[INFO] [stderr] warning: unused import: `collections::BTreeMap`
[INFO] [stderr]    --> src/kzg/mod.rs:442:17
[INFO] [stderr]     |
[INFO] [stderr] 442 |   use ark_std::{collections::BTreeMap, test_rng};
[INFO] [stderr]     |                 ^^^^^^^^^^^^^^^^^^^^^
[INFO] [stderr]     |
[INFO] [stderr]     = note: `#[warn(unused_imports)]` on by default
[INFO] [stderr] 
[INFO] [stderr] warning: unused imports: `Add`, `Sub`
[INFO] [stderr]     --> src/tools/mod.rs:1200:11
[INFO] [stderr]      |
[INFO] [stderr] 1200 |     ops::{Add, Mul, Sub},
[INFO] [stderr]      |           ^^^       ^^^
[INFO] [stderr] 
[INFO] [stderr] warning: unused import: `ark_ec::group::Group`
[INFO] [stderr]    --> src/kzg/mod.rs:435:7
[INFO] [stderr]     |
[INFO] [stderr] 435 |   use ark_ec::group::Group;
[INFO] [stderr]     |       ^^^^^^^^^^^^^^^^^^^^
[INFO] [stderr] 
[INFO] [stderr] warning: unused variable: `p`
[INFO] [stderr]    --> src/cs/circuit/fan_in_two.rs:848:9
[INFO] [stderr]     |
[INFO] [stderr] 848 |     let p = circ.mul_vars(&h, &o);
[INFO] [stderr]     |         ^ help: if this is intentional, prefix it with an underscore: `_p`
[INFO] [stderr]     |
[INFO] [stderr]     = note: `#[warn(unused_variables)]` on by default
[INFO] [stderr] 
[INFO] [stderr] warning: unused variable: `p`
[INFO] [stderr]    --> src/cs/circuit/fan_in_two.rs:865:9
[INFO] [stderr]     |
[INFO] [stderr] 865 |     let p = circ.mul_vars(&h, &o);
[INFO] [stderr]     |         ^ help: if this is intentional, prefix it with an underscore: `_p`
[INFO] [stderr] 
[INFO] [stderr] warning: unused variable: `i`
[INFO] [stderr]    --> src/kzg/mod.rs:599:9
[INFO] [stderr]     |
[INFO] [stderr] 599 |     for i in 0..10 {
[INFO] [stderr]     |         ^ help: if this is intentional, prefix it with an underscore: `_i`
[INFO] [stderr] 
[INFO] [stderr] warning: variable does not need to be mutable
[INFO] [stderr]    --> src/kzg/mod.rs:615:11
[INFO] [stderr]     |
[INFO] [stderr] 615 |       let mut z = E::Fr::rand(rng);
[INFO] [stderr]     |           ----^
[INFO] [stderr]     |           |
[INFO] [stderr]     |           help: remove this `mut`
[INFO] [stderr]     |
[INFO] [stderr]     = note: `#[warn(unused_mut)]` on by default
[INFO] [stderr] 
[INFO] [stderr] warning: variable does not need to be mutable
[INFO] [stderr]    --> src/kzg/mod.rs:616:11
[INFO] [stderr]     |
[INFO] [stderr] 616 |       let mut zz = E::Fr::rand(rng);
[INFO] [stderr]     |           ----^^
[INFO] [stderr]     |           |
[INFO] [stderr]     |           help: remove this `mut`
[INFO] [stderr] 
[INFO] [stderr] warning: function `test_get_witness_with_const` is never used
[INFO] [stderr]    --> src/cs/circuit/fan_in_two.rs:808:8
[INFO] [stderr]     |
[INFO] [stderr] 808 |     fn test_get_witness_with_const() {
[INFO] [stderr]     |        ^^^^^^^^^^^^^^^^^^^^^^^^^^^
[INFO] [stderr]     |
[INFO] [stderr]     = note: `#[warn(dead_code)]` on by default
[INFO] [stderr] 
[INFO] [stderr] warning: `voproof` (lib test) generated 10 warnings (run `cargo fix --lib -p voproof --tests` to apply 7 suggestions)
[INFO] [stderr] warning: unused import: `ark_ff::fields::PrimeField`
[INFO] [stderr]  --> tests/hpr_test.rs:2:5
[INFO] [stderr]   |
[INFO] [stderr] 2 | use ark_ff::fields::PrimeField;
[INFO] [stderr]   |     ^^^^^^^^^^^^^^^^^^^^^^^^^^
[INFO] [stderr]   |
[INFO] [stderr]   = note: `#[warn(unused_imports)]` on by default
[INFO] [stderr] 
[INFO] [stderr] warning: unused imports: `to_field`, `to_int`
[INFO] [stderr]  --> tests/hpr_test.rs:8:22
[INFO] [stderr]   |
[INFO] [stderr] 8 | use voproof::tools::{to_field, to_int, try_to_int};
[INFO] [stderr]   |                      ^^^^^^^^  ^^^^^^
[INFO] [stderr] 
[INFO] [stderr] warning: unused import: `ark_ff::fields::PrimeField`
[INFO] [stderr]  --> tests/pov_test.rs:2:5
[INFO] [stderr]   |
[INFO] [stderr] 2 | use ark_ff::fields::PrimeField;
[INFO] [stderr]   |     ^^^^^^^^^^^^^^^^^^^^^^^^^^
[INFO] [stderr]   |
[INFO] [stderr]   = note: `#[warn(unused_imports)]` on by default
[INFO] [stderr] 
[INFO] [stderr] warning: unused import: `test_rng`
[INFO] [stderr]  --> tests/pov_test.rs:3:15
[INFO] [stderr]   |
[INFO] [stderr] 3 | use ark_std::{test_rng, Zero};
[INFO] [stderr]   |               ^^^^^^^^
[INFO] [stderr] 
[INFO] [stderr] warning: unused import: `to_int`
[INFO] [stderr]  --> tests/pov_test.rs:8:32
[INFO] [stderr]   |
[INFO] [stderr] 8 | use voproof::tools::{to_field, to_int, try_to_int};
[INFO] [stderr]   |                                ^^^^^^
[INFO] [stderr] 
[INFO] [stderr] warning: `voproof` (test "hpr_test") generated 2 warnings (run `cargo fix --test "hpr_test"` to apply 2 suggestions)
[INFO] [stderr] warning: `voproof` (test "pov_test") generated 3 warnings (run `cargo fix --test "pov_test"` to apply 3 suggestions)
[INFO] [stderr]     Finished test [unoptimized + debuginfo] target(s) in 0.11s
[INFO] [stderr]      Running unittests src/lib.rs (/opt/rustwide/target/debug/deps/voproof-498742ec4ec078a2)
[INFO] [stdout] 
[INFO] [stdout] running 45 tests
[INFO] [stdout] test cs::circuit::fan_in_two::tests::test_get_consts ... ok
[INFO] [stdout] test cs::circuit::fan_in_two::tests::test_circuit_with_const ... ok
[INFO] [stdout] test cs::circuit::fan_in_two::tests::test_get_instance ... ok
[INFO] [stdout] test cs::circuit::fan_in_two::tests::test_get_instance_with_const ... ok
[INFO] [stdout] test cs::circuit::fan_in_two::tests::test_get_wiring ... ok
[INFO] [stdout] test cs::circuit::fan_in_two::tests::test_simple_circuit ... ok
[INFO] [stdout] test cs::circuit::fan_in_two::tests::test_get_witness ... ok
[INFO] [stdout] test cs::circuit::fan_in_two::tests::test_simple_field_circuit ... ok
[INFO] [stdout] test cs::pov::tests::test_satisfy ... ok
[INFO] [stdout] test tools::tests::test_accumulate_vector ... ok
[INFO] [stdout] test tools::tests::test_add_expression_to_vector ... ok
[INFO] [stdout] test tools::tests::test_delta ... ok
[INFO] [stdout] test tools::tests::test_eval_vector_expression ... ok
[INFO] [stdout] test tools::tests::test_int_array_to_power_vector ... ok
[INFO] [stdout] test tools::tests::test_linear_combination ... ok
[INFO] [stdout] test tools::tests::test_max ... ok
[INFO] [stdout] test tools::tests::test_multi_delta ... ok
[INFO] [stdout] test tools::tests::test_power_iterator ... ok
[INFO] [stdout] test tools::tests::test_define_permutation_vector_from_wires ... ok
[INFO] [stdout] test tools::tests::test_int_field_transform ... ok
[INFO] [stdout] test tools::tests::test_eval_sparse_zero_one_vector ... ok
[INFO] [stdout] test tools::tests::test_add_vector_to_vector ... ok
[INFO] [stdout] test tools::tests::test_eval_sparse_vector ... ok
[INFO] [stdout] test tools::tests::test_eval_vector_as_poly ... ok
[INFO] [stdout] test tools::tests::test_range_index ... ok
[INFO] [stdout] test tools::tests::test_power_power_mul ... ok
[INFO] [stdout] test tools::tests::test_power_linear_combination ... ok
[INFO] [stdout] test tools::tests::test_power_vector_index ... ok
[INFO] [stdout] test tools::tests::test_sparse_mvp ... ok
[INFO] [stdout] test tools::tests::test_sum ... ok
[INFO] [stdout] test tools::tests::test_zero_pad_concat ... ok
[INFO] [stdout] test tools::tests::test_vector_concat ... ok
[INFO] [stdout] test tools::tests::test_vector_index ... ok
[INFO] [stdout] test tools::tests::test_vector_concat_skip ... ok
[INFO] [stdout] test tools::tests::test_vector_power_mul ... ok
[INFO] [stdout] test tools::tests::test_zero_pad ... ok
[INFO] [stdout] test tools::tests::test_vector_reverse_omega ... ok
[INFO] [stdout] test cs::hpr::tests::test_generate_random_hpr_instance ... FAILED
[INFO] [stdout] test tools::tests::test_vector_poly_mul ... ok
[INFO] [stdout] test kzg::tests::add_commitments_test ... ok
[INFO] [stdout] test kzg::tests::test_degree_is_too_large ... ok
[INFO] [stdout] test kzg::tests::basic_test ... ok
[INFO] [stdout] test kzg::tests::end_to_end_test ... ok
[INFO] [stdout] test kzg::tests::linear_polynomial_test ... ok
[INFO] [stdout] test kzg::tests::batch_check_test ... ok
[INFO] [stdout] 
[INFO] [stdout] failures:
[INFO] [stdout] 
[INFO] [stdout] ---- cs::hpr::tests::test_generate_random_hpr_instance stdout ----
[INFO] [stdout] thread 'cs::hpr::tests::test_generate_random_hpr_instance' panicked at src/cs/hpr.rs:229:5:
[INFO] [stdout] assertion failed: hpr.satisfy(&ins, &wit)
[INFO] [stdout] stack backtrace:
[INFO] [stdout]    0:     0x55b42f34fb8c - std::backtrace_rs::backtrace::libunwind::trace::ha637c64ce894333a
[INFO] [stdout]                                at /rustc/82e1608dfa6e0b5569232559e3d385fea5a93112/library/std/src/../../backtrace/src/backtrace/libunwind.rs:104:5
[INFO] [stdout]    1:     0x55b42f34fb8c - std::backtrace_rs::backtrace::trace_unsynchronized::h47f62dea28e0c88d
[INFO] [stdout]                                at /rustc/82e1608dfa6e0b5569232559e3d385fea5a93112/library/std/src/../../backtrace/src/backtrace/mod.rs:66:5
[INFO] [stdout]    2:     0x55b42f34fb8c - std::sys_common::backtrace::_print_fmt::h9eef0abe20ede486
[INFO] [stdout]                                at /rustc/82e1608dfa6e0b5569232559e3d385fea5a93112/library/std/src/sys_common/backtrace.rs:67:5
[INFO] [stdout]    3:     0x55b42f34fb8c - <std::sys_common::backtrace::_print::DisplayBacktrace as core::fmt::Display>::fmt::hed7f999df88cc644
[INFO] [stdout]                                at /rustc/82e1608dfa6e0b5569232559e3d385fea5a93112/library/std/src/sys_common/backtrace.rs:44:22
[INFO] [stdout]    4:     0x55b42f3798e0 - core::fmt::rt::Argument::fmt::h1539a9308b8d058d
[INFO] [stdout]                                at /rustc/82e1608dfa6e0b5569232559e3d385fea5a93112/library/core/src/fmt/rt.rs:142:9
[INFO] [stdout]    5:     0x55b42f3798e0 - core::fmt::write::h3a39390d8560d9c9
[INFO] [stdout]                                at /rustc/82e1608dfa6e0b5569232559e3d385fea5a93112/library/core/src/fmt/mod.rs:1120:17
[INFO] [stdout]    6:     0x55b42f34d36f - std::io::Write::write_fmt::h040b369f3a0f9cbc
[INFO] [stdout]                                at /rustc/82e1608dfa6e0b5569232559e3d385fea5a93112/library/std/src/io/mod.rs:1762:15
[INFO] [stdout]    7:     0x55b42f34f974 - std::sys_common::backtrace::_print::h894006fb5c6f3d45
[INFO] [stdout]                                at /rustc/82e1608dfa6e0b5569232559e3d385fea5a93112/library/std/src/sys_common/backtrace.rs:47:5
[INFO] [stdout]    8:     0x55b42f34f974 - std::sys_common::backtrace::print::h23a2d212c6fff936
[INFO] [stdout]                                at /rustc/82e1608dfa6e0b5569232559e3d385fea5a93112/library/std/src/sys_common/backtrace.rs:34:9
[INFO] [stdout]    9:     0x55b42f351637 - std::panicking::default_hook::{{closure}}::h8a1d2ee00185001a
[INFO] [stdout]   10:     0x55b42f351323 - std::panicking::default_hook::h6038f2eba384e475
[INFO] [stdout]                                at /rustc/82e1608dfa6e0b5569232559e3d385fea5a93112/library/std/src/panicking.rs:289:9
[INFO] [stdout]   11:     0x55b42f29c477 - <alloc::boxed::Box<F,A> as core::ops::function::Fn<Args>>::call::h0ad024c9bdc6d768
[INFO] [stdout]                                at /rustc/82e1608dfa6e0b5569232559e3d385fea5a93112/library/alloc/src/boxed.rs:2021:9
[INFO] [stdout]   12:     0x55b42f29c477 - test::test_main::{{closure}}::h7500b54257359db6
[INFO] [stdout]                                at /rustc/82e1608dfa6e0b5569232559e3d385fea5a93112/library/test/src/lib.rs:138:21
[INFO] [stdout]   13:     0x55b42f351c48 - <alloc::boxed::Box<F,A> as core::ops::function::Fn<Args>>::call::h1f8f335eaa9cfaee
[INFO] [stdout]                                at /rustc/82e1608dfa6e0b5569232559e3d385fea5a93112/library/alloc/src/boxed.rs:2021:9
[INFO] [stdout]   14:     0x55b42f351c48 - std::panicking::rust_panic_with_hook::h2b5517d590cab22e
[INFO] [stdout]                                at /rustc/82e1608dfa6e0b5569232559e3d385fea5a93112/library/std/src/panicking.rs:783:13
[INFO] [stdout]   15:     0x55b42f351969 - std::panicking::begin_panic_handler::{{closure}}::h233112c06e0ef43e
[INFO] [stdout]                                at /rustc/82e1608dfa6e0b5569232559e3d385fea5a93112/library/std/src/panicking.rs:649:13
[INFO] [stdout]   16:     0x55b42f350056 - std::sys_common::backtrace::__rust_end_short_backtrace::h6e893f24d7ebbff8
[INFO] [stdout]                                at /rustc/82e1608dfa6e0b5569232559e3d385fea5a93112/library/std/src/sys_common/backtrace.rs:170:18
[INFO] [stdout]   17:     0x55b42f351702 - rust_begin_unwind
[INFO] [stdout]                                at /rustc/82e1608dfa6e0b5569232559e3d385fea5a93112/library/std/src/panicking.rs:645:5
[INFO] [stdout]   18:     0x55b42f019cf5 - core::panicking::panic_fmt::hbf0e066aabfa482c
[INFO] [stdout]                                at /rustc/82e1608dfa6e0b5569232559e3d385fea5a93112/library/core/src/panicking.rs:72:14
[INFO] [stdout]   19:     0x55b42f019d93 - core::panicking::panic::h195fc2a96298d4c3
[INFO] [stdout]                                at /rustc/82e1608dfa6e0b5569232559e3d385fea5a93112/library/core/src/panicking.rs:127:5
[INFO] [stdout]   20:     0x55b42f13bd06 - voproof::cs::hpr::tests::test_generate_random_hpr_instance::he96f901d98536af1
[INFO] [stdout]                                at /opt/rustwide/workdir/src/cs/hpr.rs:229:5
[INFO] [stdout]   21:     0x55b42f13bba7 - voproof::cs::hpr::tests::test_generate_random_hpr_instance::{{closure}}::h7719bc16bee2835b
[INFO] [stdout]                                at /opt/rustwide/workdir/src/cs/hpr.rs:225:41
[INFO] [stdout]   22:     0x55b42f1d20b6 - core::ops::function::FnOnce::call_once::hc4515dac0799323d
[INFO] [stdout]                                at /rustc/82e1608dfa6e0b5569232559e3d385fea5a93112/library/core/src/ops/function.rs:250:5
[INFO] [stdout]   23:     0x55b42f2a1acf - core::ops::function::FnOnce::call_once::h2b5d431d5046312d
[INFO] [stdout]                                at /rustc/82e1608dfa6e0b5569232559e3d385fea5a93112/library/core/src/ops/function.rs:250:5
[INFO] [stdout]   24:     0x55b42f2a1acf - test::__rust_begin_short_backtrace::h7714669af176e207
[INFO] [stdout]                                at /rustc/82e1608dfa6e0b5569232559e3d385fea5a93112/library/test/src/lib.rs:628:18
[INFO] [stdout]   25:     0x55b42f2a0ae5 - test::run_test_in_process::{{closure}}::h85218797dcbcec12
[INFO] [stdout]                                at /rustc/82e1608dfa6e0b5569232559e3d385fea5a93112/library/test/src/lib.rs:651:60
[INFO] [stdout]   26:     0x55b42f2a0ae5 - <core::panic::unwind_safe::AssertUnwindSafe<F> as core::ops::function::FnOnce<()>>::call_once::h76c106ea31c14d7b
[INFO] [stdout]                                at /rustc/82e1608dfa6e0b5569232559e3d385fea5a93112/library/core/src/panic/unwind_safe.rs:272:9
[INFO] [stdout]   27:     0x55b42f2a0ae5 - std::panicking::try::do_call::h3bd5d0f6620ee946
[INFO] [stdout]                                at /rustc/82e1608dfa6e0b5569232559e3d385fea5a93112/library/std/src/panicking.rs:552:40
[INFO] [stdout]   28:     0x55b42f2a0ae5 - std::panicking::try::h232e535e4744fe31
[INFO] [stdout]                                at /rustc/82e1608dfa6e0b5569232559e3d385fea5a93112/library/std/src/panicking.rs:516:19
[INFO] [stdout]   29:     0x55b42f2a0ae5 - std::panic::catch_unwind::h3ce3bd6ca8dbac68
[INFO] [stdout]                                at /rustc/82e1608dfa6e0b5569232559e3d385fea5a93112/library/std/src/panic.rs:142:14
[INFO] [stdout]   30:     0x55b42f2a0ae5 - test::run_test_in_process::hc97b257c9621286a
[INFO] [stdout]                                at /rustc/82e1608dfa6e0b5569232559e3d385fea5a93112/library/test/src/lib.rs:651:27
[INFO] [stdout]   31:     0x55b42f2a0ae5 - test::run_test::{{closure}}::h2aa798823a438d38
[INFO] [stdout]                                at /rustc/82e1608dfa6e0b5569232559e3d385fea5a93112/library/test/src/lib.rs:574:43
[INFO] [stdout]   32:     0x55b42f268da6 - test::run_test::{{closure}}::h87d231c78fb59832
[INFO] [stdout]                                at /rustc/82e1608dfa6e0b5569232559e3d385fea5a93112/library/test/src/lib.rs:602:41
[INFO] [stdout]   33:     0x55b42f268da6 - std::sys_common::backtrace::__rust_begin_short_backtrace::he6df152596625789
[INFO] [stdout]                                at /rustc/82e1608dfa6e0b5569232559e3d385fea5a93112/library/std/src/sys_common/backtrace.rs:154:18
[INFO] [stdout]   34:     0x55b42f26de57 - std::thread::Builder::spawn_unchecked_::{{closure}}::{{closure}}::ha94be15d1e0acf36
[INFO] [stdout]                                at /rustc/82e1608dfa6e0b5569232559e3d385fea5a93112/library/std/src/thread/mod.rs:529:17
[INFO] [stdout]   35:     0x55b42f26de57 - <core::panic::unwind_safe::AssertUnwindSafe<F> as core::ops::function::FnOnce<()>>::call_once::h9dc6bd6372f16606
[INFO] [stdout]                                at /rustc/82e1608dfa6e0b5569232559e3d385fea5a93112/library/core/src/panic/unwind_safe.rs:272:9
[INFO] [stdout]   36:     0x55b42f26de57 - std::panicking::try::do_call::h9057517f80303cd4
[INFO] [stdout]                                at /rustc/82e1608dfa6e0b5569232559e3d385fea5a93112/library/std/src/panicking.rs:552:40
[INFO] [stdout]   37:     0x55b42f26de57 - std::panicking::try::he3a30b11ee45340c
[INFO] [stdout]                                at /rustc/82e1608dfa6e0b5569232559e3d385fea5a93112/library/std/src/panicking.rs:516:19
[INFO] [stdout]   38:     0x55b42f26de57 - std::panic::catch_unwind::h410458cfd3528b8b
[INFO] [stdout]                                at /rustc/82e1608dfa6e0b5569232559e3d385fea5a93112/library/std/src/panic.rs:142:14
[INFO] [stdout]   39:     0x55b42f26de57 - std::thread::Builder::spawn_unchecked_::{{closure}}::h72ac3bdb567b737b
[INFO] [stdout]                                at /rustc/82e1608dfa6e0b5569232559e3d385fea5a93112/library/std/src/thread/mod.rs:528:30
[INFO] [stdout]   40:     0x55b42f26de57 - core::ops::function::FnOnce::call_once{{vtable.shim}}::h38f34da3654a8344
[INFO] [stdout]                                at /rustc/82e1608dfa6e0b5569232559e3d385fea5a93112/library/core/src/ops/function.rs:250:5
[INFO] [stdout]   41:     0x55b42f3567e5 - <alloc::boxed::Box<F,A> as core::ops::function::FnOnce<Args>>::call_once::hc7eafaff61e32df9
[INFO] [stdout]                                at /rustc/82e1608dfa6e0b5569232559e3d385fea5a93112/library/alloc/src/boxed.rs:2007:9
[INFO] [stdout]   42:     0x55b42f3567e5 - <alloc::boxed::Box<F,A> as core::ops::function::FnOnce<Args>>::call_once::h6ba4a5de48dd2304
[INFO] [stdout]                                at /rustc/82e1608dfa6e0b5569232559e3d385fea5a93112/library/alloc/src/boxed.rs:2007:9
[INFO] [stdout]   43:     0x55b42f3567e5 - std::sys::unix::thread::Thread::new::thread_start::he469335aef763e45
[INFO] [stdout]                                at /rustc/82e1608dfa6e0b5569232559e3d385fea5a93112/library/std/src/sys/unix/thread.rs:108:17
[INFO] [stdout]   44:     0x7f2405619ac3 - <unknown>
[INFO] [stdout]   45:     0x7f24056aabf4 - __clone
[INFO] [stdout]   46:                0x0 - <unknown>
[INFO] [stdout] 
[INFO] [stdout] 
[INFO] [stdout] failures:
[INFO] [stdout]     cs::hpr::tests::test_generate_random_hpr_instance
[INFO] [stdout] 
[INFO] [stdout] test result: FAILED. 44 passed; 1 failed; 0 ignored; 0 measured; 0 filtered out; finished in 37.08s
[INFO] [stdout] 
[INFO] [stderr] error: test failed, to rerun pass `--lib`
[INFO] running `Command { std: "docker" "inspect" "e4462e4a5f981adf879f6cc42dd60eb0a576475b6afbb18b442fa3613a5b268c", kill_on_drop: false }`
[INFO] running `Command { std: "docker" "rm" "-f" "e4462e4a5f981adf879f6cc42dd60eb0a576475b6afbb18b442fa3613a5b268c", kill_on_drop: false }`
[INFO] [stdout] e4462e4a5f981adf879f6cc42dd60eb0a576475b6afbb18b442fa3613a5b268c
[INFO] testing voproof-0.2.0 against beta-2023-12-22 for beta-1.76-1
[INFO] extracting crate voproof 0.2.0 into /workspace/builds/worker-2-tc2/source
[INFO] validating manifest of crates.io crate voproof 0.2.0 on toolchain beta-2023-12-22
[INFO] running `Command { std: CARGO_HOME="/workspace/cargo-home" RUSTUP_HOME="/workspace/rustup-home" "/workspace/cargo-home/bin/cargo" "+beta-2023-12-22" "metadata" "--manifest-path" "Cargo.toml" "--no-deps", kill_on_drop: false }`
[INFO] started tweaking crates.io crate voproof 0.2.0
[INFO] finished tweaking crates.io crate voproof 0.2.0
[INFO] tweaked toml for crates.io crate voproof 0.2.0 written to /workspace/builds/worker-2-tc2/source/Cargo.toml
[INFO] crate crates.io crate voproof 0.2.0 already has a lockfile, it will not be regenerated
[INFO] running `Command { std: CARGO_HOME="/workspace/cargo-home" RUSTUP_HOME="/workspace/rustup-home" "/workspace/cargo-home/bin/cargo" "+beta-2023-12-22" "fetch" "--manifest-path" "Cargo.toml", kill_on_drop: false }`
[INFO] running `Command { std: "docker" "create" "-v" "/var/lib/crater-agent-workspace/builds/worker-2-tc2/target:/opt/rustwide/target:rw,Z" "-v" "/var/lib/crater-agent-workspace/builds/worker-2-tc2/source:/opt/rustwide/workdir:ro,Z" "-v" "/var/lib/crater-agent-workspace/cargo-home:/opt/rustwide/cargo-home:ro,Z" "-v" "/var/lib/crater-agent-workspace/rustup-home:/opt/rustwide/rustup-home:ro,Z" "-e" "SOURCE_DIR=/opt/rustwide/workdir" "-e" "CARGO_TARGET_DIR=/opt/rustwide/target" "-e" "CARGO_HOME=/opt/rustwide/cargo-home" "-e" "RUSTUP_HOME=/opt/rustwide/rustup-home" "-w" "/opt/rustwide/workdir" "-m" "1610612736" "--user" "0:0" "--network" "none" "ghcr.io/rust-lang/crates-build-env/linux@sha256:2788e3201cd34a07e3172128adcd8b3090168a8e3bcc40d7c032b9dda1df7d1c" "/opt/rustwide/cargo-home/bin/cargo" "+beta-2023-12-22" "metadata" "--no-deps" "--format-version=1", kill_on_drop: false }`
[INFO] [stdout] e0231485d080c3cc590bba3a773315bbcaf57d3c2ab8ad20dd8930a6edd97ef4
[INFO] running `Command { std: "docker" "start" "-a" "e0231485d080c3cc590bba3a773315bbcaf57d3c2ab8ad20dd8930a6edd97ef4", kill_on_drop: false }`
[INFO] running `Command { std: "docker" "inspect" "e0231485d080c3cc590bba3a773315bbcaf57d3c2ab8ad20dd8930a6edd97ef4", kill_on_drop: false }`
[INFO] running `Command { std: "docker" "rm" "-f" "e0231485d080c3cc590bba3a773315bbcaf57d3c2ab8ad20dd8930a6edd97ef4", kill_on_drop: false }`
[INFO] [stdout] e0231485d080c3cc590bba3a773315bbcaf57d3c2ab8ad20dd8930a6edd97ef4
[INFO] running `Command { std: "docker" "create" "-v" "/var/lib/crater-agent-workspace/builds/worker-2-tc2/target:/opt/rustwide/target:rw,Z" "-v" "/var/lib/crater-agent-workspace/builds/worker-2-tc2/source:/opt/rustwide/workdir:ro,Z" "-v" "/var/lib/crater-agent-workspace/cargo-home:/opt/rustwide/cargo-home:ro,Z" "-v" "/var/lib/crater-agent-workspace/rustup-home:/opt/rustwide/rustup-home:ro,Z" "-e" "SOURCE_DIR=/opt/rustwide/workdir" "-e" "CARGO_TARGET_DIR=/opt/rustwide/target" "-e" "CARGO_INCREMENTAL=0" "-e" "RUST_BACKTRACE=full" "-e" "RUSTFLAGS=--cap-lints=warn" "-e" "RUSTDOCFLAGS=--cap-lints=warn" "-e" "CARGO_HOME=/opt/rustwide/cargo-home" "-e" "RUSTUP_HOME=/opt/rustwide/rustup-home" "-w" "/opt/rustwide/workdir" "-m" "1610612736" "--user" "0:0" "--network" "none" "ghcr.io/rust-lang/crates-build-env/linux@sha256:2788e3201cd34a07e3172128adcd8b3090168a8e3bcc40d7c032b9dda1df7d1c" "/opt/rustwide/cargo-home/bin/cargo" "+beta-2023-12-22" "build" "--frozen" "--message-format=json", kill_on_drop: false }`
[INFO] [stdout] b14e55334015a0919743e00a5acc1c9b66368f61e9e26aef01a7a7ce936c17d7
[INFO] running `Command { std: "docker" "start" "-a" "b14e55334015a0919743e00a5acc1c9b66368f61e9e26aef01a7a7ce936c17d7", kill_on_drop: false }`
[INFO] [stderr]    Compiling autocfg v1.0.1
[INFO] [stderr]    Compiling proc-macro2 v1.0.32
[INFO] [stderr]    Compiling unicode-xid v0.2.2
[INFO] [stderr]    Compiling version_check v0.9.3
[INFO] [stderr]    Compiling syn v1.0.81
[INFO] [stderr]    Compiling libc v0.2.105
[INFO] [stderr]    Compiling crossbeam-utils v0.8.5
[INFO] [stderr]    Compiling typenum v1.14.0
[INFO] [stderr]    Compiling crossbeam-epoch v0.9.5
[INFO] [stderr]    Compiling scopeguard v1.1.0
[INFO] [stderr]    Compiling ucd-trie v0.1.3
[INFO] [stderr]    Compiling rayon-core v1.9.1
[INFO] [stderr]    Compiling rand_core v0.6.3
[INFO] [stderr]    Compiling ppv-lite86 v0.2.15
[INFO] [stderr]    Compiling either v1.6.1
[INFO] [stderr]    Compiling paste v1.0.5
[INFO] [stderr]    Compiling tracing-core v0.1.21
[INFO] [stderr]    Compiling pin-project-lite v0.2.7
[INFO] [stderr]    Compiling once_cell v1.8.0
[INFO] [stderr]    Compiling subtle v2.4.1
[INFO] [stderr]    Compiling pest v2.1.3
[INFO] [stderr]    Compiling opaque-debug v0.3.0
[INFO] [stderr]    Compiling cpufeatures v0.2.1
[INFO] [stderr]    Compiling memoffset v0.6.4
[INFO] [stderr]    Compiling num-traits v0.2.14
[INFO] [stderr]    Compiling num-integer v0.1.44
[INFO] [stderr]    Compiling generic-array v0.14.4
[INFO] [stderr]    Compiling rayon v1.5.1
[INFO] [stderr]    Compiling num-bigint v0.4.2
[INFO] [stderr]    Compiling rand_chacha v0.3.1
[INFO] [stderr]    Compiling crossbeam-channel v0.5.1
[INFO] [stderr]    Compiling ahash v0.7.6
[INFO] [stderr]    Compiling rand v0.8.4
[INFO] [stderr]    Compiling tracing-subscriber v0.2.25
[INFO] [stderr]    Compiling quote v1.0.10
[INFO] [stderr]    Compiling semver-parser v0.10.2
[INFO] [stderr]    Compiling crossbeam-deque v0.8.1
[INFO] [stderr]    Compiling num_cpus v1.13.0
[INFO] [stderr]    Compiling getrandom v0.2.3
[INFO] [stderr]    Compiling hashbrown v0.11.2
[INFO] [stderr]    Compiling semver v0.11.0
[INFO] [stderr]    Compiling rustc_version v0.3.3
[INFO] [stderr]    Compiling ark-ff v0.3.0
[INFO] [stderr]    Compiling digest v0.9.0
[INFO] [stderr]    Compiling crypto-mac v0.8.0
[INFO] [stderr]    Compiling block-buffer v0.9.0
[INFO] [stderr]    Compiling blake2 v0.9.2
[INFO] [stderr]    Compiling sha2 v0.9.8
[INFO] [stderr]    Compiling ark-std v0.3.0
[INFO] [stderr]    Compiling synstructure v0.12.6
[INFO] [stderr]    Compiling ark-serialize-derive v0.3.0
[INFO] [stderr]    Compiling zeroize_derive v1.2.0
[INFO] [stderr]    Compiling ark-ff-asm v0.3.0
[INFO] [stderr]    Compiling ark-ff-macros v0.3.0
[INFO] [stderr]    Compiling derivative v2.2.0
[INFO] [stderr]    Compiling tracing-attributes v0.1.18
[INFO] [stderr]    Compiling zeroize v1.4.2
[INFO] [stderr]    Compiling ark-serialize v0.3.0
[INFO] [stderr]    Compiling tracing v0.1.29
[INFO] [stderr]    Compiling ark-ec v0.3.0
[INFO] [stderr]    Compiling ark-relations v0.3.0
[INFO] [stderr]    Compiling ark-poly v0.3.0
[INFO] [stderr]    Compiling ark-r1cs-std v0.3.1
[INFO] [stderr]    Compiling ark-bls12-381 v0.3.0
[INFO] [stderr]    Compiling ark-bls12-377 v0.3.0
[INFO] [stderr]    Compiling ark-nonnative-field v0.3.0
[INFO] [stderr]    Compiling ark-poly-commit v0.3.0
[INFO] [stderr]    Compiling ark-marlin v0.3.0
[INFO] [stderr]    Compiling voproof v0.2.0 (/opt/rustwide/workdir)
[INFO] [stderr]     Finished dev [unoptimized + debuginfo] target(s) in 34.20s
[INFO] running `Command { std: "docker" "inspect" "b14e55334015a0919743e00a5acc1c9b66368f61e9e26aef01a7a7ce936c17d7", kill_on_drop: false }`
[INFO] running `Command { std: "docker" "rm" "-f" "b14e55334015a0919743e00a5acc1c9b66368f61e9e26aef01a7a7ce936c17d7", kill_on_drop: false }`
[INFO] [stdout] b14e55334015a0919743e00a5acc1c9b66368f61e9e26aef01a7a7ce936c17d7
[INFO] running `Command { std: "docker" "create" "-v" "/var/lib/crater-agent-workspace/builds/worker-2-tc2/target:/opt/rustwide/target:rw,Z" "-v" "/var/lib/crater-agent-workspace/builds/worker-2-tc2/source:/opt/rustwide/workdir:ro,Z" "-v" "/var/lib/crater-agent-workspace/cargo-home:/opt/rustwide/cargo-home:ro,Z" "-v" "/var/lib/crater-agent-workspace/rustup-home:/opt/rustwide/rustup-home:ro,Z" "-e" "SOURCE_DIR=/opt/rustwide/workdir" "-e" "CARGO_TARGET_DIR=/opt/rustwide/target" "-e" "CARGO_INCREMENTAL=0" "-e" "RUST_BACKTRACE=full" "-e" "RUSTFLAGS=--cap-lints=warn" "-e" "RUSTDOCFLAGS=--cap-lints=warn" "-e" "CARGO_HOME=/opt/rustwide/cargo-home" "-e" "RUSTUP_HOME=/opt/rustwide/rustup-home" "-w" "/opt/rustwide/workdir" "-m" "1610612736" "--user" "0:0" "--network" "none" "ghcr.io/rust-lang/crates-build-env/linux@sha256:2788e3201cd34a07e3172128adcd8b3090168a8e3bcc40d7c032b9dda1df7d1c" "/opt/rustwide/cargo-home/bin/cargo" "+beta-2023-12-22" "test" "--frozen" "--no-run" "--message-format=json", kill_on_drop: false }`
[INFO] [stdout] 36a0497377ffc604c83bc4a007b82bf1c625693878fd8863f658cc1a6b9bfa3c
[INFO] running `Command { std: "docker" "start" "-a" "36a0497377ffc604c83bc4a007b82bf1c625693878fd8863f658cc1a6b9bfa3c", kill_on_drop: false }`
[INFO] [stderr]    Compiling voproof v0.2.0 (/opt/rustwide/workdir)
[INFO] [stdout] warning: unused import: `ark_ff::fields::PrimeField`
[INFO] [stdout]  --> tests/hpr_test.rs:2:5
[INFO] [stdout]   |
[INFO] [stdout] 2 | use ark_ff::fields::PrimeField;
[INFO] [stdout]   |     ^^^^^^^^^^^^^^^^^^^^^^^^^^
[INFO] [stdout]   |
[INFO] [stdout]   = note: `#[warn(unused_imports)]` on by default
[INFO] [stdout] 
[INFO] [stdout] 
[INFO] [stdout] warning: unused imports: `to_field`, `to_int`
[INFO] [stdout]  --> tests/hpr_test.rs:8:22
[INFO] [stdout]   |
[INFO] [stdout] 8 | use voproof::tools::{to_field, to_int, try_to_int};
[INFO] [stdout]   |                      ^^^^^^^^  ^^^^^^
[INFO] [stdout] 
[INFO] [stdout] 
[INFO] [stdout] warning: unused import: `ark_ff::fields::PrimeField`
[INFO] [stdout]  --> tests/pov_test.rs:2:5
[INFO] [stdout]   |
[INFO] [stdout] 2 | use ark_ff::fields::PrimeField;
[INFO] [stdout]   |     ^^^^^^^^^^^^^^^^^^^^^^^^^^
[INFO] [stdout]   |
[INFO] [stdout]   = note: `#[warn(unused_imports)]` on by default
[INFO] [stdout] 
[INFO] [stdout] 
[INFO] [stdout] warning: unused import: `test_rng`
[INFO] [stdout]  --> tests/pov_test.rs:3:15
[INFO] [stdout]   |
[INFO] [stdout] 3 | use ark_std::{test_rng, Zero};
[INFO] [stdout]   |               ^^^^^^^^
[INFO] [stdout] 
[INFO] [stdout] 
[INFO] [stdout] warning: unused import: `to_int`
[INFO] [stdout]  --> tests/pov_test.rs:8:32
[INFO] [stdout]   |
[INFO] [stdout] 8 | use voproof::tools::{to_field, to_int, try_to_int};
[INFO] [stdout]   |                                ^^^^^^
[INFO] [stdout] 
[INFO] [stdout] 
[INFO] [stdout] warning: cannot test inner items
[INFO] [stdout]    --> src/cs/circuit/fan_in_two.rs:807:5
[INFO] [stdout]     |
[INFO] [stdout] 807 |     #[test]
[INFO] [stdout]     |     ^^^^^^^
[INFO] [stdout]     |
[INFO] [stdout]     = note: `#[warn(unnameable_test_items)]` on by default
[INFO] [stdout]     = note: this warning originates in the attribute macro `test` (in Nightly builds, run with -Z macro-backtrace for more info)
[INFO] [stdout] 
[INFO] [stdout] 
[INFO] [stdout] warning: unused import: `collections::BTreeMap`
[INFO] [stdout]    --> src/kzg/mod.rs:442:17
[INFO] [stdout]     |
[INFO] [stdout] 442 |   use ark_std::{collections::BTreeMap, test_rng};
[INFO] [stdout]     |                 ^^^^^^^^^^^^^^^^^^^^^
[INFO] [stdout]     |
[INFO] [stdout]     = note: `#[warn(unused_imports)]` on by default
[INFO] [stdout] 
[INFO] [stdout] 
[INFO] [stdout] warning: unused imports: `Add`, `Sub`
[INFO] [stdout]     --> src/tools/mod.rs:1200:11
[INFO] [stdout]      |
[INFO] [stdout] 1200 |     ops::{Add, Mul, Sub},
[INFO] [stdout]      |           ^^^       ^^^
[INFO] [stdout] 
[INFO] [stdout] 
[INFO] [stdout] warning: unused import: `ark_ec::group::Group`
[INFO] [stdout]    --> src/kzg/mod.rs:435:7
[INFO] [stdout]     |
[INFO] [stdout] 435 |   use ark_ec::group::Group;
[INFO] [stdout]     |       ^^^^^^^^^^^^^^^^^^^^
[INFO] [stdout] 
[INFO] [stdout] 
[INFO] [stdout] warning: unused variable: `p`
[INFO] [stdout]    --> src/cs/circuit/fan_in_two.rs:848:9
[INFO] [stdout]     |
[INFO] [stdout] 848 |     let p = circ.mul_vars(&h, &o);
[INFO] [stdout]     |         ^ help: if this is intentional, prefix it with an underscore: `_p`
[INFO] [stdout]     |
[INFO] [stdout]     = note: `#[warn(unused_variables)]` on by default
[INFO] [stdout] 
[INFO] [stdout] 
[INFO] [stdout] warning: unused variable: `p`
[INFO] [stdout]    --> src/cs/circuit/fan_in_two.rs:865:9
[INFO] [stdout]     |
[INFO] [stdout] 865 |     let p = circ.mul_vars(&h, &o);
[INFO] [stdout]     |         ^ help: if this is intentional, prefix it with an underscore: `_p`
[INFO] [stdout] 
[INFO] [stdout] 
[INFO] [stdout] warning: unused variable: `i`
[INFO] [stdout]    --> src/kzg/mod.rs:599:9
[INFO] [stdout]     |
[INFO] [stdout] 599 |     for i in 0..10 {
[INFO] [stdout]     |         ^ help: if this is intentional, prefix it with an underscore: `_i`
[INFO] [stdout] 
[INFO] [stdout] 
[INFO] [stdout] warning: variable does not need to be mutable
[INFO] [stdout]    --> src/kzg/mod.rs:615:11
[INFO] [stdout]     |
[INFO] [stdout] 615 |       let mut z = E::Fr::rand(rng);
[INFO] [stdout]     |           ----^
[INFO] [stdout]     |           |
[INFO] [stdout]     |           help: remove this `mut`
[INFO] [stdout]     |
[INFO] [stdout]     = note: `#[warn(unused_mut)]` on by default
[INFO] [stdout] 
[INFO] [stdout] 
[INFO] [stdout] warning: variable does not need to be mutable
[INFO] [stdout]    --> src/kzg/mod.rs:616:11
[INFO] [stdout]     |
[INFO] [stdout] 616 |       let mut zz = E::Fr::rand(rng);
[INFO] [stdout]     |           ----^^
[INFO] [stdout]     |           |
[INFO] [stdout]     |           help: remove this `mut`
[INFO] [stdout] 
[INFO] [stdout] 
[INFO] [stdout] warning: function `test_get_witness_with_const` is never used
[INFO] [stdout]    --> src/cs/circuit/fan_in_two.rs:808:8
[INFO] [stdout]     |
[INFO] [stdout] 808 |     fn test_get_witness_with_const() {
[INFO] [stdout]     |        ^^^^^^^^^^^^^^^^^^^^^^^^^^^
[INFO] [stdout]     |
[INFO] [stdout]     = note: `#[warn(dead_code)]` on by default
[INFO] [stdout] 
[INFO] [stdout] 
[INFO] [stdout] warning: 2 warnings emitted
[INFO] [stdout] 
[INFO] [stdout] 
[INFO] [stdout] warning: 3 warnings emitted
[INFO] [stdout] 
[INFO] [stdout] 
[INFO] [stdout] warning: 10 warnings emitted
[INFO] [stdout] 
[INFO] [stdout] 
[INFO] [stderr]     Finished test [unoptimized + debuginfo] target(s) in 8.04s
[INFO] running `Command { std: "docker" "inspect" "36a0497377ffc604c83bc4a007b82bf1c625693878fd8863f658cc1a6b9bfa3c", kill_on_drop: false }`
[INFO] running `Command { std: "docker" "rm" "-f" "36a0497377ffc604c83bc4a007b82bf1c625693878fd8863f658cc1a6b9bfa3c", kill_on_drop: false }`
[INFO] [stdout] 36a0497377ffc604c83bc4a007b82bf1c625693878fd8863f658cc1a6b9bfa3c
[INFO] running `Command { std: "docker" "create" "-v" "/var/lib/crater-agent-workspace/builds/worker-2-tc2/target:/opt/rustwide/target:rw,Z" "-v" "/var/lib/crater-agent-workspace/builds/worker-2-tc2/source:/opt/rustwide/workdir:ro,Z" "-v" "/var/lib/crater-agent-workspace/cargo-home:/opt/rustwide/cargo-home:ro,Z" "-v" "/var/lib/crater-agent-workspace/rustup-home:/opt/rustwide/rustup-home:ro,Z" "-e" "SOURCE_DIR=/opt/rustwide/workdir" "-e" "CARGO_TARGET_DIR=/opt/rustwide/target" "-e" "CARGO_INCREMENTAL=0" "-e" "RUST_BACKTRACE=full" "-e" "RUSTFLAGS=--cap-lints=warn" "-e" "RUSTDOCFLAGS=--cap-lints=warn" "-e" "CARGO_HOME=/opt/rustwide/cargo-home" "-e" "RUSTUP_HOME=/opt/rustwide/rustup-home" "-w" "/opt/rustwide/workdir" "-m" "1610612736" "--user" "0:0" "--network" "none" "ghcr.io/rust-lang/crates-build-env/linux@sha256:2788e3201cd34a07e3172128adcd8b3090168a8e3bcc40d7c032b9dda1df7d1c" "/opt/rustwide/cargo-home/bin/cargo" "+beta-2023-12-22" "test" "--frozen", kill_on_drop: false }`
[INFO] [stdout] b0a846933a493d64977966214df42d2e57a77569916e1084db074360840353cf
[INFO] running `Command { std: "docker" "start" "-a" "b0a846933a493d64977966214df42d2e57a77569916e1084db074360840353cf", kill_on_drop: false }`
[INFO] [stderr] warning: cannot test inner items
[INFO] [stderr]    --> src/cs/circuit/fan_in_two.rs:807:5
[INFO] [stderr]     |
[INFO] [stderr] 807 |     #[test]
[INFO] [stderr]     |     ^^^^^^^
[INFO] [stderr]     |
[INFO] [stderr]     = note: `#[warn(unnameable_test_items)]` on by default
[INFO] [stderr]     = note: this warning originates in the attribute macro `test` (in Nightly builds, run with -Z macro-backtrace for more info)
[INFO] [stderr] 
[INFO] [stderr] warning: unused import: `collections::BTreeMap`
[INFO] [stderr]    --> src/kzg/mod.rs:442:17
[INFO] [stderr]     |
[INFO] [stderr] 442 |   use ark_std::{collections::BTreeMap, test_rng};
[INFO] [stderr]     |                 ^^^^^^^^^^^^^^^^^^^^^
[INFO] [stderr]     |
[INFO] [stderr]     = note: `#[warn(unused_imports)]` on by default
[INFO] [stderr] 
[INFO] [stderr] warning: unused imports: `Add`, `Sub`
[INFO] [stderr]     --> src/tools/mod.rs:1200:11
[INFO] [stderr]      |
[INFO] [stderr] 1200 |     ops::{Add, Mul, Sub},
[INFO] [stderr]      |           ^^^       ^^^
[INFO] [stderr] 
[INFO] [stderr] warning: unused import: `ark_ec::group::Group`
[INFO] [stderr]    --> src/kzg/mod.rs:435:7
[INFO] [stderr]     |
[INFO] [stderr] 435 |   use ark_ec::group::Group;
[INFO] [stderr]     |       ^^^^^^^^^^^^^^^^^^^^
[INFO] [stderr] 
[INFO] [stderr] warning: unused variable: `p`
[INFO] [stderr]    --> src/cs/circuit/fan_in_two.rs:848:9
[INFO] [stderr]     |
[INFO] [stderr] 848 |     let p = circ.mul_vars(&h, &o);
[INFO] [stderr]     |         ^ help: if this is intentional, prefix it with an underscore: `_p`
[INFO] [stderr]     |
[INFO] [stderr]     = note: `#[warn(unused_variables)]` on by default
[INFO] [stderr] 
[INFO] [stderr] warning: unused variable: `p`
[INFO] [stderr]    --> src/cs/circuit/fan_in_two.rs:865:9
[INFO] [stderr]     |
[INFO] [stderr] 865 |     let p = circ.mul_vars(&h, &o);
[INFO] [stderr]     |         ^ help: if this is intentional, prefix it with an underscore: `_p`
[INFO] [stderr] 
[INFO] [stderr] warning: unused variable: `i`
[INFO] [stderr]    --> src/kzg/mod.rs:599:9
[INFO] [stderr]     |
[INFO] [stderr] 599 |     for i in 0..10 {
[INFO] [stderr]     |         ^ help: if this is intentional, prefix it with an underscore: `_i`
[INFO] [stderr] 
[INFO] [stderr] warning: variable does not need to be mutable
[INFO] [stderr]    --> src/kzg/mod.rs:615:11
[INFO] [stderr]     |
[INFO] [stderr] 615 |       let mut z = E::Fr::rand(rng);
[INFO] [stderr]     |           ----^
[INFO] [stderr]     |           |
[INFO] [stderr]     |           help: remove this `mut`
[INFO] [stderr]     |
[INFO] [stderr]     = note: `#[warn(unused_mut)]` on by default
[INFO] [stderr] 
[INFO] [stderr] warning: variable does not need to be mutable
[INFO] [stderr]    --> src/kzg/mod.rs:616:11
[INFO] [stderr]     |
[INFO] [stderr] 616 |       let mut zz = E::Fr::rand(rng);
[INFO] [stderr]     |           ----^^
[INFO] [stderr]     |           |
[INFO] [stderr]     |           help: remove this `mut`
[INFO] [stderr] 
[INFO] [stderr] warning: function `test_get_witness_with_const` is never used
[INFO] [stderr]    --> src/cs/circuit/fan_in_two.rs:808:8
[INFO] [stderr]     |
[INFO] [stderr] 808 |     fn test_get_witness_with_const() {
[INFO] [stderr]     |        ^^^^^^^^^^^^^^^^^^^^^^^^^^^
[INFO] [stderr]     |
[INFO] [stderr]     = note: `#[warn(dead_code)]` on by default
[INFO] [stderr] 
[INFO] [stderr] warning: `voproof` (lib test) generated 10 warnings (run `cargo fix --lib -p voproof --tests` to apply 7 suggestions)
[INFO] [stderr] warning: unused import: `ark_ff::fields::PrimeField`
[INFO] [stderr]  --> tests/hpr_test.rs:2:5
[INFO] [stderr]   |
[INFO] [stderr] 2 | use ark_ff::fields::PrimeField;
[INFO] [stderr]   |     ^^^^^^^^^^^^^^^^^^^^^^^^^^
[INFO] [stderr]   |
[INFO] [stderr]   = note: `#[warn(unused_imports)]` on by default
[INFO] [stderr] 
[INFO] [stderr] warning: unused imports: `to_field`, `to_int`
[INFO] [stderr]  --> tests/hpr_test.rs:8:22
[INFO] [stderr]   |
[INFO] [stderr] 8 | use voproof::tools::{to_field, to_int, try_to_int};
[INFO] [stderr]   |                      ^^^^^^^^  ^^^^^^
[INFO] [stderr] 
[INFO] [stderr] warning: unused import: `ark_ff::fields::PrimeField`
[INFO] [stderr]  --> tests/pov_test.rs:2:5
[INFO] [stderr]   |
[INFO] [stderr] 2 | use ark_ff::fields::PrimeField;
[INFO] [stderr]   |     ^^^^^^^^^^^^^^^^^^^^^^^^^^
[INFO] [stderr]   |
[INFO] [stderr]   = note: `#[warn(unused_imports)]` on by default
[INFO] [stderr] 
[INFO] [stderr] warning: unused import: `test_rng`
[INFO] [stderr]  --> tests/pov_test.rs:3:15
[INFO] [stderr]   |
[INFO] [stderr] 3 | use ark_std::{test_rng, Zero};
[INFO] [stderr]   |               ^^^^^^^^
[INFO] [stderr] 
[INFO] [stderr] warning: unused import: `to_int`
[INFO] [stderr]  --> tests/pov_test.rs:8:32
[INFO] [stderr]   |
[INFO] [stderr] 8 | use voproof::tools::{to_field, to_int, try_to_int};
[INFO] [stderr]   |                                ^^^^^^
[INFO] [stderr] 
[INFO] [stderr] warning: `voproof` (test "hpr_test") generated 2 warnings (run `cargo fix --test "hpr_test"` to apply 2 suggestions)
[INFO] [stderr] warning: `voproof` (test "pov_test") generated 3 warnings (run `cargo fix --test "pov_test"` to apply 3 suggestions)
[INFO] [stderr]     Finished test [unoptimized + debuginfo] target(s) in 0.12s
[INFO] [stderr]      Running unittests src/lib.rs (/opt/rustwide/target/debug/deps/voproof-c3942a899f6775a7)
[INFO] [stdout] 
[INFO] [stdout] running 45 tests
[INFO] [stdout] test cs::circuit::fan_in_two::tests::test_get_witness ... ok
[INFO] [stdout] test cs::circuit::fan_in_two::tests::test_simple_circuit ... ok
[INFO] [stdout] test cs::circuit::fan_in_two::tests::test_circuit_with_const ... ok
[INFO] [stdout] test tools::tests::test_accumulate_vector ... ok
[INFO] [stdout] test tools::tests::test_define_permutation_vector_from_wires ... ok
[INFO] [stdout] test tools::tests::test_delta ... ok
[INFO] [stdout] test cs::circuit::fan_in_two::tests::test_get_instance_with_const ... ok
[INFO] [stdout] test cs::circuit::fan_in_two::tests::test_get_instance ... ok
[INFO] [stdout] test cs::circuit::fan_in_two::tests::test_get_consts ... ok
[INFO] [stdout] test tools::tests::test_eval_vector_as_poly ... ok
[INFO] [stdout] test tools::tests::test_eval_sparse_vector ... ok
[INFO] [stdout] test tools::tests::test_add_expression_to_vector ... ok
[INFO] [stdout] test tools::tests::test_add_vector_to_vector ... ok
[INFO] [stdout] test cs::pov::tests::test_satisfy ... ok
[INFO] [stdout] test tools::tests::test_eval_sparse_zero_one_vector ... ok
[INFO] [stdout] test cs::circuit::fan_in_two::tests::test_simple_field_circuit ... ok
[INFO] [stdout] test cs::circuit::fan_in_two::tests::test_get_wiring ... ok
[INFO] [stdout] test tools::tests::test_int_array_to_power_vector ... ok
[INFO] [stdout] test tools::tests::test_int_field_transform ... ok
[INFO] [stdout] test tools::tests::test_multi_delta ... ok
[INFO] [stdout] test tools::tests::test_linear_combination ... ok
[INFO] [stdout] test tools::tests::test_power_power_mul ... ok
[INFO] [stdout] test tools::tests::test_max ... ok
[INFO] [stdout] test tools::tests::test_power_linear_combination ... ok
[INFO] [stdout] test tools::tests::test_eval_vector_expression ... ok
[INFO] [stdout] test tools::tests::test_power_vector_index ... ok
[INFO] [stdout] test tools::tests::test_power_iterator ... ok
[INFO] [stdout] test tools::tests::test_sparse_mvp ... ok
[INFO] [stdout] test tools::tests::test_sum ... ok
[INFO] [stdout] test tools::tests::test_vector_power_mul ... ok
[INFO] [stdout] test tools::tests::test_vector_concat ... ok
[INFO] [stdout] test tools::tests::test_zero_pad_concat ... ok
[INFO] [stdout] test tools::tests::test_vector_index ... ok
[INFO] [stdout] test tools::tests::test_zero_pad ... ok
[INFO] [stdout] test tools::tests::test_vector_concat_skip ... ok
[INFO] [stdout] test cs::hpr::tests::test_generate_random_hpr_instance ... FAILED
[INFO] [stdout] test tools::tests::test_vector_reverse_omega ... ok
[INFO] [stdout] test tools::tests::test_range_index ... ok
[INFO] [stdout] test tools::tests::test_vector_poly_mul ... ok
[INFO] [stdout] test kzg::tests::test_degree_is_too_large ... ok
[INFO] [stdout] test kzg::tests::add_commitments_test ... ok
[INFO] [stdout] test kzg::tests::basic_test ... ok
[INFO] [stdout] test kzg::tests::linear_polynomial_test ... ok
[INFO] [stdout] test kzg::tests::end_to_end_test ... ok
[INFO] [stdout] test kzg::tests::batch_check_test ... ok
[INFO] [stdout] 
[INFO] [stdout] failures:
[INFO] [stdout] 
[INFO] [stdout] ---- cs::hpr::tests::test_generate_random_hpr_instance stdout ----
[INFO] [stdout] thread 'cs::hpr::tests::test_generate_random_hpr_instance' panicked at src/cs/hpr.rs:229:5:
[INFO] [stdout] assertion failed: hpr.satisfy(&ins, &wit)
[INFO] [stdout] stack backtrace:
[INFO] [stdout]    0:     0x555fdb8664b6 - std::backtrace_rs::backtrace::libunwind::trace::h261606ad26a499c1
[INFO] [stdout]                                at /rustc/0e09125c6c3c2fd70d7de961bcf0e51575235fad/library/std/src/../../backtrace/src/backtrace/libunwind.rs:104:5
[INFO] [stdout]    1:     0x555fdb8664b6 - std::backtrace_rs::backtrace::trace_unsynchronized::hd183f0625477fb28
[INFO] [stdout]                                at /rustc/0e09125c6c3c2fd70d7de961bcf0e51575235fad/library/std/src/../../backtrace/src/backtrace/mod.rs:66:5
[INFO] [stdout]    2:     0x555fdb8664b6 - std::sys_common::backtrace::_print_fmt::hd7f8fef21b4eda67
[INFO] [stdout]                                at /rustc/0e09125c6c3c2fd70d7de961bcf0e51575235fad/library/std/src/sys_common/backtrace.rs:68:5
[INFO] [stdout]    3:     0x555fdb8664b6 - <std::sys_common::backtrace::_print::DisplayBacktrace as core::fmt::Display>::fmt::h623d9b51f2f453f1
[INFO] [stdout]                                at /rustc/0e09125c6c3c2fd70d7de961bcf0e51575235fad/library/std/src/sys_common/backtrace.rs:44:22
[INFO] [stdout]    4:     0x555fdb88f510 - core::fmt::rt::Argument::fmt::h9f417ac76a86f368
[INFO] [stdout]                                at /rustc/0e09125c6c3c2fd70d7de961bcf0e51575235fad/library/core/src/fmt/rt.rs:142:9
[INFO] [stdout]    5:     0x555fdb88f510 - core::fmt::write::hc9b6faf4ac2aeff7
[INFO] [stdout]                                at /rustc/0e09125c6c3c2fd70d7de961bcf0e51575235fad/library/core/src/fmt/mod.rs:1120:17
[INFO] [stdout]    6:     0x555fdb863d4f - std::io::Write::write_fmt::he04625a3a989fec3
[INFO] [stdout]                                at /rustc/0e09125c6c3c2fd70d7de961bcf0e51575235fad/library/std/src/io/mod.rs:1810:15
[INFO] [stdout]    7:     0x555fdb866294 - std::sys_common::backtrace::_print::hd5d66399c7df88a2
[INFO] [stdout]                                at /rustc/0e09125c6c3c2fd70d7de961bcf0e51575235fad/library/std/src/sys_common/backtrace.rs:47:5
[INFO] [stdout]    8:     0x555fdb866294 - std::sys_common::backtrace::print::he81ed2da642d37e5
[INFO] [stdout]                                at /rustc/0e09125c6c3c2fd70d7de961bcf0e51575235fad/library/std/src/sys_common/backtrace.rs:34:9
[INFO] [stdout]    9:     0x555fdb868007 - std::panicking::default_hook::{{closure}}::h85773f4fa117163d
[INFO] [stdout]   10:     0x555fdb867ced - std::panicking::default_hook::h6a1694a91d09b278
[INFO] [stdout]                                at /rustc/0e09125c6c3c2fd70d7de961bcf0e51575235fad/library/std/src/panicking.rs:289:9
[INFO] [stdout]   11:     0x555fdb7b22b7 - <alloc::boxed::Box<F,A> as core::ops::function::Fn<Args>>::call::h616ac37fa3cd6c8f
[INFO] [stdout]                                at /rustc/0e09125c6c3c2fd70d7de961bcf0e51575235fad/library/alloc/src/boxed.rs:2029:9
[INFO] [stdout]   12:     0x555fdb7b22b7 - test::test_main::{{closure}}::h00d84697cefdcbb6
[INFO] [stdout]                                at /rustc/0e09125c6c3c2fd70d7de961bcf0e51575235fad/library/test/src/lib.rs:138:21
[INFO] [stdout]   13:     0x555fdb868626 - <alloc::boxed::Box<F,A> as core::ops::function::Fn<Args>>::call::hcb3fe3b9bb537ba8
[INFO] [stdout]                                at /rustc/0e09125c6c3c2fd70d7de961bcf0e51575235fad/library/alloc/src/boxed.rs:2029:9
[INFO] [stdout]   14:     0x555fdb868626 - std::panicking::rust_panic_with_hook::h0a7ad96e90f7145b
[INFO] [stdout]                                at /rustc/0e09125c6c3c2fd70d7de961bcf0e51575235fad/library/std/src/panicking.rs:783:13
[INFO] [stdout]   15:     0x555fdb868339 - std::panicking::begin_panic_handler::{{closure}}::h7919090525c6485e
[INFO] [stdout]                                at /rustc/0e09125c6c3c2fd70d7de961bcf0e51575235fad/library/std/src/panicking.rs:649:13
[INFO] [stdout]   16:     0x555fdb8669b6 - std::sys_common::backtrace::__rust_end_short_backtrace::hf3289479464f7dfe
[INFO] [stdout]                                at /rustc/0e09125c6c3c2fd70d7de961bcf0e51575235fad/library/std/src/sys_common/backtrace.rs:171:18
[INFO] [stdout]   17:     0x555fdb8680d0 - rust_begin_unwind
[INFO] [stdout]                                at /rustc/0e09125c6c3c2fd70d7de961bcf0e51575235fad/library/std/src/panicking.rs:645:5
[INFO] [stdout]   18:     0x555fdb531cd5 - core::panicking::panic_fmt::hcc9f77c5c132af55
[INFO] [stdout]                                at /rustc/0e09125c6c3c2fd70d7de961bcf0e51575235fad/library/core/src/panicking.rs:72:14
[INFO] [stdout]   19:     0x555fdb531d93 - core::panicking::panic::h5a1259c1164bd480
[INFO] [stdout]                                at /rustc/0e09125c6c3c2fd70d7de961bcf0e51575235fad/library/core/src/panicking.rs:144:5
[INFO] [stdout]   20:     0x555fdb6b9306 - voproof::cs::hpr::tests::test_generate_random_hpr_instance::h7be010665cd9afef
[INFO] [stdout]                                at /opt/rustwide/workdir/src/cs/hpr.rs:229:5
[INFO] [stdout]   21:     0x555fdb6b91a7 - voproof::cs::hpr::tests::test_generate_random_hpr_instance::{{closure}}::h9b5356f5622eb664
[INFO] [stdout]                                at /opt/rustwide/workdir/src/cs/hpr.rs:225:41
[INFO] [stdout]   22:     0x555fdb74d3d6 - core::ops::function::FnOnce::call_once::h7bd79930e9170f76
[INFO] [stdout]                                at /rustc/0e09125c6c3c2fd70d7de961bcf0e51575235fad/library/core/src/ops/function.rs:250:5
[INFO] [stdout]   23:     0x555fdb7b7b8f - core::ops::function::FnOnce::call_once::hd64d26f405258157
[INFO] [stdout]                                at /rustc/0e09125c6c3c2fd70d7de961bcf0e51575235fad/library/core/src/ops/function.rs:250:5
[INFO] [stdout]   24:     0x555fdb7b7b8f - test::__rust_begin_short_backtrace::he21b0b7a6d731bf9
[INFO] [stdout]                                at /rustc/0e09125c6c3c2fd70d7de961bcf0e51575235fad/library/test/src/lib.rs:627:18
[INFO] [stdout]   25:     0x555fdb7b6911 - test::run_test_in_process::{{closure}}::hf5c73986d7bdfde2
[INFO] [stdout]                                at /rustc/0e09125c6c3c2fd70d7de961bcf0e51575235fad/library/test/src/lib.rs:650:60
[INFO] [stdout]   26:     0x555fdb7b6911 - <core::panic::unwind_safe::AssertUnwindSafe<F> as core::ops::function::FnOnce<()>>::call_once::h330011ad032aadc0
[INFO] [stdout]                                at /rustc/0e09125c6c3c2fd70d7de961bcf0e51575235fad/library/core/src/panic/unwind_safe.rs:272:9
[INFO] [stdout]   27:     0x555fdb7b6911 - std::panicking::try::do_call::he61b0a958b795a41
[INFO] [stdout]                                at /rustc/0e09125c6c3c2fd70d7de961bcf0e51575235fad/library/std/src/panicking.rs:552:40
[INFO] [stdout]   28:     0x555fdb7b6911 - std::panicking::try::h7309da130f906eb7
[INFO] [stdout]                                at /rustc/0e09125c6c3c2fd70d7de961bcf0e51575235fad/library/std/src/panicking.rs:516:19
[INFO] [stdout]   29:     0x555fdb7b6911 - std::panic::catch_unwind::hc5c3a06fdaf0a92a
[INFO] [stdout]                                at /rustc/0e09125c6c3c2fd70d7de961bcf0e51575235fad/library/std/src/panic.rs:142:14
[INFO] [stdout]   30:     0x555fdb7b6911 - test::run_test_in_process::h7e7b7c71c3324e0f
[INFO] [stdout]                                at /rustc/0e09125c6c3c2fd70d7de961bcf0e51575235fad/library/test/src/lib.rs:650:27
[INFO] [stdout]   31:     0x555fdb7b6911 - test::run_test::{{closure}}::h1f509f28f5cf20b1
[INFO] [stdout]                                at /rustc/0e09125c6c3c2fd70d7de961bcf0e51575235fad/library/test/src/lib.rs:573:43
[INFO] [stdout]   32:     0x555fdb77dc46 - test::run_test::{{closure}}::h1754218abf443f6d
[INFO] [stdout]                                at /rustc/0e09125c6c3c2fd70d7de961bcf0e51575235fad/library/test/src/lib.rs:601:41
[INFO] [stdout]   33:     0x555fdb77dc46 - std::sys_common::backtrace::__rust_begin_short_backtrace::h2ee174b9d5954948
[INFO] [stdout]                                at /rustc/0e09125c6c3c2fd70d7de961bcf0e51575235fad/library/std/src/sys_common/backtrace.rs:155:18
[INFO] [stdout]   34:     0x555fdb782ca7 - std::thread::Builder::spawn_unchecked_::{{closure}}::{{closure}}::hf60bee9c1a17ef09
[INFO] [stdout]                                at /rustc/0e09125c6c3c2fd70d7de961bcf0e51575235fad/library/std/src/thread/mod.rs:529:17
[INFO] [stdout]   35:     0x555fdb782ca7 - <core::panic::unwind_safe::AssertUnwindSafe<F> as core::ops::function::FnOnce<()>>::call_once::h33d0dddec5216160
[INFO] [stdout]                                at /rustc/0e09125c6c3c2fd70d7de961bcf0e51575235fad/library/core/src/panic/unwind_safe.rs:272:9
[INFO] [stdout]   36:     0x555fdb782ca7 - std::panicking::try::do_call::h144b3048b546f835
[INFO] [stdout]                                at /rustc/0e09125c6c3c2fd70d7de961bcf0e51575235fad/library/std/src/panicking.rs:552:40
[INFO] [stdout]   37:     0x555fdb782ca7 - std::panicking::try::h978244d04646189f
[INFO] [stdout]                                at /rustc/0e09125c6c3c2fd70d7de961bcf0e51575235fad/library/std/src/panicking.rs:516:19
[INFO] [stdout]   38:     0x555fdb782ca7 - std::panic::catch_unwind::hdf436369d188fe86
[INFO] [stdout]                                at /rustc/0e09125c6c3c2fd70d7de961bcf0e51575235fad/library/std/src/panic.rs:142:14
[INFO] [stdout]   39:     0x555fdb782ca7 - std::thread::Builder::spawn_unchecked_::{{closure}}::h87329cbdd33c79ec
[INFO] [stdout]                                at /rustc/0e09125c6c3c2fd70d7de961bcf0e51575235fad/library/std/src/thread/mod.rs:528:30
[INFO] [stdout]   40:     0x555fdb782ca7 - core::ops::function::FnOnce::call_once{{vtable.shim}}::h401abbe67897d450
[INFO] [stdout]                                at /rustc/0e09125c6c3c2fd70d7de961bcf0e51575235fad/library/core/src/ops/function.rs:250:5
[INFO] [stdout]   41:     0x555fdb86d1e5 - <alloc::boxed::Box<F,A> as core::ops::function::FnOnce<Args>>::call_once::h5d7c8f150ab9c84c
[INFO] [stdout]                                at /rustc/0e09125c6c3c2fd70d7de961bcf0e51575235fad/library/alloc/src/boxed.rs:2015:9
[INFO] [stdout]   42:     0x555fdb86d1e5 - <alloc::boxed::Box<F,A> as core::ops::function::FnOnce<Args>>::call_once::h570d5b005c242c15
[INFO] [stdout]                                at /rustc/0e09125c6c3c2fd70d7de961bcf0e51575235fad/library/alloc/src/boxed.rs:2015:9
[INFO] [stdout]   43:     0x555fdb86d1e5 - std::sys::unix::thread::Thread::new::thread_start::h36b0a20c0b2361ad
[INFO] [stdout]                                at /rustc/0e09125c6c3c2fd70d7de961bcf0e51575235fad/library/std/src/sys/unix/thread.rs:108:17
[INFO] [stdout]   44:     0x7f6ea3aa9ac3 - <unknown>
[INFO] [stdout]   45:     0x7f6ea3b3abf4 - __clone
[INFO] [stdout]   46:                0x0 - <unknown>
[INFO] [stdout] 
[INFO] [stdout] 
[INFO] [stdout] failures:
[INFO] [stdout]     cs::hpr::tests::test_generate_random_hpr_instance
[INFO] [stdout] 
[INFO] [stdout] test result: FAILED. 44 passed; 1 failed; 0 ignored; 0 measured; 0 filtered out; finished in 56.50s
[INFO] [stdout] 
[INFO] [stderr] error: test failed, to rerun pass `--lib`
[INFO] running `Command { std: "docker" "inspect" "b0a846933a493d64977966214df42d2e57a77569916e1084db074360840353cf", kill_on_drop: false }`
[INFO] running `Command { std: "docker" "rm" "-f" "b0a846933a493d64977966214df42d2e57a77569916e1084db074360840353cf", kill_on_drop: false }`
[INFO] [stdout] b0a846933a493d64977966214df42d2e57a77569916e1084db074360840353cf
